74.6.24.24 - - [04/Feb/2008:10:23:19 -0800] "GET /g-1652.html HTTP/1.0" 404 275 "-" "Mozilla/5.0 (compatible; Yahoo! Slurp; http://help.yahoo.com/help/us/ysearch/slurp)" "roomfurnish.com"
69.36.2.91 - - [04/Feb/2008:10:58:07 -0800] "GET / HTTP/1.0" 200 1316 "-" "Mozilla/4.0 (compatible; MSIE 7.0; Windows NT 5.1; .NET CLR 2.0.50727; .NET CLR 1.1.4322)" "www.roomfurnish.com"
65.214.45.100 - - [04/Feb/2008:11:24:58 -0800] "GET /robots.txt HTTP/1.0" 404 275 "-" "Mozilla/5.0 (compatible; Ask Jeeves/Teoma; +http://about.ask.com/en/docs/about/webmasters.shtml)" "www.roomfurnish.com"
65.214.45.100 - - [04/Feb/2008:11:24:58 -0800] "GET /290colanosofa.html HTTP/1.0" 404 275 "-" "Mozilla/5.0 (compatible; Ask Jeeves/Teoma; +http://about.ask.com/en/docs/about/webmasters.shtml)" "www.roomfurnish.com"
207.68.146.169 - - [04/Feb/2008:11:43:48 -0800] "GET /robots.txt HTTP/1.0" 404 275 "-" "msnbot-Products/1.0 (+http://search.msn.com/msnbot.htm)" "www.roomfurnish.com"
207.68.146.169 - - [04/Feb/2008:11:43:48 -0800] "GET / HTTP/1.0" 200 1316 "-" "msnbot-Products/1.0 (+http://search.msn.com/msnbot.htm)" "www.roomfurnish.com"
74.6.20.14 - - [04/Feb/2008:12:41:03 -0800] "GET /lb-08.html HTTP/1.0" 404 275 "-" "Mozilla/5.0 (compatible; Yahoo! Slurp; http://help.yahoo.com/help/us/ysearch/slurp)" "roomfurnish.com"
74.6.26.15 - - [04/Feb/2008:13:13:28 -0800] "GET /robots.txt HTTP/1.0" 404 275 "-" "Mozilla/5.0 (compatible; Yahoo! Slurp; http://help.yahoo.com/help/us/ysearch/slurp)" "www.roomfurnish.com"
74.6.131.208 - - [04/Feb/2008:13:13:28 -0800] "GET / HTTP/1.0" 200 1316 "-" "Mozilla/5.0 (compatible; Yahoo! DE Slurp; http://help.yahoo.com/help/us/ysearch/slurp)" "www.roomfurnish.com"
66.249.70.19 - - [04/Feb/2008:14:23:17 -0800] "GET / HTTP/1.1" 200 1316 "-" "Mozilla/5.0 (compatible; Googlebot/2.1; +http://www.google.com/bot.html)" "www.roomfurnish.com"
64.124.148.28 - - [04/Feb/2008:14:41:19 -0800] "GET /robots.txt HTTP/1.1" 404 275 "-" "Mozilla/5.0 (compatible; FatBot 2.0; http://www.thefind.com/main/CrawlerFAQs.fhtml)" "roomfurnish.com"
64.124.148.28 - - [04/Feb/2008:14:42:53 -0800] "GET / HTTP/1.1" 200 1316 "-" "Mozilla/5.0 (compatible; FatBot 2.0; http://www.thefind.com/main/CrawlerFAQs.fhtml)" "roomfurnish.com"
88.131.106.12 - - [04/Feb/2008:14:50:00 -0800] "GET /robots.txt HTTP/1.0" 404 275 "-" "Speedy Spider (http://www.entireweb.com/about/search_tech/speedy_spider/)" "roomfurnish.com"
88.131.106.12 - - [04/Feb/2008:14:50:00 -0800] "GET /g-1984.html HTTP/1.0" 404 275 "-" "Speedy Spider (http://www.entireweb.com/about/search_tech/speedy_spider/)" "roomfurnish.com"
88.131.106.12 - - [04/Feb/2008:14:51:24 -0800] "GET /g-1747.html HTTP/1.0" 404 275 "-" "Speedy Spider (http://www.entireweb.com/about/search_tech/speedy_spider/)" "roomfurnish.com"
88.131.106.12 - - [04/Feb/2008:14:56:10 -0800] "GET /g-1949.html HTTP/1.0" 404 275 "-" "Speedy Spider (http://www.entireweb.com/about/search_tech/speedy_spider/)" "roomfurnish.com"
88.131.106.12 - - [04/Feb/2008:15:03:13 -0800] "GET /g-1888.html HTTP/1.0" 404 275 "-" "Speedy Spider (http://www.entireweb.com/about/search_tech/speedy_spider/)" "roomfurnish.com"
66.156.35.32 - - [04/Feb/2008:15:36:12 -0800] "GET /romasofagroup.html HTTP/1.1" 404 275 "-" "Mozilla/4.0 (compatible; MSIE 7.0; Windows NT 5.1)" "www.roomfurnish.com"
193.47.80.40 - - [04/Feb/2008:15:36:18 -0800] "GET /robots.txt HTTP/1.1" 404 275 "-" "Mozilla/5.0 (compatible; Exabot/3.0; +http://www.exabot.com/go/robot)" "roomfurnish.com"
193.47.80.40 - - [04/Feb/2008:15:36:18 -0800] "GET / HTTP/1.1" 304 - "-" "Mozilla/5.0 (compatible; Exabot/3.0; +http://www.exabot.com/go/robot)" "roomfurnish.com"
193.34.130.51 - - [04/Feb/2008:15:46:46 -0800] "GET / HTTP/1.0" 200 1316 "-" "Mozilla/4.0 (compatible; MSIE 7.0; Windows NT 5.1; .NET CLR 2.0.50727; .NET CLR 1.1.4322)" "www.roomfurnish.com"
71.178.218.232 - - [04/Feb/2008:15:50:34 -0800] "GET /favicon.ico HTTP/1.1" 404 275 "-" "Mozilla/4.0 (compatible; MSIE 7.0; Windows NT 5.1; .NET CLR 2.0.50727; MSN 9.0;MSN 9.1; MSNbVZ02; MSNmen-us; MSNcOTH)" "roomfurnish.com"
74.6.25.224 - - [04/Feb/2008:17:08:49 -0800] "GET /robots.txt HTTP/1.0" 404 275 "-" "Mozilla/5.0 (compatible; Yahoo! Slurp; http://help.yahoo.com/help/us/ysearch/slurp)" "www.roomfurnish.com"
74.6.31.164 - - [04/Feb/2008:17:08:49 -0800] "GET / HTTP/1.0" 200 1316 "-" "Mozilla/5.0 (compatible; Yahoo! DE Slurp; http://help.yahoo.com/help/us/ysearch/slurp)" "www.roomfurnish.com"
67.152.29.130 - - [04/Feb/2008:17:35:12 -0800] "GET /robots.txt HTTP/1.1" 404 275 "-" "ShopWiki/1.0 ( +http://www.shopwiki.com/wiki/Help:Bot)" "www.roomfurnish.com"
67.152.29.130 - - [04/Feb/2008:17:35:12 -0800] "GET / HTTP/1.1" 200 1316 "-" "ShopWiki/1.0 ( +http://www.shopwiki.com/wiki/Help:Bot)" "www.roomfurnish.com"
67.152.29.130 - - [04/Feb/2008:17:35:34 -0800] "GET / HTTP/1.1" 200 1316 "-" "ShopWiki/1.0 ( +http://www.shopwiki.com/wiki/Help:Bot)" "www.roomfurnish.com"
67.152.29.130 - - [04/Feb/2008:17:35:34 -0800] "GET / HTTP/1.1" 200 1316 "-" "ShopWiki/1.0 ( +http://www.shopwiki.com/wiki/Help:Bot)" "www.roomfurnish.com"
67.15.199.25 - - [04/Feb/2008:17:39:48 -0800] "GET / HTTP/1.0" 200 1316 "-" "Mozilla/4.0 (compatible; MSIE 7.0; Windows NT 5.1; .NET CLR 2.0.50727; .NET CLR 1.1.4322)" "www.roomfurnish.com"
71.141.116.109 - - [04/Feb/2008:17:53:51 -0800] "GET / HTTP/1.0" 200 1316 "http://random.yahoo.com/fast/ryl" "webcollage.perl/1.107" "www.roomfurnish.com"
71.141.116.109 - - [04/Feb/2008:17:53:51 -0800] "GET / HTTP/1.0" 200 1316 "http://random.yahoo.com/fast/ryl" "webcollage.perl/1.107" "www.roomfurnish.com"
71.141.116.109 - - [04/Feb/2008:17:53:51 -0800] "GET / HTTP/1.0" 200 1316 "http://random.yahoo.com/fast/ryl" "webcollage.perl/1.107" "www.roomfurnish.com"
71.141.116.109 - - [04/Feb/2008:17:53:51 -0800] "GET / HTTP/1.0" 200 1316 "http://random.yahoo.com/fast/ryl" "webcollage.perl/1.107" "www.roomfurnish.com"
71.141.116.109 - - [04/Feb/2008:17:53:52 -0800] "GET / HTTP/1.0" 200 1316 "http://random.yahoo.com/fast/ryl" "webcollage.perl/1.107" "www.roomfurnish.com"
128.107.248.220 - - [04/Feb/2008:17:53:52 -0800] "GET / HTTP/1.0" 200 1316 "-" "Wget/1.10.2 (Red Hat modified)" "www.roomfurnish.com"
128.107.248.220 - - [04/Feb/2008:17:53:52 -0800] "GET / HTTP/1.0" 200 1316 "-" "Wget/1.10.2 (Red Hat modified)" "www.roomfurnish.com"
128.107.248.220 - - [04/Feb/2008:17:53:52 -0800] "GET / HTTP/1.0" 200 1316 "-" "Wget/1.10.2 (Red Hat modified)" "www.roomfurnish.com"
128.107.248.220 - - [04/Feb/2008:17:53:52 -0800] "GET / HTTP/1.0" 200 1316 "-" "Wget/1.10.2 (Red Hat modified)" "www.roomfurnish.com"
128.107.248.220 - - [04/Feb/2008:17:53:52 -0800] "GET / HTTP/1.0" 200 1316 "-" "Wget/1.10.2 (Red Hat modified)" "www.roomfurnish.com"
128.107.248.220 - - [04/Feb/2008:17:53:52 -0800] "GET / HTTP/1.0" 200 1316 "-" "Wget/1.10.2 (Red Hat modified)" "www.roomfurnish.com"
128.107.248.220 - - [04/Feb/2008:17:53:52 -0800] "GET / HTTP/1.0" 200 1316 "-" "Wget/1.10.2 (Red Hat modified)" "www.roomfurnish.com"
128.107.248.220 - - [04/Feb/2008:17:53:52 -0800] "GET / HTTP/1.0" 200 1316 "-" "Wget/1.10.2 (Red Hat modified)" "www.roomfurnish.com"
128.107.248.220 - - [04/Feb/2008:17:53:52 -0800] "GET / HTTP/1.0" 200 1316 "-" "Wget/1.10.2 (Red Hat modified)" "www.roomfurnish.com"
128.107.248.220 - - [04/Feb/2008:17:53:52 -0800] "GET / HTTP/1.0" 200 1316 "-" "Wget/1.10.2 (Red Hat modified)" "www.roomfurnish.com"
128.107.248.220 - - [04/Feb/2008:17:53:52 -0800] "GET / HTTP/1.0" 200 1316 "-" "Wget/1.10.2 (Red Hat modified)" "www.roomfurnish.com"
128.107.248.220 - - [04/Feb/2008:17:53:52 -0800] "GET / HTTP/1.0" 200 1316 "-" "Wget/1.10.2 (Red Hat modified)" "www.roomfurnish.com"
128.107.248.220 - - [04/Feb/2008:17:53:52 -0800] "GET / HTTP/1.0" 200 1316 "-" "Wget/1.10.2 (Red Hat modified)" "www.roomfurnish.com"
128.107.248.220 - - [04/Feb/2008:17:53:52 -0800] "GET / HTTP/1.0" 200 1316 "-" "Wget/1.10.2 (Red Hat modified)" "www.roomfurnish.com"
128.107.248.220 - - [04/Feb/2008:17:53:52 -0800] "GET / HTTP/1.0" 200 1316 "-" "Wget/1.10.2 (Red Hat modified)" "www.roomfurnish.com"
128.107.248.220 - - [04/Feb/2008:17:53:52 -0800] "GET / HTTP/1.0" 200 1316 "-" "Wget/1.10.2 (Red Hat modified)" "www.roomfurnish.com"
128.107.248.220 - - [04/Feb/2008:17:53:52 -0800] "GET / HTTP/1.0" 200 1316 "-" "Wget/1.10.2 (Red Hat modified)" "www.roomfurnish.com"
128.107.248.220 - - [04/Feb/2008:17:53:52 -0800] "GET / HTTP/1.0" 200 1316 "-" "Wget/1.10.2 (Red Hat modified)" "www.roomfurnish.com"
128.107.248.220 - - [04/Feb/2008:17:53:52 -0800] "GET / HTTP/1.0" 200 1316 "-" "Wget/1.10.2 (Red Hat modified)" "www.roomfurnish.com"
128.107.248.220 - - [04/Feb/2008:17:53:52 -0800] "GET / HTTP/1.0" 200 1316 "-" "Wget/1.10.2 (Red Hat modified)" "www.roomfurnish.com"
128.107.248.220 - - [04/Feb/2008:17:53:52 -0800] "GET / HTTP/1.0" 200 1316 "-" "Wget/1.10.2 (Red Hat modified)" "www.roomfurnish.com"
128.107.248.220 - - [04/Feb/2008:17:53:52 -0800] "GET / HTTP/1.0" 200 1316 "-" "Wget/1.10.2 (Red Hat modified)" "www.roomfurnish.com"
128.107.248.220 - - [04/Feb/2008:17:53:52 -0800] "GET / HTTP/1.0" 200 1316 "-" "Wget/1.10.2 (Red Hat modified)" "www.roomfurnish.com"
128.107.248.220 - - [04/Feb/2008:17:53:52 -0800] "GET / HTTP/1.0" 200 1316 "-" "Wget/1.10.2 (Red Hat modified)" "www.roomfurnish.com"
128.107.248.220 - - [04/Feb/2008:17:53:52 -0800] "GET / HTTP/1.0" 200 1316 "-" "Wget/1.10.2 (Red Hat modified)" "www.roomfurnish.com"
128.107.248.220 - - [04/Feb/2008:17:53:52 -0800] "GET / HTTP/1.0" 200 1316 "-" "Wget/1.10.2 (Red Hat modified)" "www.roomfurnish.com"
128.107.248.220 - - [04/Feb/2008:17:53:52 -0800] "GET / HTTP/1.0" 200 1316 "-" "Wget/1.10.2 (Red Hat modified)" "www.roomfurnish.com"
128.107.248.220 - - [04/Feb/2008:17:53:52 -0800] "GET / HTTP/1.0" 200 1316 "-" "Wget/1.10.2 (Red Hat modified)" "www.roomfurnish.com"
128.107.248.220 - - [04/Feb/2008:17:53:52 -0800] "GET / HTTP/1.0" 200 1316 "-" "Wget/1.10.2 (Red Hat modified)" "www.roomfurnish.com"
128.107.248.220 - - [04/Feb/2008:17:53:52 -0800] "GET / HTTP/1.0" 200 1316 "-" "Wget/1.10.2 (Red Hat modified)" "www.roomfurnish.com"
128.107.248.220 - - [04/Feb/2008:17:53:52 -0800] "GET / HTTP/1.0" 200 1316 "-" "Wget/1.10.2 (Red Hat modified)" "www.roomfurnish.com"
128.107.248.220 - - [04/Feb/2008:17:53:52 -0800] "GET / HTTP/1.0" 200 1316 "-" "Wget/1.10.2 (Red Hat modified)" "www.roomfurnish.com"
75.125.162.74 - - [04/Feb/2008:19:48:09 -0800] "GET / HTTP/1.1" 200 1316 "http://www.stockleaf.com/directory/" "Mozilla/5.0 (Macintosh; U; PPC Mac OS X Mach-O; en-US; rv:1.7.6) Gecko/20050223 Firefox/1.0.1" "www.roomfurnish.com"
75.125.162.74 - - [04/Feb/2008:19:48:09 -0800] "GET / HTTP/1.1" 200 1316 "http://www.stockleaf.com/directory/" "Mozilla/5.0 (Macintosh; U; PPC Mac OS X Mach-O; en-US; rv:1.7.6) Gecko/20050223 Firefox/1.0.1" "www.roomfurnish.com"
75.125.162.74 - - [04/Feb/2008:19:48:09 -0800] "GET / HTTP/1.1" 200 1316 "http://www.stockleaf.com/directory/" "Mozilla/5.0 (Macintosh; U; PPC Mac OS X Mach-O; en-US; rv:1.7.6) Gecko/20050223 Firefox/1.0.1" "www.roomfurnish.com"
75.125.162.74 - - [04/Feb/2008:19:48:09 -0800] "GET / HTTP/1.1" 200 1316 "http://www.stockleaf.com/directory/" "Mozilla/5.0 (Macintosh; U; PPC Mac OS X Mach-O; en-US; rv:1.7.6) Gecko/20050223 Firefox/1.0.1" "www.roomfurnish.com"
75.125.162.74 - - [04/Feb/2008:19:48:09 -0800] "GET / HTTP/1.1" 200 1316 "http://www.stockleaf.com/directory/" "Mozilla/5.0 (Macintosh; U; PPC Mac OS X Mach-O; en-US; rv:1.7.6) Gecko/20050223 Firefox/1.0.1" "www.roomfurnish.com"
75.125.162.74 - - [04/Feb/2008:19:48:09 -0800] "GET / HTTP/1.1" 200 1316 "http://www.stockleaf.com/directory/" "Mozilla/5.0 (Macintosh; U; PPC Mac OS X Mach-O; en-US; rv:1.7.6) Gecko/20050223 Firefox/1.0.1" "www.roomfurnish.com"
202.160.180.124 - - [04/Feb/2008:20:25:24 -0800] "GET /robots.txt HTTP/1.0" 404 275 "-" "Mozilla/5.0 (compatible; Yahoo! Slurp China; http://misc.yahoo.com.cn/help.html)" "roomfurnish.com"
202.160.178.82 - - [04/Feb/2008:20:25:25 -0800] "GET / HTTP/1.0" 304 - "-" "Mozilla/5.0 (compatible; Yahoo! Slurp China; http://misc.yahoo.com.cn/help.html)" "roomfurnish.com"
65.98.224.3 - - [04/Feb/2008:20:33:23 -0800] "GET /robots.txt HTTP/1.0" 404 275 "-" "TurnitinBot/2.1 (http://www.turnitin.com/robot/crawlerinfo.html)" "www.roomfurnish.com"
65.98.224.3 - - [04/Feb/2008:20:34:26 -0800] "GET /contactus.html HTTP/1.0" 404 275 "-" "TurnitinBot/2.1 (http://www.turnitin.com/robot/crawlerinfo.html)" "www.roomfurnish.com"
65.98.224.3 - - [04/Feb/2008:20:35:54 -0800] "GET /wisogr.html HTTP/1.0" 404 275 "-" "TurnitinBot/2.1 (http://www.turnitin.com/robot/crawlerinfo.html)" "www.roomfurnish.com"
65.98.224.3 - - [04/Feb/2008:20:37:00 -0800] "GET /stsogr.html HTTP/1.0" 404 275 "-" "TurnitinBot/2.1 (http://www.turnitin.com/robot/crawlerinfo.html)" "www.roomfurnish.com"
65.98.224.3 - - [04/Feb/2008:20:39:30 -0800] "GET /sitemap.html HTTP/1.0" 404 275 "-" "TurnitinBot/2.1 (http://www.turnitin.com/robot/crawlerinfo.html)" "www.roomfurnish.com"
65.98.224.3 - - [04/Feb/2008:20:40:42 -0800] "GET /boldsofagroup.html HTTP/1.0" 404 275 "-" "TurnitinBot/2.1 (http://www.turnitin.com/robot/crawlerinfo.html)" "www.roomfurnish.com"
65.98.224.3 - - [04/Feb/2008:20:42:45 -0800] "GET /privacypolicy.html HTTP/1.0" 404 275 "-" "TurnitinBot/2.1 (http://www.turnitin.com/robot/crawlerinfo.html)" "www.roomfurnish.com"
88.131.106.12 - - [04/Feb/2008:23:06:03 -0800] "GET /robots.txt HTTP/1.0" 404 275 "-" "Speedy Spider (http://www.entireweb.com/about/search_tech/speedy_spider/)" "roomfurnish.com"
88.131.106.12 - - [04/Feb/2008:23:06:03 -0800] "GET /lb-12.html HTTP/1.0" 404 275 "-" "Speedy Spider (http://www.entireweb.com/about/search_tech/speedy_spider/)" "roomfurnish.com"
74.6.28.28 - - [04/Feb/2008:23:23:18 -0800] "GET /robots.txt HTTP/1.0" 404 275 "-" "Mozilla/5.0 (compatible; Yahoo! Slurp; http://help.yahoo.com/help/us/ysearch/slurp)" "roomfurnish.com"
74.6.27.70 - - [04/Feb/2008:23:23:19 -0800] "GET /sectionalgroup.html HTTP/1.0" 404 275 "-" "Mozilla/5.0 (compatible; Yahoo! Slurp; http://help.yahoo.com/help/us/ysearch/slurp)" "roomfurnish.com"
64.202.161.130 - - [04/Feb/2008:23:32:38 -0800] "GET /? HTTP/1.0" 200 1316 "-" "Mozilla/4.0 (compatible; MSIE 6.0; Windows NT 5.0)" "roomfurnish.com"
65.214.45.100 - - [05/Feb/2008:01:14:49 -0800] "GET /robots.txt HTTP/1.0" 404 275 "-" "Mozilla/5.0 (compatible; Ask Jeeves/Teoma; +http://about.ask.com/en/docs/about/webmasters.shtml)" "www.roomfurnish.com"
65.214.45.100 - - [05/Feb/2008:01:14:49 -0800] "GET /a17meratesofa.html HTTP/1.0" 404 275 "-" "Mozilla/5.0 (compatible; Ask Jeeves/Teoma; +http://about.ask.com/en/docs/about/webmasters.shtml)" "www.roomfurnish.com"
88.131.106.12 - - [05/Feb/2008:01:56:05 -0800] "GET /g-1948.html HTTP/1.0" 404 275 "-" "Speedy Spider (http://www.entireweb.com/about/search_tech/speedy_spider/)" "roomfurnish.com"
202.179.180.45 - - [05/Feb/2008:01:59:23 -0800] "GET /robots.txt HTTP/1.1" 404 275 "-" "Mozilla/4.0 (compatible; NaverBot/1.0; http://help.naver.com/delete_main.asp)" "roomfurnish.com"
202.179.180.45 - - [05/Feb/2008:01:59:30 -0800] "GET / HTTP/1.1" 200 1316 "-" "Mozilla/4.0 (compatible; NaverBot/1.0; http://help.naver.com/delete_main.asp)" "roomfurnish.com"
88.131.106.12 - - [05/Feb/2008:02:11:37 -0800] "GET /365masianosofa.html HTTP/1.0" 404 275 "-" "Speedy Spider (http://www.entireweb.com/about/search_tech/speedy_spider/)" "roomfurnish.com"
88.131.106.12 - - [05/Feb/2008:02:13:49 -0800] "GET /306poso.html HTTP/1.0" 404 275 "-" "Speedy Spider (http://www.entireweb.com/about/search_tech/speedy_spider/)" "roomfurnish.com"
88.131.106.12 - - [05/Feb/2008:02:13:54 -0800] "GET /robots.txt HTTP/1.0" 404 275 "-" "Speedy Spider (http://www.entireweb.com/about/search_tech/speedy_spider/)" "www.roomfurnish.com"
88.131.106.12 - - [05/Feb/2008:02:13:54 -0800] "GET /336brso.html HTTP/1.0" 404 275 "-" "Speedy Spider (http://www.entireweb.com/about/search_tech/speedy_spider/)" "www.roomfurnish.com"
88.131.106.12 - - [05/Feb/2008:02:14:00 -0800] "GET /295soso.html HTTP/1.0" 404 275 "-" "Speedy Spider (http://www.entireweb.com/about/search_tech/speedy_spider/)" "roomfurnish.com"
88.131.106.12 - - [05/Feb/2008:02:14:06 -0800] "GET /212giso.html HTTP/1.0" 404 275 "-" "Speedy Spider (http://www.entireweb.com/about/search_tech/speedy_spider/)" "roomfurnish.com"
74.52.86.42 - - [05/Feb/2008:02:36:56 -0800] "GET / HTTP/1.0" 200 1316 "-" "Mozilla/4.0 (compatible; MSIE 7.0; Windows NT 5.1; .NET CLR 2.0.50727; .NET CLR 1.1.4322)" "roomfurnish.com"
68.142.212.195 - - [05/Feb/2008:04:07:40 -0800] "GET /robots.txt HTTP/1.0" 404 275 "-" "Yahoo-MMCrawler/3.x (mms dash mmcrawler dash support at yahoo dash inc dot com)" "www.roomfurnish.com"
61.17.119.202 - - [05/Feb/2008:04:43:22 -0800] "GET / HTTP/1.1" 200 1316 "-" "Mozilla/5.0 (Windows; U; Windows NT 6.0; en-US; rv:1.8.1.11) Gecko/20071127 Firefox/2.0.0.11" "www.roomfurnish.com"
61.17.119.202 - - [05/Feb/2008:04:43:24 -0800] "GET /favicon.ico HTTP/1.1" 404 275 "-" "Mozilla/5.0 (Windows; U; Windows NT 6.0; en-US; rv:1.8.1.11) Gecko/20071127 Firefox/2.0.0.11" "www.roomfurnish.com"
61.17.119.202 - - [05/Feb/2008:04:44:15 -0800] "GET /favicon.ico HTTP/1.1" 404 275 "-" "Mozilla/5.0 (Windows; U; Windows NT 6.0; en-US; rv:1.8.1.11) Gecko/20071127 Firefox/2.0.0.11" "www.roomfurnish.com"
38.105.83.11 - - [05/Feb/2008:06:00:25 -0800] "GET / HTTP/1.1" 200 1316 "-" "Mozilla/4.0 (compatible; MSIE 7.0; Windows NT 5.2)" "www.roomfurnish.com"
74.6.28.28 - - [05/Feb/2008:08:05:38 -0800] "GET /robots.txt HTTP/1.0" 404 275 "-" "Mozilla/5.0 (compatible; Yahoo! Slurp; http://help.yahoo.com/help/us/ysearch/slurp)" "roomfurnish.com"
74.6.28.208 - - [05/Feb/2008:08:05:38 -0800] "GET /info.html HTTP/1.0" 404 275 "-" "Mozilla/5.0 (compatible; Yahoo! Slurp; http://help.yahoo.com/help/us/ysearch/slurp)" "roomfurnish.com"
65.214.45.100 - - [05/Feb/2008:10:14:15 -0800] "GET /302bariasofa.html HTTP/1.0" 404 275 "-" "Mozilla/5.0 (compatible; Ask Jeeves/Teoma; +http://about.ask.com/en/docs/about/webmasters.shtml)" "www.roomfurnish.com"
89.107.65.39 - - [05/Feb/2008:10:15:08 -0800] "GET / HTTP/1.0" 200 1316 "-" "Mozilla/4.0 (compatible; MSIE 7.0; Windows NT 5.1; .NET CLR 2.0.50727; .NET CLR 1.1.4322)" "roomfurnish.com"
77.91.224.6 - - [05/Feb/2008:11:08:11 -0800] "GET /robots.txt HTTP/1.1" 404 275 "-" "WebAlta Crawler/2.0 (http://www.webalta.net/ru/about_webmaster.html) (Windows; U; Windows NT 5.1; ru-RU)" "www.roomfurnish.com"
77.91.224.6 - - [05/Feb/2008:11:08:12 -0800] "GET / HTTP/1.1" 200 1316 "-" "WebAlta Crawler/2.0 (http://www.webalta.net/ru/about_webmaster.html) (Windows; U; Windows NT 5.1; ru-RU)" "www.roomfurnish.com"
74.6.26.221 - - [05/Feb/2008:12:20:16 -0800] "GET /g-1982.html HTTP/1.0" 404 275 "-" "Mozilla/5.0 (compatible; Yahoo! Slurp; http://help.yahoo.com/help/us/ysearch/slurp)" "roomfurnish.com"
74.6.25.224 - - [05/Feb/2008:13:15:46 -0800] "GET /robots.txt HTTP/1.0" 404 275 "-" "Mozilla/5.0 (compatible; Yahoo! Slurp; http://help.yahoo.com/help/us/ysearch/slurp)" "www.roomfurnish.com"
74.6.131.208 - - [05/Feb/2008:13:15:47 -0800] "GET / HTTP/1.0" 200 1316 "-" "Mozilla/5.0 (compatible; Yahoo! DE Slurp; http://help.yahoo.com/help/us/ysearch/slurp)" "www.roomfurnish.com"
67.152.29.130 - - [05/Feb/2008:16:00:28 -0800] "GET /robots.txt HTTP/1.1" 404 275 "-" "ShopWiki/1.0 ( +http://www.shopwiki.com/wiki/Help:Bot)" "www.roomfurnish.com"
67.152.29.130 - - [05/Feb/2008:16:00:28 -0800] "GET / HTTP/1.1" 200 1316 "-" "ShopWiki/1.0 ( +http://www.shopwiki.com/wiki/Help:Bot)" "www.roomfurnish.com"
67.152.29.130 - - [05/Feb/2008:16:01:33 -0800] "GET / HTTP/1.1" 200 1316 "-" "ShopWiki/1.0 ( +http://www.shopwiki.com/wiki/Help:Bot)" "www.roomfurnish.com"
74.6.31.164 - - [05/Feb/2008:17:38:59 -0800] "GET / HTTP/1.0" 200 1316 "-" "Mozilla/5.0 (compatible; Yahoo! DE Slurp; http://help.yahoo.com/help/us/ysearch/slurp)" "www.roomfurnish.com"
72.44.47.185 - - [05/Feb/2008:18:44:47 -0800] "GET /robots.txt HTTP/1.0" 404 275 "-" "Nokia6680/1.0 ((4.04.07) SymbianOS/8.0 Series60/2.6 Profile/MIDP-2.0 Configuration/CLDC-1.1 (botmobi find.mobi/bot.html find@mtld.mobi) )" "www.roomfurnish.com"
72.44.47.185 - - [05/Feb/2008:18:44:47 -0800] "GET / HTTP/1.0" 200 1316 "-" "Nokia6680/1.0 ((4.04.07) SymbianOS/8.0 Series60/2.6 Profile/MIDP-2.0 Configuration/CLDC-1.1 (botmobi find.mobi/bot.html find@mtld.mobi) )" "www.roomfurnish.com"
72.44.47.185 - - [05/Feb/2008:18:44:51 -0800] "GET /m/ HTTP/1.0" 404 275 "-" "Nokia6680/1.0 ((4.04.07) SymbianOS/8.0 Series60/2.6 Profile/MIDP-2.0 Configuration/CLDC-1.1 (botmobi find.mobi/bot.html find@mtld.mobi) )" "www.roomfurnish.com"
72.44.47.185 - - [05/Feb/2008:18:44:52 -0800] "GET /mobi/ HTTP/1.0" 404 275 "-" "Nokia6680/1.0 ((4.04.07) SymbianOS/8.0 Series60/2.6 Profile/MIDP-2.0 Configuration/CLDC-1.1 (botmobi find.mobi/bot.html find@mtld.mobi) )" "www.roomfurnish.com"
72.44.47.185 - - [05/Feb/2008:18:44:52 -0800] "GET /mobile/ HTTP/1.0" 404 275 "-" "Nokia6680/1.0 ((4.04.07) SymbianOS/8.0 Series60/2.6 Profile/MIDP-2.0 Configuration/CLDC-1.1 (botmobi find.mobi/bot.html find@mtld.mobi) )" "www.roomfurnish.com"
72.44.47.185 - - [05/Feb/2008:18:44:52 -0800] "GET /wap/ HTTP/1.0" 404 275 "-" "Nokia6680/1.0 ((4.04.07) SymbianOS/8.0 Series60/2.6 Profile/MIDP-2.0 Configuration/CLDC-1.1 (botmobi find.mobi/bot.html find@mtld.mobi) )" "www.roomfurnish.com"
72.44.47.185 - - [05/Feb/2008:18:44:52 -0800] "GET /imode/ HTTP/1.0" 404 275 "-" "Nokia6680/1.0 ((4.04.07) SymbianOS/8.0 Series60/2.6 Profile/MIDP-2.0 Configuration/CLDC-1.1 (botmobi find.mobi/bot.html find@mtld.mobi) )" "www.roomfurnish.com"
72.44.47.185 - - [05/Feb/2008:18:44:53 -0800] "GET /xhtml/ HTTP/1.0" 404 275 "-" "Nokia6680/1.0 ((4.04.07) SymbianOS/8.0 Series60/2.6 Profile/MIDP-2.0 Configuration/CLDC-1.1 (botmobi find.mobi/bot.html find@mtld.mobi) )" "www.roomfurnish.com"
67.152.29.130 - - [05/Feb/2008:19:17:31 -0800] "GET /robots.txt HTTP/1.1" 404 275 "-" "ShopWiki/1.0 ( +http://www.shopwiki.com/wiki/Help:Bot)" "www.roomfurnish.com"
67.152.29.130 - - [05/Feb/2008:19:17:31 -0800] "GET / HTTP/1.1" 200 1316 "-" "ShopWiki/1.0 ( +http://www.shopwiki.com/wiki/Help:Bot)" "www.roomfurnish.com"
67.152.29.130 - - [05/Feb/2008:19:17:43 -0800] "GET / HTTP/1.1" 200 1316 "-" "ShopWiki/1.0 ( +http://www.shopwiki.com/wiki/Help:Bot)" "www.roomfurnish.com"
67.152.29.130 - - [05/Feb/2008:19:17:44 -0800] "GET / HTTP/1.1" 200 1316 "-" "ShopWiki/1.0 ( +http://www.shopwiki.com/wiki/Help:Bot)" "www.roomfurnish.com"
68.142.212.199 - - [05/Feb/2008:19:30:29 -0800] "GET /robots.txt HTTP/1.0" 404 275 "-" "Yahoo-MMCrawler/3.x (mms dash mmcrawler dash support at yahoo dash inc dot com)" "roomfurnish.com"
74.6.28.28 - - [05/Feb/2008:21:17:55 -0800] "GET /robots.txt HTTP/1.0" 404 275 "-" "Mozilla/5.0 (compatible; Yahoo! Slurp; http://help.yahoo.com/help/us/ysearch/slurp)" "roomfurnish.com"
74.6.23.102 - - [05/Feb/2008:21:17:56 -0800] "GET /g-2131.html HTTP/1.0" 404 275 "-" "Mozilla/5.0 (compatible; Yahoo! Slurp; http://help.yahoo.com/help/us/ysearch/slurp)" "roomfurnish.com"
207.210.101.49 - - [05/Feb/2008:22:18:27 -0800] "HEAD / HTTP/1.0" 200 0 "http://www.true-directory.com" "Mozilla/4.0 (compatible; MSIE 6.0; Windows NT 5.1; SV1)" "roomfurnish.com"
67.152.29.130 - - [06/Feb/2008:00:38:07 -0800] "GET /robots.txt HTTP/1.1" 404 275 "-" "ShopWiki/1.0 ( +http://www.shopwiki.com/wiki/Help:Bot)" "www.roomfurnish.com"
67.152.29.130 - - [06/Feb/2008:00:38:18 -0800] "GET / HTTP/1.1" 200 1316 "-" "ShopWiki/1.0 ( +http://www.shopwiki.com/wiki/Help:Bot)" "www.roomfurnish.com"
67.152.29.130 - - [06/Feb/2008:00:38:31 -0800] "GET / HTTP/1.1" 200 1316 "-" "ShopWiki/1.0 ( +http://www.shopwiki.com/wiki/Help:Bot)" "www.roomfurnish.com"
74.6.28.28 - - [06/Feb/2008:02:07:41 -0800] "GET /robots.txt HTTP/1.0" 404 275 "-" "Mozilla/5.0 (compatible; Yahoo! Slurp; http://help.yahoo.com/help/us/ysearch/slurp)" "roomfurnish.com"
74.6.26.166 - - [06/Feb/2008:02:07:41 -0800] "GET / HTTP/1.0" 200 1316 "-" "Mozilla/5.0 (compatible; Yahoo! Slurp; http://help.yahoo.com/help/us/ysearch/slurp)" "roomfurnish.com"
67.152.29.130 - - [06/Feb/2008:02:59:43 -0800] "GET / HTTP/1.1" 200 1316 "-" "ShopWiki/1.0 ( +http://www.shopwiki.com/wiki/Help:Bot)" "www.roomfurnish.com"
67.152.29.130 - - [06/Feb/2008:09:41:39 -0800] "GET /robots.txt HTTP/1.1" 404 275 "-" "ShopWiki/1.0 ( +http://www.shopwiki.com/wiki/Help:Bot)" "www.roomfurnish.com"
67.152.29.130 - - [06/Feb/2008:09:41:39 -0800] "GET / HTTP/1.1" 200 1316 "-" "ShopWiki/1.0 ( +http://www.shopwiki.com/wiki/Help:Bot)" "www.roomfurnish.com"
67.152.29.130 - - [06/Feb/2008:09:41:54 -0800] "GET / HTTP/1.1" 200 1316 "-" "ShopWiki/1.0 ( +http://www.shopwiki.com/wiki/Help:Bot)" "www.roomfurnish.com"
67.152.29.130 - - [06/Feb/2008:09:41:55 -0800] "GET / HTTP/1.1" 200 1316 "-" "ShopWiki/1.0 ( +http://www.shopwiki.com/wiki/Help:Bot)" "www.roomfurnish.com"
74.6.27.74 - - [06/Feb/2008:11:34:34 -0800] "GET /a39.html HTTP/1.0" 404 275 "-" "Mozilla/5.0 (compatible; Yahoo! Slurp; http://help.yahoo.com/help/us/ysearch/slurp)" "roomfurnish.com"
70.87.15.50 - - [06/Feb/2008:13:27:40 -0800] "GET / HTTP/1.1" 200 1316 "http://www.stockleaf.com/blogs/fat-pitch-financials.php" "Mozilla/5.0 (Macintosh; U; PPC Mac OS X Mach-O; en-US; rv:1.7.6) Gecko/20050223 Firefox/1.0.1" "www.roomfurnish.com"
70.87.15.50 - - [06/Feb/2008:13:27:40 -0800] "GET / HTTP/1.1" 200 1316 "http://www.stockleaf.com/blogs/fat-pitch-financials.php" "Mozilla/5.0 (Macintosh; U; PPC Mac OS X Mach-O; en-US; rv:1.7.6) Gecko/20050223 Firefox/1.0.1" "www.roomfurnish.com"
70.87.15.50 - - [06/Feb/2008:13:27:40 -0800] "GET / HTTP/1.1" 200 1316 "http://www.stockleaf.com/blogs/fat-pitch-financials.php" "Mozilla/5.0 (Macintosh; U; PPC Mac OS X Mach-O; en-US; rv:1.7.6) Gecko/20050223 Firefox/1.0.1" "www.roomfurnish.com"
70.87.15.50 - - [06/Feb/2008:13:27:40 -0800] "GET / HTTP/1.1" 200 1316 "http://www.stockleaf.com/blogs/fat-pitch-financials.php" "Mozilla/5.0 (Macintosh; U; PPC Mac OS X Mach-O; en-US; rv:1.7.6) Gecko/20050223 Firefox/1.0.1" "www.roomfurnish.com"
70.87.15.50 - - [06/Feb/2008:13:27:40 -0800] "GET / HTTP/1.1" 200 1316 "http://www.stockleaf.com/blogs/fat-pitch-financials.php" "Mozilla/5.0 (Macintosh; U; PPC Mac OS X Mach-O; en-US; rv:1.7.6) Gecko/20050223 Firefox/1.0.1" "www.roomfurnish.com"
70.87.15.50 - - [06/Feb/2008:13:27:40 -0800] "GET / HTTP/1.1" 200 1316 "http://www.stockleaf.com/blogs/fat-pitch-financials.php" "Mozilla/5.0 (Macintosh; U; PPC Mac OS X Mach-O; en-US; rv:1.7.6) Gecko/20050223 Firefox/1.0.1" "www.roomfurnish.com"
74.6.25.224 - - [06/Feb/2008:13:52:39 -0800] "GET /robots.txt HTTP/1.0" 404 275 "-" "Mozilla/5.0 (compatible; Yahoo! Slurp; http://help.yahoo.com/help/us/ysearch/slurp)" "www.roomfurnish.com"
74.6.131.208 - - [06/Feb/2008:13:52:39 -0800] "GET / HTTP/1.0" 200 1316 "-" "Mozilla/5.0 (compatible; Yahoo! DE Slurp; http://help.yahoo.com/help/us/ysearch/slurp)" "www.roomfurnish.com"
207.210.208.134 - - [06/Feb/2008:16:03:29 -0800] "GET / HTTP/1.0" 200 1316 "-" "Mozilla/4.0 (compatible; MSIE 7.0; Windows NT 5.1; .NET CLR 2.0.50727; .NET CLR 1.1.4322)" "roomfurnish.com"
64.202.161.130 - - [06/Feb/2008:17:02:33 -0800] "GET /? HTTP/1.0" 200 1316 "-" "Mozilla/4.0 (compatible; MSIE 6.0; Windows NT 5.0)" "roomfurnish.com"
220.181.41.83 - - [06/Feb/2008:17:08:37 -0800] "GET / HTTP/1.1" 200 1316 "-" "Mozilla/4.0" "roomfurnish.com"
74.6.31.164 - - [06/Feb/2008:17:56:47 -0800] "GET / HTTP/1.0" 200 1316 "-" "Mozilla/5.0 (compatible; Yahoo! DE Slurp; http://help.yahoo.com/help/us/ysearch/slurp)" "www.roomfurnish.com"
65.214.45.130 - - [07/Feb/2008:02:08:42 -0800] "GET /robots.txt HTTP/1.0" 404 275 "-" "Mozilla/5.0 (compatible; Ask Jeeves/Teoma; +http://about.ask.com/en/docs/about/webmasters.shtml)" "www.roomfurnish.com"
65.214.45.130 - - [07/Feb/2008:02:08:43 -0800] "GET /992veso.html HTTP/1.0" 404 275 "-" "Mozilla/5.0 (compatible; Ask Jeeves/Teoma; +http://about.ask.com/en/docs/about/webmasters.shtml)" "www.roomfurnish.com"
65.214.45.130 - - [07/Feb/2008:04:47:48 -0800] "GET /a09lodisofa.html HTTP/1.0" 404 275 "-" "Mozilla/5.0 (compatible; Ask Jeeves/Teoma; +http://about.ask.com/en/docs/about/webmasters.shtml)" "www.roomfurnish.com"
67.152.29.130 - - [07/Feb/2008:06:11:36 -0800] "GET /robots.txt HTTP/1.1" 404 275 "-" "ShopWiki/1.0 ( +http://www.shopwiki.com/wiki/Help:Bot)" "www.roomfurnish.com"
67.152.29.130 - - [07/Feb/2008:06:11:37 -0800] "GET / HTTP/1.1" 200 1316 "-" "ShopWiki/1.0 ( +http://www.shopwiki.com/wiki/Help:Bot)" "www.roomfurnish.com"
67.152.29.130 - - [07/Feb/2008:07:59:00 -0800] "GET / HTTP/1.1" 200 1316 "-" "ShopWiki/1.0 ( +http://www.shopwiki.com/wiki/Help:Bot)" "www.roomfurnish.com"
67.152.29.130 - - [07/Feb/2008:07:59:29 -0800] "GET / HTTP/1.1" 200 1316 "-" "ShopWiki/1.0 ( +http://www.shopwiki.com/wiki/Help:Bot)" "www.roomfurnish.com"
67.152.29.130 - - [07/Feb/2008:10:09:22 -0800] "GET /robots.txt HTTP/1.1" 404 275 "-" "ShopWiki/1.0 ( +http://www.shopwiki.com/wiki/Help:Bot)" "www.roomfurnish.com"
67.152.29.130 - - [07/Feb/2008:10:09:23 -0800] "GET / HTTP/1.1" 200 1316 "-" "ShopWiki/1.0 ( +http://www.shopwiki.com/wiki/Help:Bot)" "www.roomfurnish.com"
208.80.193.52 - - [07/Feb/2008:10:40:00 -0800] "GET / HTTP/1.1" 200 1316 "-" "Mozilla/5.0 (compatible; Konqueror/3.1-rc1; i686 Linux; 20020302)" "www.roomfurnish.com"
208.80.193.52 - - [07/Feb/2008:10:40:00 -0800] "GET / HTTP/1.1" 200 1316 "-" "Mozilla/4.0 (compatible; MSIE 6.0; Windows NT 5.1; Q312467)" "roomfurnish.com"
65.214.45.130 - - [07/Feb/2008:13:00:44 -0800] "GET /b06mirasofa.html HTTP/1.0" 404 275 "-" "Mozilla/5.0 (compatible; Ask Jeeves/Teoma; +http://about.ask.com/en/docs/about/webmasters.shtml)" "www.roomfurnish.com"
74.6.25.224 - - [07/Feb/2008:14:05:59 -0800] "GET /robots.txt HTTP/1.0" 404 275 "-" "Mozilla/5.0 (compatible; Yahoo! Slurp; http://help.yahoo.com/help/us/ysearch/slurp)" "www.roomfurnish.com"
74.6.131.208 - - [07/Feb/2008:14:06:00 -0800] "GET / HTTP/1.0" 200 1316 "-" "Mozilla/5.0 (compatible; Yahoo! DE Slurp; http://help.yahoo.com/help/us/ysearch/slurp)" "www.roomfurnish.com"
74.6.28.28 - - [07/Feb/2008:14:23:43 -0800] "GET /robots.txt HTTP/1.0" 404 275 "-" "Mozilla/5.0 (compatible; Yahoo! Slurp; http://help.yahoo.com/help/us/ysearch/slurp)" "roomfurnish.com"
74.6.23.148 - - [07/Feb/2008:14:23:43 -0800] "GET /comfysofagroup.html HTTP/1.0" 404 275 "-" "Mozilla/5.0 (compatible; Yahoo! Slurp; http://help.yahoo.com/help/us/ysearch/slurp)" "roomfurnish.com"
65.214.45.130 - - [07/Feb/2008:16:52:53 -0800] "GET /robots.txt HTTP/1.0" 404 275 "-" "Mozilla/5.0 (compatible; Ask Jeeves/Teoma; +http://about.ask.com/en/docs/about/webmasters.shtml)" "roomfurnish.com"
65.214.45.130 - - [07/Feb/2008:16:52:54 -0800] "GET /faq.html HTTP/1.0" 404 275 "-" "Mozilla/5.0 (compatible; Ask Jeeves/Teoma; +http://about.ask.com/en/docs/about/webmasters.shtml)" "roomfurnish.com"
74.6.31.164 - - [07/Feb/2008:18:29:42 -0800] "GET / HTTP/1.0" 200 1316 "-" "Mozilla/5.0 (compatible; Yahoo! DE Slurp; http://help.yahoo.com/help/us/ysearch/slurp)" "www.roomfurnish.com"
68.142.212.195 - - [07/Feb/2008:19:02:59 -0800] "GET /robots.txt HTTP/1.0" 404 275 "-" "Yahoo-MMCrawler/3.x (mms dash mmcrawler dash support at yahoo dash inc dot com)" "www.roomfurnish.com"
193.252.149.16 - - [07/Feb/2008:19:14:05 -0800] "GET /robots.txt HTTP/1.1" 404 275 "-" "Mozilla/5.0 (Windows; U; Windows NT 5.1; fr; rv:1.8.1) VoilaBot BETA 1.2 (http://www.voila.com/)" "roomfurnish.com"
193.252.149.16 - - [07/Feb/2008:19:14:09 -0800] "GET / HTTP/1.1" 304 - "-" "Mozilla/5.0 (Windows; U; Windows NT 5.1; fr; rv:1.8.1) VoilaBot BETA 1.2 (http://www.voila.com/)" "roomfurnish.com"
69.36.158.66 - - [07/Feb/2008:19:25:49 -0800] "GET /robots.txt HTTP/1.1" 404 275 "-" "Mozilla/5.0 (X11; U; Linux i686; en-US; rv:1.7.12; ips-agent) Gecko/20050922 Fedora/1.0.7-1.1.fc4 Firefox/1.0.7" "www.roomfurnish.com"
69.36.158.66 - - [07/Feb/2008:19:25:50 -0800] "GET / HTTP/1.1" 200 1316 "-" "Mozilla/5.0 (X11; U; Linux i686; en-US; rv:1.7.12; ips-agent) Gecko/20050922 Fedora/1.0.7-1.1.fc4 Firefox/1.0.7" "www.roomfurnish.com"
193.252.149.16 - - [07/Feb/2008:20:49:31 -0800] "GET /robots.txt HTTP/1.1" 404 275 "-" "Mozilla/5.0 (Windows; U; Windows NT 5.1; fr; rv:1.8.1) VoilaBot BETA 1.2 (http://www.voila.com/)" "www.roomfurnish.com"
193.252.149.16 - - [07/Feb/2008:20:49:39 -0800] "GET / HTTP/1.1" 304 - "-" "Mozilla/5.0 (Windows; U; Windows NT 5.1; fr; rv:1.8.1) VoilaBot BETA 1.2 (http://www.voila.com/)" "www.roomfurnish.com"
88.131.106.12 - - [07/Feb/2008:21:40:17 -0800] "GET /robots.txt HTTP/1.0" 404 275 "-" "Speedy Spider (http://www.entireweb.com/about/search_tech/speedy_spider/)" "roomfurnish.com"
88.131.106.12 - - [07/Feb/2008:21:40:18 -0800] "GET /lb-15.html HTTP/1.0" 404 275 "-" "Speedy Spider (http://www.entireweb.com/about/search_tech/speedy_spider/)" "roomfurnish.com"
88.131.106.12 - - [07/Feb/2008:22:35:31 -0800] "GET /g-1913.html HTTP/1.0" 404 275 "-" "Speedy Spider (http://www.entireweb.com/about/search_tech/speedy_spider/)" "roomfurnish.com"
88.131.106.12 - - [07/Feb/2008:22:48:58 -0800] "GET /chlogr.html HTTP/1.0" 404 275 "-" "Speedy Spider (http://www.entireweb.com/about/search_tech/speedy_spider/)" "roomfurnish.com"
88.131.106.12 - - [07/Feb/2008:22:49:01 -0800] "GET /casogr.html HTTP/1.0" 404 275 "-" "Speedy Spider (http://www.entireweb.com/about/search_tech/speedy_spider/)" "roomfurnish.com"
88.131.106.12 - - [07/Feb/2008:22:50:28 -0800] "GET /g-2012.html HTTP/1.0" 404 275 "-" "Speedy Spider (http://www.entireweb.com/about/search_tech/speedy_spider/)" "roomfurnish.com"
88.131.106.12 - - [07/Feb/2008:23:22:04 -0800] "GET /g-2015.html HTTP/1.0" 404 275 "-" "Speedy Spider (http://www.entireweb.com/about/search_tech/speedy_spider/)" "roomfurnish.com"
88.131.106.12 - - [07/Feb/2008:23:33:05 -0800] "GET /cs.html HTTP/1.0" 404 275 "-" "Speedy Spider (http://www.entireweb.com/about/search_tech/speedy_spider/)" "roomfurnish.com"
88.131.106.12 - - [07/Feb/2008:23:52:48 -0800] "GET /321sopranosofa.html HTTP/1.0" 404 275 "-" "Speedy Spider (http://www.entireweb.com/about/search_tech/speedy_spider/)" "roomfurnish.com"
88.131.106.12 - - [07/Feb/2008:23:53:48 -0800] "GET /robots.txt HTTP/1.0" 404 275 "-" "Speedy Spider (http://www.entireweb.com/about/search_tech/speedy_spider/)" "www.roomfurnish.com"
88.131.106.12 - - [07/Feb/2008:23:53:49 -0800] "GET /a53.html HTTP/1.0" 404 275 "-" "Speedy Spider (http://www.entireweb.com/about/search_tech/speedy_spider/)" "www.roomfurnish.com"
88.131.106.12 - - [07/Feb/2008:23:54:06 -0800] "GET /g-2014.html HTTP/1.0" 404 275 "-" "Speedy Spider (http://www.entireweb.com/about/search_tech/speedy_spider/)" "roomfurnish.com"
88.131.106.12 - - [08/Feb/2008:00:26:00 -0800] "GET /g-1817.html HTTP/1.0" 404 275 "-" "Speedy Spider (http://www.entireweb.com/about/search_tech/speedy_spider/)" "roomfurnish.com"
87.230.86.7 - - [08/Feb/2008:00:34:04 -0800] "GET /? HTTP/1.0" 200 1316 "-" "Mozilla/4.0 (compatible; MSIE 6.0; Windows NT 5.0)" "roomfurnish.com"
68.142.212.199 - - [08/Feb/2008:00:40:57 -0800] "GET /robots.txt HTTP/1.0" 404 275 "-" "Yahoo-MMCrawler/3.x (mms dash mmcrawler dash support at yahoo dash inc dot com)" "roomfurnish.com"
88.131.106.12 - - [08/Feb/2008:00:58:03 -0800] "GET /a55.html HTTP/1.0" 404 275 "-" "Speedy Spider (http://www.entireweb.com/about/search_tech/speedy_spider/)" "roomfurnish.com"
88.131.106.12 - - [08/Feb/2008:00:59:08 -0800] "GET /g-1816.html HTTP/1.0" 404 275 "-" "Speedy Spider (http://www.entireweb.com/about/search_tech/speedy_spider/)" "roomfurnish.com"
61.135.219.8 - - [08/Feb/2008:02:42:55 -0800] "GET /robots.txt HTTP/1.1" 404 275 "-" "Mozilla/5.0 (compatible; YodaoBot/1.0; http://www.yodao.com/help/webmaster/spider/; )" "roomfurnish.com"
61.135.219.8 - - [08/Feb/2008:02:42:58 -0800] "GET / HTTP/1.1" 200 1316 "-" "Mozilla/5.0 (compatible; YodaoBot/1.0; http://www.yodao.com/help/webmaster/spider/; )" "roomfurnish.com"
82.120.141.11 - - [08/Feb/2008:03:05:26 -0800] "GET /robots.txt HTTP/1.0" 404 275 "http://majestic12.co.uk/bot.php?I=A8AAB6DAB5C779FB243EC41A8928F986-9993FC7C48C988F1-0000D0C873E27B52-roomfurnish.com" "Mozilla/5.0 (compatible; MJ12bot/v1.2.1; http://www.majestic12.co.uk/bot.php?+)" "roomfurnish.com"
82.120.141.11 - - [08/Feb/2008:03:05:29 -0800] "GET / HTTP/1.0" 200 1316 "-" "Mozilla/5.0 (compatible; MJ12bot/v1.2.1; http://www.majestic12.co.uk/bot.php?+)" "roomfurnish.com"
82.120.141.11 - - [08/Feb/2008:03:05:38 -0800] "GET /coricode.html HTTP/1.0" 404 275 "-" "Mozilla/5.0 (compatible; MJ12bot/v1.2.1; http://www.majestic12.co.uk/bot.php?+)" "roomfurnish.com"
82.120.141.11 - - [08/Feb/2008:03:05:40 -0800] "GET /robots.txt HTTP/1.0" 404 275 "http://majestic12.co.uk/bot.php?I=A8AAB6DAB5C779FB243EC41A8928F986-9993FC7C48C988F1-0000D0C873E27B52-www.roomfurnish.com" "Mozilla/5.0 (compatible; MJ12bot/v1.2.1; http://www.majestic12.co.uk/bot.php?+)" "www.roomfurnish.com"
82.120.141.11 - - [08/Feb/2008:03:05:40 -0800] "GET / HTTP/1.0" 200 1316 "-" "Mozilla/5.0 (compatible; MJ12bot/v1.2.1; http://www.majestic12.co.uk/bot.php?+)" "www.roomfurnish.com"
65.214.45.130 - - [08/Feb/2008:03:18:02 -0800] "GET /gourmetfood.html HTTP/1.0" 404 275 "-" "Mozilla/5.0 (compatible; Ask Jeeves/Teoma; +http://about.ask.com/en/docs/about/webmasters.shtml)" "roomfurnish.com"
64.1.215.165 - - [08/Feb/2008:04:41:44 -0800] "GET /robots.txt HTTP/1.0" 404 275 "-" "Mozilla/5.0 (Twiceler-0.9 http://www.cuill.com/twiceler/robot.html)" "roomfurnish.com"
88.131.106.12 - - [08/Feb/2008:07:12:14 -0800] "GET /robots.txt HTTP/1.0" 404 275 "-" "Speedy Spider (http://www.entireweb.com/about/search_tech/speedy_spider/)" "roomfurnish.com"
88.131.106.12 - - [08/Feb/2008:07:12:14 -0800] "GET /g-1852.html HTTP/1.0" 404 275 "-" "Speedy Spider (http://www.entireweb.com/about/search_tech/speedy_spider/)" "roomfurnish.com"
88.131.106.12 - - [08/Feb/2008:07:16:20 -0800] "GET /g-1915.html HTTP/1.0" 404 275 "-" "Speedy Spider (http://www.entireweb.com/about/search_tech/speedy_spider/)" "roomfurnish.com"
88.131.106.12 - - [08/Feb/2008:07:20:28 -0800] "GET /g-1914.html HTTP/1.0" 404 275 "-" "Speedy Spider (http://www.entireweb.com/about/search_tech/speedy_spider/)" "roomfurnish.com"
88.131.106.12 - - [08/Feb/2008:07:24:51 -0800] "GET /g-1917.html HTTP/1.0" 404 275 "-" "Speedy Spider (http://www.entireweb.com/about/search_tech/speedy_spider/)" "roomfurnish.com"
88.131.106.12 - - [08/Feb/2008:07:28:46 -0800] "GET /g-1756.html HTTP/1.0" 404 275 "-" "Speedy Spider (http://www.entireweb.com/about/search_tech/speedy_spider/)" "roomfurnish.com"
88.131.106.12 - - [08/Feb/2008:07:59:53 -0800] "GET /g-1819.html HTTP/1.0" 404 275 "-" "Speedy Spider (http://www.entireweb.com/about/search_tech/speedy_spider/)" "roomfurnish.com"
88.131.106.12 - - [08/Feb/2008:08:16:07 -0800] "GET /g-1818.html HTTP/1.0" 404 275 "-" "Speedy Spider (http://www.entireweb.com/about/search_tech/speedy_spider/)" "roomfurnish.com"
88.131.106.12 - - [08/Feb/2008:09:17:22 -0800] "GET /romasofagroup.html HTTP/1.0" 404 275 "-" "Speedy Spider (http://www.entireweb.com/about/search_tech/speedy_spider/)" "roomfurnish.com"
88.131.106.12 - - [08/Feb/2008:09:18:39 -0800] "GET /372pisasofa.html HTTP/1.0" 404 275 "-" "Speedy Spider (http://www.entireweb.com/about/search_tech/speedy_spider/)" "roomfurnish.com"
66.249.70.19 - - [08/Feb/2008:10:11:43 -0800] "GET /robots.txt HTTP/1.1" 404 275 "-" "Mozilla/5.0 (compatible; Googlebot/2.1; +http://www.google.com/bot.html)" "www.roomfurnish.com"
66.249.70.19 - - [08/Feb/2008:10:11:43 -0800] "GET / HTTP/1.1" 304 - "-" "Mozilla/5.0 (compatible; Googlebot/2.1; +http://www.google.com/bot.html)" "www.roomfurnish.com"
64.26.175.169 - - [08/Feb/2008:12:37:06 -0800] "GET /300briosofa.html HTTP/1.1" 404 275 "http://www.ask.com/web?q=Brio+sofa&qsrc=0&o=0&l=dir" "Mozilla/4.0 (compatible; MSIE 7.0; Windows NT 5.1; InfoPath.2; .NET CLR 2.0.50727; .NET CLR 1.1.4322)" "www.roomfurnish.com"
64.26.175.169 - - [08/Feb/2008:12:37:28 -0800] "GET /300briosofa.html HTTP/1.1" 404 275 "http://www.ask.com/web?q=Brio+sofa&qsrc=0&o=0&l=dir" "Mozilla/4.0 (compatible; MSIE 7.0; Windows NT 5.1; InfoPath.2; .NET CLR 2.0.50727; .NET CLR 1.1.4322)" "www.roomfurnish.com"
74.6.25.224 - - [08/Feb/2008:14:55:27 -0800] "GET /robots.txt HTTP/1.0" 404 275 "-" "Mozilla/5.0 (compatible; Yahoo! Slurp; http://help.yahoo.com/help/us/ysearch/slurp)" "www.roomfurnish.com"
74.6.131.208 - - [08/Feb/2008:14:55:27 -0800] "GET / HTTP/1.0" 200 1316 "-" "Mozilla/5.0 (compatible; Yahoo! DE Slurp; http://help.yahoo.com/help/us/ysearch/slurp)" "www.roomfurnish.com"
88.131.106.12 - - [08/Feb/2008:16:21:08 -0800] "GET /robots.txt HTTP/1.0" 404 275 "-" "Speedy Spider (http://www.entireweb.com/about/search_tech/speedy_spider/)" "roomfurnish.com"
88.131.106.12 - - [08/Feb/2008:16:21:09 -0800] "GET /258rosssofa.html HTTP/1.0" 404 275 "-" "Speedy Spider (http://www.entireweb.com/about/search_tech/speedy_spider/)" "roomfurnish.com"
67.152.29.130 - - [08/Feb/2008:18:10:47 -0800] "GET /robots.txt HTTP/1.1" 404 275 "-" "ShopWiki/1.0 ( +http://www.shopwiki.com/wiki/Help:Bot)" "www.roomfurnish.com"
67.152.29.130 - - [08/Feb/2008:18:10:47 -0800] "GET / HTTP/1.1" 200 1316 "-" "ShopWiki/1.0 ( +http://www.shopwiki.com/wiki/Help:Bot)" "www.roomfurnish.com"
67.152.29.130 - - [08/Feb/2008:18:10:48 -0800] "GET / HTTP/1.1" 200 1316 "-" "ShopWiki/1.0 ( +http://www.shopwiki.com/wiki/Help:Bot)" "www.roomfurnish.com"
88.131.106.12 - - [08/Feb/2008:18:15:53 -0800] "GET /sisogr.html HTTP/1.0" 404 275 "-" "Speedy Spider (http://www.entireweb.com/about/search_tech/speedy_spider/)" "roomfurnish.com"
88.131.106.12 - - [08/Feb/2008:18:16:00 -0800] "GET /stsogr.html HTTP/1.0" 404 275 "-" "Speedy Spider (http://www.entireweb.com/about/search_tech/speedy_spider/)" "roomfurnish.com"
88.131.106.12 - - [08/Feb/2008:18:16:32 -0800] "GET /g-1912.html HTTP/1.0" 404 275 "-" "Speedy Spider (http://www.entireweb.com/about/search_tech/speedy_spider/)" "roomfurnish.com"
88.131.106.12 - - [08/Feb/2008:18:20:08 -0800] "GET /g-1795.html HTTP/1.0" 404 275 "-" "Speedy Spider (http://www.entireweb.com/about/search_tech/speedy_spider/)" "roomfurnish.com"
88.131.106.12 - - [08/Feb/2008:18:22:03 -0800] "GET /g-1754.html HTTP/1.0" 404 275 "-" "Speedy Spider (http://www.entireweb.com/about/search_tech/speedy_spider/)" "roomfurnish.com"
88.131.106.12 - - [08/Feb/2008:18:23:33 -0800] "GET /g-1757.html HTTP/1.0" 404 275 "-" "Speedy Spider (http://www.entireweb.com/about/search_tech/speedy_spider/)" "roomfurnish.com"
88.131.106.12 - - [08/Feb/2008:18:27:23 -0800] "GET /g-1919.html HTTP/1.0" 404 275 "-" "Speedy Spider (http://www.entireweb.com/about/search_tech/speedy_spider/)" "roomfurnish.com"
88.131.106.12 - - [08/Feb/2008:18:29:04 -0800] "GET /g-1758.html HTTP/1.0" 404 275 "-" "Speedy Spider (http://www.entireweb.com/about/search_tech/speedy_spider/)" "roomfurnish.com"
63.158.184.183 - - [08/Feb/2008:18:41:27 -0800] "GET / HTTP/1.1" 200 1316 "http://www.furniturestorelinks.com/furniture_retailers_12.htm" "Mozilla/4.0 (compatible; MSIE 6.0; Windows 98; Win 9x 4.90; MSN 9.0;MSN 9.1; MSNbMSNI; MSNmen-us; MSNcIA; MPLUS)" "www.roomfurnish.com"
61.135.219.4 - - [08/Feb/2008:18:48:14 -0800] "GET /robots.txt HTTP/1.1" 404 275 "-" "Mozilla/5.0 (compatible; YodaoBot/1.0; http://www.yodao.com/help/webmaster/spider/; )" "roomfurnish.com"
61.135.219.4 - - [08/Feb/2008:18:48:17 -0800] "GET / HTTP/1.1" 304 - "-" "Mozilla/5.0 (compatible; YodaoBot/1.0; http://www.yodao.com/help/webmaster/spider/; )" "roomfurnish.com"
65.214.45.130 - - [08/Feb/2008:19:01:50 -0800] "GET /robots.txt HTTP/1.0" 404 275 "-" "Mozilla/5.0 (compatible; Ask Jeeves/Teoma; +http://about.ask.com/en/docs/about/webmasters.shtml)" "www.roomfurnish.com"
65.214.45.130 - - [08/Feb/2008:19:01:50 -0800] "GET /customsofa.html HTTP/1.0" 404 275 "-" "Mozilla/5.0 (compatible; Ask Jeeves/Teoma; +http://about.ask.com/en/docs/about/webmasters.shtml)" "www.roomfurnish.com"
88.131.106.12 - - [08/Feb/2008:19:10:58 -0800] "GET /221almosofa.html HTTP/1.0" 404 275 "-" "Speedy Spider (http://www.entireweb.com/about/search_tech/speedy_spider/)" "roomfurnish.com"
74.6.31.164 - - [08/Feb/2008:19:14:11 -0800] "GET / HTTP/1.0" 200 1316 "-" "Mozilla/5.0 (compatible; Yahoo! DE Slurp; http://help.yahoo.com/help/us/ysearch/slurp)" "www.roomfurnish.com"
88.131.106.12 - - [08/Feb/2008:19:16:03 -0800] "GET /terms.html HTTP/1.0" 404 275 "-" "Speedy Spider (http://www.entireweb.com/about/search_tech/speedy_spider/)" "roomfurnish.com"
88.131.106.12 - - [08/Feb/2008:19:16:41 -0800] "GET /c12hollandsofa.html HTTP/1.0" 404 275 "-" "Speedy Spider (http://www.entireweb.com/about/search_tech/speedy_spider/)" "roomfurnish.com"
66.249.70.19 - - [08/Feb/2008:19:25:55 -0800] "GET / HTTP/1.1" 200 1316 "-" "Mozilla/5.0 (compatible; Googlebot/2.1; +http://www.google.com/bot.html)" "www.roomfurnish.com"
88.131.106.12 - - [08/Feb/2008:19:27:47 -0800] "GET /a30.html HTTP/1.0" 404 275 "-" "Speedy Spider (http://www.entireweb.com/about/search_tech/speedy_spider/)" "roomfurnish.com"
88.131.106.12 - - [08/Feb/2008:19:29:24 -0800] "GET /comfysofagroup.html HTTP/1.0" 404 275 "-" "Speedy Spider (http://www.entireweb.com/about/search_tech/speedy_spider/)" "roomfurnish.com"
88.131.106.12 - - [08/Feb/2008:19:29:31 -0800] "GET /g-2130.html HTTP/1.0" 404 275 "-" "Speedy Spider (http://www.entireweb.com/about/search_tech/speedy_spider/)" "roomfurnish.com"
88.131.106.12 - - [08/Feb/2008:19:31:44 -0800] "GET /a41cach.html HTTP/1.0" 404 275 "-" "Speedy Spider (http://www.entireweb.com/about/search_tech/speedy_spider/)" "roomfurnish.com"
88.131.106.12 - - [08/Feb/2008:19:32:18 -0800] "GET /g-2033.html HTTP/1.0" 404 275 "-" "Speedy Spider (http://www.entireweb.com/about/search_tech/speedy_spider/)" "roomfurnish.com"
88.131.106.12 - - [08/Feb/2008:19:34:50 -0800] "GET /b396lonatosofa.html HTTP/1.0" 404 275 "-" "Speedy Spider (http://www.entireweb.com/about/search_tech/speedy_spider/)" "roomfurnish.com"
88.131.106.12 - - [08/Feb/2008:19:35:19 -0800] "GET /g-2032.html HTTP/1.0" 404 275 "-" "Speedy Spider (http://www.entireweb.com/about/search_tech/speedy_spider/)" "roomfurnish.com"
88.131.106.12 - - [08/Feb/2008:19:36:47 -0800] "GET /g-1935.html HTTP/1.0" 404 275 "-" "Speedy Spider (http://www.entireweb.com/about/search_tech/speedy_spider/)" "roomfurnish.com"
88.131.106.12 - - [08/Feb/2008:19:37:39 -0800] "GET /g-2034.html HTTP/1.0" 404 275 "-" "Speedy Spider (http://www.entireweb.com/about/search_tech/speedy_spider/)" "roomfurnish.com"
65.214.45.130 - - [08/Feb/2008:22:09:25 -0800] "GET /309marinosofa.html HTTP/1.0" 404 275 "-" "Mozilla/5.0 (compatible; Ask Jeeves/Teoma; +http://about.ask.com/en/docs/about/webmasters.shtml)" "www.roomfurnish.com"
67.152.29.130 - - [08/Feb/2008:22:11:53 -0800] "GET /robots.txt HTTP/1.1" 404 275 "-" "ShopWiki/1.0 ( +http://www.shopwiki.com/wiki/Help:Bot)" "www.roomfurnish.com"
67.152.29.130 - - [08/Feb/2008:22:11:53 -0800] "GET / HTTP/1.1" 200 1316 "-" "ShopWiki/1.0 ( +http://www.shopwiki.com/wiki/Help:Bot)" "www.roomfurnish.com"
66.249.70.19 - - [08/Feb/2008:23:03:21 -0800] "GET /robots.txt HTTP/1.1" 404 275 "-" "Mozilla/5.0 (compatible; Googlebot/2.1; +http://www.google.com/bot.html)" "www.roomfurnish.com"
65.214.45.130 - - [09/Feb/2008:02:14:22 -0800] "GET /335pomeziasofa.html HTTP/1.0" 404 275 "-" "Mozilla/5.0 (compatible; Ask Jeeves/Teoma; +http://about.ask.com/en/docs/about/webmasters.shtml)" "www.roomfurnish.com"
61.17.119.202 - - [09/Feb/2008:02:22:40 -0800] "GET / HTTP/1.1" 200 1316 "-" "Mozilla/5.0 (Windows; U; Windows NT 6.0; en-US; rv:1.8.1.11) Gecko/20071127 Firefox/2.0.0.11" "www.roomfurnish.com"
61.17.119.202 - - [09/Feb/2008:02:22:44 -0800] "GET /favicon.ico HTTP/1.1" 404 275 "-" "Mozilla/5.0 (Windows; U; Windows NT 6.0; en-US; rv:1.8.1.11) Gecko/20071127 Firefox/2.0.0.11" "www.roomfurnish.com"
63.123.238.8 - - [09/Feb/2008:02:29:15 -0800] "GET /robots.txt HTTP/1.1" 404 275 "-" "Mozilla/2.0 (compatible; Ask Jeeves/Teoma)" "www.roomfurnish.com"
63.123.238.8 - - [09/Feb/2008:02:29:16 -0800] "GET / HTTP/1.1" 200 1316 "-" "Mozilla/2.0 (compatible; Ask Jeeves/Teoma)" "www.roomfurnish.com"
208.111.154.15 - - [09/Feb/2008:02:42:57 -0800] "GET / HTTP/1.0" 200 1316 "-" "Mozilla/5.0 (X11; U; Linux i686 (x86_64); en-US; rv:1.8.1.11) Gecko/20080109" "roomfurnish.com"
208.111.154.15 - - [09/Feb/2008:02:42:58 -0800] "GET /favicon.ico HTTP/1.0" 404 275 "-" "Mozilla/5.0 (X11; U; Linux i686 (x86_64); en-US; rv:1.8.1.11) Gecko/20080109" "roomfurnish.com"
65.214.45.130 - - [09/Feb/2008:04:03:54 -0800] "GET /g-1328a.html HTTP/1.0" 404 275 "-" "Mozilla/5.0 (compatible; Ask Jeeves/Teoma; +http://about.ask.com/en/docs/about/webmasters.shtml)" "www.roomfurnish.com"
88.131.106.12 - - [09/Feb/2008:04:29:58 -0800] "GET /robots.txt HTTP/1.0" 404 275 "-" "Speedy Spider (http://www.entireweb.com/about/search_tech/speedy_spider/)" "roomfurnish.com"
88.131.106.12 - - [09/Feb/2008:04:29:59 -0800] "GET /leathersofa.html HTTP/1.0" 404 275 "-" "Speedy Spider (http://www.entireweb.com/about/search_tech/speedy_spider/)" "roomfurnish.com"
88.131.106.12 - - [09/Feb/2008:04:31:34 -0800] "GET /wisogr.html HTTP/1.0" 404 275 "-" "Speedy Spider (http://www.entireweb.com/about/search_tech/speedy_spider/)" "roomfurnish.com"
88.131.106.12 - - [09/Feb/2008:04:32:42 -0800] "GET /elsogr.html HTTP/1.0" 404 275 "-" "Speedy Spider (http://www.entireweb.com/about/search_tech/speedy_spider/)" "roomfurnish.com"
88.131.106.12 - - [09/Feb/2008:05:06:50 -0800] "GET /g-1759.html HTTP/1.0" 404 275 "-" "Speedy Spider (http://www.entireweb.com/about/search_tech/speedy_spider/)" "roomfurnish.com"
88.131.106.12 - - [09/Feb/2008:05:34:16 -0800] "GET /302bariasofa.html HTTP/1.0" 404 275 "-" "Speedy Spider (http://www.entireweb.com/about/search_tech/speedy_spider/)" "roomfurnish.com"
65.214.45.130 - - [09/Feb/2008:06:30:25 -0800] "GET /301barlettsofa.html HTTP/1.0" 404 275 "-" "Mozilla/5.0 (compatible; Ask Jeeves/Teoma; +http://about.ask.com/en/docs/about/webmasters.shtml)" "www.roomfurnish.com"
67.152.29.130 - - [09/Feb/2008:11:41:03 -0800] "GET /robots.txt HTTP/1.1" 404 275 "-" "ShopWiki/1.0 ( +http://www.shopwiki.com/wiki/Help:Bot)" "www.roomfurnish.com"
