64.124.148.28 - - [29/Jan/2008:18:30:28 -0800] "GET /robots.txt HTTP/1.1" 404 275 "-" "Mozilla/5.0 (compatible; FatBot 2.0; http://www.thefind.com/main/CrawlerFAQs.fhtml)" "roomfurnish.com"
64.124.148.28 - - [29/Jan/2008:18:31:53 -0800] "GET / HTTP/1.1" 200 1316 "-" "Mozilla/5.0 (compatible; FatBot 2.0; http://www.thefind.com/main/CrawlerFAQs.fhtml)" "roomfurnish.com"
65.214.45.100 - - [29/Jan/2008:19:01:36 -0800] "GET /roomfurnish/c04carlosofa.html HTTP/1.0" 404 275 "-" "Mozilla/5.0 (compatible; Ask Jeeves/Teoma; +http://about.ask.com/en/docs/about/webmasters.shtml)" "www.roomfurnish.com"
88.131.106.12 - - [30/Jan/2008:06:34:36 -0800] "GET /robots.txt HTTP/1.0" 404 275 "-" "Speedy Spider (http://www.entireweb.com/about/search_tech/speedy_spider/)" "roomfurnish.com"
88.131.106.12 - - [30/Jan/2008:06:34:36 -0800] "GET /361fuziosofa.html HTTP/1.0" 404 275 "-" "Speedy Spider (http://www.entireweb.com/about/search_tech/speedy_spider/)" "roomfurnish.com"
88.131.106.12 - - [30/Jan/2008:07:07:51 -0800] "GET /s-872.html HTTP/1.0" 404 275 "-" "Speedy Spider (http://www.entireweb.com/about/search_tech/speedy_spider/)" "roomfurnish.com"
88.131.106.12 - - [30/Jan/2008:07:12:05 -0800] "GET /origincoffee.html HTTP/1.0" 404 275 "-" "Speedy Spider (http://www.entireweb.com/about/search_tech/speedy_spider/)" "roomfurnish.com"
74.6.26.15 - - [30/Jan/2008:10:29:54 -0800] "GET /robots.txt HTTP/1.0" 404 275 "-" "Mozilla/5.0 (compatible; Yahoo! Slurp; http://help.yahoo.com/help/us/ysearch/slurp)" "www.roomfurnish.com"
74.6.131.208 - - [30/Jan/2008:10:29:54 -0800] "GET / HTTP/1.0" 200 1316 "-" "Mozilla/5.0 (compatible; Yahoo! DE Slurp; http://help.yahoo.com/help/us/ysearch/slurp)" "www.roomfurnish.com"
67.152.29.130 - - [30/Jan/2008:11:22:38 -0800] "GET /robots.txt HTTP/1.1" 404 275 "-" "ShopWiki/1.0 ( +http://www.shopwiki.com/wiki/Help:Bot)" "www.roomfurnish.com"
67.152.29.130 - - [30/Jan/2008:11:22:38 -0800] "GET / HTTP/1.1" 200 1316 "-" "ShopWiki/1.0 ( +http://www.shopwiki.com/wiki/Help:Bot)" "www.roomfurnish.com"
74.6.22.164 - - [30/Jan/2008:12:48:55 -0800] "GET /robots.txt HTTP/1.0" 404 275 "-" "Mozilla/5.0 (compatible; Yahoo! Slurp; http://help.yahoo.com/help/us/ysearch/slurp)" "roomfurnish.com"
74.6.22.164 - - [30/Jan/2008:12:48:55 -0800] "GET /leathersofa.html HTTP/1.0" 404 275 "-" "Mozilla/5.0 (compatible; Yahoo! Slurp; http://help.yahoo.com/help/us/ysearch/slurp)" "roomfurnish.com"
74.6.28.118 - - [30/Jan/2008:13:27:46 -0800] "GET /robots.txt HTTP/1.0" 404 275 "-" "Mozilla/5.0 (compatible; Yahoo! Slurp; http://help.yahoo.com/help/us/ysearch/slurp)" "roomfurnish.com"
74.6.26.224 - - [30/Jan/2008:13:27:46 -0800] "GET /a50.html HTTP/1.0" 404 275 "-" "Mozilla/5.0 (compatible; Yahoo! Slurp; http://help.yahoo.com/help/us/ysearch/slurp)" "roomfurnish.com"
74.6.31.164 - - [30/Jan/2008:14:38:21 -0800] "GET / HTTP/1.0" 200 1316 "-" "Mozilla/5.0 (compatible; Yahoo! DE Slurp; http://help.yahoo.com/help/us/ysearch/slurp)" "www.roomfurnish.com"
67.152.29.130 - - [30/Jan/2008:15:30:09 -0800] "GET /robots.txt HTTP/1.1" 404 275 "-" "ShopWiki/1.0 ( +http://www.shopwiki.com/wiki/Help:Bot)" "www.roomfurnish.com"
67.152.29.130 - - [30/Jan/2008:15:30:09 -0800] "GET / HTTP/1.1" 200 1316 "-" "ShopWiki/1.0 ( +http://www.shopwiki.com/wiki/Help:Bot)" "www.roomfurnish.com"
67.152.29.130 - - [30/Jan/2008:15:30:41 -0800] "GET / HTTP/1.1" 200 1316 "-" "ShopWiki/1.0 ( +http://www.shopwiki.com/wiki/Help:Bot)" "www.roomfurnish.com"
67.152.29.130 - - [30/Jan/2008:15:30:42 -0800] "GET / HTTP/1.1" 200 1316 "-" "ShopWiki/1.0 ( +http://www.shopwiki.com/wiki/Help:Bot)" "www.roomfurnish.com"
146.82.208.160 - - [30/Jan/2008:16:18:22 -0800] "GET / HTTP/1.0" 200 1316 "-" "Mozilla/4.0 (compatible; MSIE 7.0; Windows NT 5.1; .NET CLR 2.0.50727; .NET CLR 1.1.4322)" "roomfurnish.com"
68.142.212.195 - - [30/Jan/2008:16:37:55 -0800] "GET /robots.txt HTTP/1.0" 404 275 "-" "Yahoo-MMCrawler/3.x (mms dash mmcrawler dash support at yahoo dash inc dot com)" "www.roomfurnish.com"
72.76.156.34 - - [30/Jan/2008:17:08:44 -0800] "GET /romasofagroup.html HTTP/1.1" 404 275 "-" "Mozilla/4.0 (compatible; MSIE 6.0; AOL 9.0; Windows NT 5.1)" "roomfurnish.com"
72.76.156.34 - - [30/Jan/2008:17:08:51 -0800] "GET / HTTP/1.1" 200 1316 "-" "Mozilla/4.0 (compatible; MSIE 6.0; AOL 9.0; Windows NT 5.1)" "roomfurnish.com"
67.152.29.130 - - [30/Jan/2008:18:12:07 -0800] "GET / HTTP/1.1" 200 1316 "-" "ShopWiki/1.0 ( +http://www.shopwiki.com/wiki/Help:Bot)" "www.roomfurnish.com"
193.252.149.16 - - [30/Jan/2008:18:14:35 -0800] "GET /robots.txt HTTP/1.1" 404 275 "-" "Mozilla/5.0 (Windows; U; Windows NT 5.1; fr; rv:1.8.1) VoilaBot BETA 1.2 (http://www.voila.com/)" "www.roomfurnish.com"
193.252.149.16 - - [30/Jan/2008:18:14:37 -0800] "GET / HTTP/1.1" 304 - "-" "Mozilla/5.0 (Windows; U; Windows NT 5.1; fr; rv:1.8.1) VoilaBot BETA 1.2 (http://www.voila.com/)" "www.roomfurnish.com"
88.131.106.12 - - [30/Jan/2008:18:23:21 -0800] "GET /robots.txt HTTP/1.0" 404 275 "-" "Speedy Spider (http://www.entireweb.com/about/search_tech/speedy_spider/)" "roomfurnish.com"
88.131.106.12 - - [30/Jan/2008:18:23:21 -0800] "GET /355florence.html HTTP/1.0" 404 275 "-" "Speedy Spider (http://www.entireweb.com/about/search_tech/speedy_spider/)" "roomfurnish.com"
64.34.145.197 - - [30/Jan/2008:18:27:15 -0800] "GET /robots.txt HTTP/1.0" 404 275 "-" "SBIder/SBIder-0.8.2-dev (http://www.sitesell.com/sbider.html)" "www.roomfurnish.com"
64.34.145.197 - - [30/Jan/2008:18:27:15 -0800] "GET / HTTP/1.0" 200 1316 "-" "SBIder/SBIder-0.8.2-dev (http://www.sitesell.com/sbider.html)" "www.roomfurnish.com"
67.152.29.130 - - [30/Jan/2008:18:35:01 -0800] "GET /robots.txt HTTP/1.1" 404 275 "-" "ShopWiki/1.0 ( +http://www.shopwiki.com/wiki/Help:Bot)" "www.roomfurnish.com"
67.152.29.130 - - [30/Jan/2008:18:35:07 -0800] "GET / HTTP/1.1" 200 1316 "-" "ShopWiki/1.0 ( +http://www.shopwiki.com/wiki/Help:Bot)" "www.roomfurnish.com"
67.152.29.130 - - [30/Jan/2008:18:37:17 -0800] "GET / HTTP/1.1" 200 1316 "-" "ShopWiki/1.0 ( +http://www.shopwiki.com/wiki/Help:Bot)" "www.roomfurnish.com"
67.152.29.130 - - [30/Jan/2008:18:56:24 -0800] "GET / HTTP/1.1" 200 1316 "-" "ShopWiki/1.0 ( +http://www.shopwiki.com/wiki/Help:Bot)" "www.roomfurnish.com"
67.152.29.130 - - [30/Jan/2008:18:56:25 -0800] "GET / HTTP/1.1" 200 1316 "-" "ShopWiki/1.0 ( +http://www.shopwiki.com/wiki/Help:Bot)" "www.roomfurnish.com"
194.100.71.139 - - [30/Jan/2008:19:35:01 -0800] "GET / HTTP/1.0" 200 1316 "-" "Mozilla/4.0 (compatible; MSIE 7.0; Windows NT 5.1; .NET CLR 2.0.50727; .NET CLR 1.1.4322)" "www.roomfurnish.com"
65.214.45.100 - - [30/Jan/2008:21:51:30 -0800] "GET /robots.txt HTTP/1.0" 404 275 "-" "Mozilla/5.0 (compatible; Ask Jeeves/Teoma; +http://about.ask.com/en/docs/about/webmasters.shtml)" "www.roomfurnish.com"
65.214.45.100 - - [30/Jan/2008:21:51:30 -0800] "GET /303bellosofa.html HTTP/1.0" 404 275 "-" "Mozilla/5.0 (compatible; Ask Jeeves/Teoma; +http://about.ask.com/en/docs/about/webmasters.shtml)" "www.roomfurnish.com"
65.214.45.100 - - [30/Jan/2008:22:34:45 -0800] "GET /298vaso.html HTTP/1.0" 404 275 "-" "Mozilla/5.0 (compatible; Ask Jeeves/Teoma; +http://about.ask.com/en/docs/about/webmasters.shtml)" "www.roomfurnish.com"
63.247.69.218 - - [30/Jan/2008:23:08:33 -0800] "GET / HTTP/1.0" 200 1316 "-" "Mozilla/4.0 (compatible; MSIE 7.0; Windows NT 5.1; .NET CLR 2.0.50727; .NET CLR 1.1.4322)" "roomfurnish.com"
66.249.70.19 - - [31/Jan/2008:02:02:36 -0800] "GET /robots.txt HTTP/1.1" 404 275 "-" "Mozilla/5.0 (compatible; Googlebot/2.1; +http://www.google.com/bot.html)" "www.roomfurnish.com"
66.249.70.19 - - [31/Jan/2008:02:02:36 -0800] "GET / HTTP/1.1" 304 - "-" "Mozilla/5.0 (compatible; Googlebot/2.1; +http://www.google.com/bot.html)" "www.roomfurnish.com"
207.126.224.241 - - [31/Jan/2008:02:33:26 -0800] "GET / HTTP/1.0" 200 1316 "-" "Mozilla/4.05 [en]" "www.roomfurnish.com"
193.252.149.16 - - [31/Jan/2008:03:11:49 -0800] "GET /robots.txt HTTP/1.1" 404 275 "-" "Mozilla/5.0 (Windows; U; Windows NT 5.1; fr; rv:1.8.1) VoilaBot BETA 1.2 (http://www.voila.com/)" "roomfurnish.com"
193.252.149.16 - - [31/Jan/2008:03:11:56 -0800] "GET / HTTP/1.1" 304 - "-" "Mozilla/5.0 (Windows; U; Windows NT 5.1; fr; rv:1.8.1) VoilaBot BETA 1.2 (http://www.voila.com/)" "roomfurnish.com"
88.131.106.12 - - [31/Jan/2008:03:24:49 -0800] "GET /robots.txt HTTP/1.0" 404 275 "-" "Speedy Spider (http://www.entireweb.com/about/search_tech/speedy_spider/)" "roomfurnish.com"
88.131.106.12 - - [31/Jan/2008:03:24:50 -0800] "GET /s-878.html HTTP/1.0" 404 275 "-" "Speedy Spider (http://www.entireweb.com/about/search_tech/speedy_spider/)" "roomfurnish.com"
88.131.106.12 - - [31/Jan/2008:04:02:16 -0800] "GET /358miniatosofa.html HTTP/1.0" 404 275 "-" "Speedy Spider (http://www.entireweb.com/about/search_tech/speedy_spider/)" "roomfurnish.com"
88.131.106.12 - - [31/Jan/2008:04:13:38 -0800] "GET /2005style.html HTTP/1.0" 404 275 "-" "Speedy Spider (http://www.entireweb.com/about/search_tech/speedy_spider/)" "roomfurnish.com"
88.131.106.12 - - [31/Jan/2008:04:15:35 -0800] "GET /2004style.html HTTP/1.0" 404 275 "-" "Speedy Spider (http://www.entireweb.com/about/search_tech/speedy_spider/)" "roomfurnish.com"
88.131.106.12 - - [31/Jan/2008:04:48:03 -0800] "GET /236caso.html HTTP/1.0" 404 275 "-" "Speedy Spider (http://www.entireweb.com/about/search_tech/speedy_spider/)" "roomfurnish.com"
88.131.106.12 - - [31/Jan/2008:04:48:21 -0800] "GET /298vaso.html HTTP/1.0" 404 275 "-" "Speedy Spider (http://www.entireweb.com/about/search_tech/speedy_spider/)" "roomfurnish.com"
67.152.29.130 - - [31/Jan/2008:05:15:03 -0800] "GET /robots.txt HTTP/1.1" 404 275 "-" "ShopWiki/1.0 ( +http://www.shopwiki.com/wiki/Help:Bot)" "www.roomfurnish.com"
67.152.29.130 - - [31/Jan/2008:05:15:03 -0800] "GET / HTTP/1.1" 200 1316 "-" "ShopWiki/1.0 ( +http://www.shopwiki.com/wiki/Help:Bot)" "www.roomfurnish.com"
88.131.106.12 - - [31/Jan/2008:05:54:55 -0800] "GET /info.html HTTP/1.0" 404 275 "-" "Speedy Spider (http://www.entireweb.com/about/search_tech/speedy_spider/)" "roomfurnish.com"
88.131.106.12 - - [31/Jan/2008:05:58:15 -0800] "GET /privacypolicy.html HTTP/1.0" 404 275 "-" "Speedy Spider (http://www.entireweb.com/about/search_tech/speedy_spider/)" "roomfurnish.com"
65.214.45.100 - - [31/Jan/2008:08:06:46 -0800] "GET /sectionalgroup.html HTTP/1.0" 404 275 "-" "Mozilla/5.0 (compatible; Ask Jeeves/Teoma; +http://about.ask.com/en/docs/about/webmasters.shtml)" "www.roomfurnish.com"
207.68.146.169 - - [31/Jan/2008:09:58:51 -0800] "GET /robots.txt HTTP/1.0" 404 275 "-" "msnbot-Products/1.0 (+http://search.msn.com/msnbot.htm)" "www.roomfurnish.com"
207.68.146.169 - - [31/Jan/2008:09:58:52 -0800] "GET / HTTP/1.0" 200 1316 "-" "msnbot-Products/1.0 (+http://search.msn.com/msnbot.htm)" "www.roomfurnish.com"
66.249.70.19 - - [31/Jan/2008:10:20:58 -0800] "GET / HTTP/1.1" 200 1316 "-" "Mozilla/5.0 (compatible; Googlebot/2.1; +http://www.google.com/bot.html)" "www.roomfurnish.com"
199.245.84.2 - - [31/Jan/2008:11:17:30 -0800] "GET /favicon.ico HTTP/1.1" 404 275 "-" "Mozilla/4.0 (compatible; GoogleToolbar 4.0.1601.4978-big; Windows XP 5.1; MSIE 7.0.5730.11)" "roomfurnish.com"
199.245.84.2 - - [31/Jan/2008:11:17:31 -0800] "GET /favicon.gif HTTP/1.1" 404 275 "-" "Mozilla/4.0 (compatible; GoogleToolbar 4.0.1601.4978-big; Windows XP 5.1; MSIE 7.0.5730.11)" "roomfurnish.com"
74.6.26.15 - - [31/Jan/2008:11:28:53 -0800] "GET /robots.txt HTTP/1.0" 404 275 "-" "Mozilla/5.0 (compatible; Yahoo! Slurp; http://help.yahoo.com/help/us/ysearch/slurp)" "www.roomfurnish.com"
74.6.131.208 - - [31/Jan/2008:11:28:53 -0800] "GET / HTTP/1.0" 200 1316 "-" "Mozilla/5.0 (compatible; Yahoo! DE Slurp; http://help.yahoo.com/help/us/ysearch/slurp)" "www.roomfurnish.com"
74.6.31.164 - - [31/Jan/2008:14:45:18 -0800] "GET / HTTP/1.0" 200 1316 "-" "Mozilla/5.0 (compatible; Yahoo! DE Slurp; http://help.yahoo.com/help/us/ysearch/slurp)" "www.roomfurnish.com"
66.249.70.116 - - [31/Jan/2008:15:15:56 -0800] "GET /robots.txt HTTP/1.1" 404 275 "-" "Mozilla/5.0 (compatible; Googlebot/2.1; +http://www.google.com/bot.html)" "roomfurnish.com"
66.249.70.116 - - [31/Jan/2008:15:15:56 -0800] "GET / HTTP/1.1" 200 1316 "-" "Mozilla/5.0 (compatible; Googlebot/2.1; +http://www.google.com/bot.html)" "roomfurnish.com"
193.47.80.40 - - [31/Jan/2008:15:29:37 -0800] "GET /robots.txt HTTP/1.1" 404 275 "-" "Mozilla/5.0 (compatible; Exabot/3.0; +http://www.exabot.com/go/robot)" "roomfurnish.com"
193.47.80.40 - - [31/Jan/2008:15:29:37 -0800] "GET / HTTP/1.1" 304 - "-" "Mozilla/5.0 (compatible; Exabot/3.0; +http://www.exabot.com/go/robot)" "roomfurnish.com"
88.131.106.12 - - [31/Jan/2008:15:54:13 -0800] "GET /robots.txt HTTP/1.0" 404 275 "-" "Speedy Spider (http://www.entireweb.com/about/search_tech/speedy_spider/)" "roomfurnish.com"
88.131.106.12 - - [31/Jan/2008:15:54:13 -0800] "GET /s-890.html HTTP/1.0" 404 275 "-" "Speedy Spider (http://www.entireweb.com/about/search_tech/speedy_spider/)" "roomfurnish.com"
67.152.29.130 - - [31/Jan/2008:16:01:07 -0800] "GET /robots.txt HTTP/1.1" 404 275 "-" "ShopWiki/1.0 ( +http://www.shopwiki.com/wiki/Help:Bot)" "www.roomfurnish.com"
67.152.29.130 - - [31/Jan/2008:16:01:07 -0800] "GET / HTTP/1.1" 200 1316 "-" "ShopWiki/1.0 ( +http://www.shopwiki.com/wiki/Help:Bot)" "www.roomfurnish.com"
66.249.70.19 - - [31/Jan/2008:16:18:35 -0800] "GET /robots.txt HTTP/1.1" 404 275 "-" "Mozilla/5.0 (compatible; Googlebot/2.1; +http://www.google.com/bot.html)" "www.roomfurnish.com"
74.6.8.103 - - [31/Jan/2008:16:45:49 -0800] "GET /robots.txt HTTP/1.0" 404 275 "-" "Mozilla/5.0 (compatible; Yahoo! Slurp; http://help.yahoo.com/help/us/ysearch/slurp)" "www.roomfurnish.com"
74.6.8.103 - - [31/Jan/2008:16:45:49 -0800] "GET / HTTP/1.0" 200 1316 "-" "Mozilla/5.0 (compatible; Yahoo! Slurp; http://help.yahoo.com/help/us/ysearch/slurp)" "www.roomfurnish.com"
66.249.70.116 - - [31/Jan/2008:16:49:13 -0800] "GET /index.html HTTP/1.1" 304 - "-" "Mozilla/5.0 (compatible; Googlebot/2.1; +http://www.google.com/bot.html)" "roomfurnish.com"
68.158.6.225 - - [31/Jan/2008:17:42:38 -0800] "GET / HTTP/1.1" 200 1316 "http://shopping.yahoo.com/stores/sd.html;_ylt=Ah1GZngBw6Tvozk7q5Y9699DmmYB;_ylu=X3oDMTBscWNjbnU1BF9zAzIzNTAxMzc5BHNlYwNzdG9yZQ--?id=22658907&a=R&f=40" "Mozilla/4.0 (compatible; MSIE 6.0; Windows NT 5.1; SV1; FunWebProducts; .NET CLR 1.1.4322)" "www.roomfurnish.com"
202.179.180.45 - - [31/Jan/2008:22:45:47 -0800] "GET /robots.txt HTTP/1.1" 404 275 "-" "Mozilla/4.0 (compatible; NaverBot/1.0; http://help.naver.com/delete_main.asp)" "roomfurnish.com"
202.179.180.45 - - [31/Jan/2008:22:45:53 -0800] "GET / HTTP/1.1" 200 1316 "-" "Mozilla/4.0 (compatible; NaverBot/1.0; http://help.naver.com/delete_main.asp)" "roomfurnish.com"
84.227.41.101 - - [31/Jan/2008:23:37:45 -0800] "GET / HTTP/1.1" 200 1316 "-" "Mozilla/4.0 (compatible; MSIE 6.0; Windows NT 5.1; SV1; .NET" "roomfurnish.com"
65.214.45.100 - - [31/Jan/2008:23:44:35 -0800] "GET /robots.txt HTTP/1.0" 404 275 "-" "Mozilla/5.0 (compatible; Ask Jeeves/Teoma; +http://about.ask.com/en/docs/about/webmasters.shtml)" "www.roomfurnish.com"
65.214.45.100 - - [31/Jan/2008:23:44:35 -0800] "GET /352lovesofa.html HTTP/1.0" 404 275 "-" "Mozilla/5.0 (compatible; Ask Jeeves/Teoma; +http://about.ask.com/en/docs/about/webmasters.shtml)" "www.roomfurnish.com"
67.152.29.130 - - [01/Feb/2008:00:09:35 -0800] "GET /robots.txt HTTP/1.1" 404 275 "-" "ShopWiki/1.0 ( +http://www.shopwiki.com/wiki/Help:Bot)" "www.roomfurnish.com"
67.152.29.130 - - [01/Feb/2008:00:09:35 -0800] "GET / HTTP/1.1" 200 1316 "-" "ShopWiki/1.0 ( +http://www.shopwiki.com/wiki/Help:Bot)" "www.roomfurnish.com"
67.152.29.130 - - [01/Feb/2008:00:10:08 -0800] "GET / HTTP/1.1" 200 1316 "-" "ShopWiki/1.0 ( +http://www.shopwiki.com/wiki/Help:Bot)" "www.roomfurnish.com"
67.152.29.130 - - [01/Feb/2008:00:10:09 -0800] "GET / HTTP/1.1" 200 1316 "-" "ShopWiki/1.0 ( +http://www.shopwiki.com/wiki/Help:Bot)" "www.roomfurnish.com"
88.131.106.12 - - [01/Feb/2008:00:49:45 -0800] "GET /robots.txt HTTP/1.0" 404 275 "-" "Speedy Spider (http://www.entireweb.com/about/search_tech/speedy_spider/)" "roomfurnish.com"
88.131.106.12 - - [01/Feb/2008:00:49:46 -0800] "GET /950imso.html HTTP/1.0" 404 275 "-" "Speedy Spider (http://www.entireweb.com/about/search_tech/speedy_spider/)" "roomfurnish.com"
65.214.45.100 - - [01/Feb/2008:01:26:16 -0800] "GET /349taziosofa.html HTTP/1.0" 404 275 "-" "Mozilla/5.0 (compatible; Ask Jeeves/Teoma; +http://about.ask.com/en/docs/about/webmasters.shtml)" "www.roomfurnish.com"
64.1.215.165 - - [01/Feb/2008:01:41:21 -0800] "GET /robots.txt HTTP/1.0" 404 275 "-" "Mozilla/5.0 (Twiceler-0.9 http://www.cuill.com/twiceler/robot.html)" "roomfurnish.com"
74.6.26.15 - - [01/Feb/2008:01:46:10 -0800] "GET /robots.txt HTTP/1.0" 404 275 "-" "Mozilla/5.0 (compatible; Yahoo! Slurp; http://help.yahoo.com/help/us/ysearch/slurp)" "www.roomfurnish.com"
74.6.25.44 - - [01/Feb/2008:01:46:10 -0800] "GET / HTTP/1.0" 200 1316 "-" "Mozilla/5.0 (compatible; Yahoo! Slurp; http://help.yahoo.com/help/us/ysearch/slurp)" "www.roomfurnish.com"
202.160.180.124 - - [01/Feb/2008:03:25:16 -0800] "GET /robots.txt HTTP/1.0" 404 275 "-" "Mozilla/5.0 (compatible; Yahoo! Slurp China; http://misc.yahoo.com.cn/help.html)" "roomfurnish.com"
202.160.178.82 - - [01/Feb/2008:03:25:17 -0800] "GET / HTTP/1.0" 304 - "-" "Mozilla/5.0 (compatible; Yahoo! Slurp China; http://misc.yahoo.com.cn/help.html)" "roomfurnish.com"
208.36.144.10 - - [01/Feb/2008:03:26:39 -0800] "GET /robots.txt HTTP/1.0" 404 275 "-" "Mozilla/5.0 (Twiceler-0.9 http://www.cuill.com/twiceler/robot.html)" "www.roomfurnish.com"
67.152.29.130 - - [01/Feb/2008:03:52:33 -0800] "GET /robots.txt HTTP/1.1" 404 275 "-" "ShopWiki/1.0 ( +http://www.shopwiki.com/wiki/Help:Bot)" "www.roomfurnish.com"
67.152.29.130 - - [01/Feb/2008:03:52:33 -0800] "GET / HTTP/1.1" 200 1316 "-" "ShopWiki/1.0 ( +http://www.shopwiki.com/wiki/Help:Bot)" "www.roomfurnish.com"
67.152.29.130 - - [01/Feb/2008:03:53:30 -0800] "GET / HTTP/1.1" 200 1316 "-" "ShopWiki/1.0 ( +http://www.shopwiki.com/wiki/Help:Bot)" "www.roomfurnish.com"
68.142.212.199 - - [01/Feb/2008:05:58:55 -0800] "GET /robots.txt HTTP/1.0" 404 275 "-" "Yahoo-MMCrawler/3.x (mms dash mmcrawler dash support at yahoo dash inc dot com)" "roomfurnish.com"
140.203.154.180 - - [01/Feb/2008:06:10:11 -0800] "GET /robots.txt HTTP/1.1" 404 275 "-" "multicrawler (+http://sw.deri.org/2006/04/multicrawler/robots.html)" "roomfurnish.com"
140.203.154.180 - - [01/Feb/2008:06:10:12 -0800] "GET /Help('http:/help.yahoo.com/help/us/geo/context/context-03.html') HTTP/1.1" 404 275 "-" "multicrawler (+http://sw.deri.org/2006/04/multicrawler/robots.html)" "roomfurnish.com"
122.152.129.53 - - [01/Feb/2008:06:52:32 -0800] "GET /robots.txt HTTP/1.1" 404 275 "-" "Baiduspider+(+http://www.baidu.com/search/spider_jp.html)" "roomfurnish.com"
72.34.41.202 - - [01/Feb/2008:07:56:16 -0800] "GET / HTTP/1.0" 200 1316 "-" "Mozilla/4.0 (compatible; MSIE 7.0; Windows NT 5.1; .NET CLR 2.0.50727; .NET CLR 1.1.4322)" "www.roomfurnish.com"
74.6.22.79 - - [01/Feb/2008:09:10:52 -0800] "GET /robots.txt HTTP/1.0" 404 275 "-" "Mozilla/5.0 (compatible; Yahoo! Slurp; http://help.yahoo.com/help/us/ysearch/slurp)" "roomfurnish.com"
74.6.22.79 - - [01/Feb/2008:09:10:52 -0800] "GET /leathersofa.html HTTP/1.0" 404 275 "-" "Mozilla/5.0 (compatible; Yahoo! Slurp/3.0; http://help.yahoo.com/help/us/ysearch/slurp)" "roomfurnish.com"
81.175.52.211 - - [01/Feb/2008:09:16:27 -0800] "GET /robots.txt HTTP/1.0" 404 275 "http://majestic12.co.uk/bot.php?I=3F7EE61F8A2121BF16208BB31FB066BE-B63DFC050E7EE00C-000070CB88282D2D-roomfurnish.com" "Mozilla/5.0 (compatible; MJ12bot/v1.2.1; http://www.majestic12.co.uk/bot.php?+)" "roomfurnish.com"
81.175.52.211 - - [01/Feb/2008:09:16:30 -0800] "GET /coricode.html HTTP/1.1" 404 275 "-" "Mozilla/5.0 (compatible; MJ12bot/v1.2.1; http://www.majestic12.co.uk/bot.php?+)" "roomfurnish.com"
81.175.52.211 - - [01/Feb/2008:09:16:33 -0800] "GET /gourmetfood.html HTTP/1.1" 404 275 "-" "Mozilla/5.0 (compatible; MJ12bot/v1.2.1; http://www.majestic12.co.uk/bot.php?+)" "roomfurnish.com"
81.175.52.211 - - [01/Feb/2008:09:16:42 -0800] "GET /leathersofa.html HTTP/1.1" 404 275 "-" "Mozilla/5.0 (compatible; MJ12bot/v1.2.1; http://www.majestic12.co.uk/bot.php?+)" "roomfurnish.com"
64.202.165.133 - - [01/Feb/2008:10:51:13 -0800] "GET /? HTTP/1.0" 200 1316 "-" "Mozilla/4.0 (compatible; MSIE 6.0; Windows NT 5.0)" "roomfurnish.com"
67.152.29.130 - - [01/Feb/2008:11:39:57 -0800] "GET /robots.txt HTTP/1.1" 404 275 "-" "ShopWiki/1.0 ( +http://www.shopwiki.com/wiki/Help:Bot)" "www.roomfurnish.com"
67.152.29.130 - - [01/Feb/2008:11:39:57 -0800] "GET / HTTP/1.1" 200 1316 "-" "ShopWiki/1.0 ( +http://www.shopwiki.com/wiki/Help:Bot)" "www.roomfurnish.com"
74.6.26.15 - - [01/Feb/2008:11:42:12 -0800] "GET /robots.txt HTTP/1.0" 404 275 "-" "Mozilla/5.0 (compatible; Yahoo! Slurp; http://help.yahoo.com/help/us/ysearch/slurp)" "www.roomfurnish.com"
74.6.131.208 - - [01/Feb/2008:11:42:12 -0800] "GET / HTTP/1.0" 200 1316 "-" "Mozilla/5.0 (compatible; Yahoo! DE Slurp; http://help.yahoo.com/help/us/ysearch/slurp)" "www.roomfurnish.com"
64.34.145.197 - - [01/Feb/2008:11:59:49 -0800] "GET /robots.txt HTTP/1.0" 404 275 "-" "SBIder/SBIder-0.8.2-dev (http://www.sitesell.com/sbider.html)" "www.roomfurnish.com"
64.34.145.197 - - [01/Feb/2008:11:59:50 -0800] "GET / HTTP/1.0" 200 1316 "-" "SBIder/SBIder-0.8.2-dev (http://www.sitesell.com/sbider.html)" "www.roomfurnish.com"
74.6.31.164 - - [01/Feb/2008:15:27:30 -0800] "GET / HTTP/1.0" 200 1316 "-" "Mozilla/5.0 (compatible; Yahoo! DE Slurp; http://help.yahoo.com/help/us/ysearch/slurp)" "www.roomfurnish.com"
67.152.29.130 - - [01/Feb/2008:16:02:24 -0800] "GET /robots.txt HTTP/1.1" 404 275 "-" "ShopWiki/1.0 ( +http://www.shopwiki.com/wiki/Help:Bot)" "www.roomfurnish.com"
67.152.29.130 - - [01/Feb/2008:16:02:24 -0800] "GET / HTTP/1.1" 200 1316 "-" "ShopWiki/1.0 ( +http://www.shopwiki.com/wiki/Help:Bot)" "www.roomfurnish.com"
209.191.126.189 - - [01/Feb/2008:16:35:00 -0800] "GET /robots.txt HTTP/1.0" 404 275 "-" "Nokia6682/2.0 (3.01.1) SymbianOS/8.0 Series60/2.6 Profile/MIDP-2.0 configuration/CLDC-1.1 UP.Link/6.3.0.0.0 (compatible;YahooSeeker/M1A1-R2D2; http://help.yahoo.com/help/us/ysearch/crawling/crawling-01.html)" "roomfurnish.com"
122.152.140.207 - - [01/Feb/2008:17:10:33 -0800] "GET / HTTP/1.1" 304 - "-" "Baiduspider+(+http://www.baidu.com/search/spider_jp.html)" "roomfurnish.com"
88.131.106.12 - - [01/Feb/2008:20:38:18 -0800] "GET /robots.txt HTTP/1.0" 404 275 "-" "Speedy Spider (http://www.entireweb.com/about/search_tech/speedy_spider/)" "roomfurnish.com"
88.131.106.12 - - [01/Feb/2008:20:38:19 -0800] "GET /faq.html HTTP/1.0" 404 275 "-" "Speedy Spider (http://www.entireweb.com/about/search_tech/speedy_spider/)" "roomfurnish.com"
88.131.106.12 - - [01/Feb/2008:20:56:28 -0800] "GET /g-2035.html HTTP/1.0" 404 275 "-" "Speedy Spider (http://www.entireweb.com/about/search_tech/speedy_spider/)" "roomfurnish.com"
88.131.106.12 - - [01/Feb/2008:21:02:20 -0800] "GET /g17mach.html HTTP/1.0" 404 275 "-" "Speedy Spider (http://www.entireweb.com/about/search_tech/speedy_spider/)" "roomfurnish.com"
88.131.106.12 - - [01/Feb/2008:21:07:24 -0800] "GET /352lovesofa.html HTTP/1.0" 404 275 "-" "Speedy Spider (http://www.entireweb.com/about/search_tech/speedy_spider/)" "roomfurnish.com"
88.131.106.12 - - [01/Feb/2008:21:18:19 -0800] "GET /a50disl.html HTTP/1.0" 404 275 "-" "Speedy Spider (http://www.entireweb.com/about/search_tech/speedy_spider/)" "roomfurnish.com"
74.6.22.79 - - [01/Feb/2008:21:23:25 -0800] "GET / HTTP/1.0" 200 1316 "-" "Mozilla/5.0 (compatible; Yahoo! Slurp/3.0; http://help.yahoo.com/help/us/ysearch/slurp)" "roomfurnish.com"
63.123.238.8 - - [02/Feb/2008:02:29:54 -0800] "GET /robots.txt HTTP/1.1" 404 275 "-" "Mozilla/2.0 (compatible; Ask Jeeves/Teoma)" "www.roomfurnish.com"
63.123.238.8 - - [02/Feb/2008:02:29:54 -0800] "GET / HTTP/1.1" 200 1316 "-" "Mozilla/2.0 (compatible; Ask Jeeves/Teoma)" "www.roomfurnish.com"
74.6.28.118 - - [02/Feb/2008:05:11:32 -0800] "GET /robots.txt HTTP/1.0" 404 275 "-" "Mozilla/5.0 (compatible; Yahoo! Slurp; http://help.yahoo.com/help/us/ysearch/slurp)" "roomfurnish.com"
74.6.26.166 - - [02/Feb/2008:05:11:32 -0800] "GET / HTTP/1.0" 304 - "-" "Mozilla/5.0 (compatible; Yahoo! Slurp; http://help.yahoo.com/help/us/ysearch/slurp)" "roomfurnish.com"
98.173.26.143 - - [02/Feb/2008:06:03:18 -0800] "GET /robots.txt HTTP/1.0" 404 275 "-" "envolk/1.7 (+http://www.envolk.com/envolkspiderinfo.html)" "roomfurnish.com"
65.55.212.93 - - [02/Feb/2008:06:13:17 -0800] "GET /robots.txt HTTP/1.0" 404 275 "-" "msnbot-media/1.0 (+http://search.msn.com/msnbot.htm)" "www.roomfurnish.com"
65.55.212.93 - - [02/Feb/2008:06:13:18 -0800] "GET / HTTP/1.0" 200 1316 "-" "msnbot-media/1.0 (+http://search.msn.com/msnbot.htm)" "www.roomfurnish.com"
67.152.29.130 - - [02/Feb/2008:06:30:26 -0800] "GET /robots.txt HTTP/1.1" 404 275 "-" "ShopWiki/1.0 ( +http://www.shopwiki.com/wiki/Help:Bot)" "www.roomfurnish.com"
67.152.29.130 - - [02/Feb/2008:06:30:26 -0800] "GET / HTTP/1.1" 200 1316 "-" "ShopWiki/1.0 ( +http://www.shopwiki.com/wiki/Help:Bot)" "www.roomfurnish.com"
62.80.224.237 - - [02/Feb/2008:08:20:34 -0800] "GET / HTTP/1.1" 200 1316 "http://www.excite.fr/directory/Shopping/Home_and_Garden/Furniture/Seating" "Mozilla/4.0 (compatible; MSIE 6.0; Windows NT 5.1; SV1; .NET CLR 1.1.4322)" "roomfurnish.com"
74.6.29.49 - - [02/Feb/2008:09:01:04 -0800] "GET /s-06.html HTTP/1.0" 404 275 "-" "Mozilla/5.0 (compatible; Yahoo! Slurp; http://help.yahoo.com/help/us/ysearch/slurp)" "roomfurnish.com"
74.6.26.15 - - [02/Feb/2008:12:16:51 -0800] "GET /robots.txt HTTP/1.0" 404 275 "-" "Mozilla/5.0 (compatible; Yahoo! Slurp; http://help.yahoo.com/help/us/ysearch/slurp)" "www.roomfurnish.com"
74.6.131.208 - - [02/Feb/2008:12:16:52 -0800] "GET / HTTP/1.0" 200 1316 "-" "Mozilla/5.0 (compatible; Yahoo! DE Slurp; http://help.yahoo.com/help/us/ysearch/slurp)" "www.roomfurnish.com"
63.123.238.8 - - [02/Feb/2008:12:55:56 -0800] "GET /robots.txt HTTP/1.1" 404 275 "-" "Mozilla/2.0 (compatible; Ask Jeeves/Teoma)" "roomfurnish.com"
63.123.238.8 - - [02/Feb/2008:12:55:56 -0800] "GET / HTTP/1.1" 200 1316 "-" "Mozilla/2.0 (compatible; Ask Jeeves/Teoma)" "roomfurnish.com"
74.6.22.79 - - [02/Feb/2008:13:32:30 -0800] "GET /robots.txt HTTP/1.0" 404 275 "-" "Mozilla/5.0 (compatible; Yahoo! Slurp; http://help.yahoo.com/help/us/ysearch/slurp)" "roomfurnish.com"
74.6.22.79 - - [02/Feb/2008:13:32:31 -0800] "GET / HTTP/1.0" 200 1316 "-" "Mozilla/5.0 (compatible; Yahoo! Slurp; http://help.yahoo.com/help/us/ysearch/slurp)" "roomfurnish.com"
88.131.106.12 - - [02/Feb/2008:14:53:10 -0800] "GET /robots.txt HTTP/1.0" 404 275 "-" "Speedy Spider (http://www.entireweb.com/about/search_tech/speedy_spider/)" "www.roomfurnish.com"
88.131.106.12 - - [02/Feb/2008:14:53:11 -0800] "GET /a40.html HTTP/1.0" 404 275 "-" "Speedy Spider (http://www.entireweb.com/about/search_tech/speedy_spider/)" "www.roomfurnish.com"
88.131.106.12 - - [02/Feb/2008:14:53:16 -0800] "GET /robots.txt HTTP/1.0" 404 275 "-" "Speedy Spider (http://www.entireweb.com/about/search_tech/speedy_spider/)" "roomfurnish.com"
88.131.106.12 - - [02/Feb/2008:14:53:22 -0800] "GET /g-2041.html HTTP/1.0" 404 275 "-" "Speedy Spider (http://www.entireweb.com/about/search_tech/speedy_spider/)" "roomfurnish.com"
88.131.106.12 - - [02/Feb/2008:15:02:23 -0800] "GET /g-2040.html HTTP/1.0" 404 275 "-" "Speedy Spider (http://www.entireweb.com/about/search_tech/speedy_spider/)" "roomfurnish.com"
88.131.106.12 - - [02/Feb/2008:15:05:29 -0800] "GET /291pompeisofa.html HTTP/1.0" 404 275 "-" "Speedy Spider (http://www.entireweb.com/about/search_tech/speedy_spider/)" "roomfurnish.com"
88.131.106.12 - - [02/Feb/2008:15:09:35 -0800] "GET /boldsofagroup.html HTTP/1.0" 404 275 "-" "Speedy Spider (http://www.entireweb.com/about/search_tech/speedy_spider/)" "roomfurnish.com"
88.131.106.12 - - [02/Feb/2008:15:12:05 -0800] "GET /g-2043.html HTTP/1.0" 404 275 "-" "Speedy Spider (http://www.entireweb.com/about/search_tech/speedy_spider/)" "roomfurnish.com"
88.131.106.12 - - [02/Feb/2008:15:14:59 -0800] "GET /323pisasofa.html HTTP/1.0" 404 275 "-" "Speedy Spider (http://www.entireweb.com/about/search_tech/speedy_spider/)" "roomfurnish.com"
88.131.106.12 - - [02/Feb/2008:15:21:07 -0800] "GET /a41.html HTTP/1.0" 404 275 "-" "Speedy Spider (http://www.entireweb.com/about/search_tech/speedy_spider/)" "www.roomfurnish.com"
88.131.106.12 - - [02/Feb/2008:15:21:12 -0800] "GET /g-1942.html HTTP/1.0" 404 275 "-" "Speedy Spider (http://www.entireweb.com/about/search_tech/speedy_spider/)" "roomfurnish.com"
88.131.106.12 - - [02/Feb/2008:15:27:50 -0800] "GET /342elenasofa.html HTTP/1.0" 404 275 "-" "Speedy Spider (http://www.entireweb.com/about/search_tech/speedy_spider/)" "roomfurnish.com"
88.131.106.12 - - [02/Feb/2008:15:28:33 -0800] "GET /a44.html HTTP/1.0" 404 275 "-" "Speedy Spider (http://www.entireweb.com/about/search_tech/speedy_spider/)" "www.roomfurnish.com"
88.131.106.12 - - [02/Feb/2008:15:28:37 -0800] "GET /g-1885.html HTTP/1.0" 404 275 "-" "Speedy Spider (http://www.entireweb.com/about/search_tech/speedy_spider/)" "roomfurnish.com"
68.142.212.195 - - [02/Feb/2008:15:41:08 -0800] "GET /robots.txt HTTP/1.0" 404 275 "-" "Yahoo-MMCrawler/3.x (mms dash mmcrawler dash support at yahoo dash inc dot com)" "www.roomfurnish.com"
74.6.31.164 - - [02/Feb/2008:16:03:27 -0800] "GET / HTTP/1.0" 200 1316 "-" "Mozilla/5.0 (compatible; Yahoo! DE Slurp; http://help.yahoo.com/help/us/ysearch/slurp)" "www.roomfurnish.com"
67.152.29.130 - - [02/Feb/2008:16:08:12 -0800] "GET /robots.txt HTTP/1.1" 404 275 "-" "ShopWiki/1.0 ( +http://www.shopwiki.com/wiki/Help:Bot)" "www.roomfurnish.com"
67.152.29.130 - - [02/Feb/2008:16:08:12 -0800] "GET / HTTP/1.1" 200 1316 "-" "ShopWiki/1.0 ( +http://www.shopwiki.com/wiki/Help:Bot)" "www.roomfurnish.com"
65.214.45.100 - - [02/Feb/2008:16:31:21 -0800] "GET /robots.txt HTTP/1.0" 404 275 "-" "Mozilla/5.0 (compatible; Ask Jeeves/Teoma; +http://about.ask.com/en/docs/about/webmasters.shtml)" "www.roomfurnish.com"
65.214.45.100 - - [02/Feb/2008:16:31:21 -0800] "GET /295soso.html HTTP/1.0" 404 275 "-" "Mozilla/5.0 (compatible; Ask Jeeves/Teoma; +http://about.ask.com/en/docs/about/webmasters.shtml)" "www.roomfurnish.com"
67.152.29.130 - - [02/Feb/2008:16:41:02 -0800] "GET / HTTP/1.1" 200 1316 "-" "ShopWiki/1.0 ( +http://www.shopwiki.com/wiki/Help:Bot)" "www.roomfurnish.com"
207.68.146.169 - - [02/Feb/2008:17:04:42 -0800] "GET /robots.txt HTTP/1.0" 404 275 "-" "msnbot-Products/1.0 (+http://search.msn.com/msnbot.htm)" "www.roomfurnish.com"
207.68.146.169 - - [02/Feb/2008:17:04:42 -0800] "GET / HTTP/1.0" 200 1316 "-" "msnbot-Products/1.0 (+http://search.msn.com/msnbot.htm)" "www.roomfurnish.com"
74.6.28.118 - - [02/Feb/2008:17:10:11 -0800] "GET /robots.txt HTTP/1.0" 404 275 "-" "Mozilla/5.0 (compatible; Yahoo! Slurp; http://help.yahoo.com/help/us/ysearch/slurp)" "roomfurnish.com"
74.6.27.79 - - [02/Feb/2008:17:10:11 -0800] "GET / HTTP/1.0" 200 1316 "-" "Mozilla/5.0 (compatible; Yahoo! Slurp; http://help.yahoo.com/help/us/ysearch/slurp)" "roomfurnish.com"
208.36.144.10 - - [02/Feb/2008:19:09:03 -0800] "GET /robots.txt HTTP/1.0" 404 275 "-" "Mozilla/5.0 (Twiceler-0.9 http://www.cuill.com/twiceler/robot.html)" "www.roomfurnish.com"
65.214.45.100 - - [02/Feb/2008:19:57:59 -0800] "GET /baleclch.html HTTP/1.0" 404 275 "-" "Mozilla/5.0 (compatible; Ask Jeeves/Teoma; +http://about.ask.com/en/docs/about/webmasters.shtml)" "www.roomfurnish.com"
67.152.29.130 - - [02/Feb/2008:21:07:15 -0800] "GET /robots.txt HTTP/1.1" 404 275 "-" "ShopWiki/1.0 ( +http://www.shopwiki.com/wiki/Help:Bot)" "www.roomfurnish.com"
67.152.29.130 - - [02/Feb/2008:21:07:15 -0800] "GET / HTTP/1.1" 200 1316 "-" "ShopWiki/1.0 ( +http://www.shopwiki.com/wiki/Help:Bot)" "www.roomfurnish.com"
88.131.106.12 - - [02/Feb/2008:23:08:18 -0800] "GET /robots.txt HTTP/1.0" 404 275 "-" "Speedy Spider (http://www.entireweb.com/about/search_tech/speedy_spider/)" "roomfurnish.com"
88.131.106.12 - - [02/Feb/2008:23:08:18 -0800] "GET /luseso.html HTTP/1.0" 404 275 "-" "Speedy Spider (http://www.entireweb.com/about/search_tech/speedy_spider/)" "roomfurnish.com"
88.131.106.12 - - [02/Feb/2008:23:09:01 -0800] "GET /clleso.html HTTP/1.0" 404 275 "-" "Speedy Spider (http://www.entireweb.com/about/search_tech/speedy_spider/)" "roomfurnish.com"
88.131.106.12 - - [02/Feb/2008:23:09:34 -0800] "GET /b3riso.html HTTP/1.0" 404 275 "-" "Speedy Spider (http://www.entireweb.com/about/search_tech/speedy_spider/)" "roomfurnish.com"
71.178.218.232 - - [02/Feb/2008:23:31:07 -0800] "GET /favicon.ico HTTP/1.1" 404 275 "-" "Mozilla/4.0 (compatible; MSIE 7.0; Windows NT 5.1; .NET CLR 2.0.50727; MSN 9.0;MSN 9.1; MSNbVZ02; MSNmen-us; MSNcOTH)" "roomfurnish.com"
88.131.106.12 - - [03/Feb/2008:00:24:00 -0800] "GET /robots.txt HTTP/1.0" 404 275 "-" "Speedy Spider (http://www.entireweb.com/about/search_tech/speedy_spider/)" "www.roomfurnish.com"
88.131.106.12 - - [03/Feb/2008:00:24:00 -0800] "GET /a50.html HTTP/1.0" 404 275 "-" "Speedy Spider (http://www.entireweb.com/about/search_tech/speedy_spider/)" "www.roomfurnish.com"
88.131.106.12 - - [03/Feb/2008:00:24:18 -0800] "GET /g-2011.html HTTP/1.0" 404 275 "-" "Speedy Spider (http://www.entireweb.com/about/search_tech/speedy_spider/)" "roomfurnish.com"
64.1.215.165 - - [03/Feb/2008:00:31:50 -0800] "GET /robots.txt HTTP/1.0" 404 275 "-" "Mozilla/5.0 (Twiceler-0.9 http://www.cuill.com/twiceler/robot.html)" "roomfurnish.com"
88.131.106.12 - - [03/Feb/2008:00:59:01 -0800] "GET /g-1941.html HTTP/1.0" 404 275 "-" "Speedy Spider (http://www.entireweb.com/about/search_tech/speedy_spider/)" "roomfurnish.com"
88.131.106.12 - - [03/Feb/2008:01:01:34 -0800] "GET /g-1980.html HTTP/1.0" 404 275 "-" "Speedy Spider (http://www.entireweb.com/about/search_tech/speedy_spider/)" "roomfurnish.com"
88.131.106.12 - - [03/Feb/2008:01:05:12 -0800] "GET /g-1943.html HTTP/1.0" 404 275 "-" "Speedy Spider (http://www.entireweb.com/about/search_tech/speedy_spider/)" "roomfurnish.com"
88.131.106.12 - - [03/Feb/2008:01:16:11 -0800] "GET /g-1844.html HTTP/1.0" 404 275 "-" "Speedy Spider (http://www.entireweb.com/about/search_tech/speedy_spider/)" "roomfurnish.com"
65.214.45.100 - - [03/Feb/2008:01:20:50 -0800] "GET /272molisofa.html HTTP/1.0" 404 275 "-" "Mozilla/5.0 (compatible; Ask Jeeves/Teoma; +http://about.ask.com/en/docs/about/webmasters.shtml)" "www.roomfurnish.com"
88.131.106.12 - - [03/Feb/2008:01:25:34 -0800] "GET /a46.html HTTP/1.0" 404 275 "-" "Speedy Spider (http://www.entireweb.com/about/search_tech/speedy_spider/)" "www.roomfurnish.com"
88.131.106.12 - - [03/Feb/2008:01:25:40 -0800] "GET /g-1847.html HTTP/1.0" 404 275 "-" "Speedy Spider (http://www.entireweb.com/about/search_tech/speedy_spider/)" "roomfurnish.com"
88.131.106.12 - - [03/Feb/2008:01:45:56 -0800] "GET /287minitasofa.html HTTP/1.0" 404 275 "-" "Speedy Spider (http://www.entireweb.com/about/search_tech/speedy_spider/)" "roomfurnish.com"
67.152.29.130 - - [03/Feb/2008:01:47:47 -0800] "GET /robots.txt HTTP/1.1" 404 275 "-" "ShopWiki/1.0 ( +http://www.shopwiki.com/wiki/Help:Bot)" "www.roomfurnish.com"
67.152.29.130 - - [03/Feb/2008:01:47:48 -0800] "GET / HTTP/1.1" 200 1316 "-" "ShopWiki/1.0 ( +http://www.shopwiki.com/wiki/Help:Bot)" "www.roomfurnish.com"
67.152.29.130 - - [03/Feb/2008:01:47:58 -0800] "GET / HTTP/1.1" 200 1316 "-" "ShopWiki/1.0 ( +http://www.shopwiki.com/wiki/Help:Bot)" "www.roomfurnish.com"
67.152.29.130 - - [03/Feb/2008:01:47:59 -0800] "GET / HTTP/1.1" 200 1316 "-" "ShopWiki/1.0 ( +http://www.shopwiki.com/wiki/Help:Bot)" "www.roomfurnish.com"
88.131.106.12 - - [03/Feb/2008:01:48:58 -0800] "GET /a45.html HTTP/1.0" 404 275 "-" "Speedy Spider (http://www.entireweb.com/about/search_tech/speedy_spider/)" "www.roomfurnish.com"
88.131.106.12 - - [03/Feb/2008:01:49:19 -0800] "GET /g-1886.html HTTP/1.0" 404 275 "-" "Speedy Spider (http://www.entireweb.com/about/search_tech/speedy_spider/)" "roomfurnish.com"
74.6.28.118 - - [03/Feb/2008:02:30:23 -0800] "GET /robots.txt HTTP/1.0" 404 275 "-" "Mozilla/5.0 (compatible; Yahoo! Slurp; http://help.yahoo.com/help/us/ysearch/slurp)" "roomfurnish.com"
74.6.20.134 - - [03/Feb/2008:02:30:23 -0800] "GET /a281.html HTTP/1.0" 404 275 "-" "Mozilla/5.0 (compatible; Yahoo! Slurp; http://help.yahoo.com/help/us/ysearch/slurp)" "roomfurnish.com"
208.80.193.48 - - [03/Feb/2008:02:34:46 -0800] "GET / HTTP/1.1" 200 1316 "-" "Mozilla/4.0 (compatible; MSIE 6.0; Windows NT 5.1; AT&T CSM7.0; SV1; Hotbar4.5.3.0; .NET CLR 1.0.3705; Media Center PC 2.8)" "roomfurnish.com"
208.80.193.48 - - [03/Feb/2008:02:34:46 -0800] "GET / HTTP/1.1" 200 1316 "-" "Mozilla/4.0 (compatible; MSIE 6.0; Windows NT 5.1; {6751FB4D-CF2B-4EAB-9DAE-3B9F9ED3139D}; SV1; .NET CLR 1.1.4322)" "www.roomfurnish.com"
88.131.106.12 - - [03/Feb/2008:08:26:59 -0800] "GET /robots.txt HTTP/1.0" 404 275 "-" "Speedy Spider (http://www.entireweb.com/about/search_tech/speedy_spider/)" "roomfurnish.com"
88.131.106.12 - - [03/Feb/2008:08:27:00 -0800] "GET /b3trso.html HTTP/1.0" 404 275 "-" "Speedy Spider (http://www.entireweb.com/about/search_tech/speedy_spider/)" "roomfurnish.com"
65.214.45.100 - - [03/Feb/2008:08:44:33 -0800] "GET /robots.txt HTTP/1.0" 404 275 "-" "Mozilla/5.0 (compatible; Ask Jeeves/Teoma; +http://about.ask.com/en/docs/about/webmasters.shtml)" "www.roomfurnish.com"
65.214.45.100 - - [03/Feb/2008:08:44:33 -0800] "GET /340ostiasofa.html HTTP/1.0" 404 275 "-" "Mozilla/5.0 (compatible; Ask Jeeves/Teoma; +http://about.ask.com/en/docs/about/webmasters.shtml)" "www.roomfurnish.com"
88.131.106.12 - - [03/Feb/2008:08:56:40 -0800] "GET /g-1884.html HTTP/1.0" 404 275 "-" "Speedy Spider (http://www.entireweb.com/about/search_tech/speedy_spider/)" "roomfurnish.com"
88.131.106.12 - - [03/Feb/2008:08:58:09 -0800] "GET /g-1887.html HTTP/1.0" 404 275 "-" "Speedy Spider (http://www.entireweb.com/about/search_tech/speedy_spider/)" "roomfurnish.com"
82.80.249.193 - - [03/Feb/2008:09:02:35 -0800] "GET / HTTP/1.1" 200 1316 "-" "Mozilla/4.0 (compatible; MSIE 6.0; Windows NT 5.0; (R1 1.1); .NET CLR 1.1.4322)" "www.roomfurnish.com"
88.131.106.12 - - [03/Feb/2008:09:03:17 -0800] "GET /g-1946.html HTTP/1.0" 404 275 "-" "Speedy Spider (http://www.entireweb.com/about/search_tech/speedy_spider/)" "roomfurnish.com"
68.142.212.199 - - [03/Feb/2008:09:10:49 -0800] "GET /robots.txt HTTP/1.0" 404 275 "-" "Yahoo-MMCrawler/3.x (mms dash mmcrawler dash support at yahoo dash inc dot com)" "roomfurnish.com"
88.131.106.12 - - [03/Feb/2008:09:32:27 -0800] "GET /robots.txt HTTP/1.0" 404 275 "-" "Speedy Spider (http://www.entireweb.com/about/search_tech/speedy_spider/)" "www.roomfurnish.com"
88.131.106.12 - - [03/Feb/2008:09:32:28 -0800] "GET /a48.html HTTP/1.0" 404 275 "-" "Speedy Spider (http://www.entireweb.com/about/search_tech/speedy_spider/)" "www.roomfurnish.com"
88.131.106.12 - - [03/Feb/2008:09:32:48 -0800] "GET /g-1849.html HTTP/1.0" 404 275 "-" "Speedy Spider (http://www.entireweb.com/about/search_tech/speedy_spider/)" "roomfurnish.com"
88.85.72.144 - - [03/Feb/2008:10:22:27 -0800] "GET / HTTP/1.0" 200 1316 "-" "-" "www.roomfurnish.com"
128.107.248.220 - - [03/Feb/2008:10:22:30 -0800] "GET / HTTP/1.0" 200 1316 "-" "Wget/1.10.2 (Red Hat modified)" "www.roomfurnish.com"
128.107.248.220 - - [03/Feb/2008:10:22:30 -0800] "GET / HTTP/1.0" 200 1316 "-" "Wget/1.10.2 (Red Hat modified)" "www.roomfurnish.com"
128.107.248.220 - - [03/Feb/2008:10:22:30 -0800] "GET / HTTP/1.0" 200 1316 "-" "Wget/1.10.2 (Red Hat modified)" "www.roomfurnish.com"
128.107.248.220 - - [03/Feb/2008:10:22:30 -0800] "GET / HTTP/1.0" 200 1316 "-" "Wget/1.10.2 (Red Hat modified)" "www.roomfurnish.com"
128.107.248.220 - - [03/Feb/2008:10:22:30 -0800] "GET / HTTP/1.0" 200 1316 "-" "Wget/1.10.2 (Red Hat modified)" "www.roomfurnish.com"
128.107.248.220 - - [03/Feb/2008:10:22:30 -0800] "GET / HTTP/1.0" 200 1316 "-" "Wget/1.10.2 (Red Hat modified)" "www.roomfurnish.com"
128.107.248.220 - - [03/Feb/2008:10:22:30 -0800] "GET / HTTP/1.0" 200 1316 "-" "Wget/1.10.2 (Red Hat modified)" "www.roomfurnish.com"
128.107.248.220 - - [03/Feb/2008:10:22:30 -0800] "GET / HTTP/1.0" 200 1316 "-" "Wget/1.10.2 (Red Hat modified)" "www.roomfurnish.com"
128.107.248.220 - - [03/Feb/2008:10:22:30 -0800] "GET / HTTP/1.0" 200 1316 "-" "Wget/1.10.2 (Red Hat modified)" "www.roomfurnish.com"
128.107.248.220 - - [03/Feb/2008:10:22:30 -0800] "GET / HTTP/1.0" 200 1316 "-" "Wget/1.10.2 (Red Hat modified)" "www.roomfurnish.com"
128.107.248.220 - - [03/Feb/2008:10:22:30 -0800] "GET / HTTP/1.0" 200 1316 "-" "Wget/1.10.2 (Red Hat modified)" "www.roomfurnish.com"
128.107.248.220 - - [03/Feb/2008:10:22:30 -0800] "GET / HTTP/1.0" 200 1316 "-" "Wget/1.10.2 (Red Hat modified)" "www.roomfurnish.com"
128.107.248.220 - - [03/Feb/2008:10:22:30 -0800] "GET / HTTP/1.0" 200 1316 "-" "Wget/1.10.2 (Red Hat modified)" "www.roomfurnish.com"
128.107.248.220 - - [03/Feb/2008:10:22:30 -0800] "GET / HTTP/1.0" 200 1316 "-" "Wget/1.10.2 (Red Hat modified)" "www.roomfurnish.com"
157.182.63.139 - - [03/Feb/2008:10:22:30 -0800] "GET / HTTP/1.0" 200 1316 "http://random.yahoo.com/fast/ryl" "webcollage/1.140" "www.roomfurnish.com"
72.232.212.210 - - [03/Feb/2008:11:09:55 -0800] "GET / HTTP/1.1" 200 1316 "http://o-db.com/" "Mozilla/4.0 (compatible; MSIE 6.0; Windows NT 5.1; SV1; Maxthon; .NET CLR 1.1.4322)" "roomfurnish.com"
74.6.26.15 - - [03/Feb/2008:12:35:34 -0800] "GET /robots.txt HTTP/1.0" 404 275 "-" "Mozilla/5.0 (compatible; Yahoo! Slurp; http://help.yahoo.com/help/us/ysearch/slurp)" "www.roomfurnish.com"
74.6.131.208 - - [03/Feb/2008:12:35:34 -0800] "GET / HTTP/1.0" 200 1316 "-" "Mozilla/5.0 (compatible; Yahoo! DE Slurp; http://help.yahoo.com/help/us/ysearch/slurp)" "www.roomfurnish.com"
74.6.31.164 - - [03/Feb/2008:16:21:30 -0800] "GET / HTTP/1.0" 200 1316 "-" "Mozilla/5.0 (compatible; Yahoo! DE Slurp; http://help.yahoo.com/help/us/ysearch/slurp)" "www.roomfurnish.com"
65.55.208.136 - - [03/Feb/2008:17:09:21 -0800] "GET /robots.txt HTTP/1.0" 404 275 "-" "msnbot/1.0 (+http://search.msn.com/msnbot.htm)" "roomfurnish.com"
65.55.208.136 - - [03/Feb/2008:17:09:21 -0800] "GET / HTTP/1.0" 200 1316 "-" "msnbot/1.0 (+http://search.msn.com/msnbot.htm)" "roomfurnish.com"
88.131.106.12 - - [03/Feb/2008:18:24:15 -0800] "GET /robots.txt HTTP/1.0" 404 275 "-" "Speedy Spider (http://www.entireweb.com/about/search_tech/speedy_spider/)" "roomfurnish.com"
88.131.106.12 - - [03/Feb/2008:18:24:16 -0800] "GET /b3maso.html HTTP/1.0" 404 275 "-" "Speedy Spider (http://www.entireweb.com/about/search_tech/speedy_spider/)" "roomfurnish.com"
88.131.106.12 - - [03/Feb/2008:18:32:39 -0800] "GET /g-1911.html HTTP/1.0" 404 275 "-" "Speedy Spider (http://www.entireweb.com/about/search_tech/speedy_spider/)" "roomfurnish.com"
88.131.106.12 - - [03/Feb/2008:18:49:37 -0800] "GET /367fortesofa.html HTTP/1.0" 404 275 "-" "Speedy Spider (http://www.entireweb.com/about/search_tech/speedy_spider/)" "roomfurnish.com"
88.131.106.12 - - [03/Feb/2008:19:03:52 -0800] "GET /g-2010.html HTTP/1.0" 404 275 "-" "Speedy Spider (http://www.entireweb.com/about/search_tech/speedy_spider/)" "roomfurnish.com"
88.131.106.12 - - [03/Feb/2008:19:10:37 -0800] "GET /371poppisofa.html HTTP/1.0" 404 275 "-" "Speedy Spider (http://www.entireweb.com/about/search_tech/speedy_spider/)" "roomfurnish.com"
88.131.106.12 - - [03/Feb/2008:20:10:59 -0800] "GET /g-1983.html HTTP/1.0" 404 275 "-" "Speedy Spider (http://www.entireweb.com/about/search_tech/speedy_spider/)" "roomfurnish.com"
88.131.106.12 - - [03/Feb/2008:20:15:33 -0800] "GET /g-1944.html HTTP/1.0" 404 275 "-" "Speedy Spider (http://www.entireweb.com/about/search_tech/speedy_spider/)" "roomfurnish.com"
88.131.106.12 - - [03/Feb/2008:20:17:34 -0800] "GET /g-1947.html HTTP/1.0" 404 275 "-" "Speedy Spider (http://www.entireweb.com/about/search_tech/speedy_spider/)" "roomfurnish.com"
88.131.106.12 - - [03/Feb/2008:20:23:15 -0800] "GET /g-1889.html HTTP/1.0" 404 275 "-" "Speedy Spider (http://www.entireweb.com/about/search_tech/speedy_spider/)" "roomfurnish.com"
193.252.149.16 - - [03/Feb/2008:20:48:51 -0800] "GET /robots.txt HTTP/1.1" 404 275 "-" "Mozilla/5.0 (Windows; U; Windows NT 5.1; fr; rv:1.8.1) VoilaBot BETA 1.2 (http://www.voila.com/)" "roomfurnish.com"
193.252.149.16 - - [03/Feb/2008:20:48:53 -0800] "GET / HTTP/1.1" 304 - "-" "Mozilla/5.0 (Windows; U; Windows NT 5.1; fr; rv:1.8.1) VoilaBot BETA 1.2 (http://www.voila.com/)" "roomfurnish.com"
88.131.106.12 - - [03/Feb/2008:20:52:23 -0800] "GET /g-1848.html HTTP/1.0" 404 275 "-" "Speedy Spider (http://www.entireweb.com/about/search_tech/speedy_spider/)" "roomfurnish.com"
193.252.149.16 - - [03/Feb/2008:21:13:46 -0800] "GET /robots.txt HTTP/1.1" 404 275 "-" "Mozilla/5.0 (Windows; U; Windows NT 5.1; fr; rv:1.8.1) VoilaBot BETA 1.2 (http://www.voila.com/)" "www.roomfurnish.com"
193.252.149.16 - - [03/Feb/2008:21:13:56 -0800] "GET / HTTP/1.1" 304 - "-" "Mozilla/5.0 (Windows; U; Windows NT 5.1; fr; rv:1.8.1) VoilaBot BETA 1.2 (http://www.voila.com/)" "www.roomfurnish.com"
65.214.45.100 - - [03/Feb/2008:22:35:58 -0800] "GET /robots.txt HTTP/1.0" 404 275 "-" "Mozilla/5.0 (compatible; Ask Jeeves/Teoma; +http://about.ask.com/en/docs/about/webmasters.shtml)" "www.roomfurnish.com"
65.214.45.100 - - [03/Feb/2008:22:35:58 -0800] "GET /296solanosofa.html HTTP/1.0" 404 275 "-" "Mozilla/5.0 (compatible; Ask Jeeves/Teoma; +http://about.ask.com/en/docs/about/webmasters.shtml)" "www.roomfurnish.com"
65.98.224.5 - - [04/Feb/2008:01:10:00 -0800] "GET /robots.txt HTTP/1.0" 404 275 "-" "TurnitinBot/2.1 (http://www.turnitin.com/robot/crawlerinfo.html)" "roomfurnish.com"
65.98.224.5 - - [04/Feb/2008:01:10:36 -0800] "GET /coricode.html HTTP/1.0" 404 275 "-" "TurnitinBot/2.1 (http://www.turnitin.com/robot/crawlerinfo.html)" "roomfurnish.com"
82.194.66.182 - - [04/Feb/2008:02:19:07 -0800] "GET / HTTP/1.0" 200 1316 "-" "Mozilla/4.0 (compatible; MSIE 7.0; Windows NT 5.1; .NET CLR 2.0.50727; .NET CLR 1.1.4322)" "roomfurnish.com"
67.152.29.130 - - [04/Feb/2008:03:20:49 -0800] "GET /robots.txt HTTP/1.1" 404 275 "-" "ShopWiki/1.0 ( +http://www.shopwiki.com/wiki/Help:Bot)" "www.roomfurnish.com"
67.152.29.130 - - [04/Feb/2008:03:20:49 -0800] "GET / HTTP/1.1" 200 1316 "-" "ShopWiki/1.0 ( +http://www.shopwiki.com/wiki/Help:Bot)" "www.roomfurnish.com"
80.237.208.117 - - [04/Feb/2008:04:11:20 -0800] "GET / HTTP/1.0" 200 1316 "-" "Mozilla/4.0 (compatible; MSIE 7.0; Windows NT 5.1; .NET CLR 2.0.50727; .NET CLR 1.1.4322)" "www.roomfurnish.com"
75.125.162.74 - - [04/Feb/2008:04:59:09 -0800] "GET / HTTP/1.1" 200 1316 "http://www.stockleaf.com/directory/" "Mozilla/5.0 (Macintosh; U; PPC Mac OS X Mach-O; en-US; rv:1.7.6) Gecko/20050223 Firefox/1.0.1" "www.roomfurnish.com"
75.125.162.74 - - [04/Feb/2008:04:59:09 -0800] "GET / HTTP/1.1" 200 1316 "http://www.stockleaf.com/directory/" "Mozilla/5.0 (Macintosh; U; PPC Mac OS X Mach-O; en-US; rv:1.7.6) Gecko/20050223 Firefox/1.0.1" "www.roomfurnish.com"
75.125.162.74 - - [04/Feb/2008:04:59:09 -0800] "GET / HTTP/1.1" 200 1316 "http://www.stockleaf.com/directory/" "Mozilla/5.0 (Macintosh; U; PPC Mac OS X Mach-O; en-US; rv:1.7.6) Gecko/20050223 Firefox/1.0.1" "www.roomfurnish.com"
75.125.162.74 - - [04/Feb/2008:04:59:09 -0800] "GET / HTTP/1.1" 200 1316 "http://www.stockleaf.com/directory/" "Mozilla/5.0 (Macintosh; U; PPC Mac OS X Mach-O; en-US; rv:1.7.6) Gecko/20050223 Firefox/1.0.1" "www.roomfurnish.com"
75.125.162.74 - - [04/Feb/2008:04:59:09 -0800] "GET / HTTP/1.1" 200 1316 "http://www.stockleaf.com/directory/" "Mozilla/5.0 (Macintosh; U; PPC Mac OS X Mach-O; en-US; rv:1.7.6) Gecko/20050223 Firefox/1.0.1" "www.roomfurnish.com"
75.125.162.74 - - [04/Feb/2008:04:59:09 -0800] "GET / HTTP/1.1" 200 1316 "http://www.stockleaf.com/directory/" "Mozilla/5.0 (Macintosh; U; PPC Mac OS X Mach-O; en-US; rv:1.7.6) Gecko/20050223 Firefox/1.0.1" "www.roomfurnish.com"
66.249.70.19 - - [04/Feb/2008:05:22:26 -0800] "GET /robots.txt HTTP/1.1" 404 275 "-" "Mozilla/5.0 (compatible; Googlebot/2.1; +http://www.google.com/bot.html)" "www.roomfurnish.com"
66.249.70.19 - - [04/Feb/2008:05:22:26 -0800] "GET / HTTP/1.1" 304 - "-" "Mozilla/5.0 (compatible; Googlebot/2.1; +http://www.google.com/bot.html)" "www.roomfurnish.com"
74.6.28.118 - - [04/Feb/2008:06:00:26 -0800] "GET /robots.txt HTTP/1.0" 404 275 "-" "Mozilla/5.0 (compatible; Yahoo! Slurp; http://help.yahoo.com/help/us/ysearch/slurp)" "roomfurnish.com"
74.6.28.104 - - [04/Feb/2008:06:00:27 -0800] "GET /g-1664.html HTTP/1.0" 404 275 "-" "Mozilla/5.0 (compatible; Yahoo! Slurp; http://help.yahoo.com/help/us/ysearch/slurp)" "roomfurnish.com"
88.131.106.12 - - [04/Feb/2008:06:00:47 -0800] "GET /robots.txt HTTP/1.0" 404 275 "-" "Speedy Spider (http://www.entireweb.com/about/search_tech/speedy_spider/)" "roomfurnish.com"
88.131.106.12 - - [04/Feb/2008:06:00:47 -0800] "GET /g-1910.html HTTP/1.0" 404 275 "-" "Speedy Spider (http://www.entireweb.com/about/search_tech/speedy_spider/)" "roomfurnish.com"
88.131.106.12 - - [04/Feb/2008:06:06:09 -0800] "GET /robots.txt HTTP/1.0" 404 275 "-" "Speedy Spider (http://www.entireweb.com/about/search_tech/speedy_spider/)" "www.roomfurnish.com"
88.131.106.12 - - [04/Feb/2008:06:06:09 -0800] "GET /a52.html HTTP/1.0" 404 275 "-" "Speedy Spider (http://www.entireweb.com/about/search_tech/speedy_spider/)" "www.roomfurnish.com"
88.131.106.12 - - [04/Feb/2008:07:26:33 -0800] "GET /sectionalgroup.html HTTP/1.0" 404 275 "-" "Speedy Spider (http://www.entireweb.com/about/search_tech/speedy_spider/)" "roomfurnish.com"
65.212.72.2 - - [04/Feb/2008:08:41:48 -0800] "GET / HTTP/1.1" 200 1316 "-" "Mozilla/4.0 (compatible; MSIE 6.0; Windows NT 5.1; SV1; .NET CLR 2.0.50727; InfoPath.2)" "www.roomfurnish.com"
65.212.72.2 - - [04/Feb/2008:08:41:49 -0800] "GET /favicon.ico HTTP/1.1" 404 275 "-" "Mozilla/4.0 (compatible; MSIE 6.0; Windows NT 5.1; SV1; .NET CLR 2.0.50727; InfoPath.2)" "www.roomfurnish.com"
