82.56.12.221 - - [19/Feb/2008:16:13:16 -0800] "GET / HTTP/1.0" 200 1315 "-" "agodar" "www.roomfurnish.com"
64.1.215.165 - - [19/Feb/2008:16:26:16 -0800] "GET /robots.txt HTTP/1.0" 404 275 "-" "Mozilla/5.0 (Twiceler-0.9 http://www.cuill.com/twiceler/robot.html)" "roomfurnish.com"
201.103.40.83 - - [19/Feb/2008:18:25:15 -0800] "GET / HTTP/1.1" 200 1315 "-" "Java/1.6.0_03" "roomfurnish.com"
88.131.106.12 - - [19/Feb/2008:19:06:33 -0800] "GET /robots.txt HTTP/1.0" 404 275 "-" "Speedy Spider (http://www.entireweb.com/about/search_tech/speedy_spider/)" "roomfurnish.com"
88.131.106.12 - - [19/Feb/2008:19:06:33 -0800] "GET /290colanosofa.html HTTP/1.0" 404 275 "-" "Speedy Spider (http://www.entireweb.com/about/search_tech/speedy_spider/)" "roomfurnish.com"
88.131.106.12 - - [19/Feb/2008:19:11:28 -0800] "GET /s-06.html HTTP/1.0" 404 275 "-" "Speedy Spider (http://www.entireweb.com/about/search_tech/speedy_spider/)" "roomfurnish.com"
88.131.106.12 - - [19/Feb/2008:20:07:28 -0800] "GET /a51ottosofa.html HTTP/1.0" 404 275 "-" "Speedy Spider (http://www.entireweb.com/about/search_tech/speedy_spider/)" "roomfurnish.com"
67.152.29.130 - - [20/Feb/2008:04:15:55 -0800] "GET /robots.txt HTTP/1.1" 404 275 "-" "ShopWiki/1.0 ( +http://www.shopwiki.com/wiki/Help:Bot)" "www.roomfurnish.com"
67.152.29.130 - - [20/Feb/2008:04:15:56 -0800] "GET / HTTP/1.1" 200 1315 "-" "ShopWiki/1.0 ( +http://www.shopwiki.com/wiki/Help:Bot)" "www.roomfurnish.com"
67.152.29.130 - - [20/Feb/2008:04:15:57 -0800] "GET / HTTP/1.1" 200 1315 "-" "ShopWiki/1.0 ( +http://www.shopwiki.com/wiki/Help:Bot)" "www.roomfurnish.com"
72.20.109.36 - - [20/Feb/2008:04:28:46 -0800] "GET /robots.txt HTTP/1.1" 404 275 "-" "GurujiBot/1.0 (+http://www.guruji.com/en/WebmasterFAQ.html)" "roomfurnish.com"
72.20.109.36 - - [20/Feb/2008:04:28:46 -0800] "GET / HTTP/1.1" 200 1315 "-" "GurujiBot/1.0 (+http://www.guruji.com/en/WebmasterFAQ.html)" "roomfurnish.com"
66.249.70.19 - - [20/Feb/2008:05:15:09 -0800] "GET /robots.txt HTTP/1.1" 404 275 "-" "Mozilla/5.0 (compatible; Googlebot/2.1; +http://www.google.com/bot.html)" "www.roomfurnish.com"
66.249.70.19 - - [20/Feb/2008:05:15:09 -0800] "GET / HTTP/1.1" 304 - "-" "Mozilla/5.0 (compatible; Googlebot/2.1; +http://www.google.com/bot.html)" "www.roomfurnish.com"
88.131.106.12 - - [20/Feb/2008:06:14:23 -0800] "GET /robots.txt HTTP/1.0" 404 275 "-" "Speedy Spider (http://www.entireweb.com/about/search_tech/speedy_spider/)" "roomfurnish.com"
88.131.106.12 - - [20/Feb/2008:06:14:24 -0800] "GET /s-886.html HTTP/1.0" 404 275 "-" "Speedy Spider (http://www.entireweb.com/about/search_tech/speedy_spider/)" "roomfurnish.com"
88.131.106.12 - - [20/Feb/2008:06:25:06 -0800] "GET /lb-08.html HTTP/1.0" 404 275 "-" "Speedy Spider (http://www.entireweb.com/about/search_tech/speedy_spider/)" "roomfurnish.com"
74.6.28.199 - - [20/Feb/2008:09:15:48 -0800] "GET /robots.txt HTTP/1.0" 404 275 "-" "Mozilla/5.0 (compatible; Yahoo! Slurp; http://help.yahoo.com/help/us/ysearch/slurp)" "www.roomfurnish.com"
74.6.31.164 - - [20/Feb/2008:09:15:48 -0800] "GET / HTTP/1.0" 200 1315 "-" "Mozilla/5.0 (compatible; Yahoo! DE Slurp; http://help.yahoo.com/help/us/ysearch/slurp)" "www.roomfurnish.com"
64.34.145.199 - - [20/Feb/2008:09:41:55 -0800] "GET /robots.txt HTTP/1.0" 404 275 "-" "SBIder/SBIder-0.8.2-dev (http://www.sitesell.com/sbider.html)" "www.roomfurnish.com"
64.34.145.199 - - [20/Feb/2008:09:41:55 -0800] "GET /robots.txt HTTP/1.0" 404 275 "-" "SBIder/SBIder-0.8.2-dev (http://www.sitesell.com/sbider.html)" "www.roomfurnish.com"
64.34.145.199 - - [20/Feb/2008:09:41:55 -0800] "GET / HTTP/1.0" 200 1315 "-" "SBIder/SBIder-0.8.2-dev (http://www.sitesell.com/sbider.html)" "www.roomfurnish.com"
64.34.145.199 - - [20/Feb/2008:09:41:58 -0800] "GET /g-1525c.html HTTP/1.0" 404 275 "-" "SBIder/SBIder-0.8.2-dev (http://www.sitesell.com/sbider.html)" "www.roomfurnish.com"
65.214.45.130 - - [20/Feb/2008:10:00:46 -0800] "GET /robots.txt HTTP/1.0" 404 275 "-" "Mozilla/5.0 (compatible; Ask Jeeves/Teoma; +http://about.ask.com/en/docs/about/webmasters.shtml)" "www.roomfurnish.com"
65.214.45.130 - - [20/Feb/2008:10:00:46 -0800] "GET /331caresofa.html HTTP/1.0" 404 275 "-" "Mozilla/5.0 (compatible; Ask Jeeves/Teoma; +http://about.ask.com/en/docs/about/webmasters.shtml)" "www.roomfurnish.com"
64.34.145.200 - - [20/Feb/2008:12:00:07 -0800] "GET /robots.txt HTTP/1.0" 404 275 "-" "SBIder/SBIder-0.8.2-dev (http://www.sitesell.com/sbider.html)" "www.roomfurnish.com"
64.34.145.200 - - [20/Feb/2008:12:00:07 -0800] "GET /modebl.html HTTP/1.0" 404 275 "-" "SBIder/SBIder-0.8.2-dev (http://www.sitesell.com/sbider.html)" "www.roomfurnish.com"
64.34.145.200 - - [20/Feb/2008:12:00:27 -0800] "GET /2003style.html HTTP/1.0" 404 275 "-" "SBIder/SBIder-0.8.2-dev (http://www.sitesell.com/sbider.html)" "www.roomfurnish.com"
221.249.154.27 - - [20/Feb/2008:12:27:46 -0800] "GET / HTTP/1.0" 200 1315 "-" "Mozilla/5.0 (Sample; MFC Simulator/3.4; like Gecko) NetFront/3.4" "www.roomfurnish.com"
64.34.145.194 - - [20/Feb/2008:14:21:40 -0800] "GET /robots.txt HTTP/1.0" 404 275 "-" "SBIder/SBIder-0.8.2-dev (http://www.sitesell.com/sbider.html)" "www.roomfurnish.com"
64.34.145.194 - - [20/Feb/2008:14:21:40 -0800] "GET /robots.txt HTTP/1.0" 404 275 "-" "SBIder/SBIder-0.8.2-dev (http://www.sitesell.com/sbider.html)" "www.roomfurnish.com"
64.34.145.194 - - [20/Feb/2008:14:21:41 -0800] "GET /g-1448s.html HTTP/1.0" 404 275 "-" "SBIder/SBIder-0.8.2-dev (http://www.sitesell.com/sbider.html)" "www.roomfurnish.com"
64.34.145.194 - - [20/Feb/2008:14:21:44 -0800] "GET /b3riso.html HTTP/1.0" 404 275 "-" "SBIder/SBIder-0.8.2-dev (http://www.sitesell.com/sbider.html)" "www.roomfurnish.com"
70.87.15.50 - - [20/Feb/2008:15:07:30 -0800] "GET / HTTP/1.1" 200 1315 "http://www.stockleaf.com/blogs/fat-pitch-financials.php" "Mozilla/5.0 (Macintosh; U; PPC Mac OS X Mach-O; en-US; rv:1.7.6) Gecko/20050223 Firefox/1.0.1" "www.roomfurnish.com"
70.87.15.50 - - [20/Feb/2008:15:07:30 -0800] "GET / HTTP/1.1" 200 1315 "http://www.stockleaf.com/blogs/fat-pitch-financials.php" "Mozilla/5.0 (Macintosh; U; PPC Mac OS X Mach-O; en-US; rv:1.7.6) Gecko/20050223 Firefox/1.0.1" "www.roomfurnish.com"
70.87.15.50 - - [20/Feb/2008:15:07:30 -0800] "GET / HTTP/1.1" 200 1315 "http://www.stockleaf.com/blogs/fat-pitch-financials.php" "Mozilla/5.0 (Macintosh; U; PPC Mac OS X Mach-O; en-US; rv:1.7.6) Gecko/20050223 Firefox/1.0.1" "www.roomfurnish.com"
70.87.15.50 - - [20/Feb/2008:15:07:30 -0800] "GET / HTTP/1.1" 200 1315 "http://www.stockleaf.com/blogs/fat-pitch-financials.php" "Mozilla/5.0 (Macintosh; U; PPC Mac OS X Mach-O; en-US; rv:1.7.6) Gecko/20050223 Firefox/1.0.1" "www.roomfurnish.com"
70.87.15.50 - - [20/Feb/2008:15:07:30 -0800] "GET / HTTP/1.1" 200 1315 "http://www.stockleaf.com/blogs/fat-pitch-financials.php" "Mozilla/5.0 (Macintosh; U; PPC Mac OS X Mach-O; en-US; rv:1.7.6) Gecko/20050223 Firefox/1.0.1" "www.roomfurnish.com"
70.87.15.50 - - [20/Feb/2008:15:07:30 -0800] "GET / HTTP/1.1" 200 1315 "http://www.stockleaf.com/blogs/fat-pitch-financials.php" "Mozilla/5.0 (Macintosh; U; PPC Mac OS X Mach-O; en-US; rv:1.7.6) Gecko/20050223 Firefox/1.0.1" "www.roomfurnish.com"
64.34.145.200 - - [20/Feb/2008:16:28:05 -0800] "GET /robots.txt HTTP/1.0" 404 275 "-" "SBIder/SBIder-0.8.2-dev (http://www.sitesell.com/sbider.html)" "www.roomfurnish.com"
64.34.145.200 - - [20/Feb/2008:16:28:05 -0800] "GET /pr.html HTTP/1.0" 404 275 "-" "SBIder/SBIder-0.8.2-dev (http://www.sitesell.com/sbider.html)" "www.roomfurnish.com"
88.131.106.12 - - [20/Feb/2008:16:56:22 -0800] "GET /robots.txt HTTP/1.0" 404 275 "-" "Speedy Spider (http://www.entireweb.com/about/search_tech/speedy_spider/)" "roomfurnish.com"
88.131.106.12 - - [20/Feb/2008:16:56:22 -0800] "GET /322nicollesofa.html HTTP/1.0" 404 275 "-" "Speedy Spider (http://www.entireweb.com/about/search_tech/speedy_spider/)" "roomfurnish.com"
64.34.145.199 - - [20/Feb/2008:17:38:56 -0800] "GET /robots.txt HTTP/1.0" 404 275 "-" "SBIder/SBIder-0.8.2-dev (http://www.sitesell.com/sbider.html)" "www.roomfurnish.com"
64.34.145.199 - - [20/Feb/2008:17:38:56 -0800] "GET /g-2034.html HTTP/1.0" 404 275 "-" "SBIder/SBIder-0.8.2-dev (http://www.sitesell.com/sbider.html)" "www.roomfurnish.com"
64.34.145.199 - - [20/Feb/2008:17:38:59 -0800] "GET /g-1884.html HTTP/1.0" 404 275 "-" "SBIder/SBIder-0.8.2-dev (http://www.sitesell.com/sbider.html)" "www.roomfurnish.com"
208.80.193.52 - - [20/Feb/2008:18:10:06 -0800] "GET / HTTP/1.1" 200 1315 "-" "Mozilla/5.0 (compatible; Konqueror/3.1-rc4; i686 Linux; 20020907)" "www.roomfurnish.com"
208.80.193.52 - - [20/Feb/2008:18:10:06 -0800] "GET / HTTP/1.1" 200 1315 "-" "Mozilla/4.0 (compatible; MSIE 6.0; Windows NT 5.1; Q312467)" "roomfurnish.com"
64.124.148.28 - - [20/Feb/2008:18:24:30 -0800] "GET /robots.txt HTTP/1.1" 404 275 "-" "Mozilla/5.0 (compatible; FatBot 2.0; http://www.thefind.com/main/CrawlerFAQs.fhtml)" "roomfurnish.com"
64.124.148.28 - - [20/Feb/2008:18:25:35 -0800] "GET / HTTP/1.1" 200 1315 "-" "Mozilla/5.0 (compatible; FatBot 2.0; http://www.thefind.com/main/CrawlerFAQs.fhtml)" "roomfurnish.com"
75.125.165.10 - - [20/Feb/2008:18:40:43 -0800] "GET / HTTP/1.1" 200 1315 "http://www.stockleaf.com/" "Mozilla/5.0 (Macintosh; U; PPC Mac OS X Mach-O; en-US; rv:1.7.6) Gecko/20050223 Firefox/1.0.1" "www.roomfurnish.com"
75.125.165.10 - - [20/Feb/2008:18:40:43 -0800] "GET / HTTP/1.1" 200 1315 "http://www.stockleaf.com/" "Mozilla/5.0 (Macintosh; U; PPC Mac OS X Mach-O; en-US; rv:1.7.6) Gecko/20050223 Firefox/1.0.1" "www.roomfurnish.com"
75.125.165.10 - - [20/Feb/2008:18:40:43 -0800] "GET / HTTP/1.1" 200 1315 "http://www.stockleaf.com/" "Mozilla/5.0 (Macintosh; U; PPC Mac OS X Mach-O; en-US; rv:1.7.6) Gecko/20050223 Firefox/1.0.1" "www.roomfurnish.com"
75.125.165.10 - - [20/Feb/2008:18:40:43 -0800] "GET / HTTP/1.1" 200 1315 "http://www.stockleaf.com/" "Mozilla/5.0 (Macintosh; U; PPC Mac OS X Mach-O; en-US; rv:1.7.6) Gecko/20050223 Firefox/1.0.1" "www.roomfurnish.com"
75.125.165.10 - - [20/Feb/2008:18:40:43 -0800] "GET / HTTP/1.1" 200 1315 "http://www.stockleaf.com/" "Mozilla/5.0 (Macintosh; U; PPC Mac OS X Mach-O; en-US; rv:1.7.6) Gecko/20050223 Firefox/1.0.1" "www.roomfurnish.com"
75.125.165.10 - - [20/Feb/2008:18:40:43 -0800] "GET / HTTP/1.1" 200 1315 "http://www.stockleaf.com/" "Mozilla/5.0 (Macintosh; U; PPC Mac OS X Mach-O; en-US; rv:1.7.6) Gecko/20050223 Firefox/1.0.1" "www.roomfurnish.com"
64.34.145.200 - - [20/Feb/2008:18:41:41 -0800] "GET /robots.txt HTTP/1.0" 404 275 "-" "SBIder/SBIder-0.8.2-dev (http://www.sitesell.com/sbider.html)" "www.roomfurnish.com"
64.34.145.200 - - [20/Feb/2008:18:41:41 -0800] "GET /robots.txt HTTP/1.0" 404 275 "-" "SBIder/SBIder-0.8.2-dev (http://www.sitesell.com/sbider.html)" "www.roomfurnish.com"
64.34.145.200 - - [20/Feb/2008:18:41:42 -0800] "GET /285anzosofa.html HTTP/1.0" 404 275 "-" "SBIder/SBIder-0.8.2-dev (http://www.sitesell.com/sbider.html)" "www.roomfurnish.com"
64.34.145.200 - - [20/Feb/2008:18:41:45 -0800] "GET /320flso.html HTTP/1.0" 404 275 "-" "SBIder/SBIder-0.8.2-dev (http://www.sitesell.com/sbider.html)" "www.roomfurnish.com"
65.214.45.130 - - [20/Feb/2008:19:35:34 -0800] "GET /353nuvosofa.html HTTP/1.0" 404 275 "-" "Mozilla/5.0 (compatible; Ask Jeeves/Teoma; +http://about.ask.com/en/docs/about/webmasters.shtml)" "www.roomfurnish.com"
64.34.145.194 - - [20/Feb/2008:19:49:57 -0800] "GET /robots.txt HTTP/1.0" 404 275 "-" "SBIder/SBIder-0.8.2-dev (http://www.sitesell.com/sbider.html)" "www.roomfurnish.com"
64.34.145.194 - - [20/Feb/2008:19:49:57 -0800] "GET /g-1910.html HTTP/1.0" 404 275 "-" "SBIder/SBIder-0.8.2-dev (http://www.sitesell.com/sbider.html)" "www.roomfurnish.com"
64.34.145.197 - - [20/Feb/2008:22:05:03 -0800] "GET /robots.txt HTTP/1.0" 404 275 "-" "SBIder/SBIder-0.8.2-dev (http://www.sitesell.com/sbider.html)" "www.roomfurnish.com"
64.34.145.197 - - [20/Feb/2008:22:05:03 -0800] "GET /robots.txt HTTP/1.0" 404 275 "-" "SBIder/SBIder-0.8.2-dev (http://www.sitesell.com/sbider.html)" "www.roomfurnish.com"
64.34.145.197 - - [20/Feb/2008:22:05:03 -0800] "GET /g-1375s.html HTTP/1.0" 404 275 "-" "SBIder/SBIder-0.8.2-dev (http://www.sitesell.com/sbider.html)" "www.roomfurnish.com"
64.34.145.197 - - [20/Feb/2008:22:05:06 -0800] "GET /g-1611s.html HTTP/1.0" 404 275 "-" "SBIder/SBIder-0.8.2-dev (http://www.sitesell.com/sbider.html)" "www.roomfurnish.com"
88.131.106.12 - - [20/Feb/2008:23:29:06 -0800] "GET /robots.txt HTTP/1.0" 404 275 "-" "Speedy Spider (http://www.entireweb.com/about/search_tech/speedy_spider/)" "roomfurnish.com"
88.131.106.12 - - [20/Feb/2008:23:29:07 -0800] "GET /eusogr.html HTTP/1.0" 404 275 "-" "Speedy Spider (http://www.entireweb.com/about/search_tech/speedy_spider/)" "roomfurnish.com"
88.131.106.12 - - [20/Feb/2008:23:46:57 -0800] "GET /chocolate.html HTTP/1.0" 404 275 "-" "Speedy Spider (http://www.entireweb.com/about/search_tech/speedy_spider/)" "roomfurnish.com"
88.131.106.12 - - [21/Feb/2008:00:18:09 -0800] "GET /aboutus.html HTTP/1.0" 404 275 "-" "Speedy Spider (http://www.entireweb.com/about/search_tech/speedy_spider/)" "roomfurnish.com"
88.131.106.12 - - [21/Feb/2008:00:22:49 -0800] "GET /373cascinasofa.html HTTP/1.0" 404 275 "-" "Speedy Spider (http://www.entireweb.com/about/search_tech/speedy_spider/)" "roomfurnish.com"
64.34.145.200 - - [21/Feb/2008:00:23:59 -0800] "GET /robots.txt HTTP/1.0" 404 275 "-" "SBIder/SBIder-0.8.2-dev (http://www.sitesell.com/sbider.html)" "www.roomfurnish.com"
64.34.145.200 - - [21/Feb/2008:00:23:59 -0800] "GET /lb-08.html HTTP/1.0" 404 275 "-" "SBIder/SBIder-0.8.2-dev (http://www.sitesell.com/sbider.html)" "www.roomfurnish.com"
64.34.145.200 - - [21/Feb/2008:00:24:19 -0800] "GET /236caso.html HTTP/1.0" 404 275 "-" "SBIder/SBIder-0.8.2-dev (http://www.sitesell.com/sbider.html)" "www.roomfurnish.com"
64.34.145.195 - - [21/Feb/2008:01:42:48 -0800] "GET /robots.txt HTTP/1.0" 404 275 "-" "SBIder/SBIder-0.8.2-dev (http://www.sitesell.com/sbider.html)" "www.roomfurnish.com"
64.34.145.195 - - [21/Feb/2008:01:42:48 -0800] "GET /g-1925.html HTTP/1.0" 404 275 "-" "SBIder/SBIder-0.8.2-dev (http://www.sitesell.com/sbider.html)" "www.roomfurnish.com"
131.107.151.157 - - [21/Feb/2008:02:24:42 -0800] "GET /robots.txt HTTP/1.0" 404 275 "-" "MSRBOT (http://research.microsoft.com/research/sv/msrbot/" "www.roomfurnish.com"
131.107.151.157 - - [21/Feb/2008:02:24:42 -0800] "GET /not-there-1.txt HTTP/1.0" 404 275 "-" "MSRBOT (http://research.microsoft.com/research/sv/msrbot/" "www.roomfurnish.com"
64.34.145.200 - - [21/Feb/2008:02:49:18 -0800] "GET /robots.txt HTTP/1.0" 404 275 "-" "SBIder/SBIder-0.8.2-dev (http://www.sitesell.com/sbider.html)" "www.roomfurnish.com"
64.34.145.200 - - [21/Feb/2008:02:49:18 -0800] "GET /monacoblend.html HTTP/1.0" 404 275 "-" "SBIder/SBIder-0.8.2-dev (http://www.sitesell.com/sbider.html)" "www.roomfurnish.com"
74.6.28.28 - - [21/Feb/2008:03:22:36 -0800] "GET /robots.txt HTTP/1.0" 404 275 "-" "Mozilla/5.0 (compatible; Yahoo! Slurp; http://help.yahoo.com/help/us/ysearch/slurp)" "roomfurnish.com"
74.6.28.206 - - [21/Feb/2008:03:22:37 -0800] "GET /g-1940.html HTTP/1.0" 404 275 "-" "Mozilla/5.0 (compatible; Yahoo! Slurp; http://help.yahoo.com/help/us/ysearch/slurp)" "roomfurnish.com"
64.34.145.195 - - [21/Feb/2008:06:20:51 -0800] "GET /robots.txt HTTP/1.0" 404 275 "-" "SBIder/SBIder-0.8.2-dev (http://www.sitesell.com/sbider.html)" "www.roomfurnish.com"
64.34.145.195 - - [21/Feb/2008:06:20:51 -0800] "GET /308dianesofa.html HTTP/1.0" 404 275 "-" "SBIder/SBIder-0.8.2-dev (http://www.sitesell.com/sbider.html)" "www.roomfurnish.com"
74.6.25.224 - - [21/Feb/2008:09:22:48 -0800] "GET /robots.txt HTTP/1.0" 404 275 "-" "Mozilla/5.0 (compatible; Yahoo! Slurp; http://help.yahoo.com/help/us/ysearch/slurp)" "www.roomfurnish.com"
74.6.31.164 - - [21/Feb/2008:09:22:52 -0800] "GET / HTTP/1.0" 200 1315 "-" "Mozilla/5.0 (compatible; Yahoo! DE Slurp; http://help.yahoo.com/help/us/ysearch/slurp)" "www.roomfurnish.com"
64.34.145.201 - - [21/Feb/2008:10:00:38 -0800] "GET /robots.txt HTTP/1.0" 404 275 "-" "SBIder/SBIder-0.8.2-dev (http://www.sitesell.com/sbider.html)" "www.roomfurnish.com"
64.34.145.201 - - [21/Feb/2008:10:00:39 -0800] "GET /340ostiasofa.html HTTP/1.0" 404 275 "-" "SBIder/SBIder-0.8.2-dev (http://www.sitesell.com/sbider.html)" "www.roomfurnish.com"
71.191.171.237 - - [21/Feb/2008:10:06:55 -0800] "GET /favicon.ico HTTP/1.1" 404 275 "-" "Mozilla/4.0 (compatible; MSIE 7.0; Windows NT 5.1; .NET CLR 2.0.50727; MSN 9.0;MSN 9.1; MSNbVZ02; MSNmen-us; MSNcOTH)" "roomfurnish.com"
65.214.45.130 - - [21/Feb/2008:10:27:59 -0800] "GET /robots.txt HTTP/1.0" 404 275 "-" "Mozilla/5.0 (compatible; Ask Jeeves/Teoma; +http://about.ask.com/en/docs/about/webmasters.shtml)" "www.roomfurnish.com"
65.214.45.130 - - [21/Feb/2008:10:27:59 -0800] "GET /969impressofa.html HTTP/1.0" 404 275 "-" "Mozilla/5.0 (compatible; Ask Jeeves/Teoma; +http://about.ask.com/en/docs/about/webmasters.shtml)" "www.roomfurnish.com"
64.34.145.199 - - [21/Feb/2008:11:19:43 -0800] "GET /robots.txt HTTP/1.0" 404 275 "-" "SBIder/SBIder-0.8.2-dev (http://www.sitesell.com/sbider.html)" "www.roomfurnish.com"
64.34.145.199 - - [21/Feb/2008:11:19:43 -0800] "GET /g-1637.html HTTP/1.0" 404 275 "-" "SBIder/SBIder-0.8.2-dev (http://www.sitesell.com/sbider.html)" "www.roomfurnish.com"
202.160.180.124 - - [21/Feb/2008:11:28:45 -0800] "GET /robots.txt HTTP/1.0" 404 275 "-" "Mozilla/5.0 (compatible; Yahoo! Slurp China; http://misc.yahoo.com.cn/help.html)" "roomfurnish.com"
202.160.178.82 - - [21/Feb/2008:11:28:51 -0800] "GET / HTTP/1.0" 200 1315 "-" "Mozilla/5.0 (compatible; Yahoo! Slurp China; http://misc.yahoo.com.cn/help.html)" "roomfurnish.com"
64.202.165.133 - - [21/Feb/2008:11:38:04 -0800] "GET /? HTTP/1.0" 200 1315 "-" "Mozilla/4.0 (compatible; MSIE 6.0; Windows NT 5.0)" "roomfurnish.com"
65.214.45.130 - - [21/Feb/2008:12:03:38 -0800] "GET /hospbl.html HTTP/1.0" 404 275 "-" "Mozilla/5.0 (compatible; Ask Jeeves/Teoma; +http://about.ask.com/en/docs/about/webmasters.shtml)" "www.roomfurnish.com"
65.214.45.130 - - [21/Feb/2008:12:31:16 -0800] "GET /s-886.html HTTP/1.0" 404 275 "-" "Mozilla/5.0 (compatible; Ask Jeeves/Teoma; +http://about.ask.com/en/docs/about/webmasters.shtml)" "www.roomfurnish.com"
64.34.145.197 - - [21/Feb/2008:13:48:28 -0800] "GET /robots.txt HTTP/1.0" 404 275 "-" "SBIder/SBIder-0.8.2-dev (http://www.sitesell.com/sbider.html)" "www.roomfurnish.com"
64.34.145.197 - - [21/Feb/2008:13:48:28 -0800] "GET /239grandesofa.html HTTP/1.0" 404 275 "-" "SBIder/SBIder-0.8.2-dev (http://www.sitesell.com/sbider.html)" "www.roomfurnish.com"
64.34.145.197 - - [21/Feb/2008:13:48:56 -0800] "GET /291pompeisofa.html HTTP/1.0" 404 275 "-" "SBIder/SBIder-0.8.2-dev (http://www.sitesell.com/sbider.html)" "www.roomfurnish.com"
67.152.29.130 - - [21/Feb/2008:14:12:36 -0800] "GET /robots.txt HTTP/1.1" 404 275 "-" "ShopWiki/1.0 ( +http://www.shopwiki.com/wiki/Help:Bot)" "www.roomfurnish.com"
67.152.29.130 - - [21/Feb/2008:14:12:36 -0800] "GET / HTTP/1.1" 200 1315 "-" "ShopWiki/1.0 ( +http://www.shopwiki.com/wiki/Help:Bot)" "www.roomfurnish.com"
71.176.151.228 - - [21/Feb/2008:15:57:04 -0800] "GET /queensleeper1.html HTTP/1.1" 404 275 "http://shopping.yahoo.com/search;_ylc=X3oDMTEwNTByOW5sBF9TAzI3MTYxNDkEc2VjA2ZwLXRhYgRzbGsDc3Bpcml0?p=SLEEPWEAR&fr=yfp-t-501&toggle=1&cop=mss&ei=UTF-8" "Mozilla/5.0 (Windows; U; Windows NT 5.1; en-US; rv:1.8.1.12) Gecko/20080201 Firefox/2.0.0.12" "www.roomfurnish.com"
71.176.151.228 - - [21/Feb/2008:15:57:05 -0800] "GET /favicon.ico HTTP/1.1" 404 275 "-" "Mozilla/5.0 (Windows; U; Windows NT 5.1; en-US; rv:1.8.1.12) Gecko/20080201 Firefox/2.0.0.12" "www.roomfurnish.com"
71.176.151.228 - - [21/Feb/2008:16:00:35 -0800] "GET /queensleeper1.html HTTP/1.1" 404 275 "-" "Mozilla/5.0 (Windows; U; Windows NT 5.1; en-US; rv:1.8.1.12) Gecko/20080201 Firefox/2.0.0.12" "www.roomfurnish.com"
71.176.151.228 - - [21/Feb/2008:16:00:35 -0800] "GET /queensleeper1.html HTTP/1.1" 404 275 "-" "Mozilla/5.0 (Windows; U; Windows NT 5.1; en-US; rv:1.8.1.12) Gecko/20080201 Firefox/2.0.0.12" "www.roomfurnish.com"
64.34.145.199 - - [21/Feb/2008:16:01:53 -0800] "GET /robots.txt HTTP/1.0" 404 275 "-" "SBIder/SBIder-0.8.2-dev (http://www.sitesell.com/sbider.html)" "www.roomfurnish.com"
64.34.145.199 - - [21/Feb/2008:16:01:53 -0800] "GET /b02softsofa.html HTTP/1.0" 404 275 "-" "SBIder/SBIder-0.8.2-dev (http://www.sitesell.com/sbider.html)" "www.roomfurnish.com"
209.191.126.189 - - [21/Feb/2008:17:19:56 -0800] "GET /robots.txt HTTP/1.0" 404 275 "-" "Nokia6682/2.0 (3.01.1) SymbianOS/8.0 Series60/2.6 Profile/MIDP-2.0 configuration/CLDC-1.1 UP.Link/6.3.0.0.0 (compatible;YahooSeeker/M1A1-R2D2; http://help.yahoo.com/help/us/ysearch/crawling/crawling-01.html)" "roomfurnish.com"
65.214.45.130 - - [21/Feb/2008:17:39:20 -0800] "GET /357sienasofa.html HTTP/1.0" 404 275 "-" "Mozilla/5.0 (compatible; Ask Jeeves/Teoma; +http://about.ask.com/en/docs/about/webmasters.shtml)" "www.roomfurnish.com"
64.34.145.195 - - [21/Feb/2008:18:43:40 -0800] "GET /robots.txt HTTP/1.0" 404 275 "-" "SBIder/SBIder-0.8.2-dev (http://www.sitesell.com/sbider.html)" "www.roomfurnish.com"
64.34.145.195 - - [21/Feb/2008:18:43:41 -0800] "GET /g-1616l.html HTTP/1.0" 404 275 "-" "SBIder/SBIder-0.8.2-dev (http://www.sitesell.com/sbider.html)" "www.roomfurnish.com"
64.34.145.194 - - [21/Feb/2008:19:37:38 -0800] "GET /robots.txt HTTP/1.0" 404 275 "-" "SBIder/SBIder-0.8.2-dev (http://www.sitesell.com/sbider.html)" "www.roomfurnish.com"
64.34.145.194 - - [21/Feb/2008:19:37:38 -0800] "GET /casogr.html HTTP/1.0" 404 275 "-" "SBIder/SBIder-0.8.2-dev (http://www.sitesell.com/sbider.html)" "www.roomfurnish.com"
88.131.106.12 - - [21/Feb/2008:20:43:02 -0800] "GET /robots.txt HTTP/1.0" 404 275 "-" "Speedy Spider (http://www.entireweb.com/about/search_tech/speedy_spider/)" "roomfurnish.com"
88.131.106.12 - - [21/Feb/2008:20:43:02 -0800] "GET /b359monzasofa.html HTTP/1.0" 404 275 "-" "Speedy Spider (http://www.entireweb.com/about/search_tech/speedy_spider/)" "roomfurnish.com"
64.34.145.200 - - [21/Feb/2008:20:48:46 -0800] "GET /robots.txt HTTP/1.0" 404 275 "-" "SBIder/SBIder-0.8.2-dev (http://www.sitesell.com/sbider.html)" "www.roomfurnish.com"
64.34.145.200 - - [21/Feb/2008:20:48:47 -0800] "GET /368puntasofa.html HTTP/1.0" 404 275 "-" "SBIder/SBIder-0.8.2-dev (http://www.sitesell.com/sbider.html)" "www.roomfurnish.com"
88.131.106.12 - - [21/Feb/2008:21:06:21 -0800] "GET /351romasofa.html HTTP/1.0" 404 275 "-" "Speedy Spider (http://www.entireweb.com/about/search_tech/speedy_spider/)" "roomfurnish.com"
65.214.45.130 - - [21/Feb/2008:21:06:28 -0800] "GET /277bolognasofa.html HTTP/1.0" 404 275 "-" "Mozilla/5.0 (compatible; Ask Jeeves/Teoma; +http://about.ask.com/en/docs/about/webmasters.shtml)" "www.roomfurnish.com"
64.34.145.196 - - [21/Feb/2008:22:03:07 -0800] "GET /robots.txt HTTP/1.0" 404 275 "-" "SBIder/SBIder-0.8.2-dev (http://www.sitesell.com/sbider.html)" "www.roomfurnish.com"
64.34.145.196 - - [21/Feb/2008:22:03:07 -0800] "GET /g-1479l.html HTTP/1.0" 404 275 "-" "SBIder/SBIder-0.8.2-dev (http://www.sitesell.com/sbider.html)" "www.roomfurnish.com"
88.131.106.12 - - [21/Feb/2008:22:58:32 -0800] "GET /361fuziosofa.html HTTP/1.0" 404 275 "-" "Speedy Spider (http://www.entireweb.com/about/search_tech/speedy_spider/)" "roomfurnish.com"
68.142.212.195 - - [22/Feb/2008:03:56:27 -0800] "GET /robots.txt HTTP/1.0" 404 275 "-" "Yahoo-MMCrawler/3.x (mms dash mmcrawler dash support at yahoo dash inc dot com)" "www.roomfurnish.com"
65.214.45.130 - - [22/Feb/2008:04:24:18 -0800] "GET /robots.txt HTTP/1.0" 404 275 "-" "Mozilla/5.0 (compatible; Ask Jeeves/Teoma; +http://about.ask.com/en/docs/about/webmasters.shtml)" "www.roomfurnish.com"
65.214.45.130 - - [22/Feb/2008:04:24:18 -0800] "GET /274marinasofa.html HTTP/1.0" 404 275 "-" "Mozilla/5.0 (compatible; Ask Jeeves/Teoma; +http://about.ask.com/en/docs/about/webmasters.shtml)" "www.roomfurnish.com"
64.34.145.195 - - [22/Feb/2008:05:01:34 -0800] "GET /robots.txt HTTP/1.0" 404 275 "-" "SBIder/SBIder-0.8.2-dev (http://www.sitesell.com/sbider.html)" "www.roomfurnish.com"
64.34.145.195 - - [22/Feb/2008:05:01:34 -0800] "GET /371poppisofa.html HTTP/1.0" 404 275 "-" "SBIder/SBIder-0.8.2-dev (http://www.sitesell.com/sbider.html)" "www.roomfurnish.com"
74.6.28.28 - - [22/Feb/2008:05:20:29 -0800] "GET /robots.txt HTTP/1.0" 404 275 "-" "Mozilla/5.0 (compatible; Yahoo! Slurp; http://help.yahoo.com/help/us/ysearch/slurp)" "roomfurnish.com"
74.6.25.141 - - [22/Feb/2008:05:20:29 -0800] "GET /g-1657.html HTTP/1.0" 404 275 "-" "Mozilla/5.0 (compatible; Yahoo! Slurp; http://help.yahoo.com/help/us/ysearch/slurp)" "roomfurnish.com"
66.231.189.51 - - [22/Feb/2008:05:25:28 -0800] "GET /robots.txt HTTP/1.0" 404 275 "-" "Gigabot/3.0 (http://www.gigablast.com/spider.html)" "www.roomfurnish.com"
66.231.188.127 - - [22/Feb/2008:05:25:28 -0800] "GET / HTTP/1.0" 200 1315 "-" "Gigabot/3.0 (http://www.gigablast.com/spider.html)" "www.roomfurnish.com"
64.34.145.197 - - [22/Feb/2008:07:29:49 -0800] "GET /robots.txt HTTP/1.0" 404 275 "-" "SBIder/SBIder-0.8.2-dev (http://www.sitesell.com/sbider.html)" "www.roomfurnish.com"
64.34.145.197 - - [22/Feb/2008:07:29:49 -0800] "GET /robots.txt HTTP/1.0" 404 275 "-" "SBIder/SBIder-0.8.2-dev (http://www.sitesell.com/sbider.html)" "www.roomfurnish.com"
64.34.145.197 - - [22/Feb/2008:07:29:49 -0800] "GET /g-1617s.html HTTP/1.0" 404 275 "-" "SBIder/SBIder-0.8.2-dev (http://www.sitesell.com/sbider.html)" "www.roomfurnish.com"
64.34.145.197 - - [22/Feb/2008:07:29:52 -0800] "GET /a02raddasofa.html HTTP/1.0" 404 275 "-" "SBIder/SBIder-0.8.2-dev (http://www.sitesell.com/sbider.html)" "www.roomfurnish.com"
65.214.45.130 - - [22/Feb/2008:08:38:21 -0800] "GET /363loso.html HTTP/1.0" 404 275 "-" "Mozilla/5.0 (compatible; Ask Jeeves/Teoma; +http://about.ask.com/en/docs/about/webmasters.shtml)" "www.roomfurnish.com"
64.34.145.198 - - [22/Feb/2008:08:50:12 -0800] "GET /robots.txt HTTP/1.0" 404 275 "-" "SBIder/SBIder-0.8.2-dev (http://www.sitesell.com/sbider.html)" "www.roomfurnish.com"
64.34.145.198 - - [22/Feb/2008:08:50:12 -0800] "GET /spde.html HTTP/1.0" 404 275 "-" "SBIder/SBIder-0.8.2-dev (http://www.sitesell.com/sbider.html)" "www.roomfurnish.com"
207.68.146.169 - - [22/Feb/2008:09:00:16 -0800] "GET /robots.txt HTTP/1.0" 404 275 "-" "msnbot-Products/1.0 (+http://search.msn.com/msnbot.htm)" "www.roomfurnish.com"
207.68.146.169 - - [22/Feb/2008:09:00:16 -0800] "GET / HTTP/1.0" 200 1315 "-" "msnbot-Products/1.0 (+http://search.msn.com/msnbot.htm)" "www.roomfurnish.com"
88.131.106.12 - - [22/Feb/2008:09:08:56 -0800] "GET /robots.txt HTTP/1.0" 404 275 "-" "Speedy Spider (http://www.entireweb.com/about/search_tech/speedy_spider/)" "roomfurnish.com"
88.131.106.12 - - [22/Feb/2008:09:08:56 -0800] "GET /s-872.html HTTP/1.0" 404 275 "-" "Speedy Spider (http://www.entireweb.com/about/search_tech/speedy_spider/)" "roomfurnish.com"
65.55.208.136 - - [22/Feb/2008:09:15:06 -0800] "GET /robots.txt HTTP/1.1" 404 275 "-" "msnbot/1.1 (+http://search.msn.com/msnbot.htm)" "roomfurnish.com"
65.55.208.136 - - [22/Feb/2008:09:15:06 -0800] "GET / HTTP/1.1" 304 - "-" "msnbot/1.1 (+http://search.msn.com/msnbot.htm)" "roomfurnish.com"
88.131.106.12 - - [22/Feb/2008:09:18:39 -0800] "GET /origincoffee.html HTTP/1.0" 404 275 "-" "Speedy Spider (http://www.entireweb.com/about/search_tech/speedy_spider/)" "roomfurnish.com"
65.214.45.130 - - [22/Feb/2008:10:03:01 -0800] "GET /c02rezasofa.html HTTP/1.0" 404 275 "-" "Mozilla/5.0 (compatible; Ask Jeeves/Teoma; +http://about.ask.com/en/docs/about/webmasters.shtml)" "www.roomfurnish.com"
74.6.25.224 - - [22/Feb/2008:10:13:31 -0800] "GET /robots.txt HTTP/1.0" 404 275 "-" "Mozilla/5.0 (compatible; Yahoo! Slurp; http://help.yahoo.com/help/us/ysearch/slurp)" "www.roomfurnish.com"
74.6.31.164 - - [22/Feb/2008:10:13:31 -0800] "GET / HTTP/1.0" 200 1315 "-" "Mozilla/5.0 (compatible; Yahoo! DE Slurp; http://help.yahoo.com/help/us/ysearch/slurp)" "www.roomfurnish.com"
65.214.45.130 - - [22/Feb/2008:12:22:53 -0800] "GET /300briosofa.html HTTP/1.0" 404 275 "-" "Mozilla/5.0 (compatible; Ask Jeeves/Teoma; +http://about.ask.com/en/docs/about/webmasters.shtml)" "www.roomfurnish.com"
65.214.45.130 - - [22/Feb/2008:12:56:46 -0800] "GET /a07donninisofa.html HTTP/1.0" 404 275 "-" "Mozilla/5.0 (compatible; Ask Jeeves/Teoma; +http://about.ask.com/en/docs/about/webmasters.shtml)" "www.roomfurnish.com"
65.214.45.130 - - [22/Feb/2008:13:40:45 -0800] "GET /robots.txt HTTP/1.0" 404 275 "-" "Mozilla/5.0 (compatible; Ask Jeeves/Teoma; +http://about.ask.com/en/docs/about/webmasters.shtml)" "roomfurnish.com"
65.214.45.130 - - [22/Feb/2008:13:40:45 -0800] "GET /cs.html HTTP/1.0" 404 275 "-" "Mozilla/5.0 (compatible; Ask Jeeves/Teoma; +http://about.ask.com/en/docs/about/webmasters.shtml)" "roomfurnish.com"
65.214.45.130 - - [22/Feb/2008:14:07:56 -0800] "GET /b10liviasofa.html HTTP/1.0" 404 275 "-" "Mozilla/5.0 (compatible; Ask Jeeves/Teoma; +http://about.ask.com/en/docs/about/webmasters.shtml)" "www.roomfurnish.com"
64.1.215.165 - - [22/Feb/2008:15:30:46 -0800] "GET /robots.txt HTTP/1.0" 404 275 "-" "Mozilla/5.0 (Twiceler-0.9 http://www.cuill.com/twiceler/robot.html)" "roomfurnish.com"
65.214.45.130 - - [22/Feb/2008:15:35:41 -0800] "GET /a10paviasofa.html HTTP/1.0" 404 275 "-" "Mozilla/5.0 (compatible; Ask Jeeves/Teoma; +http://about.ask.com/en/docs/about/webmasters.shtml)" "www.roomfurnish.com"
208.36.144.10 - - [22/Feb/2008:15:47:50 -0800] "GET /robots.txt HTTP/1.0" 404 275 "-" "Mozilla/5.0 (Twiceler-0.9 http://www.cuill.com/twiceler/robot.html)" "www.roomfurnish.com"
65.214.45.130 - - [22/Feb/2008:16:06:01 -0800] "GET /281maggisofa.html HTTP/1.0" 404 275 "-" "Mozilla/5.0 (compatible; Ask Jeeves/Teoma; +http://about.ask.com/en/docs/about/webmasters.shtml)" "www.roomfurnish.com"
67.152.29.130 - - [22/Feb/2008:16:11:07 -0800] "GET /robots.txt HTTP/1.1" 404 275 "-" "ShopWiki/1.0 ( +http://www.shopwiki.com/wiki/Help:Bot)" "www.roomfurnish.com"
67.152.29.130 - - [22/Feb/2008:16:11:07 -0800] "GET / HTTP/1.1" 200 1315 "-" "ShopWiki/1.0 ( +http://www.shopwiki.com/wiki/Help:Bot)" "www.roomfurnish.com"
64.34.145.195 - - [22/Feb/2008:16:16:43 -0800] "GET /robots.txt HTTP/1.0" 404 275 "-" "SBIder/SBIder-0.8.2-dev (http://www.sitesell.com/sbider.html)" "www.roomfurnish.com"
64.34.145.195 - - [22/Feb/2008:16:16:43 -0800] "GET /353nuvosofa.html HTTP/1.0" 404 275 "-" "SBIder/SBIder-0.8.2-dev (http://www.sitesell.com/sbider.html)" "www.roomfurnish.com"
74.6.28.28 - - [22/Feb/2008:17:14:29 -0800] "GET /robots.txt HTTP/1.0" 404 275 "-" "Mozilla/5.0 (compatible; Yahoo! Slurp; http://help.yahoo.com/help/us/ysearch/slurp)" "roomfurnish.com"
74.6.24.35 - - [22/Feb/2008:17:14:29 -0800] "GET /a52.html HTTP/1.0" 404 275 "-" "Mozilla/5.0 (compatible; Yahoo! Slurp; http://help.yahoo.com/help/us/ysearch/slurp)" "roomfurnish.com"
64.34.145.197 - - [22/Feb/2008:17:46:26 -0800] "GET /robots.txt HTTP/1.0" 404 275 "-" "SBIder/SBIder-0.8.2-dev (http://www.sitesell.com/sbider.html)" "www.roomfurnish.com"
64.34.145.197 - - [22/Feb/2008:17:46:26 -0800] "GET /g-1624c.html HTTP/1.0" 404 275 "-" "SBIder/SBIder-0.8.2-dev (http://www.sitesell.com/sbider.html)" "www.roomfurnish.com"
88.131.106.12 - - [22/Feb/2008:18:38:43 -0800] "GET /robots.txt HTTP/1.0" 404 275 "-" "Speedy Spider (http://www.entireweb.com/about/search_tech/speedy_spider/)" "roomfurnish.com"
88.131.106.12 - - [22/Feb/2008:18:38:43 -0800] "GET /355florence.html HTTP/1.0" 404 275 "-" "Speedy Spider (http://www.entireweb.com/about/search_tech/speedy_spider/)" "roomfurnish.com"
65.214.45.130 - - [22/Feb/2008:18:56:47 -0800] "GET /robots.txt HTTP/1.0" 404 275 "-" "Mozilla/5.0 (compatible; Ask Jeeves/Teoma; +http://about.ask.com/en/docs/about/webmasters.shtml)" "www.roomfurnish.com"
65.214.45.130 - - [22/Feb/2008:18:56:47 -0800] "GET /307windsorsofa.html HTTP/1.0" 404 275 "-" "Mozilla/5.0 (compatible; Ask Jeeves/Teoma; +http://about.ask.com/en/docs/about/webmasters.shtml)" "www.roomfurnish.com"
64.34.145.195 - - [22/Feb/2008:19:03:42 -0800] "GET /robots.txt HTTP/1.0" 404 275 "-" "SBIder/SBIder-0.8.2-dev (http://www.sitesell.com/sbider.html)" "www.roomfurnish.com"
64.34.145.195 - - [22/Feb/2008:19:03:42 -0800] "GET /g-1528c.html HTTP/1.0" 404 275 "-" "SBIder/SBIder-0.8.2-dev (http://www.sitesell.com/sbider.html)" "www.roomfurnish.com"
65.214.45.130 - - [22/Feb/2008:19:16:55 -0800] "GET /266cesenasofa.html HTTP/1.0" 404 275 "-" "Mozilla/5.0 (compatible; Ask Jeeves/Teoma; +http://about.ask.com/en/docs/about/webmasters.shtml)" "www.roomfurnish.com"
88.131.106.12 - - [22/Feb/2008:20:27:49 -0800] "GET /s-890.html HTTP/1.0" 404 275 "-" "Speedy Spider (http://www.entireweb.com/about/search_tech/speedy_spider/)" "roomfurnish.com"
65.214.45.130 - - [22/Feb/2008:21:18:47 -0800] "GET /b382rivolisofa.html HTTP/1.0" 404 275 "-" "Mozilla/5.0 (compatible; Ask Jeeves/Teoma; +http://about.ask.com/en/docs/about/webmasters.shtml)" "www.roomfurnish.com"
65.55.208.137 - - [22/Feb/2008:22:55:47 -0800] "GET /robots.txt HTTP/1.1" 404 275 "-" "msnbot/1.1 (+http://search.msn.com/msnbot.htm)" "roomfurnish.com"
65.214.45.130 - - [22/Feb/2008:23:21:43 -0800] "GET /b385casualsofa.html HTTP/1.0" 404 275 "-" "Mozilla/5.0 (compatible; Ask Jeeves/Teoma; +http://about.ask.com/en/docs/about/webmasters.shtml)" "www.roomfurnish.com"
64.34.145.198 - - [23/Feb/2008:00:31:20 -0800] "GET /robots.txt HTTP/1.0" 404 275 "-" "SBIder/SBIder-0.8.2-dev (http://www.sitesell.com/sbider.html)" "www.roomfurnish.com"
64.34.145.198 - - [23/Feb/2008:00:31:20 -0800] "GET /robots.txt HTTP/1.0" 404 275 "-" "SBIder/SBIder-0.8.2-dev (http://www.sitesell.com/sbider.html)" "www.roomfurnish.com"
64.34.145.198 - - [23/Feb/2008:00:31:20 -0800] "GET /oresro.html HTTP/1.0" 404 275 "-" "SBIder/SBIder-0.8.2-dev (http://www.sitesell.com/sbider.html)" "www.roomfurnish.com"
64.34.145.198 - - [23/Feb/2008:00:31:23 -0800] "GET /g-1521.html HTTP/1.0" 404 275 "-" "SBIder/SBIder-0.8.2-dev (http://www.sitesell.com/sbider.html)" "www.roomfurnish.com"
74.6.28.28 - - [23/Feb/2008:00:35:24 -0800] "GET /robots.txt HTTP/1.0" 404 275 "-" "Mozilla/5.0 (compatible; Yahoo! Slurp; http://help.yahoo.com/help/us/ysearch/slurp)" "roomfurnish.com"
74.6.20.170 - - [23/Feb/2008:00:35:25 -0800] "GET /g-1747.html HTTP/1.0" 404 275 "-" "Mozilla/5.0 (compatible; Yahoo! Slurp; http://help.yahoo.com/help/us/ysearch/slurp)" "roomfurnish.com"
74.6.26.166 - - [23/Feb/2008:00:41:09 -0800] "GET / HTTP/1.0" 200 1315 "-" "Mozilla/5.0 (compatible; Yahoo! Slurp; http://help.yahoo.com/help/us/ysearch/slurp)" "roomfurnish.com"
74.6.20.143 - - [23/Feb/2008:01:22:38 -0800] "GET /swatch.html HTTP/1.0" 404 275 "-" "Mozilla/5.0 (compatible; Yahoo! Slurp; http://help.yahoo.com/help/us/ysearch/slurp)" "roomfurnish.com"
65.214.45.130 - - [23/Feb/2008:03:27:25 -0800] "GET /311urbansofa.html HTTP/1.0" 404 275 "-" "Mozilla/5.0 (compatible; Ask Jeeves/Teoma; +http://about.ask.com/en/docs/about/webmasters.shtml)" "www.roomfurnish.com"
88.131.106.12 - - [23/Feb/2008:03:43:16 -0800] "GET /robots.txt HTTP/1.0" 404 275 "-" "Speedy Spider (http://www.entireweb.com/about/search_tech/speedy_spider/)" "roomfurnish.com"
88.131.106.12 - - [23/Feb/2008:03:43:16 -0800] "GET /s-878.html HTTP/1.0" 404 275 "-" "Speedy Spider (http://www.entireweb.com/about/search_tech/speedy_spider/)" "roomfurnish.com"
88.131.106.12 - - [23/Feb/2008:04:20:49 -0800] "GET /358miniatosofa.html HTTP/1.0" 404 275 "-" "Speedy Spider (http://www.entireweb.com/about/search_tech/speedy_spider/)" "roomfurnish.com"
88.131.106.12 - - [23/Feb/2008:04:30:52 -0800] "GET /2005style.html HTTP/1.0" 404 275 "-" "Speedy Spider (http://www.entireweb.com/about/search_tech/speedy_spider/)" "roomfurnish.com"
88.131.106.12 - - [23/Feb/2008:04:32:43 -0800] "GET /2004style.html HTTP/1.0" 404 275 "-" "Speedy Spider (http://www.entireweb.com/about/search_tech/speedy_spider/)" "roomfurnish.com"
88.131.106.12 - - [23/Feb/2008:05:02:33 -0800] "GET /236caso.html HTTP/1.0" 404 275 "-" "Speedy Spider (http://www.entireweb.com/about/search_tech/speedy_spider/)" "roomfurnish.com"
88.131.106.12 - - [23/Feb/2008:05:02:51 -0800] "GET /298vaso.html HTTP/1.0" 404 275 "-" "Speedy Spider (http://www.entireweb.com/about/search_tech/speedy_spider/)" "roomfurnish.com"
64.34.145.198 - - [23/Feb/2008:05:28:14 -0800] "GET /robots.txt HTTP/1.0" 404 275 "-" "SBIder/SBIder-0.8.2-dev (http://www.sitesell.com/sbider.html)" "www.roomfurnish.com"
64.34.145.198 - - [23/Feb/2008:05:28:15 -0800] "GET /luseso.html HTTP/1.0" 404 275 "-" "SBIder/SBIder-0.8.2-dev (http://www.sitesell.com/sbider.html)" "www.roomfurnish.com"
88.131.106.12 - - [23/Feb/2008:05:58:24 -0800] "GET /info.html HTTP/1.0" 404 275 "-" "Speedy Spider (http://www.entireweb.com/about/search_tech/speedy_spider/)" "roomfurnish.com"
65.214.45.130 - - [23/Feb/2008:06:00:04 -0800] "GET /a16viganosofa.html HTTP/1.0" 404 275 "-" "Mozilla/5.0 (compatible; Ask Jeeves/Teoma; +http://about.ask.com/en/docs/about/webmasters.shtml)" "www.roomfurnish.com"
88.131.106.12 - - [23/Feb/2008:06:00:56 -0800] "GET /privacypolicy.html HTTP/1.0" 404 275 "-" "Speedy Spider (http://www.entireweb.com/about/search_tech/speedy_spider/)" "roomfurnish.com"
122.152.129.54 - - [23/Feb/2008:06:28:35 -0800] "GET /robots.txt HTTP/1.1" 404 275 "-" "Baiduspider+(+http://www.baidu.com/search/spider_jp.html)" "roomfurnish.com"
65.214.45.130 - - [23/Feb/2008:06:49:01 -0800] "GET /b09venasofa.html HTTP/1.0" 404 275 "-" "Mozilla/5.0 (compatible; Ask Jeeves/Teoma; +http://about.ask.com/en/docs/about/webmasters.shtml)" "www.roomfurnish.com"
65.214.45.130 - - [23/Feb/2008:07:21:12 -0800] "GET /robots.txt HTTP/1.0" 404 275 "-" "Mozilla/5.0 (compatible; Ask Jeeves/Teoma; +http://about.ask.com/en/docs/about/webmasters.shtml)" "www.roomfurnish.com"
65.214.45.130 - - [23/Feb/2008:07:21:12 -0800] "GET /283corisofa.html HTTP/1.0" 404 275 "-" "Mozilla/5.0 (compatible; Ask Jeeves/Teoma; +http://about.ask.com/en/docs/about/webmasters.shtml)" "www.roomfurnish.com"
74.6.25.224 - - [23/Feb/2008:08:46:10 -0800] "GET /robots.txt HTTP/1.0" 404 275 "-" "Mozilla/5.0 (compatible; Yahoo! Slurp; http://help.yahoo.com/help/us/ysearch/slurp)" "www.roomfurnish.com"
74.6.25.222 - - [23/Feb/2008:08:46:10 -0800] "GET /a39.html HTTP/1.0" 404 275 "-" "Mozilla/5.0 (compatible; Yahoo! Slurp; http://help.yahoo.com/help/us/ysearch/slurp)" "www.roomfurnish.com"
65.214.45.130 - - [23/Feb/2008:08:55:29 -0800] "GET /961classicsofa.html HTTP/1.0" 404 275 "-" "Mozilla/5.0 (compatible; Ask Jeeves/Teoma; +http://about.ask.com/en/docs/about/webmasters.shtml)" "www.roomfurnish.com"
64.34.145.197 - - [23/Feb/2008:09:09:57 -0800] "GET /robots.txt HTTP/1.0" 404 275 "-" "SBIder/SBIder-0.8.2-dev (http://www.sitesell.com/sbider.html)" "www.roomfurnish.com"
64.34.145.197 - - [23/Feb/2008:09:09:57 -0800] "GET /fldelysblfrr.html HTTP/1.0" 404 275 "-" "SBIder/SBIder-0.8.2-dev (http://www.sitesell.com/sbider.html)" "www.roomfurnish.com"
212.107.116.244 - - [23/Feb/2008:09:32:20 -0800] "GET /queensleeper1.html HTTP/1.1" 404 275 "http://shopping.yahoo.com/search;_ylc=X3oDMTEwNTByOW5sBF9TAzI3MTYxNDkEc2VjA2ZwLXRhYgRzbGsDc3Bpcml0?p=sleepwear&fr=yfp-t-501&toggle=1&cop=mss&ei=UTF-8" "Mozilla/4.0 (compatible; MSIE 7.0; Windows NT 6.0; SLCC1; .NET CLR 2.0.50727; Media Center PC 5.0; .NET CLR 3.0.04506; InfoPath.2)" "www.roomfurnish.com"
212.107.116.244 - - [23/Feb/2008:09:32:28 -0800] "GET /queensleeper1.html HTTP/1.1" 404 275 "http://shopping.yahoo.com/search;_ylc=X3oDMTEwNTByOW5sBF9TAzI3MTYxNDkEc2VjA2ZwLXRhYgRzbGsDc3Bpcml0?p=sleepwear&fr=yfp-t-501&toggle=1&cop=mss&ei=UTF-8" "Mozilla/4.0 (compatible; MSIE 7.0; Windows NT 6.0; SLCC1; .NET CLR 2.0.50727; Media Center PC 5.0; .NET CLR 3.0.04506; InfoPath.2)" "www.roomfurnish.com"
74.6.31.164 - - [23/Feb/2008:10:50:24 -0800] "GET / HTTP/1.0" 200 1315 "-" "Mozilla/5.0 (compatible; Yahoo! DE Slurp; http://help.yahoo.com/help/us/ysearch/slurp)" "www.roomfurnish.com"
64.202.165.131 - - [23/Feb/2008:10:53:54 -0800] "GET /? HTTP/1.0" 200 1315 "-" "Mozilla/4.0 (compatible; MSIE 6.0; Windows NT 5.0)" "roomfurnish.com"
64.34.145.197 - - [23/Feb/2008:11:39:21 -0800] "GET /robots.txt HTTP/1.0" 404 275 "-" "SBIder/SBIder-0.8.2-dev (http://www.sitesell.com/sbider.html)" "www.roomfurnish.com"
64.34.145.197 - - [23/Feb/2008:11:39:21 -0800] "GET /g-1382c.html HTTP/1.0" 404 275 "-" "SBIder/SBIder-0.8.2-dev (http://www.sitesell.com/sbider.html)" "www.roomfurnish.com"
67.152.29.130 - - [23/Feb/2008:12:01:13 -0800] "GET /robots.txt HTTP/1.1" 404 275 "-" "ShopWiki/1.0 ( +http://www.shopwiki.com/wiki/Help:Bot)" "www.roomfurnish.com"
67.152.29.130 - - [23/Feb/2008:12:01:13 -0800] "GET / HTTP/1.1" 200 1315 "-" "ShopWiki/1.0 ( +http://www.shopwiki.com/wiki/Help:Bot)" "www.roomfurnish.com"
67.152.29.130 - - [23/Feb/2008:12:01:24 -0800] "GET / HTTP/1.1" 200 1315 "-" "ShopWiki/1.0 ( +http://www.shopwiki.com/wiki/Help:Bot)" "www.roomfurnish.com"
67.152.29.130 - - [23/Feb/2008:12:01:25 -0800] "GET / HTTP/1.1" 200 1315 "-" "ShopWiki/1.0 ( +http://www.shopwiki.com/wiki/Help:Bot)" "www.roomfurnish.com"
74.6.28.28 - - [23/Feb/2008:14:23:01 -0800] "GET /robots.txt HTTP/1.0" 404 275 "-" "Mozilla/5.0 (compatible; Yahoo! Slurp; http://help.yahoo.com/help/us/ysearch/slurp)" "roomfurnish.com"
74.6.24.147 - - [23/Feb/2008:14:23:02 -0800] "GET /a48.html HTTP/1.0" 404 275 "-" "Mozilla/5.0 (compatible; Yahoo! Slurp; http://help.yahoo.com/help/us/ysearch/slurp)" "roomfurnish.com"
74.6.28.28 - - [23/Feb/2008:18:33:20 -0800] "GET /robots.txt HTTP/1.0" 404 275 "-" "Mozilla/5.0 (compatible; Yahoo! Slurp; http://help.yahoo.com/help/us/ysearch/slurp)" "roomfurnish.com"
74.6.22.23 - - [23/Feb/2008:18:33:20 -0800] "GET /lb-12.html HTTP/1.0" 404 275 "-" "Mozilla/5.0 (compatible; Yahoo! Slurp; http://help.yahoo.com/help/us/ysearch/slurp)" "roomfurnish.com"
74.6.8.117 - - [23/Feb/2008:20:56:19 -0800] "GET /robots.txt HTTP/1.0" 404 275 "-" "Mozilla/5.0 (compatible; Yahoo! Slurp; http://help.yahoo.com/help/us/ysearch/slurp)" "roomfurnish.com"
74.6.8.117 - - [23/Feb/2008:20:56:20 -0800] "GET / HTTP/1.0" 200 1315 "-" "Mozilla/5.0 (compatible; Yahoo! Slurp; http://help.yahoo.com/help/us/ysearch/slurp)" "roomfurnish.com"
75.125.165.10 - - [23/Feb/2008:23:20:58 -0800] "GET / HTTP/1.1" 200 1315 "http://www.stockleaf.com/directory/" "Mozilla/5.0 (Macintosh; U; PPC Mac OS X Mach-O; en-US; rv:1.7.6) Gecko/20050223 Firefox/1.0.1" "www.roomfurnish.com"
75.125.165.10 - - [23/Feb/2008:23:20:58 -0800] "GET / HTTP/1.1" 200 1315 "http://www.stockleaf.com/directory/" "Mozilla/5.0 (Macintosh; U; PPC Mac OS X Mach-O; en-US; rv:1.7.6) Gecko/20050223 Firefox/1.0.1" "www.roomfurnish.com"
75.125.165.10 - - [23/Feb/2008:23:20:58 -0800] "GET / HTTP/1.1" 200 1315 "http://www.stockleaf.com/directory/" "Mozilla/5.0 (Macintosh; U; PPC Mac OS X Mach-O; en-US; rv:1.7.6) Gecko/20050223 Firefox/1.0.1" "www.roomfurnish.com"
75.125.165.10 - - [23/Feb/2008:23:20:58 -0800] "GET / HTTP/1.1" 200 1315 "http://www.stockleaf.com/directory/" "Mozilla/5.0 (Macintosh; U; PPC Mac OS X Mach-O; en-US; rv:1.7.6) Gecko/20050223 Firefox/1.0.1" "www.roomfurnish.com"
75.125.165.10 - - [23/Feb/2008:23:20:58 -0800] "GET / HTTP/1.1" 200 1315 "http://www.stockleaf.com/directory/" "Mozilla/5.0 (Macintosh; U; PPC Mac OS X Mach-O; en-US; rv:1.7.6) Gecko/20050223 Firefox/1.0.1" "www.roomfurnish.com"
75.125.165.10 - - [23/Feb/2008:23:20:58 -0800] "GET / HTTP/1.1" 200 1315 "http://www.stockleaf.com/directory/" "Mozilla/5.0 (Macintosh; U; PPC Mac OS X Mach-O; en-US; rv:1.7.6) Gecko/20050223 Firefox/1.0.1" "www.roomfurnish.com"
88.131.106.12 - - [23/Feb/2008:23:44:51 -0800] "GET /robots.txt HTTP/1.0" 404 275 "-" "Speedy Spider (http://www.entireweb.com/about/search_tech/speedy_spider/)" "roomfurnish.com"
88.131.106.12 - - [23/Feb/2008:23:44:51 -0800] "GET /950imso.html HTTP/1.0" 404 275 "-" "Speedy Spider (http://www.entireweb.com/about/search_tech/speedy_spider/)" "roomfurnish.com"
74.6.29.29 - - [24/Feb/2008:00:54:58 -0800] "GET /a46.html HTTP/1.0" 404 275 "-" "Mozilla/5.0 (compatible; Yahoo! Slurp; http://help.yahoo.com/help/us/ysearch/slurp)" "roomfurnish.com"
74.6.8.117 - - [24/Feb/2008:01:08:28 -0800] "GET / HTTP/1.0" 200 1315 "-" "Mozilla/5.0 (compatible; Yahoo! Slurp/3.0; http://help.yahoo.com/help/us/ysearch/slurp)" "roomfurnish.com"
67.152.29.130 - - [24/Feb/2008:02:29:56 -0800] "GET /robots.txt HTTP/1.1" 404 275 "-" "ShopWiki/1.0 ( +http://www.shopwiki.com/wiki/Help:Bot)" "www.roomfurnish.com"
67.152.29.130 - - [24/Feb/2008:02:31:05 -0800] "GET / HTTP/1.1" 200 1315 "-" "ShopWiki/1.0 ( +http://www.shopwiki.com/wiki/Help:Bot)" "www.roomfurnish.com"
66.249.73.115 - - [24/Feb/2008:02:34:40 -0800] "GET /robots.txt HTTP/1.1" 404 275 "-" "Mozilla/5.0 (compatible; Googlebot/2.1; +http://www.google.com/bot.html)" "www.roomfurnish.com"
66.249.73.115 - - [24/Feb/2008:02:34:40 -0800] "GET / HTTP/1.1" 304 - "-" "Mozilla/5.0 (compatible; Googlebot/2.1; +http://www.google.com/bot.html)" "www.roomfurnish.com"
61.135.219.13 - - [24/Feb/2008:03:08:25 -0800] "GET /robots.txt HTTP/1.1" 404 275 "-" "Mozilla/5.0 (compatible; YodaoBot/1.0; http://www.yodao.com/help/webmaster/spider/; )" "roomfurnish.com"
61.135.219.13 - - [24/Feb/2008:03:08:28 -0800] "GET / HTTP/1.1" 304 - "-" "Mozilla/5.0 (compatible; YodaoBot/1.0; http://www.yodao.com/help/webmaster/spider/; )" "roomfurnish.com"
66.249.73.115 - - [24/Feb/2008:05:50:34 -0800] "GET / HTTP/1.1" 200 1315 "-" "Mozilla/5.0 (compatible; Googlebot/2.1; +http://www.google.com/bot.html)" "www.roomfurnish.com"
63.123.238.8 - - [24/Feb/2008:05:59:23 -0800] "GET /robots.txt HTTP/1.1" 404 275 "-" "Mozilla/2.0 (compatible; Ask Jeeves/Teoma)" "www.roomfurnish.com"
63.123.238.8 - - [24/Feb/2008:05:59:23 -0800] "GET / HTTP/1.1" 200 1315 "-" "Mozilla/2.0 (compatible; Ask Jeeves/Teoma)" "www.roomfurnish.com"
75.127.177.114 - - [24/Feb/2008:08:14:32 -0800] "GET /robots.txt HTTP/1.0" 404 275 "http://majestic12.co.uk/bot.php?I=F40F4F8A41659D278A445B88690FC8C3-02ACCBE2B37DD6C6-000000F0E03B9243-roomfurnish.com" "Mozilla/5.0 (compatible; MJ12bot/v1.2.1; http://www.majestic12.co.uk/bot.php?+)" "roomfurnish.com"
75.127.177.114 - - [24/Feb/2008:08:14:33 -0800] "GET / HTTP/1.1" 304 - "-" "Mozilla/5.0 (compatible; MJ12bot/v1.2.1; http://www.majestic12.co.uk/bot.php?+)" "roomfurnish.com"
74.6.25.224 - - [24/Feb/2008:09:43:52 -0800] "GET /robots.txt HTTP/1.0" 404 275 "-" "Mozilla/5.0 (compatible; Yahoo! Slurp; http://help.yahoo.com/help/us/ysearch/slurp)" "www.roomfurnish.com"
74.6.20.153 - - [24/Feb/2008:09:43:53 -0800] "GET / HTTP/1.0" 200 1315 "-" "Mozilla/5.0 (compatible; Yahoo! Slurp; http://help.yahoo.com/help/us/ysearch/slurp)" "www.roomfurnish.com"
64.208.172.180 - - [24/Feb/2008:11:29:09 -0800] "GET /robots.txt HTTP/1.0" 404 275 "-" "ia_archiver" "roomfurnish.com"
64.208.172.180 - - [24/Feb/2008:11:29:09 -0800] "GET / HTTP/1.0" 200 1315 "-" "ia_archiver" "roomfurnish.com"
74.6.31.164 - - [24/Feb/2008:11:45:28 -0800] "GET / HTTP/1.0" 200 1315 "-" "Mozilla/5.0 (compatible; Yahoo! DE Slurp; http://help.yahoo.com/help/us/ysearch/slurp)" "www.roomfurnish.com"
68.142.212.195 - - [24/Feb/2008:14:04:30 -0800] "GET /robots.txt HTTP/1.0" 404 275 "-" "Yahoo-MMCrawler/3.x (mms dash mmcrawler dash support at yahoo dash inc dot com)" "www.roomfurnish.com"
193.47.80.40 - - [24/Feb/2008:15:29:38 -0800] "GET /robots.txt HTTP/1.1" 404 275 "-" "Mozilla/5.0 (compatible; Exabot/3.0; +http://www.exabot.com/go/robot)" "roomfurnish.com"
193.47.80.40 - - [24/Feb/2008:15:29:38 -0800] "GET / HTTP/1.1" 200 1315 "-" "Mozilla/5.0 (compatible; Exabot/3.0; +http://www.exabot.com/go/robot)" "roomfurnish.com"
88.131.106.12 - - [24/Feb/2008:17:40:46 -0800] "GET /robots.txt HTTP/1.0" 404 275 "-" "Speedy Spider (http://www.entireweb.com/about/search_tech/speedy_spider/)" "roomfurnish.com"
88.131.106.12 - - [24/Feb/2008:17:40:47 -0800] "GET /faq.html HTTP/1.0" 404 275 "-" "Speedy Spider (http://www.entireweb.com/about/search_tech/speedy_spider/)" "roomfurnish.com"
88.131.106.12 - - [24/Feb/2008:17:59:25 -0800] "GET /g-2035.html HTTP/1.0" 404 275 "-" "Speedy Spider (http://www.entireweb.com/about/search_tech/speedy_spider/)" "roomfurnish.com"
88.131.106.12 - - [24/Feb/2008:18:06:01 -0800] "GET /g17mach.html HTTP/1.0" 404 275 "-" "Speedy Spider (http://www.entireweb.com/about/search_tech/speedy_spider/)" "roomfurnish.com"
88.131.106.12 - - [24/Feb/2008:18:11:20 -0800] "GET /352lovesofa.html HTTP/1.0" 404 275 "-" "Speedy Spider (http://www.entireweb.com/about/search_tech/speedy_spider/)" "roomfurnish.com"
74.62.17.230 - - [24/Feb/2008:18:14:53 -0800] "GET / HTTP/1.0" 200 1315 "-" "Wget/1.10.2" "www.roomfurnish.com"
88.131.106.12 - - [24/Feb/2008:18:22:09 -0800] "GET /a50disl.html HTTP/1.0" 404 275 "-" "Speedy Spider (http://www.entireweb.com/about/search_tech/speedy_spider/)" "roomfurnish.com"
98.173.26.143 - - [24/Feb/2008:22:26:35 -0800] "GET /robots.txt HTTP/1.0" 404 275 "-" "envolk/1.7 (+http://www.envolk.com/envolkspiderinfo.html)" "roomfurnish.com"
66.249.73.115 - - [24/Feb/2008:23:04:56 -0800] "GET /robots.txt HTTP/1.1" 404 275 "-" "Mozilla/5.0 (compatible; Googlebot/2.1; +http://www.google.com/bot.html)" "roomfurnish.com"
66.249.73.115 - - [24/Feb/2008:23:04:56 -0800] "GET / HTTP/1.1" 200 1315 "-" "Mozilla/5.0 (compatible; Googlebot/2.1; +http://www.google.com/bot.html)" "roomfurnish.com"
61.135.219.20 - - [24/Feb/2008:23:20:54 -0800] "GET /robots.txt HTTP/1.1" 404 275 "-" "Mozilla/5.0 (compatible; YodaoBot/1.0; http://www.yodao.com/help/webmaster/spider/; )" "roomfurnish.com"
61.135.219.20 - - [24/Feb/2008:23:20:57 -0800] "GET / HTTP/1.1" 304 - "-" "Mozilla/5.0 (compatible; YodaoBot/1.0; http://www.yodao.com/help/webmaster/spider/; )" "roomfurnish.com"
74.6.28.28 - - [25/Feb/2008:02:40:55 -0800] "GET /robots.txt HTTP/1.0" 404 275 "-" "Mozilla/5.0 (compatible; Yahoo! Slurp; http://help.yahoo.com/help/us/ysearch/slurp)" "roomfurnish.com"
74.6.23.137 - - [25/Feb/2008:02:40:56 -0800] "GET /g-1639.html HTTP/1.0" 404 275 "-" "Mozilla/5.0 (compatible; Yahoo! Slurp; http://help.yahoo.com/help/us/ysearch/slurp)" "roomfurnish.com"
