207.126.224.241 - - [25/Feb/2008:02:54:21 -0800] "GET / HTTP/1.0" 200 1315 "-" "Mozilla/4.05 [en]" "www.roomfurnish.com"
74.6.28.28 - - [25/Feb/2008:07:46:24 -0800] "GET /robots.txt HTTP/1.0" 404 275 "-" "Mozilla/5.0 (compatible; Yahoo! Slurp; http://help.yahoo.com/help/us/ysearch/slurp)" "roomfurnish.com"
74.6.22.37 - - [25/Feb/2008:07:46:24 -0800] "GET /g-1613.html HTTP/1.0" 404 275 "-" "Mozilla/5.0 (compatible; Yahoo! Slurp; http://help.yahoo.com/help/us/ysearch/slurp)" "roomfurnish.com"
207.68.146.169 - - [25/Feb/2008:09:35:26 -0800] "GET /robots.txt HTTP/1.0" 404 275 "-" "msnbot-Products/1.0 (+http://search.msn.com/msnbot.htm)" "www.roomfurnish.com"
207.68.146.169 - - [25/Feb/2008:09:35:26 -0800] "GET / HTTP/1.0" 200 1315 "-" "msnbot-Products/1.0 (+http://search.msn.com/msnbot.htm)" "www.roomfurnish.com"
67.152.29.130 - - [25/Feb/2008:09:45:11 -0800] "GET /robots.txt HTTP/1.1" 404 275 "-" "ShopWiki/1.0 ( +http://www.shopwiki.com/wiki/Help:Bot)" "www.roomfurnish.com"
67.152.29.130 - - [25/Feb/2008:09:45:11 -0800] "GET / HTTP/1.1" 200 1315 "-" "ShopWiki/1.0 ( +http://www.shopwiki.com/wiki/Help:Bot)" "www.roomfurnish.com"
208.80.193.43 - - [25/Feb/2008:10:26:32 -0800] "GET / HTTP/1.1" 200 1315 "-" "Mozilla/4.0 (compatible; MSIE 6.0; Windows NT 5.1; Q312468)" "www.roomfurnish.com"
208.80.193.43 - - [25/Feb/2008:10:26:32 -0800] "GET / HTTP/1.1" 200 1315 "-" "Mozilla/4.0 (compatible; MSIE 6.0; Windows NT 5.1; Q312468)" "roomfurnish.com"
193.252.149.16 - - [25/Feb/2008:10:27:23 -0800] "GET /robots.txt HTTP/1.1" 404 275 "-" "Mozilla/5.0 (Windows; U; Windows NT 5.1; fr; rv:1.8.1) VoilaBot BETA 1.2 (http://www.voila.com/)" "www.roomfurnish.com"
193.252.149.16 - - [25/Feb/2008:10:27:25 -0800] "GET / HTTP/1.1" 200 1315 "-" "Mozilla/5.0 (Windows; U; Windows NT 5.1; fr; rv:1.8.1) VoilaBot BETA 1.2 (http://www.voila.com/)" "www.roomfurnish.com"
74.6.28.41 - - [25/Feb/2008:11:06:52 -0800] "GET /g1251.html HTTP/1.0" 404 275 "-" "Mozilla/5.0 (compatible; Yahoo! Slurp; http://help.yahoo.com/help/us/ysearch/slurp)" "roomfurnish.com"
67.152.29.130 - - [25/Feb/2008:11:40:48 -0800] "GET / HTTP/1.1" 200 1315 "-" "ShopWiki/1.0 ( +http://www.shopwiki.com/wiki/Help:Bot)" "www.roomfurnish.com"
88.131.106.12 - - [25/Feb/2008:11:45:33 -0800] "GET /robots.txt HTTP/1.0" 404 275 "-" "Speedy Spider (http://www.entireweb.com/about/search_tech/speedy_spider/)" "roomfurnish.com"
88.131.106.12 - - [25/Feb/2008:11:45:35 -0800] "GET /luseso.html HTTP/1.0" 404 275 "-" "Speedy Spider (http://www.entireweb.com/about/search_tech/speedy_spider/)" "roomfurnish.com"
88.131.106.12 - - [25/Feb/2008:11:46:06 -0800] "GET /clleso.html HTTP/1.0" 404 275 "-" "Speedy Spider (http://www.entireweb.com/about/search_tech/speedy_spider/)" "roomfurnish.com"
88.131.106.12 - - [25/Feb/2008:11:46:33 -0800] "GET /b3riso.html HTTP/1.0" 404 275 "-" "Speedy Spider (http://www.entireweb.com/about/search_tech/speedy_spider/)" "roomfurnish.com"
74.6.25.224 - - [25/Feb/2008:12:03:52 -0800] "GET /robots.txt HTTP/1.0" 404 275 "-" "Mozilla/5.0 (compatible; Yahoo! Slurp; http://help.yahoo.com/help/us/ysearch/slurp)" "www.roomfurnish.com"
74.6.31.164 - - [25/Feb/2008:12:03:52 -0800] "GET / HTTP/1.0" 200 1315 "-" "Mozilla/5.0 (compatible; Yahoo! DE Slurp; http://help.yahoo.com/help/us/ysearch/slurp)" "www.roomfurnish.com"
88.131.106.12 - - [25/Feb/2008:13:02:15 -0800] "GET /robots.txt HTTP/1.0" 404 275 "-" "Speedy Spider (http://www.entireweb.com/about/search_tech/speedy_spider/)" "www.roomfurnish.com"
88.131.106.12 - - [25/Feb/2008:13:02:15 -0800] "GET /a40.html HTTP/1.0" 404 275 "-" "Speedy Spider (http://www.entireweb.com/about/search_tech/speedy_spider/)" "www.roomfurnish.com"
88.131.106.12 - - [25/Feb/2008:13:02:19 -0800] "GET /g-2041.html HTTP/1.0" 404 275 "-" "Speedy Spider (http://www.entireweb.com/about/search_tech/speedy_spider/)" "roomfurnish.com"
88.131.106.12 - - [25/Feb/2008:13:12:26 -0800] "GET /g-2040.html HTTP/1.0" 404 275 "-" "Speedy Spider (http://www.entireweb.com/about/search_tech/speedy_spider/)" "roomfurnish.com"
88.131.106.12 - - [25/Feb/2008:13:15:18 -0800] "GET /291pompeisofa.html HTTP/1.0" 404 275 "-" "Speedy Spider (http://www.entireweb.com/about/search_tech/speedy_spider/)" "roomfurnish.com"
88.131.106.12 - - [25/Feb/2008:13:18:52 -0800] "GET /boldsofagroup.html HTTP/1.0" 404 275 "-" "Speedy Spider (http://www.entireweb.com/about/search_tech/speedy_spider/)" "roomfurnish.com"
88.131.106.12 - - [25/Feb/2008:13:21:13 -0800] "GET /g-2043.html HTTP/1.0" 404 275 "-" "Speedy Spider (http://www.entireweb.com/about/search_tech/speedy_spider/)" "roomfurnish.com"
88.131.106.12 - - [25/Feb/2008:13:23:58 -0800] "GET /323pisasofa.html HTTP/1.0" 404 275 "-" "Speedy Spider (http://www.entireweb.com/about/search_tech/speedy_spider/)" "roomfurnish.com"
88.131.106.12 - - [25/Feb/2008:13:29:49 -0800] "GET /a41.html HTTP/1.0" 404 275 "-" "Speedy Spider (http://www.entireweb.com/about/search_tech/speedy_spider/)" "www.roomfurnish.com"
88.131.106.12 - - [25/Feb/2008:13:29:54 -0800] "GET /g-1942.html HTTP/1.0" 404 275 "-" "Speedy Spider (http://www.entireweb.com/about/search_tech/speedy_spider/)" "roomfurnish.com"
88.131.106.12 - - [25/Feb/2008:13:37:08 -0800] "GET /342elenasofa.html HTTP/1.0" 404 275 "-" "Speedy Spider (http://www.entireweb.com/about/search_tech/speedy_spider/)" "roomfurnish.com"
88.131.106.12 - - [25/Feb/2008:13:37:54 -0800] "GET /a44.html HTTP/1.0" 404 275 "-" "Speedy Spider (http://www.entireweb.com/about/search_tech/speedy_spider/)" "www.roomfurnish.com"
88.131.106.12 - - [25/Feb/2008:13:37:58 -0800] "GET /g-1885.html HTTP/1.0" 404 275 "-" "Speedy Spider (http://www.entireweb.com/about/search_tech/speedy_spider/)" "roomfurnish.com"
64.34.145.201 - - [26/Feb/2008:07:19:19 -0800] "GET /robots.txt HTTP/1.0" 404 275 "-" "SBIder/SBIder-0.8.2-dev (http://www.sitesell.com/sbider.html)" "www.roomfurnish.com"
64.34.145.201 - - [26/Feb/2008:07:19:19 -0800] "GET /g-1479.html HTTP/1.0" 404 275 "-" "SBIder/SBIder-0.8.2-dev (http://www.sitesell.com/sbider.html)" "www.roomfurnish.com"
64.34.145.199 - - [26/Feb/2008:08:21:36 -0800] "GET /robots.txt HTTP/1.0" 404 275 "-" "SBIder/SBIder-0.8.2-dev (http://www.sitesell.com/sbider.html)" "www.roomfurnish.com"
64.34.145.199 - - [26/Feb/2008:08:21:36 -0800] "GET /orsobl.html HTTP/1.0" 404 275 "-" "SBIder/SBIder-0.8.2-dev (http://www.sitesell.com/sbider.html)" "www.roomfurnish.com"
64.34.145.199 - - [26/Feb/2008:08:22:37 -0800] "GET /355florence.html HTTP/1.0" 404 275 "-" "SBIder/SBIder-0.8.2-dev (http://www.sitesell.com/sbider.html)" "www.roomfurnish.com"
207.68.146.169 - - [26/Feb/2008:08:36:14 -0800] "GET /robots.txt HTTP/1.0" 404 275 "-" "msnbot-Products/1.0 (+http://search.msn.com/msnbot.htm)" "www.roomfurnish.com"
207.68.146.169 - - [26/Feb/2008:08:36:14 -0800] "GET / HTTP/1.0" 200 1315 "-" "msnbot-Products/1.0 (+http://search.msn.com/msnbot.htm)" "www.roomfurnish.com"
64.34.145.195 - - [26/Feb/2008:09:48:37 -0800] "GET /robots.txt HTTP/1.0" 404 275 "-" "SBIder/SBIder-0.8.2-dev (http://www.sitesell.com/sbider.html)" "www.roomfurnish.com"
64.34.145.195 - - [26/Feb/2008:09:48:39 -0800] "GET /robots.txt HTTP/1.0" 404 275 "-" "SBIder/SBIder-0.8.2-dev (http://www.sitesell.com/sbider.html)" "www.roomfurnish.com"
64.34.145.195 - - [26/Feb/2008:09:48:39 -0800] "GET /robots.txt HTTP/1.0" 404 275 "-" "SBIder/SBIder-0.8.2-dev (http://www.sitesell.com/sbider.html)" "www.roomfurnish.com"
64.34.145.195 - - [26/Feb/2008:09:48:40 -0800] "GET /robots.txt HTTP/1.0" 404 275 "-" "SBIder/SBIder-0.8.2-dev (http://www.sitesell.com/sbider.html)" "www.roomfurnish.com"
64.34.145.195 - - [26/Feb/2008:09:48:42 -0800] "GET /robots.txt HTTP/1.0" 404 275 "-" "SBIder/SBIder-0.8.2-dev (http://www.sitesell.com/sbider.html)" "www.roomfurnish.com"
64.34.145.195 - - [26/Feb/2008:09:48:42 -0800] "GET /robots.txt HTTP/1.0" 404 275 "-" "SBIder/SBIder-0.8.2-dev (http://www.sitesell.com/sbider.html)" "www.roomfurnish.com"
64.34.145.195 - - [26/Feb/2008:09:48:42 -0800] "GET /g-1883.html HTTP/1.0" 404 275 "-" "SBIder/SBIder-0.8.2-dev (http://www.sitesell.com/sbider.html)" "www.roomfurnish.com"
64.34.145.195 - - [26/Feb/2008:09:48:51 -0800] "GET /contactus.html HTTP/1.0" 404 275 "-" "SBIder/SBIder-0.8.2-dev (http://www.sitesell.com/sbider.html)" "www.roomfurnish.com"
64.34.145.195 - - [26/Feb/2008:09:48:59 -0800] "GET /robots.txt HTTP/1.0" 404 275 "-" "SBIder/SBIder-0.8.2-dev (http://www.sitesell.com/sbider.html)" "www.roomfurnish.com"
64.34.145.195 - - [26/Feb/2008:09:49:01 -0800] "GET /363loso.html HTTP/1.0" 404 275 "-" "SBIder/SBIder-0.8.2-dev (http://www.sitesell.com/sbider.html)" "www.roomfurnish.com"
64.34.145.198 - - [26/Feb/2008:11:20:45 -0800] "GET /robots.txt HTTP/1.0" 404 275 "-" "SBIder/SBIder-0.8.2-dev (http://www.sitesell.com/sbider.html)" "www.roomfurnish.com"
64.34.145.198 - - [26/Feb/2008:11:20:45 -0800] "GET /210genoasofa.html HTTP/1.0" 404 275 "-" "SBIder/SBIder-0.8.2-dev (http://www.sitesell.com/sbider.html)" "www.roomfurnish.com"
74.6.25.224 - - [26/Feb/2008:12:09:41 -0800] "GET /robots.txt HTTP/1.0" 404 275 "-" "Mozilla/5.0 (compatible; Yahoo! Slurp; http://help.yahoo.com/help/us/ysearch/slurp)" "www.roomfurnish.com"
74.6.31.164 - - [26/Feb/2008:12:09:42 -0800] "GET / HTTP/1.0" 200 1315 "-" "Mozilla/5.0 (compatible; Yahoo! DE Slurp; http://help.yahoo.com/help/us/ysearch/slurp)" "www.roomfurnish.com"
202.160.180.124 - - [26/Feb/2008:14:01:00 -0800] "GET /robots.txt HTTP/1.0" 404 275 "-" "Mozilla/5.0 (compatible; Yahoo! Slurp China; http://misc.yahoo.com.cn/help.html)" "roomfurnish.com"
202.160.178.82 - - [26/Feb/2008:14:01:01 -0800] "GET / HTTP/1.0" 304 - "-" "Mozilla/5.0 (compatible; Yahoo! Slurp China; http://misc.yahoo.com.cn/help.html)" "roomfurnish.com"
74.6.28.28 - - [26/Feb/2008:14:26:50 -0800] "GET /robots.txt HTTP/1.0" 404 275 "-" "Mozilla/5.0 (compatible; Yahoo! Slurp; http://help.yahoo.com/help/us/ysearch/slurp)" "roomfurnish.com"
74.6.25.107 - - [26/Feb/2008:14:26:50 -0800] "GET /g-2012.html HTTP/1.0" 404 275 "-" "Mozilla/5.0 (compatible; Yahoo! Slurp; http://help.yahoo.com/help/us/ysearch/slurp)" "roomfurnish.com"
67.152.29.130 - - [26/Feb/2008:15:51:24 -0800] "GET /robots.txt HTTP/1.1" 404 275 "-" "ShopWiki/1.0 ( +http://www.shopwiki.com/wiki/Help:Bot)" "www.roomfurnish.com"
67.152.29.130 - - [26/Feb/2008:15:51:24 -0800] "GET / HTTP/1.1" 200 1315 "-" "ShopWiki/1.0 ( +http://www.shopwiki.com/wiki/Help:Bot)" "www.roomfurnish.com"
67.152.29.130 - - [26/Feb/2008:17:13:20 -0800] "GET / HTTP/1.1" 200 1315 "-" "ShopWiki/1.0 ( +http://www.shopwiki.com/wiki/Help:Bot)" "www.roomfurnish.com"
67.152.29.130 - - [26/Feb/2008:17:20:39 -0800] "GET / HTTP/1.1" 200 1315 "-" "ShopWiki/1.0 ( +http://www.shopwiki.com/wiki/Help:Bot)" "www.roomfurnish.com"
67.152.29.130 - - [26/Feb/2008:17:20:40 -0800] "GET / HTTP/1.1" 200 1315 "-" "ShopWiki/1.0 ( +http://www.shopwiki.com/wiki/Help:Bot)" "www.roomfurnish.com"
64.34.145.196 - - [26/Feb/2008:17:25:49 -0800] "GET /robots.txt HTTP/1.0" 404 275 "-" "SBIder/SBIder-0.8.2-dev (http://www.sitesell.com/sbider.html)" "www.roomfurnish.com"
64.34.145.196 - - [26/Feb/2008:17:25:50 -0800] "GET /g-1486l.html HTTP/1.0" 404 275 "-" "SBIder/SBIder-0.8.2-dev (http://www.sitesell.com/sbider.html)" "www.roomfurnish.com"
67.195.34.92 - - [26/Feb/2008:17:26:25 -0800] "GET / HTTP/1.0" 200 1315 "-" "Mozilla/5.0 (compatible; Yahoo! DE Slurp; http://help.yahoo.com/help/us/ysearch/slurp)" "www.roomfurnish.com"
66.249.73.115 - - [26/Feb/2008:18:26:06 -0800] "GET /robots.txt HTTP/1.1" 404 275 "-" "Mozilla/5.0 (compatible; Googlebot/2.1; +http://www.google.com/bot.html)" "roomfurnish.com"
66.249.73.115 - - [26/Feb/2008:18:26:06 -0800] "GET /coricode.html HTTP/1.1" 404 275 "-" "Mozilla/5.0 (compatible; Googlebot/2.1; +http://www.google.com/bot.html)" "roomfurnish.com"
64.34.145.195 - - [26/Feb/2008:18:40:20 -0800] "GET /robots.txt HTTP/1.0" 404 275 "-" "SBIder/SBIder-0.8.2-dev (http://www.sitesell.com/sbider.html)" "www.roomfurnish.com"
64.34.145.195 - - [26/Feb/2008:18:40:20 -0800] "GET /g-1399s.html HTTP/1.0" 404 275 "-" "SBIder/SBIder-0.8.2-dev (http://www.sitesell.com/sbider.html)" "www.roomfurnish.com"
68.142.212.195 - - [26/Feb/2008:19:03:07 -0800] "GET /robots.txt HTTP/1.0" 404 275 "-" "Yahoo-MMCrawler/3.x (mms dash mmcrawler dash support at yahoo dash inc dot com)" "www.roomfurnish.com"
64.34.145.200 - - [26/Feb/2008:19:49:47 -0800] "GET /robots.txt HTTP/1.0" 404 275 "-" "SBIder/SBIder-0.8.2-dev (http://www.sitesell.com/sbider.html)" "www.roomfurnish.com"
64.34.145.200 - - [26/Feb/2008:19:49:47 -0800] "GET /305silvisofa.html HTTP/1.0" 404 275 "-" "SBIder/SBIder-0.8.2-dev (http://www.sitesell.com/sbider.html)" "www.roomfurnish.com"
64.34.145.200 - - [26/Feb/2008:20:59:32 -0800] "GET /robots.txt HTTP/1.0" 404 275 "-" "SBIder/SBIder-0.8.2-dev (http://www.sitesell.com/sbider.html)" "www.roomfurnish.com"
64.34.145.200 - - [26/Feb/2008:20:59:32 -0800] "GET /g-1637c.html HTTP/1.0" 404 275 "-" "SBIder/SBIder-0.8.2-dev (http://www.sitesell.com/sbider.html)" "www.roomfurnish.com"
64.34.145.200 - - [26/Feb/2008:20:59:35 -0800] "GET /g-1353ac.html HTTP/1.0" 404 275 "-" "SBIder/SBIder-0.8.2-dev (http://www.sitesell.com/sbider.html)" "www.roomfurnish.com"
64.34.145.197 - - [26/Feb/2008:23:29:03 -0800] "GET /robots.txt HTTP/1.0" 404 275 "-" "SBIder/SBIder-0.8.2-dev (http://www.sitesell.com/sbider.html)" "www.roomfurnish.com"
64.34.145.197 - - [26/Feb/2008:23:29:03 -0800] "GET /272molisofa.html HTTP/1.0" 404 275 "-" "SBIder/SBIder-0.8.2-dev (http://www.sitesell.com/sbider.html)" "www.roomfurnish.com"
64.34.145.197 - - [26/Feb/2008:23:30:14 -0800] "GET /b03sellasofa.html HTTP/1.0" 404 275 "-" "SBIder/SBIder-0.8.2-dev (http://www.sitesell.com/sbider.html)" "www.roomfurnish.com"
61.247.219.45 - - [27/Feb/2008:00:33:04 -0800] "GET /robots.txt HTTP/1.1" 404 275 "-" "Yeti/0.01 (nhn/1noon, yetibot@naver.com, check robots.txt daily and follow it)" "roomfurnish.com"
61.247.219.45 - - [27/Feb/2008:00:33:04 -0800] "GET / HTTP/1.1" 200 1315 "-" "Yeti/0.01 (nhn/1noon, yetibot@naver.com, check robots.txt daily and follow it)" "roomfurnish.com"
61.247.217.39 - - [27/Feb/2008:02:30:59 -0800] "GET /robots.txt HTTP/1.1" 404 275 "-" "Yeti/0.01 (nhn/1noon, yetibot@naver.com, check robots.txt daily and follow it)" "roomfurnish.com"
61.247.217.39 - - [27/Feb/2008:02:31:00 -0800] "GET / HTTP/1.1" 200 1315 "-" "Yeti/0.01 (nhn/1noon, yetibot@naver.com, check robots.txt daily and follow it)" "roomfurnish.com"
64.34.145.199 - - [27/Feb/2008:03:30:01 -0800] "GET /robots.txt HTTP/1.0" 404 275 "-" "SBIder/SBIder-0.8.2-dev (http://www.sitesell.com/sbider.html)" "www.roomfurnish.com"
64.34.145.199 - - [27/Feb/2008:03:30:01 -0800] "GET /g-1652l.html HTTP/1.0" 404 275 "-" "SBIder/SBIder-0.8.2-dev (http://www.sitesell.com/sbider.html)" "www.roomfurnish.com"
64.34.145.197 - - [27/Feb/2008:04:45:35 -0800] "GET /robots.txt HTTP/1.0" 404 275 "-" "SBIder/SBIder-0.8.2-dev (http://www.sitesell.com/sbider.html)" "www.roomfurnish.com"
64.34.145.197 - - [27/Feb/2008:04:45:35 -0800] "GET /282misanosofa.html HTTP/1.0" 404 275 "-" "SBIder/SBIder-0.8.2-dev (http://www.sitesell.com/sbider.html)" "www.roomfurnish.com"
67.152.29.130 - - [27/Feb/2008:05:42:27 -0800] "GET /robots.txt HTTP/1.1" 404 275 "-" "ShopWiki/1.0 ( +http://www.shopwiki.com/wiki/Help:Bot)" "www.roomfurnish.com"
67.152.29.130 - - [27/Feb/2008:05:42:27 -0800] "GET / HTTP/1.1" 200 1315 "-" "ShopWiki/1.0 ( +http://www.shopwiki.com/wiki/Help:Bot)" "www.roomfurnish.com"
67.152.29.130 - - [27/Feb/2008:05:42:45 -0800] "GET / HTTP/1.1" 200 1315 "-" "ShopWiki/1.0 ( +http://www.shopwiki.com/wiki/Help:Bot)" "www.roomfurnish.com"
64.34.145.199 - - [27/Feb/2008:05:56:39 -0800] "GET /robots.txt HTTP/1.0" 404 275 "-" "SBIder/SBIder-0.8.2-dev (http://www.sitesell.com/sbider.html)" "www.roomfurnish.com"
64.34.145.199 - - [27/Feb/2008:05:56:39 -0800] "GET /a53.html HTTP/1.0" 404 275 "-" "SBIder/SBIder-0.8.2-dev (http://www.sitesell.com/sbider.html)" "www.roomfurnish.com"
64.34.145.199 - - [27/Feb/2008:06:00:15 -0800] "GET /347licenzasofa.html HTTP/1.0" 404 275 "-" "SBIder/SBIder-0.8.2-dev (http://www.sitesell.com/sbider.html)" "www.roomfurnish.com"
64.34.145.201 - - [27/Feb/2008:07:13:27 -0800] "GET /robots.txt HTTP/1.0" 404 275 "-" "SBIder/SBIder-0.8.2-dev (http://www.sitesell.com/sbider.html)" "www.roomfurnish.com"
64.34.145.201 - - [27/Feb/2008:07:13:27 -0800] "GET /baxter.html HTTP/1.0" 404 275 "-" "SBIder/SBIder-0.8.2-dev (http://www.sitesell.com/sbider.html)" "www.roomfurnish.com"
64.34.145.201 - - [27/Feb/2008:07:16:03 -0800] "GET /b387dolosofa.html HTTP/1.0" 404 275 "-" "SBIder/SBIder-0.8.2-dev (http://www.sitesell.com/sbider.html)" "www.roomfurnish.com"
207.68.146.169 - - [27/Feb/2008:08:56:04 -0800] "GET /robots.txt HTTP/1.0" 404 275 "-" "msnbot-Products/1.0 (+http://search.msn.com/msnbot.htm)" "www.roomfurnish.com"
207.68.146.169 - - [27/Feb/2008:08:56:04 -0800] "GET / HTTP/1.0" 200 1315 "-" "msnbot-Products/1.0 (+http://search.msn.com/msnbot.htm)" "www.roomfurnish.com"
64.34.145.199 - - [27/Feb/2008:09:57:08 -0800] "GET /robots.txt HTTP/1.0" 404 275 "-" "SBIder/SBIder-0.8.2-dev (http://www.sitesell.com/sbider.html)" "www.roomfurnish.com"
64.34.145.199 - - [27/Feb/2008:09:57:08 -0800] "GET /g-1501l.html HTTP/1.0" 404 275 "-" "SBIder/SBIder-0.8.2-dev (http://www.sitesell.com/sbider.html)" "www.roomfurnish.com"
74.6.28.28 - - [27/Feb/2008:10:06:12 -0800] "GET /robots.txt HTTP/1.0" 404 275 "-" "Mozilla/5.0 (compatible; Yahoo! Slurp; http://help.yahoo.com/help/us/ysearch/slurp)" "roomfurnish.com"
74.6.28.218 - - [27/Feb/2008:10:06:12 -0800] "GET /s-878.html HTTP/1.0" 404 275 "-" "Mozilla/5.0 (compatible; Yahoo! Slurp; http://help.yahoo.com/help/us/ysearch/slurp)" "roomfurnish.com"
64.34.145.199 - - [27/Feb/2008:11:14:28 -0800] "GET /robots.txt HTTP/1.0" 404 275 "-" "SBIder/SBIder-0.8.2-dev (http://www.sitesell.com/sbider.html)" "www.roomfurnish.com"
64.34.145.199 - - [27/Feb/2008:11:14:28 -0800] "GET /hospbl.html HTTP/1.0" 404 275 "-" "SBIder/SBIder-0.8.2-dev (http://www.sitesell.com/sbider.html)" "www.roomfurnish.com"
64.34.145.199 - - [27/Feb/2008:11:15:33 -0800] "GET /289minervasofa.html HTTP/1.0" 404 275 "-" "SBIder/SBIder-0.8.2-dev (http://www.sitesell.com/sbider.html)" "www.roomfurnish.com"
74.6.25.224 - - [27/Feb/2008:12:26:07 -0800] "GET /robots.txt HTTP/1.0" 404 275 "-" "Mozilla/5.0 (compatible; Yahoo! Slurp; http://help.yahoo.com/help/us/ysearch/slurp)" "www.roomfurnish.com"
74.6.31.164 - - [27/Feb/2008:12:26:07 -0800] "GET / HTTP/1.0" 200 1315 "-" "Mozilla/5.0 (compatible; Yahoo! DE Slurp; http://help.yahoo.com/help/us/ysearch/slurp)" "www.roomfurnish.com"
65.214.45.130 - - [27/Feb/2008:14:15:37 -0800] "GET /robots.txt HTTP/1.0" 404 275 "-" "Mozilla/5.0 (compatible; Ask Jeeves/Teoma; +http://about.ask.com/en/docs/about/webmasters.shtml)" "www.roomfurnish.com"
65.214.45.130 - - [27/Feb/2008:14:15:37 -0800] "GET /g-1627c.html HTTP/1.0" 404 275 "-" "Mozilla/5.0 (compatible; Ask Jeeves/Teoma; +http://about.ask.com/en/docs/about/webmasters.shtml)" "www.roomfurnish.com"
66.249.73.115 - - [27/Feb/2008:15:43:00 -0800] "GET /robots.txt HTTP/1.1" 404 275 "-" "Mozilla/5.0 (compatible; Googlebot/2.1; +http://www.google.com/bot.html)" "www.roomfurnish.com"
66.249.73.115 - - [27/Feb/2008:15:43:00 -0800] "GET / HTTP/1.1" 304 - "-" "Mozilla/5.0 (compatible; Googlebot/2.1; +http://www.google.com/bot.html)" "www.roomfurnish.com"
217.72.81.16 - - [27/Feb/2008:15:55:26 -0800] "GET / HTTP/1.0" 200 1315 "-" "Mozilla/4.0 (compatible; MSIE 7.0; Windows NT 5.1; .NET CLR 2.0.50727; .NET CLR 1.1.4322)" "www.roomfurnish.com"
64.34.145.201 - - [27/Feb/2008:16:43:20 -0800] "GET /robots.txt HTTP/1.0" 404 275 "-" "SBIder/SBIder-0.8.2-dev (http://www.sitesell.com/sbider.html)" "www.roomfurnish.com"
64.34.145.201 - - [27/Feb/2008:16:43:20 -0800] "GET /g-1666.html HTTP/1.0" 404 275 "-" "SBIder/SBIder-0.8.2-dev (http://www.sitesell.com/sbider.html)" "www.roomfurnish.com"
74.6.29.28 - - [27/Feb/2008:17:01:11 -0800] "GET /lb-15.html HTTP/1.0" 404 275 "-" "Mozilla/5.0 (compatible; Yahoo! Slurp; http://help.yahoo.com/help/us/ysearch/slurp)" "roomfurnish.com"
67.195.34.92 - - [27/Feb/2008:17:28:46 -0800] "GET / HTTP/1.0" 200 1315 "-" "Mozilla/5.0 (compatible; Yahoo! DE Slurp; http://help.yahoo.com/help/us/ysearch/slurp)" "www.roomfurnish.com"
64.34.145.197 - - [27/Feb/2008:17:57:10 -0800] "GET /robots.txt HTTP/1.0" 404 275 "-" "SBIder/SBIder-0.8.2-dev (http://www.sitesell.com/sbider.html)" "www.roomfurnish.com"
64.34.145.197 - - [27/Feb/2008:17:57:10 -0800] "GET /g-1627s.html HTTP/1.0" 404 275 "-" "SBIder/SBIder-0.8.2-dev (http://www.sitesell.com/sbider.html)" "www.roomfurnish.com"
65.214.45.130 - - [27/Feb/2008:18:43:09 -0800] "GET /robots.txt HTTP/1.0" 404 275 "-" "Mozilla/5.0 (compatible; Ask Jeeves/Teoma; +http://about.ask.com/en/docs/about/webmasters.shtml)" "roomfurnish.com"
65.214.45.130 - - [27/Feb/2008:18:43:10 -0800] "GET /g-1927.html HTTP/1.0" 404 275 "-" "Mozilla/5.0 (compatible; Ask Jeeves/Teoma; +http://about.ask.com/en/docs/about/webmasters.shtml)" "roomfurnish.com"
65.214.45.130 - - [27/Feb/2008:20:45:04 -0800] "GET /roomfurnish/g02sicilychair.html HTTP/1.0" 404 275 "-" "Mozilla/5.0 (compatible; Ask Jeeves/Teoma; +http://about.ask.com/en/docs/about/webmasters.shtml)" "www.roomfurnish.com"
65.214.45.130 - - [27/Feb/2008:23:33:20 -0800] "GET /a46.html HTTP/1.0" 404 275 "-" "Mozilla/5.0 (compatible; Ask Jeeves/Teoma; +http://about.ask.com/en/docs/about/webmasters.shtml)" "www.roomfurnish.com"
66.249.73.115 - - [27/Feb/2008:23:46:25 -0800] "GET / HTTP/1.1" 200 1315 "-" "Mozilla/5.0 (compatible; Googlebot/2.1; +http://www.google.com/bot.html)" "www.roomfurnish.com"
66.249.73.115 - - [28/Feb/2008:01:59:10 -0800] "GET /robots.txt HTTP/1.1" 404 275 "-" "Mozilla/5.0 (compatible; Googlebot/2.1; +http://www.google.com/bot.html)" "roomfurnish.com"
66.249.73.115 - - [28/Feb/2008:01:59:10 -0800] "GET /index.html HTTP/1.1" 304 - "-" "Mozilla/5.0 (compatible; Googlebot/2.1; +http://www.google.com/bot.html)" "roomfurnish.com"
207.126.224.241 - - [28/Feb/2008:02:24:58 -0800] "GET / HTTP/1.0" 200 1315 "-" "Mozilla/4.05 [en]" "www.roomfurnish.com"
64.34.145.200 - - [28/Feb/2008:02:29:36 -0800] "GET /robots.txt HTTP/1.0" 404 275 "-" "SBIder/SBIder-0.8.2-dev (http://www.sitesell.com/sbider.html)" "www.roomfurnish.com"
64.34.145.200 - - [28/Feb/2008:02:29:36 -0800] "GET /g-1559l.html HTTP/1.0" 404 275 "-" "SBIder/SBIder-0.8.2-dev (http://www.sitesell.com/sbider.html)" "www.roomfurnish.com"
64.34.145.198 - - [28/Feb/2008:03:46:59 -0800] "GET /robots.txt HTTP/1.0" 404 275 "-" "SBIder/SBIder-0.8.2-dev (http://www.sitesell.com/sbider.html)" "www.roomfurnish.com"
64.34.145.198 - - [28/Feb/2008:03:46:59 -0800] "GET /221almosofa.html HTTP/1.0" 404 275 "-" "SBIder/SBIder-0.8.2-dev (http://www.sitesell.com/sbider.html)" "www.roomfurnish.com"
64.34.145.197 - - [28/Feb/2008:05:22:41 -0800] "GET /robots.txt HTTP/1.0" 404 275 "-" "SBIder/SBIder-0.8.2-dev (http://www.sitesell.com/sbider.html)" "www.roomfurnish.com"
64.34.145.197 - - [28/Feb/2008:05:22:41 -0800] "GET /g-1984.html HTTP/1.0" 404 275 "-" "SBIder/SBIder-0.8.2-dev (http://www.sitesell.com/sbider.html)" "www.roomfurnish.com"
67.152.29.130 - - [28/Feb/2008:06:16:20 -0800] "GET / HTTP/1.1" 200 1315 "-" "ShopWiki/1.0 ( +http://www.shopwiki.com/wiki/Help:Bot)" "www.roomfurnish.com"
67.152.29.130 - - [28/Feb/2008:06:16:20 -0800] "GET /sitemap.html HTTP/1.1" 404 275 "-" "ShopWiki/1.0 ( +http://www.shopwiki.com/wiki/Help:Bot)" "www.roomfurnish.com"
67.152.29.130 - - [28/Feb/2008:06:16:21 -0800] "GET / HTTP/1.1" 200 1315 "-" "ShopWiki/1.0 ( +http://www.shopwiki.com/wiki/Help:Bot)" "www.roomfurnish.com"
66.249.73.115 - - [28/Feb/2008:07:15:33 -0800] "GET / HTTP/1.1" 200 1315 "-" "Mozilla/5.0 (compatible; Googlebot/2.1; +http://www.google.com/bot.html)" "roomfurnish.com"
81.52.143.16 - - [28/Feb/2008:09:36:37 -0800] "GET /robots.txt HTTP/1.1" 404 275 "-" "Mozilla/5.0 (Windows; U; Windows NT 5.1; fr; rv:1.8.1) VoilaBot BETA 1.2 (http://www.voila.com/)" "www.roomfurnish.com"
69.95.21.130 - - [28/Feb/2008:12:28:18 -0800] "GET / HTTP/1.1" 200 1315 "http://www.alexa.com/data/details/related_links/homereserve.com" "Mozilla/4.0 (compatible; MSIE 7.0; Windows NT 5.1; .NET CLR 1.0.3705)" "www.roomfurnish.com"
69.95.21.130 - - [28/Feb/2008:12:28:22 -0800] "GET /favicon.ico HTTP/1.1" 404 275 "-" "Mozilla/4.0 (compatible; MSIE 7.0; Windows NT 5.1; .NET CLR 1.0.3705)" "www.roomfurnish.com"
69.95.21.130 - - [28/Feb/2008:12:28:23 -0800] "GET /favicon.ico HTTP/1.1" 404 275 "-" "Mozilla/5.0 (compatible; Google Desktop)" "www.roomfurnish.com"
74.6.25.224 - - [28/Feb/2008:12:50:13 -0800] "GET /robots.txt HTTP/1.0" 404 275 "-" "Mozilla/5.0 (compatible; Yahoo! Slurp; http://help.yahoo.com/help/us/ysearch/slurp)" "www.roomfurnish.com"
74.6.31.164 - - [28/Feb/2008:12:50:13 -0800] "GET / HTTP/1.0" 200 1315 "-" "Mozilla/5.0 (compatible; Yahoo! DE Slurp; http://help.yahoo.com/help/us/ysearch/slurp)" "www.roomfurnish.com"
64.1.215.165 - - [28/Feb/2008:12:56:34 -0800] "GET /robots.txt HTTP/1.0" 404 275 "-" "Mozilla/5.0 (Twiceler-0.9 http://www.cuill.com/twiceler/robot.html)" "roomfurnish.com"
208.36.144.10 - - [28/Feb/2008:13:34:17 -0800] "GET /robots.txt HTTP/1.0" 404 275 "-" "Mozilla/5.0 (Twiceler-0.9 http://www.cuill.com/twiceler/robot.html)" "www.roomfurnish.com"
65.214.45.49 - - [28/Feb/2008:17:05:43 -0800] "GET /robots.txt HTTP/1.0" 404 275 "-" "Mozilla/2.0 (compatible; Ask Jeeves/Teoma; +http://about.ask.com/en/docs/about/webmasters.shtml)" "www.roomfurnish.com"
65.214.45.49 - - [28/Feb/2008:17:05:44 -0800] "GET /g-1615l.html HTTP/1.0" 404 275 "-" "Mozilla/2.0 (compatible; Ask Jeeves/Teoma; +http://about.ask.com/en/docs/about/webmasters.shtml)" "www.roomfurnish.com"
74.6.25.224 - - [28/Feb/2008:17:34:57 -0800] "GET /robots.txt HTTP/1.0" 404 275 "-" "Mozilla/5.0 (compatible; Yahoo! Slurp; http://help.yahoo.com/help/us/ysearch/slurp)" "www.roomfurnish.com"
67.195.34.92 - - [28/Feb/2008:17:34:58 -0800] "GET / HTTP/1.0" 200 1315 "-" "Mozilla/5.0 (compatible; Yahoo! DE Slurp; http://help.yahoo.com/help/us/ysearch/slurp)" "www.roomfurnish.com"
193.252.149.16 - - [28/Feb/2008:20:48:53 -0800] "GET /robots.txt HTTP/1.1" 404 275 "-" "Mozilla/5.0 (Windows; U; Windows NT 5.1; fr; rv:1.8.1) VoilaBot BETA 1.2 (http://www.voila.com/)" "www.roomfurnish.com"
193.252.149.16 - - [28/Feb/2008:20:49:01 -0800] "GET / HTTP/1.1" 200 1315 "-" "Mozilla/5.0 (Windows; U; Windows NT 5.1; fr; rv:1.8.1) VoilaBot BETA 1.2 (http://www.voila.com/)" "www.roomfurnish.com"
209.172.48.57 - - [28/Feb/2008:21:18:05 -0800] "GET / HTTP/1.0" 200 1315 "-" "Mozilla/4.0 (compatible; MSIE 7.0; Windows NT 5.1; .NET CLR 2.0.50727; .NET CLR 1.1.4322)" "roomfurnish.com"
202.179.180.45 - - [29/Feb/2008:02:30:21 -0800] "GET /robots.txt HTTP/1.1" 404 275 "-" "Mozilla/4.0 (compatible; NaverBot/1.0; http://help.naver.com/delete_main.asp)" "roomfurnish.com"
202.179.180.45 - - [29/Feb/2008:02:30:22 -0800] "GET / HTTP/1.1" 200 1315 "-" "Mozilla/4.0 (compatible; NaverBot/1.0; http://help.naver.com/delete_main.asp)" "roomfurnish.com"
74.6.28.28 - - [29/Feb/2008:07:25:06 -0800] "GET /robots.txt HTTP/1.0" 404 275 "-" "Mozilla/5.0 (compatible; Yahoo! Slurp; http://help.yahoo.com/help/us/ysearch/slurp)" "roomfurnish.com"
74.6.25.22 - - [29/Feb/2008:07:25:07 -0800] "GET /cu.html HTTP/1.0" 404 275 "-" "Mozilla/5.0 (compatible; Yahoo! Slurp; http://help.yahoo.com/help/us/ysearch/slurp)" "roomfurnish.com"
72.36.114.231 - - [29/Feb/2008:07:52:15 -0800] "GET /robots.txt HTTP/1.0" 404 275 "-" "NutchCVS (Nutch; http://lucene.apache.org/nutch/bot.html; nutch-agent@lucene.apache.org)" "roomfurnish.com"
88.131.106.12 - - [29/Feb/2008:08:03:17 -0800] "GET /robots.txt HTTP/1.0" 404 275 "-" "Speedy Spider (http://www.entireweb.com/about/search_tech/speedy_spider/)" "roomfurnish.com"
88.131.106.12 - - [29/Feb/2008:08:03:17 -0800] "GET /luseso.html HTTP/1.0" 404 275 "-" "Speedy Spider (http://www.entireweb.com/about/search_tech/speedy_spider/)" "roomfurnish.com"
68.142.212.195 - - [29/Feb/2008:08:03:59 -0800] "GET /robots.txt HTTP/1.0" 404 275 "-" "Yahoo-MMCrawler/3.x (mms dash mmcrawler dash support at yahoo dash inc dot com)" "www.roomfurnish.com"
88.131.106.12 - - [29/Feb/2008:08:04:01 -0800] "GET /clleso.html HTTP/1.0" 404 275 "-" "Speedy Spider (http://www.entireweb.com/about/search_tech/speedy_spider/)" "roomfurnish.com"
88.131.106.12 - - [29/Feb/2008:08:04:27 -0800] "GET /b3riso.html HTTP/1.0" 404 275 "-" "Speedy Spider (http://www.entireweb.com/about/search_tech/speedy_spider/)" "roomfurnish.com"
88.131.106.12 - - [29/Feb/2008:09:19:01 -0800] "GET /robots.txt HTTP/1.0" 404 275 "-" "Speedy Spider (http://www.entireweb.com/about/search_tech/speedy_spider/)" "www.roomfurnish.com"
88.131.106.12 - - [29/Feb/2008:09:19:01 -0800] "GET /a40.html HTTP/1.0" 404 275 "-" "Speedy Spider (http://www.entireweb.com/about/search_tech/speedy_spider/)" "www.roomfurnish.com"
88.131.106.12 - - [29/Feb/2008:09:19:04 -0800] "GET /g-2041.html HTTP/1.0" 404 275 "-" "Speedy Spider (http://www.entireweb.com/about/search_tech/speedy_spider/)" "roomfurnish.com"
88.131.106.12 - - [29/Feb/2008:09:28:44 -0800] "GET /g-2040.html HTTP/1.0" 404 275 "-" "Speedy Spider (http://www.entireweb.com/about/search_tech/speedy_spider/)" "roomfurnish.com"
88.131.106.12 - - [29/Feb/2008:09:31:38 -0800] "GET /291pompeisofa.html HTTP/1.0" 404 275 "-" "Speedy Spider (http://www.entireweb.com/about/search_tech/speedy_spider/)" "roomfurnish.com"
88.131.106.12 - - [29/Feb/2008:09:35:19 -0800] "GET /boldsofagroup.html HTTP/1.0" 404 275 "-" "Speedy Spider (http://www.entireweb.com/about/search_tech/speedy_spider/)" "roomfurnish.com"
88.131.106.12 - - [29/Feb/2008:09:37:50 -0800] "GET /g-2043.html HTTP/1.0" 404 275 "-" "Speedy Spider (http://www.entireweb.com/about/search_tech/speedy_spider/)" "roomfurnish.com"
88.131.106.12 - - [29/Feb/2008:09:40:48 -0800] "GET /323pisasofa.html HTTP/1.0" 404 275 "-" "Speedy Spider (http://www.entireweb.com/about/search_tech/speedy_spider/)" "roomfurnish.com"
88.131.106.12 - - [29/Feb/2008:09:46:34 -0800] "GET /a41.html HTTP/1.0" 404 275 "-" "Speedy Spider (http://www.entireweb.com/about/search_tech/speedy_spider/)" "www.roomfurnish.com"
88.131.106.12 - - [29/Feb/2008:09:46:38 -0800] "GET /g-1942.html HTTP/1.0" 404 275 "-" "Speedy Spider (http://www.entireweb.com/about/search_tech/speedy_spider/)" "roomfurnish.com"
88.131.106.12 - - [29/Feb/2008:09:53:52 -0800] "GET /342elenasofa.html HTTP/1.0" 404 275 "-" "Speedy Spider (http://www.entireweb.com/about/search_tech/speedy_spider/)" "roomfurnish.com"
88.131.106.12 - - [29/Feb/2008:09:54:33 -0800] "GET /a44.html HTTP/1.0" 404 275 "-" "Speedy Spider (http://www.entireweb.com/about/search_tech/speedy_spider/)" "www.roomfurnish.com"
88.131.106.12 - - [29/Feb/2008:09:54:37 -0800] "GET /g-1885.html HTTP/1.0" 404 275 "-" "Speedy Spider (http://www.entireweb.com/about/search_tech/speedy_spider/)" "roomfurnish.com"
74.6.25.224 - - [29/Feb/2008:13:56:03 -0800] "GET /robots.txt HTTP/1.0" 404 275 "-" "Mozilla/5.0 (compatible; Yahoo! Slurp; http://help.yahoo.com/help/us/ysearch/slurp)" "www.roomfurnish.com"
74.6.31.164 - - [29/Feb/2008:13:56:03 -0800] "GET / HTTP/1.0" 200 1315 "-" "Mozilla/5.0 (compatible; Yahoo! DE Slurp; http://help.yahoo.com/help/us/ysearch/slurp)" "www.roomfurnish.com"
193.47.80.40 - - [29/Feb/2008:15:32:41 -0800] "GET /robots.txt HTTP/1.1" 404 275 "-" "Mozilla/5.0 (compatible; Exabot/3.0; +http://www.exabot.com/go/robot)" "roomfurnish.com"
193.47.80.40 - - [29/Feb/2008:15:32:42 -0800] "GET / HTTP/1.1" 304 - "-" "Mozilla/5.0 (compatible; Exabot/3.0; +http://www.exabot.com/go/robot)" "roomfurnish.com"
64.34.145.199 - - [29/Feb/2008:15:37:20 -0800] "GET /robots.txt HTTP/1.0" 404 275 "-" "SBIder/SBIder-0.8.2-dev (http://www.sitesell.com/sbider.html)" "www.roomfurnish.com"
64.34.145.199 - - [29/Feb/2008:15:37:21 -0800] "GET /g-1624s.html HTTP/1.0" 404 275 "-" "SBIder/SBIder-0.8.2-dev (http://www.sitesell.com/sbider.html)" "www.roomfurnish.com"