64.208.172.180 - - [26/Mar/2008:11:14:12 -0700] "GET / HTTP/1.0" 200 1315 "-" "ia_archiver" "roomfurnish.com"
65.214.45.130 - - [26/Mar/2008:12:16:46 -0700] "GET /orfrro.html HTTP/1.0" 404 275 "-" "Mozilla/5.0 (compatible; Ask Jeeves/Teoma; +http://about.ask.com/en/docs/about/webmasters.shtml)" "www.roomfurnish.com"
65.214.45.130 - - [26/Mar/2008:12:53:25 -0700] "GET /g-1615l.html HTTP/1.0" 404 275 "-" "Mozilla/5.0 (compatible; Ask Jeeves/Teoma; +http://about.ask.com/en/docs/about/webmasters.shtml)" "www.roomfurnish.com"
74.6.30.226 - - [26/Mar/2008:13:09:21 -0700] "GET /robots.txt HTTP/1.0" 404 275 "-" "Mozilla/5.0 (compatible; Yahoo! Slurp; http://help.yahoo.com/help/us/ysearch/slurp)" "www.roomfurnish.com"
74.6.31.164 - - [26/Mar/2008:13:09:21 -0700] "GET / HTTP/1.0" 200 1315 "-" "Mozilla/5.0 (compatible; Yahoo! DE Slurp; http://help.yahoo.com/help/us/ysearch/slurp)" "www.roomfurnish.com"
61.247.217.36 - - [26/Mar/2008:14:10:53 -0700] "GET /robots.txt HTTP/1.1" 404 275 "-" "Yeti/1.0 (+http://help.naver.com/robots/)" "roomfurnish.com"
61.247.217.36 - - [26/Mar/2008:14:10:53 -0700] "GET / HTTP/1.1" 200 1315 "-" "Yeti/1.0 (+http://help.naver.com/robots/)" "roomfurnish.com"
88.131.106.12 - - [26/Mar/2008:14:44:38 -0700] "GET /robots.txt HTTP/1.0" 404 275 "-" "Speedy Spider (http://www.entireweb.com/about/search_tech/speedy_spider/)" "roomfurnish.com"
88.131.106.12 - - [26/Mar/2008:14:45:15 -0700] "GET /sectionalgroup.html HTTP/1.0" 404 275 "-" "Speedy Spider (http://www.entireweb.com/about/search_tech/speedy_spider/)" "roomfurnish.com"
88.131.106.12 - - [26/Mar/2008:15:53:33 -0700] "GET /robots.txt HTTP/1.0" 404 275 "-" "Speedy Spider (http://www.entireweb.com/about/search_tech/speedy_spider/)" "www.roomfurnish.com"
88.131.106.12 - - [26/Mar/2008:15:53:33 -0700] "GET /a40.html HTTP/1.0" 404 275 "-" "Speedy Spider (http://www.entireweb.com/about/search_tech/speedy_spider/)" "www.roomfurnish.com"
88.131.106.12 - - [26/Mar/2008:15:53:35 -0700] "GET /g-2041.html HTTP/1.0" 404 275 "-" "Speedy Spider (http://www.entireweb.com/about/search_tech/speedy_spider/)" "roomfurnish.com"
88.131.106.12 - - [26/Mar/2008:15:59:54 -0700] "GET /g-2040.html HTTP/1.0" 404 275 "-" "Speedy Spider (http://www.entireweb.com/about/search_tech/speedy_spider/)" "roomfurnish.com"
88.131.106.12 - - [26/Mar/2008:16:01:51 -0700] "GET /291pompeisofa.html HTTP/1.0" 404 275 "-" "Speedy Spider (http://www.entireweb.com/about/search_tech/speedy_spider/)" "roomfurnish.com"
61.247.221.49 - - [26/Mar/2008:16:39:38 -0700] "GET /robots.txt HTTP/1.1" 404 275 "-" "Yeti/1.0 (+http://help.naver.com/robots/)" "roomfurnish.com"
61.247.221.49 - - [26/Mar/2008:16:39:39 -0700] "GET / HTTP/1.1" 200 1315 "-" "Yeti/1.0 (+http://help.naver.com/robots/)" "roomfurnish.com"
65.214.45.130 - - [26/Mar/2008:17:00:23 -0700] "GET /g-1639s.html HTTP/1.0" 404 275 "-" "Mozilla/5.0 (compatible; Ask Jeeves/Teoma; +http://about.ask.com/en/docs/about/webmasters.shtml)" "www.roomfurnish.com"
65.214.45.130 - - [26/Mar/2008:21:31:39 -0700] "GET /g-1343c.html HTTP/1.0" 404 275 "-" "Mozilla/5.0 (compatible; Ask Jeeves/Teoma; +http://about.ask.com/en/docs/about/webmasters.shtml)" "www.roomfurnish.com"
88.131.106.12 - - [26/Mar/2008:22:05:08 -0700] "GET /robots.txt HTTP/1.0" 404 275 "-" "Speedy Spider (http://www.entireweb.com/about/search_tech/speedy_spider/)" "roomfurnish.com"
88.131.106.12 - - [26/Mar/2008:22:05:08 -0700] "GET /g-1941.html HTTP/1.0" 404 275 "-" "Speedy Spider (http://www.entireweb.com/about/search_tech/speedy_spider/)" "roomfurnish.com"
88.131.106.12 - - [26/Mar/2008:22:06:17 -0700] "GET /g-1980.html HTTP/1.0" 404 275 "-" "Speedy Spider (http://www.entireweb.com/about/search_tech/speedy_spider/)" "roomfurnish.com"
88.131.106.12 - - [26/Mar/2008:22:11:08 -0700] "GET /boldsofagroup.html HTTP/1.0" 404 275 "-" "Speedy Spider (http://www.entireweb.com/about/search_tech/speedy_spider/)" "roomfurnish.com"
88.131.106.12 - - [26/Mar/2008:22:11:28 -0700] "GET /g-2043.html HTTP/1.0" 404 275 "-" "Speedy Spider (http://www.entireweb.com/about/search_tech/speedy_spider/)" "roomfurnish.com"
88.131.106.12 - - [26/Mar/2008:22:13:38 -0700] "GET /323pisasofa.html HTTP/1.0" 404 275 "-" "Speedy Spider (http://www.entireweb.com/about/search_tech/speedy_spider/)" "roomfurnish.com"
88.131.106.12 - - [26/Mar/2008:22:18:17 -0700] "GET /robots.txt HTTP/1.0" 404 275 "-" "Speedy Spider (http://www.entireweb.com/about/search_tech/speedy_spider/)" "www.roomfurnish.com"
88.131.106.12 - - [26/Mar/2008:22:18:18 -0700] "GET /g-1942.html HTTP/1.0" 404 275 "-" "Speedy Spider (http://www.entireweb.com/about/search_tech/speedy_spider/)" "roomfurnish.com"
88.131.106.12 - - [26/Mar/2008:22:18:21 -0700] "GET /a41.html HTTP/1.0" 404 275 "-" "Speedy Spider (http://www.entireweb.com/about/search_tech/speedy_spider/)" "www.roomfurnish.com"
88.131.106.12 - - [26/Mar/2008:22:24:24 -0700] "GET /342elenasofa.html HTTP/1.0" 404 275 "-" "Speedy Spider (http://www.entireweb.com/about/search_tech/speedy_spider/)" "roomfurnish.com"
88.131.106.12 - - [26/Mar/2008:22:25:04 -0700] "GET /a44.html HTTP/1.0" 404 275 "-" "Speedy Spider (http://www.entireweb.com/about/search_tech/speedy_spider/)" "www.roomfurnish.com"
88.131.106.12 - - [26/Mar/2008:22:25:07 -0700] "GET /g-1885.html HTTP/1.0" 404 275 "-" "Speedy Spider (http://www.entireweb.com/about/search_tech/speedy_spider/)" "roomfurnish.com"
88.131.106.12 - - [26/Mar/2008:22:31:39 -0700] "GET /g-1844.html HTTP/1.0" 404 275 "-" "Speedy Spider (http://www.entireweb.com/about/search_tech/speedy_spider/)" "roomfurnish.com"
88.131.106.12 - - [26/Mar/2008:22:37:31 -0700] "GET /a46.html HTTP/1.0" 404 275 "-" "Speedy Spider (http://www.entireweb.com/about/search_tech/speedy_spider/)" "www.roomfurnish.com"
88.131.106.12 - - [26/Mar/2008:22:37:34 -0700] "GET /g-1847.html HTTP/1.0" 404 275 "-" "Speedy Spider (http://www.entireweb.com/about/search_tech/speedy_spider/)" "roomfurnish.com"
88.131.106.12 - - [26/Mar/2008:22:52:24 -0700] "GET /287minitasofa.html HTTP/1.0" 404 275 "-" "Speedy Spider (http://www.entireweb.com/about/search_tech/speedy_spider/)" "roomfurnish.com"
88.131.106.12 - - [26/Mar/2008:22:54:26 -0700] "GET /a45.html HTTP/1.0" 404 275 "-" "Speedy Spider (http://www.entireweb.com/about/search_tech/speedy_spider/)" "www.roomfurnish.com"
88.131.106.12 - - [26/Mar/2008:22:54:38 -0700] "GET /g-1886.html HTTP/1.0" 404 275 "-" "Speedy Spider (http://www.entireweb.com/about/search_tech/speedy_spider/)" "roomfurnish.com"
88.131.106.12 - - [26/Mar/2008:23:16:57 -0700] "GET /a48.html HTTP/1.0" 404 275 "-" "Speedy Spider (http://www.entireweb.com/about/search_tech/speedy_spider/)" "www.roomfurnish.com"
88.131.106.12 - - [26/Mar/2008:23:17:09 -0700] "GET /g-1849.html HTTP/1.0" 404 275 "-" "Speedy Spider (http://www.entireweb.com/about/search_tech/speedy_spider/)" "roomfurnish.com"
88.131.106.12 - - [26/Mar/2008:23:39:34 -0700] "GET /g-1848.html HTTP/1.0" 404 275 "-" "Speedy Spider (http://www.entireweb.com/about/search_tech/speedy_spider/)" "roomfurnish.com"
65.214.45.130 - - [26/Mar/2008:23:52:43 -0700] "GET /robots.txt HTTP/1.0" 404 275 "-" "Mozilla/5.0 (compatible; Ask Jeeves/Teoma; +http://about.ask.com/en/docs/about/webmasters.shtml)" "www.roomfurnish.com"
65.214.45.130 - - [26/Mar/2008:23:52:44 -0700] "GET /g-1524l.html HTTP/1.0" 404 275 "-" "Mozilla/5.0 (compatible; Ask Jeeves/Teoma; +http://about.ask.com/en/docs/about/webmasters.shtml)" "www.roomfurnish.com"
208.80.193.39 - - [27/Mar/2008:00:52:24 -0700] "GET / HTTP/1.1" 200 1315 "-" "Mozilla/4.0 (compatible; MSIE 7.0; Windows NT 5.1; E-nrgyPlus; dial; .NET CLR 1.0.3705)" "www.roomfurnish.com"
208.80.193.39 - - [27/Mar/2008:00:52:24 -0700] "GET / HTTP/1.1" 200 1315 "-" "Mozilla/4.0 (compatible; MSIE 6.0; America Online Browser 1.1; Windows NT 5.1; SV1; FunWebProducts; .NET CLR 1.1.4322; ZangoToolbar 4.8.2)" "roomfurnish.com"
65.214.45.130 - - [27/Mar/2008:01:17:42 -0700] "GET /g02redchair.html HTTP/1.0" 404 275 "-" "Mozilla/5.0 (compatible; Ask Jeeves/Teoma; +http://about.ask.com/en/docs/about/webmasters.shtml)" "www.roomfurnish.com"
74.6.30.226 - - [27/Mar/2008:02:34:57 -0700] "GET /robots.txt HTTP/1.0" 404 275 "-" "Mozilla/5.0 (compatible; Yahoo! Slurp; http://help.yahoo.com/help/us/ysearch/slurp)" "www.roomfurnish.com"
67.195.34.92 - - [27/Mar/2008:02:34:57 -0700] "GET / HTTP/1.0" 200 1315 "-" "Mozilla/5.0 (compatible; Yahoo! DE Slurp; http://help.yahoo.com/help/us/ysearch/slurp)" "www.roomfurnish.com"
88.191.53.115 - - [27/Mar/2008:04:17:36 -0700] "GET / HTTP/1.0" 200 1315 "-" "Mozilla/4.0 (compatible; MSIE 7.0; Windows NT 5.1; .NET CLR 2.0.50727; .NET CLR 1.1.4322)" "roomfurnish.com"
213.186.37.175 - - [27/Mar/2008:05:06:28 -0700] "GET / HTTP/1.0" 200 1315 "-" "Mozilla/4.0 (compatible; MSIE 7.0; Windows NT 5.1; .NET CLR 2.0.50727; .NET CLR 1.1.4322)" "www.roomfurnish.com"
88.131.106.12 - - [27/Mar/2008:05:31:19 -0700] "GET /robots.txt HTTP/1.0" 404 275 "-" "Speedy Spider (http://www.entireweb.com/about/search_tech/speedy_spider/)" "roomfurnish.com"
88.131.106.12 - - [27/Mar/2008:05:31:20 -0700] "GET /g-1943.html HTTP/1.0" 404 275 "-" "Speedy Spider (http://www.entireweb.com/about/search_tech/speedy_spider/)" "roomfurnish.com"
88.131.106.12 - - [27/Mar/2008:05:34:08 -0700] "GET /g-1884.html HTTP/1.0" 404 275 "-" "Speedy Spider (http://www.entireweb.com/about/search_tech/speedy_spider/)" "roomfurnish.com"
88.131.106.12 - - [27/Mar/2008:05:34:41 -0700] "GET /g-1887.html HTTP/1.0" 404 275 "-" "Speedy Spider (http://www.entireweb.com/about/search_tech/speedy_spider/)" "roomfurnish.com"
88.131.106.12 - - [27/Mar/2008:05:35:47 -0700] "GET /g-1946.html HTTP/1.0" 404 275 "-" "Speedy Spider (http://www.entireweb.com/about/search_tech/speedy_spider/)" "roomfurnish.com"
88.131.106.12 - - [27/Mar/2008:05:37:06 -0700] "GET /g-1889.html HTTP/1.0" 404 275 "-" "Speedy Spider (http://www.entireweb.com/about/search_tech/speedy_spider/)" "roomfurnish.com"
88.131.106.12 - - [27/Mar/2008:05:38:24 -0700] "GET /g-1888.html HTTP/1.0" 404 275 "-" "Speedy Spider (http://www.entireweb.com/about/search_tech/speedy_spider/)" "roomfurnish.com"
65.214.45.130 - - [27/Mar/2008:05:53:48 -0700] "GET /softsofagroup.html HTTP/1.0" 404 275 "-" "Mozilla/5.0 (compatible; Ask Jeeves/Teoma; +http://about.ask.com/en/docs/about/webmasters.shtml)" "www.roomfurnish.com"
88.131.106.12 - - [27/Mar/2008:06:18:18 -0700] "GET /365masianosofa.html HTTP/1.0" 404 275 "-" "Speedy Spider (http://www.entireweb.com/about/search_tech/speedy_spider/)" "roomfurnish.com"
88.131.106.12 - - [27/Mar/2008:06:22:50 -0700] "GET /robots.txt HTTP/1.0" 404 275 "-" "Speedy Spider (http://www.entireweb.com/about/search_tech/speedy_spider/)" "www.roomfurnish.com"
88.131.106.12 - - [27/Mar/2008:06:22:51 -0700] "GET /336brso.html HTTP/1.0" 404 275 "-" "Speedy Spider (http://www.entireweb.com/about/search_tech/speedy_spider/)" "www.roomfurnish.com"
88.131.106.12 - - [27/Mar/2008:06:23:03 -0700] "GET /306poso.html HTTP/1.0" 404 275 "-" "Speedy Spider (http://www.entireweb.com/about/search_tech/speedy_spider/)" "roomfurnish.com"
88.131.106.12 - - [27/Mar/2008:06:23:47 -0700] "GET /295soso.html HTTP/1.0" 404 275 "-" "Speedy Spider (http://www.entireweb.com/about/search_tech/speedy_spider/)" "roomfurnish.com"
88.131.106.12 - - [27/Mar/2008:06:24:04 -0700] "GET /212giso.html HTTP/1.0" 404 275 "-" "Speedy Spider (http://www.entireweb.com/about/search_tech/speedy_spider/)" "roomfurnish.com"
65.214.45.130 - - [27/Mar/2008:07:36:15 -0700] "GET /g-1484.html HTTP/1.0" 404 275 "-" "Mozilla/5.0 (compatible; Ask Jeeves/Teoma; +http://about.ask.com/en/docs/about/webmasters.shtml)" "www.roomfurnish.com"
88.131.106.12 - - [27/Mar/2008:09:18:22 -0700] "GET /300briosofa.html HTTP/1.0" 404 275 "-" "Speedy Spider (http://www.entireweb.com/about/search_tech/speedy_spider/)" "roomfurnish.com"
65.214.45.130 - - [27/Mar/2008:09:40:27 -0700] "GET /g-1552s.html HTTP/1.0" 404 275 "-" "Mozilla/5.0 (compatible; Ask Jeeves/Teoma; +http://about.ask.com/en/docs/about/webmasters.shtml)" "www.roomfurnish.com"
195.25.165.16 - - [27/Mar/2008:09:58:02 -0700] "GET / HTTP/1.0" 200 1315 "-" "Mozilla/4.0 (compatible; MSIE 7.0; Windows NT 5.1; .NET CLR 2.0.50727; .NET CLR 1.1.4322)" "www.roomfurnish.com"
65.214.45.130 - - [27/Mar/2008:10:22:44 -0700] "GET /g-1353s.html HTTP/1.0" 404 275 "-" "Mozilla/5.0 (compatible; Ask Jeeves/Teoma; +http://about.ask.com/en/docs/about/webmasters.shtml)" "www.roomfurnish.com"
79.103.133.146 - - [27/Mar/2008:12:15:33 -0700] "GET / HTTP/1.1" 200 1315 "http://www.campingoffer.com/" "Mozilla/5.0 (Windows; U; Windows NT 5.1; rv:1.7.3) Gecko/20041001 Firefox/0.10.1" "www.roomfurnish.com"
79.103.133.146 - - [27/Mar/2008:12:15:34 -0700] "GET / HTTP/1.1" 200 1315 "http://www.campingoffer.com/" "Mozilla/5.0 (Windows; U; Windows NT 5.1; rv:1.7.3) Gecko/20041001 Firefox/0.10.1" "www.roomfurnish.com"
79.103.133.146 - - [27/Mar/2008:12:15:34 -0700] "GET / HTTP/1.1" 200 1315 "http://www.campingoffer.com/" "Mozilla/5.0 (Windows; U; Windows NT 5.1; rv:1.7.3) Gecko/20041001 Firefox/0.10.1" "www.roomfurnish.com"
79.103.133.146 - - [27/Mar/2008:12:15:35 -0700] "GET / HTTP/1.1" 200 1315 "http://www.campingoffer.com/" "Mozilla/5.0 (Windows; U; Windows NT 5.1; rv:1.7.3) Gecko/20041001 Firefox/0.10.1" "www.roomfurnish.com"
79.103.133.146 - - [27/Mar/2008:12:15:35 -0700] "GET / HTTP/1.1" 200 1315 "http://www.campingoffer.com/" "Mozilla/5.0 (Windows; U; Windows NT 5.1; rv:1.7.3) Gecko/20041001 Firefox/0.10.1" "www.roomfurnish.com"
79.103.133.146 - - [27/Mar/2008:12:15:37 -0700] "GET / HTTP/1.1" 200 1315 "http://www.campingoffer.com/" "Mozilla/5.0 (Windows; U; Windows NT 5.1; rv:1.7.3) Gecko/20041001 Firefox/0.10.1" "www.roomfurnish.com"
79.103.133.146 - - [27/Mar/2008:12:15:38 -0700] "GET / HTTP/1.1" 200 1315 "http://www.campingoffer.com/" "Mozilla/5.0 (Windows; U; Windows NT 5.1; rv:1.7.3) Gecko/20041001 Firefox/0.10.1" "www.roomfurnish.com"
79.103.133.146 - - [27/Mar/2008:12:15:39 -0700] "GET / HTTP/1.1" 200 1315 "http://www.campingoffer.com/" "Mozilla/5.0 (Windows; U; Windows NT 5.1; rv:1.7.3) Gecko/20041001 Firefox/0.10.1" "www.roomfurnish.com"
79.103.133.146 - - [27/Mar/2008:12:15:39 -0700] "GET / HTTP/1.1" 200 1315 "http://www.campingoffer.com/" "Mozilla/5.0 (Windows; U; Windows NT 5.1; rv:1.7.3) Gecko/20041001 Firefox/0.10.1" "www.roomfurnish.com"
79.103.133.146 - - [27/Mar/2008:12:15:40 -0700] "GET / HTTP/1.1" 200 1315 "http://www.campingoffer.com/" "Mozilla/5.0 (Windows; U; Windows NT 5.1; rv:1.7.3) Gecko/20041001 Firefox/0.10.1" "www.roomfurnish.com"
65.214.45.130 - - [27/Mar/2008:12:24:36 -0700] "GET /robots.txt HTTP/1.0" 404 275 "-" "Mozilla/5.0 (compatible; Ask Jeeves/Teoma; +http://about.ask.com/en/docs/about/webmasters.shtml)" "www.roomfurnish.com"
65.214.45.130 - - [27/Mar/2008:12:24:36 -0700] "GET /roomfurnish/g-1501.html HTTP/1.0" 404 275 "-" "Mozilla/5.0 (compatible; Ask Jeeves/Teoma; +http://about.ask.com/en/docs/about/webmasters.shtml)" "www.roomfurnish.com"
74.6.30.226 - - [27/Mar/2008:13:57:09 -0700] "GET /robots.txt HTTP/1.0" 404 275 "-" "Mozilla/5.0 (compatible; Yahoo! Slurp; http://help.yahoo.com/help/us/ysearch/slurp)" "www.roomfurnish.com"
74.6.31.164 - - [27/Mar/2008:13:57:10 -0700] "GET / HTTP/1.0" 200 1315 "-" "Mozilla/5.0 (compatible; Yahoo! DE Slurp; http://help.yahoo.com/help/us/ysearch/slurp)" "www.roomfurnish.com"
88.131.106.12 - - [27/Mar/2008:14:11:35 -0700] "GET /robots.txt HTTP/1.0" 404 275 "-" "Speedy Spider (http://www.entireweb.com/about/search_tech/speedy_spider/)" "roomfurnish.com"
88.131.106.12 - - [27/Mar/2008:14:11:35 -0700] "GET /g-1983.html HTTP/1.0" 404 275 "-" "Speedy Spider (http://www.entireweb.com/about/search_tech/speedy_spider/)" "roomfurnish.com"
88.131.106.12 - - [27/Mar/2008:14:14:08 -0700] "GET /g-1944.html HTTP/1.0" 404 275 "-" "Speedy Spider (http://www.entireweb.com/about/search_tech/speedy_spider/)" "roomfurnish.com"
88.131.106.12 - - [27/Mar/2008:14:16:20 -0700] "GET /g-1947.html HTTP/1.0" 404 275 "-" "Speedy Spider (http://www.entireweb.com/about/search_tech/speedy_spider/)" "roomfurnish.com"
67.152.29.130 - - [27/Mar/2008:14:17:13 -0700] "GET /robots.txt HTTP/1.1" 404 275 "-" "ShopWiki/1.0 ( +http://www.shopwiki.com/wiki/Help:Bot)" "www.roomfurnish.com"
67.152.29.130 - - [27/Mar/2008:14:17:13 -0700] "GET / HTTP/1.1" 200 1315 "-" "ShopWiki/1.0 ( +http://www.shopwiki.com/wiki/Help:Bot)" "www.roomfurnish.com"
67.152.29.130 - - [27/Mar/2008:14:17:19 -0700] "GET / HTTP/1.1" 200 1315 "-" "ShopWiki/1.0 ( +http://www.shopwiki.com/wiki/Help:Bot)" "www.roomfurnish.com"
67.152.29.130 - - [27/Mar/2008:14:17:20 -0700] "GET /sitemap.html HTTP/1.1" 404 275 "-" "ShopWiki/1.0 ( +http://www.shopwiki.com/wiki/Help:Bot)" "www.roomfurnish.com"
67.152.29.130 - - [27/Mar/2008:14:17:21 -0700] "GET / HTTP/1.1" 200 1315 "-" "ShopWiki/1.0 ( +http://www.shopwiki.com/wiki/Help:Bot)" "www.roomfurnish.com"
88.131.106.12 - - [27/Mar/2008:14:22:51 -0700] "GET /g-1949.html HTTP/1.0" 404 275 "-" "Speedy Spider (http://www.entireweb.com/about/search_tech/speedy_spider/)" "roomfurnish.com"
88.131.106.12 - - [27/Mar/2008:14:26:22 -0700] "GET /g-1948.html HTTP/1.0" 404 275 "-" "Speedy Spider (http://www.entireweb.com/about/search_tech/speedy_spider/)" "roomfurnish.com"
64.124.148.28 - - [27/Mar/2008:17:00:32 -0700] "GET /robots.txt HTTP/1.1" 404 275 "-" "Mozilla/5.0 (compatible; FatBot 2.0; http://www.thefind.com/crawler)" "roomfurnish.com"
64.124.148.28 - - [27/Mar/2008:17:01:48 -0700] "GET / HTTP/1.1" 200 1315 "-" "Mozilla/5.0 (compatible; FatBot 2.0; http://www.thefind.com/crawler)" "roomfurnish.com"
88.131.106.12 - - [27/Mar/2008:17:57:11 -0700] "GET /g-1984.html HTTP/1.0" 404 275 "-" "Speedy Spider (http://www.entireweb.com/about/search_tech/speedy_spider/)" "roomfurnish.com"
88.131.106.12 - - [27/Mar/2008:17:57:35 -0700] "GET /g-1747.html HTTP/1.0" 404 275 "-" "Speedy Spider (http://www.entireweb.com/about/search_tech/speedy_spider/)" "roomfurnish.com"
202.179.180.45 - - [27/Mar/2008:19:05:29 -0700] "GET /robots.txt HTTP/1.1" 404 275 "-" "Mozilla/4.0 (compatible; NaverBot/1.0; http://help.naver.com/delete_main.asp)" "roomfurnish.com"
202.179.180.45 - - [27/Mar/2008:19:05:35 -0700] "GET / HTTP/1.1" 200 1315 "-" "Mozilla/4.0 (compatible; NaverBot/1.0; http://help.naver.com/delete_main.asp)" "roomfurnish.com"
122.152.140.207 - - [27/Mar/2008:20:40:09 -0700] "GET / HTTP/1.1" 304 - "-" "Baiduspider+(+http://www.baidu.com/search/spider_jp.html)" "roomfurnish.com"
65.55.212.94 - - [27/Mar/2008:21:29:11 -0700] "GET /robots.txt HTTP/1.0" 404 275 "-" "msnbot-media/1.0 (+http://search.msn.com/msnbot.htm)" "roomfurnish.com"
65.55.212.94 - - [27/Mar/2008:21:29:11 -0700] "GET / HTTP/1.0" 200 1315 "-" "msnbot-media/1.0 (+http://search.msn.com/msnbot.htm)" "roomfurnish.com"
88.131.106.12 - - [27/Mar/2008:22:26:04 -0700] "GET /robots.txt HTTP/1.0" 404 275 "-" "Speedy Spider (http://www.entireweb.com/about/search_tech/speedy_spider/)" "roomfurnish.com"
88.131.106.12 - - [27/Mar/2008:22:26:05 -0700] "GET /g-1817.html HTTP/1.0" 404 275 "-" "Speedy Spider (http://www.entireweb.com/about/search_tech/speedy_spider/)" "roomfurnish.com"
88.131.106.12 - - [27/Mar/2008:22:49:55 -0700] "GET /a55.html HTTP/1.0" 404 275 "-" "Speedy Spider (http://www.entireweb.com/about/search_tech/speedy_spider/)" "roomfurnish.com"
88.131.106.12 - - [27/Mar/2008:22:50:05 -0700] "GET /g-1816.html HTTP/1.0" 404 275 "-" "Speedy Spider (http://www.entireweb.com/about/search_tech/speedy_spider/)" "roomfurnish.com"
74.6.30.226 - - [28/Mar/2008:03:28:31 -0700] "GET /robots.txt HTTP/1.0" 404 275 "-" "Mozilla/5.0 (compatible; Yahoo! Slurp; http://help.yahoo.com/help/us/ysearch/slurp)" "www.roomfurnish.com"
67.195.34.92 - - [28/Mar/2008:03:28:32 -0700] "GET / HTTP/1.0" 200 1315 "-" "Mozilla/5.0 (compatible; Yahoo! DE Slurp; http://help.yahoo.com/help/us/ysearch/slurp)" "www.roomfurnish.com"
74.6.21.59 - - [28/Mar/2008:03:56:52 -0700] "GET / HTTP/1.0" 304 - "-" "Mozilla/5.0 (compatible; Yahoo! Slurp; http://help.yahoo.com/help/us/ysearch/slurp)" "www.roomfurnish.com"
122.152.140.207 - - [28/Mar/2008:05:03:34 -0700] "GET / HTTP/1.1" 304 - "-" "Baiduspider+(+http://www.baidu.com/search/spider_jp.html)" "roomfurnish.com"
204.181.129.83 - - [28/Mar/2008:07:11:29 -0700] "GET /leathersofa.html?OVRAW=modern%20furniture&OVKEY=furniture%20modern&OVMTC=standard HTTP/1.1" 404 275 "-" "Mozilla/4.0 (compatible; MSIE 7.0; Windows NT 5.1; .NET CLR 2.0.50727)" "www.roomfurnish.com"
88.131.106.12 - - [28/Mar/2008:07:31:35 -0700] "GET /robots.txt HTTP/1.0" 404 275 "-" "Speedy Spider (http://www.entireweb.com/about/search_tech/speedy_spider/)" "roomfurnish.com"
88.131.106.12 - - [28/Mar/2008:07:31:35 -0700] "GET /g-1917.html HTTP/1.0" 404 275 "-" "Speedy Spider (http://www.entireweb.com/about/search_tech/speedy_spider/)" "roomfurnish.com"
88.131.106.12 - - [28/Mar/2008:07:33:27 -0700] "GET /g-1756.html HTTP/1.0" 404 275 "-" "Speedy Spider (http://www.entireweb.com/about/search_tech/speedy_spider/)" "roomfurnish.com"
88.131.106.12 - - [28/Mar/2008:07:54:08 -0700] "GET /g-1819.html HTTP/1.0" 404 275 "-" "Speedy Spider (http://www.entireweb.com/about/search_tech/speedy_spider/)" "roomfurnish.com"
202.160.180.184 - - [28/Mar/2008:08:03:20 -0700] "GET /robots.txt HTTP/1.0" 404 275 "-" "Mozilla/5.0 (compatible; Yahoo! Slurp China; http://misc.yahoo.com.cn/help.html)" "roomfurnish.com"
202.160.178.82 - - [28/Mar/2008:08:03:24 -0700] "GET / HTTP/1.0" 304 - "-" "Mozilla/5.0 (compatible; Yahoo! Slurp China; http://misc.yahoo.com.cn/help.html)" "roomfurnish.com"
88.131.106.12 - - [28/Mar/2008:08:03:42 -0700] "GET /g-1818.html HTTP/1.0" 404 275 "-" "Speedy Spider (http://www.entireweb.com/about/search_tech/speedy_spider/)" "roomfurnish.com"
88.131.106.12 - - [28/Mar/2008:08:40:44 -0700] "GET /romasofagroup.html HTTP/1.0" 404 275 "-" "Speedy Spider (http://www.entireweb.com/about/search_tech/speedy_spider/)" "roomfurnish.com"
172.206.106.76 - - [28/Mar/2008:08:49:31 -0700] "GET /favicon.ico HTTP/1.1" 404 275 "-" "Mozilla/5.0 (Windows; U; Windows NT 6.0; en-GB; rv:1.8.1.13; .NET CLR 3.0; ffco7) Gecko/20080311 Firefox/2.0.0.13" "roomfurnish.com"
193.252.149.16 - - [28/Mar/2008:10:09:17 -0700] "GET /robots.txt HTTP/1.1" 404 275 "-" "Mozilla/5.0 (Windows; U; Windows NT 5.1; fr; rv:1.8.1) VoilaBot BETA 1.2 (http://www.voila.com/)" "www.roomfurnish.com"
193.252.149.16 - - [28/Mar/2008:10:09:21 -0700] "GET / HTTP/1.1" 200 1315 "-" "Mozilla/5.0 (Windows; U; Windows NT 5.1; fr; rv:1.8.1) VoilaBot BETA 1.2 (http://www.voila.com/)" "www.roomfurnish.com"
88.131.106.12 - - [28/Mar/2008:11:28:29 -0700] "GET /372pisasofa.html HTTP/1.0" 404 275 "-" "Speedy Spider (http://www.entireweb.com/about/search_tech/speedy_spider/)" "roomfurnish.com"
172.206.106.76 - - [28/Mar/2008:11:30:55 -0700] "GET /favicon.ico HTTP/1.1" 404 275 "-" "Mozilla/5.0 (Windows; U; Windows NT 6.0; en-GB; rv:1.8.1.13; .NET CLR 3.0; ffco7) Gecko/20080311 Firefox/2.0.0.13" "roomfurnish.com"
74.6.30.189 - - [28/Mar/2008:12:36:26 -0700] "GET /robots.txt HTTP/1.0" 404 275 "-" "Mozilla/5.0 (compatible; Yahoo! Slurp; http://help.yahoo.com/help/us/ysearch/slurp)" "roomfurnish.com"
74.6.25.107 - - [28/Mar/2008:12:36:27 -0700] "GET /g-2012.html HTTP/1.0" 404 275 "-" "Mozilla/5.0 (compatible; Yahoo! Slurp; http://help.yahoo.com/help/us/ysearch/slurp)" "roomfurnish.com"
72.20.109.34 - - [28/Mar/2008:13:30:25 -0700] "GET /robots.txt HTTP/1.1" 404 275 "-" "GurujiBot/1.0 (+http://www.guruji.com/en/WebmasterFAQ.html)" "roomfurnish.com"
72.20.109.34 - - [28/Mar/2008:13:30:25 -0700] "GET / HTTP/1.1" 200 1315 "-" "GurujiBot/1.0 (+http://www.guruji.com/en/WebmasterFAQ.html)" "roomfurnish.com"
122.152.140.207 - - [28/Mar/2008:14:39:09 -0700] "GET / HTTP/1.1" 304 - "-" "Baiduspider+(+http://www.baidu.com/search/spider_jp.html)" "roomfurnish.com"
74.6.30.226 - - [28/Mar/2008:14:56:43 -0700] "GET /robots.txt HTTP/1.0" 404 275 "-" "Mozilla/5.0 (compatible; Yahoo! Slurp; http://help.yahoo.com/help/us/ysearch/slurp)" "www.roomfurnish.com"
74.6.31.164 - - [28/Mar/2008:14:56:44 -0700] "GET / HTTP/1.0" 200 1315 "-" "Mozilla/5.0 (compatible; Yahoo! DE Slurp; http://help.yahoo.com/help/us/ysearch/slurp)" "www.roomfurnish.com"
88.131.106.12 - - [28/Mar/2008:18:37:00 -0700] "GET /robots.txt HTTP/1.0" 404 275 "-" "Speedy Spider (http://www.entireweb.com/about/search_tech/speedy_spider/)" "roomfurnish.com"
88.131.106.12 - - [28/Mar/2008:18:37:02 -0700] "GET /g-1757.html HTTP/1.0" 404 275 "-" "Speedy Spider (http://www.entireweb.com/about/search_tech/speedy_spider/)" "roomfurnish.com"
64.1.215.165 - - [28/Mar/2008:19:24:18 -0700] "GET / HTTP/1.0" 200 1315 "-" "Mozilla/5.0 (Twiceler-0.9 http://www.cuill.com/twiceler/robot.html)" "roomfurnish.com"
66.249.73.104 - - [28/Mar/2008:21:48:49 -0700] "GET /robots.txt HTTP/1.1" 404 275 "-" "Mozilla/5.0 (compatible; Googlebot/2.1; +http://www.google.com/bot.html)" "www.roomfurnish.com"
66.249.73.104 - - [28/Mar/2008:21:48:49 -0700] "GET / HTTP/1.1" 200 1315 "-" "Mozilla/5.0 (compatible; Googlebot/2.1; +http://www.google.com/bot.html)" "www.roomfurnish.com"
65.214.45.130 - - [28/Mar/2008:22:18:35 -0700] "GET /robots.txt HTTP/1.0" 404 275 "-" "Mozilla/5.0 (compatible; Ask Jeeves/Teoma; +http://about.ask.com/en/docs/about/webmasters.shtml)" "www.roomfurnish.com"
65.214.45.130 - - [28/Mar/2008:22:18:35 -0700] "GET /g-1618s.html HTTP/1.0" 404 275 "-" "Mozilla/5.0 (compatible; Ask Jeeves/Teoma; +http://about.ask.com/en/docs/about/webmasters.shtml)" "www.roomfurnish.com"
88.131.106.12 - - [28/Mar/2008:23:56:24 -0700] "GET /robots.txt HTTP/1.0" 404 275 "-" "Speedy Spider (http://www.entireweb.com/about/search_tech/speedy_spider/)" "roomfurnish.com"
88.131.106.12 - - [28/Mar/2008:23:56:25 -0700] "GET /g-1919.html HTTP/1.0" 404 275 "-" "Speedy Spider (http://www.entireweb.com/about/search_tech/speedy_spider/)" "roomfurnish.com"
88.131.106.12 - - [28/Mar/2008:23:57:46 -0700] "GET /g-1758.html HTTP/1.0" 404 275 "-" "Speedy Spider (http://www.entireweb.com/about/search_tech/speedy_spider/)" "roomfurnish.com"
88.131.106.12 - - [29/Mar/2008:00:59:54 -0700] "GET /g-1759.html HTTP/1.0" 404 275 "-" "Speedy Spider (http://www.entireweb.com/about/search_tech/speedy_spider/)" "roomfurnish.com"
88.131.106.12 - - [29/Mar/2008:01:17:08 -0700] "GET /b384sera.html HTTP/1.0" 404 275 "-" "Speedy Spider (http://www.entireweb.com/about/search_tech/speedy_spider/)" "roomfurnish.com"
88.131.106.12 - - [29/Mar/2008:01:29:28 -0700] "GET /297cabriosofa.html HTTP/1.0" 404 275 "-" "Speedy Spider (http://www.entireweb.com/about/search_tech/speedy_spider/)" "roomfurnish.com"
88.131.106.12 - - [29/Mar/2008:01:34:34 -0700] "GET /gourmetcoffee.html HTTP/1.0" 404 275 "-" "Speedy Spider (http://www.entireweb.com/about/search_tech/speedy_spider/)" "roomfurnish.com"
65.214.45.130 - - [29/Mar/2008:02:43:08 -0700] "GET /311urbansofa.html HTTP/1.0" 404 275 "-" "Mozilla/5.0 (compatible; Ask Jeeves/Teoma; +http://about.ask.com/en/docs/about/webmasters.shtml)" "www.roomfurnish.com"
74.6.30.226 - - [29/Mar/2008:03:33:22 -0700] "GET /robots.txt HTTP/1.0" 404 275 "-" "Mozilla/5.0 (compatible; Yahoo! Slurp; http://help.yahoo.com/help/us/ysearch/slurp)" "www.roomfurnish.com"
67.195.34.92 - - [29/Mar/2008:03:33:22 -0700] "GET / HTTP/1.0" 200 1315 "-" "Mozilla/5.0 (compatible; Yahoo! DE Slurp; http://help.yahoo.com/help/us/ysearch/slurp)" "www.roomfurnish.com"
65.214.45.130 - - [29/Mar/2008:06:06:09 -0700] "GET /280solosofa.html HTTP/1.0" 404 275 "-" "Mozilla/5.0 (compatible; Ask Jeeves/Teoma; +http://about.ask.com/en/docs/about/webmasters.shtml)" "www.roomfurnish.com"
63.123.238.8 - - [29/Mar/2008:06:51:10 -0700] "GET /robots.txt HTTP/1.1" 404 275 "-" "Mozilla/2.0 (compatible; Ask Jeeves/Teoma)" "roomfurnish.com"
63.123.238.8 - - [29/Mar/2008:06:51:10 -0700] "GET / HTTP/1.1" 200 1315 "-" "Mozilla/2.0 (compatible; Ask Jeeves/Teoma)" "roomfurnish.com"
216.130.128.66 - - [29/Mar/2008:08:31:46 -0700] "GET / HTTP/1.0" 200 1315 "-" "Mozilla/4.0 (compatible; MSIE 6.0; Windows NT 5.1; SV1; .NET CLR 1.1.4322; .NET CLR 2.0.50727)" "www.roomfurnish.com"
216.130.128.66 - - [29/Mar/2008:08:32:21 -0700] "GET / HTTP/1.0" 304 - "-" "Mozilla/4.0 (compatible; MSIE 6.0; Windows NT 5.1; SV1; .NET CLR 1.1.4322; .NET CLR 2.0.50727)" "www.roomfurnish.com"
88.131.106.12 - - [29/Mar/2008:08:35:05 -0700] "GET /robots.txt HTTP/1.0" 404 275 "-" "Speedy Spider (http://www.entireweb.com/about/search_tech/speedy_spider/)" "roomfurnish.com"
88.131.106.12 - - [29/Mar/2008:08:35:05 -0700] "GET /302bariasofa.html HTTP/1.0" 404 275 "-" "Speedy Spider (http://www.entireweb.com/about/search_tech/speedy_spider/)" "roomfurnish.com"
88.131.106.12 - - [29/Mar/2008:11:08:21 -0700] "GET /chocolate.html HTTP/1.0" 404 275 "-" "Speedy Spider (http://www.entireweb.com/about/search_tech/speedy_spider/)" "roomfurnish.com"
67.108.223.130 - - [29/Mar/2008:12:12:33 -0700] "GET /robots.txt HTTP/1.1" 404 275 "-" "NextGenSearchBot 1 (for information visit http://www.zoominfo.com/About/misc/NextGenSearchBot.aspx)" "www.roomfurnish.com"
67.108.223.130 - - [29/Mar/2008:12:12:33 -0700] "GET / HTTP/1.1" 200 1315 "-" "NextGenSearchBot 1 (for information visit http://www.zoominfo.com/About/misc/NextGenSearchBot.aspx)" "www.roomfurnish.com"
193.252.149.16 - - [29/Mar/2008:15:00:26 -0700] "GET /robots.txt HTTP/1.1" 404 275 "-" "Mozilla/5.0 (Windows; U; Windows NT 5.1; fr; rv:1.8.1) VoilaBot BETA 1.2 (http://www.voila.com/)" "roomfurnish.com"
193.252.149.16 - - [29/Mar/2008:15:00:32 -0700] "GET / HTTP/1.1" 200 1315 "-" "Mozilla/5.0 (Windows; U; Windows NT 5.1; fr; rv:1.8.1) VoilaBot BETA 1.2 (http://www.voila.com/)" "roomfurnish.com"
74.6.30.226 - - [29/Mar/2008:15:14:52 -0700] "GET /robots.txt HTTP/1.0" 404 275 "-" "Mozilla/5.0 (compatible; Yahoo! Slurp; http://help.yahoo.com/help/us/ysearch/slurp)" "www.roomfurnish.com"
74.6.31.164 - - [29/Mar/2008:15:14:52 -0700] "GET / HTTP/1.0" 200 1315 "-" "Mozilla/5.0 (compatible; Yahoo! DE Slurp; http://help.yahoo.com/help/us/ysearch/slurp)" "www.roomfurnish.com"