70.109.41.178 - - [17/Mar/2008:10:22:08 -0700] "GET /favicon.ico HTTP/1.1" 404 275 "-" "Mozilla/4.0 (compatible; MSIE 7.0; Windows NT 5.1)" "www.roomfurnish.com"
74.6.30.226 - - [17/Mar/2008:10:28:49 -0700] "GET /robots.txt HTTP/1.0" 404 275 "-" "Mozilla/5.0 (compatible; Yahoo! Slurp; http://help.yahoo.com/help/us/ysearch/slurp)" "www.roomfurnish.com"
67.195.34.92 - - [17/Mar/2008:10:28:50 -0700] "GET / HTTP/1.0" 200 1315 "-" "Mozilla/5.0 (compatible; Yahoo! DE Slurp; http://help.yahoo.com/help/us/ysearch/slurp)" "www.roomfurnish.com"
64.124.148.28 - - [17/Mar/2008:11:36:38 -0700] "GET /robots.txt HTTP/1.1" 404 275 "-" "Mozilla/5.0 (compatible; FatBot 2.0; http://www.thefind.com/crawler)" "roomfurnish.com"
64.124.148.28 - - [17/Mar/2008:11:37:58 -0700] "GET / HTTP/1.1" 200 1315 "-" "Mozilla/5.0 (compatible; FatBot 2.0; http://www.thefind.com/crawler)" "roomfurnish.com"
65.214.45.130 - - [17/Mar/2008:12:03:05 -0700] "GET /robots.txt HTTP/1.0" 404 275 "-" "Mozilla/5.0 (compatible; Ask Jeeves/Teoma; +http://about.ask.com/en/docs/about/webmasters.shtml)" "www.roomfurnish.com"
65.214.45.130 - - [17/Mar/2008:12:03:05 -0700] "GET /g-1310l.html HTTP/1.0" 404 275 "-" "Mozilla/5.0 (compatible; Ask Jeeves/Teoma; +http://about.ask.com/en/docs/about/webmasters.shtml)" "www.roomfurnish.com"
67.152.29.130 - - [17/Mar/2008:12:55:44 -0700] "GET / HTTP/1.1" 200 1315 "-" "ShopWiki/1.0 ( +http://www.shopwiki.com/wiki/Help:Bot)" "www.roomfurnish.com"
67.152.29.130 - - [17/Mar/2008:12:55:44 -0700] "GET /sitemap.html HTTP/1.1" 404 275 "-" "ShopWiki/1.0 ( +http://www.shopwiki.com/wiki/Help:Bot)" "www.roomfurnish.com"
65.214.45.130 - - [17/Mar/2008:14:34:56 -0700] "GET /331caresofa.html HTTP/1.0" 404 275 "-" "Mozilla/5.0 (compatible; Ask Jeeves/Teoma; +http://about.ask.com/en/docs/about/webmasters.shtml)" "www.roomfurnish.com"
88.131.106.12 - - [17/Mar/2008:15:23:59 -0700] "GET /robots.txt HTTP/1.0" 404 275 "-" "Speedy Spider (http://www.entireweb.com/about/search_tech/speedy_spider/)" "roomfurnish.com"
88.131.106.12 - - [17/Mar/2008:15:23:59 -0700] "GET /300briosofa.html HTTP/1.0" 404 275 "-" "Speedy Spider (http://www.entireweb.com/about/search_tech/speedy_spider/)" "roomfurnish.com"
60.240.249.211 - - [17/Mar/2008:16:27:14 -0700] "GET // HTTP/1.1" 200 1315 "-" "Mozilla/5.0 (X11; U; Linux i686; en-US; rv:1.8.1.4) Gecko/20070515 Firefox/2.0.0.4" "www.roomfurnish.com"
74.6.30.189 - - [17/Mar/2008:19:11:30 -0700] "GET /robots.txt HTTP/1.0" 404 275 "-" "Mozilla/5.0 (compatible; Yahoo! Slurp; http://help.yahoo.com/help/us/ysearch/slurp)" "roomfurnish.com"
74.6.23.26 - - [17/Mar/2008:19:11:32 -0700] "GET /a50.html HTTP/1.0" 404 275 "-" "Mozilla/5.0 (compatible; Yahoo! Slurp; http://help.yahoo.com/help/us/ysearch/slurp)" "roomfurnish.com"
122.152.140.207 - - [17/Mar/2008:19:14:50 -0700] "GET / HTTP/1.1" 304 - "-" "Baiduspider+(+http://www.baidu.com/search/spider_jp.html)" "roomfurnish.com"
210.95.179.142 - - [17/Mar/2008:19:22:24 -0700] "GET / HTTP/1.0" 200 1315 "-" "Python-urllib/1.17" "roomfurnish.com"
67.152.29.130 - - [17/Mar/2008:21:48:44 -0700] "GET /robots.txt HTTP/1.1" 404 275 "-" "ShopWiki/1.0 ( +http://www.shopwiki.com/wiki/Help:Bot)" "www.roomfurnish.com"
67.152.29.130 - - [17/Mar/2008:21:48:44 -0700] "GET / HTTP/1.1" 200 1315 "-" "ShopWiki/1.0 ( +http://www.shopwiki.com/wiki/Help:Bot)" "www.roomfurnish.com"
67.152.29.130 - - [17/Mar/2008:21:48:45 -0700] "GET /sitemap.html HTTP/1.1" 404 275 "-" "ShopWiki/1.0 ( +http://www.shopwiki.com/wiki/Help:Bot)" "www.roomfurnish.com"
67.152.29.130 - - [17/Mar/2008:21:48:46 -0700] "GET / HTTP/1.1" 200 1315 "-" "ShopWiki/1.0 ( +http://www.shopwiki.com/wiki/Help:Bot)" "www.roomfurnish.com"
66.249.67.153 - - [17/Mar/2008:21:58:34 -0700] "GET /robots.txt HTTP/1.1" 404 275 "-" "Mozilla/5.0 (compatible; Googlebot/2.1; +http://www.google.com/bot.html)" "www.roomfurnish.com"
66.249.67.153 - - [17/Mar/2008:21:58:34 -0700] "GET /336brso.html HTTP/1.1" 404 275 "-" "Mozilla/5.0 (compatible; Googlebot/2.1; +http://www.google.com/bot.html)" "www.roomfurnish.com"
74.6.30.226 - - [17/Mar/2008:22:12:56 -0700] "GET /robots.txt HTTP/1.0" 404 275 "-" "Mozilla/5.0 (compatible; Yahoo! Slurp; http://help.yahoo.com/help/us/ysearch/slurp)" "www.roomfurnish.com"
74.6.31.164 - - [17/Mar/2008:22:12:56 -0700] "GET / HTTP/1.0" 200 1315 "-" "Mozilla/5.0 (compatible; Yahoo! DE Slurp; http://help.yahoo.com/help/us/ysearch/slurp)" "www.roomfurnish.com"
122.152.140.207 - - [18/Mar/2008:05:47:19 -0700] "GET / HTTP/1.1" 304 - "-" "Baiduspider+(+http://www.baidu.com/search/spider_jp.html)" "roomfurnish.com"
64.1.215.165 - - [18/Mar/2008:08:04:11 -0700] "GET /robots.txt HTTP/1.0" 404 275 "-" "Mozilla/5.0 (Twiceler-0.9 http://www.cuill.com/twiceler/robot.html)" "roomfurnish.com"
208.36.144.10 - - [18/Mar/2008:09:07:28 -0700] "GET /robots.txt HTTP/1.0" 404 275 "-" "Mozilla/5.0 (Twiceler-0.9 http://www.cuill.com/twiceler/robot.html)" "www.roomfurnish.com"
202.160.180.184 - - [18/Mar/2008:10:37:40 -0700] "GET /robots.txt HTTP/1.0" 404 275 "-" "Mozilla/5.0 (compatible; Yahoo! Slurp China; http://misc.yahoo.com.cn/help.html)" "roomfurnish.com"
202.160.178.82 - - [18/Mar/2008:10:38:02 -0700] "GET / HTTP/1.0" 304 - "-" "Mozilla/5.0 (compatible; Yahoo! Slurp China; http://misc.yahoo.com.cn/help.html)" "roomfurnish.com"
74.6.30.226 - - [18/Mar/2008:10:51:01 -0700] "GET /robots.txt HTTP/1.0" 404 275 "-" "Mozilla/5.0 (compatible; Yahoo! Slurp; http://help.yahoo.com/help/us/ysearch/slurp)" "www.roomfurnish.com"
67.195.34.92 - - [18/Mar/2008:10:51:01 -0700] "GET / HTTP/1.0" 200 1315 "-" "Mozilla/5.0 (compatible; Yahoo! DE Slurp; http://help.yahoo.com/help/us/ysearch/slurp)" "www.roomfurnish.com"
72.20.109.36 - - [18/Mar/2008:13:21:07 -0700] "GET /robots.txt HTTP/1.1" 404 275 "-" "GurujiBot/1.0 (+http://www.guruji.com/en/WebmasterFAQ.html)" "roomfurnish.com"
72.20.109.36 - - [18/Mar/2008:13:21:07 -0700] "GET / HTTP/1.1" 200 1315 "-" "GurujiBot/1.0 (+http://www.guruji.com/en/WebmasterFAQ.html)" "roomfurnish.com"
65.214.45.130 - - [18/Mar/2008:13:38:33 -0700] "GET /robots.txt HTTP/1.0" 404 275 "-" "Mozilla/5.0 (compatible; Ask Jeeves/Teoma; +http://about.ask.com/en/docs/about/webmasters.shtml)" "www.roomfurnish.com"
65.214.45.130 - - [18/Mar/2008:13:38:34 -0700] "GET /g-1616s.html HTTP/1.0" 404 275 "-" "Mozilla/5.0 (compatible; Ask Jeeves/Teoma; +http://about.ask.com/en/docs/about/webmasters.shtml)" "www.roomfurnish.com"
122.152.140.207 - - [18/Mar/2008:15:11:18 -0700] "GET / HTTP/1.1" 304 - "-" "Baiduspider+(+http://www.baidu.com/search/spider_jp.html)" "roomfurnish.com"
66.249.67.153 - - [18/Mar/2008:15:17:26 -0700] "GET /robots.txt HTTP/1.1" 404 275 "-" "Mozilla/5.0 (compatible; Googlebot/2.1; +http://www.google.com/bot.html)" "www.roomfurnish.com"
66.249.67.153 - - [18/Mar/2008:15:17:26 -0700] "GET / HTTP/1.1" 304 - "-" "Mozilla/5.0 (compatible; Googlebot/2.1; +http://www.google.com/bot.html)" "www.roomfurnish.com"
208.80.193.45 - - [18/Mar/2008:16:09:55 -0700] "GET / HTTP/1.1" 200 1315 "-" "Mozilla/5.0 (compatible; Konqueror/3.0-rc4; i686 Linux; 20020219)" "www.roomfurnish.com"
208.80.193.45 - - [18/Mar/2008:16:09:55 -0700] "GET / HTTP/1.1" 200 1315 "-" "Mozilla/4.0 (compatible; MSIE 6.0; Windows NT 5.1; Q312464)" "roomfurnish.com"
98.173.26.143 - - [18/Mar/2008:18:35:02 -0700] "GET /robots.txt HTTP/1.0" 404 275 "-" "envolk/1.7 (+http://www.envolk.com/envolkspiderinfo.html)" "roomfurnish.com"
212.63.132.54 - - [18/Mar/2008:18:49:01 -0700] "GET / HTTP/1.0" 200 1315 "-" "Mozilla/4.0 (compatible; MSIE 7.0; Windows NT 5.1; .NET CLR 2.0.50727; .NET CLR 1.1.4322)" "roomfurnish.com"
211.177.245.7 - - [18/Mar/2008:19:49:14 -0700] "GET / HTTP/1.0" 200 1315 "-" "Mozilla/4.0 (compatible; MSIE 7.0; Windows NT 5.1; .NET CLR 2.0.50727; .NET CLR 1.1.4322)" "www.roomfurnish.com"
60.240.249.209 - - [18/Mar/2008:20:35:19 -0700] "GET // HTTP/1.1" 200 1315 "-" "Mozilla/5.0 (X11; U; Linux i686; en-US; rv:1.8.1.4) Gecko/20070515 Firefox/2.0.0.4" "www.roomfurnish.com"
69.64.84.44 - - [18/Mar/2008:21:20:58 -0700] "GET / HTTP/1.0" 200 1315 "-" "Mozilla/4.0 (compatible; MSIE 7.0; Windows NT 5.1; .NET CLR 2.0.50727; .NET CLR 1.1.4322)" "www.roomfurnish.com"
66.249.67.153 - - [18/Mar/2008:23:18:34 -0700] "GET /robots.txt HTTP/1.1" 404 275 "-" "Mozilla/5.0 (compatible; Googlebot/2.1; +http://www.google.com/bot.html)" "roomfurnish.com"
66.249.67.153 - - [18/Mar/2008:23:18:34 -0700] "GET / HTTP/1.1" 200 1315 "-" "Mozilla/5.0 (compatible; Googlebot/2.1; +http://www.google.com/bot.html)" "roomfurnish.com"
65.214.45.130 - - [19/Mar/2008:01:41:43 -0700] "GET /robots.txt HTTP/1.0" 404 275 "-" "Mozilla/5.0 (compatible; Ask Jeeves/Teoma; +http://about.ask.com/en/docs/about/webmasters.shtml)" "www.roomfurnish.com"
65.214.45.130 - - [19/Mar/2008:01:41:44 -0700] "GET /sumacodefrro.html HTTP/1.0" 404 275 "-" "Mozilla/5.0 (compatible; Ask Jeeves/Teoma; +http://about.ask.com/en/docs/about/webmasters.shtml)" "www.roomfurnish.com"
82.177.164.3 - - [19/Mar/2008:02:58:35 -0700] "GET /info.txt HTTP/1.1" 404 275 "-" "-" "roomfurnish.com"
193.252.149.16 - - [19/Mar/2008:04:25:15 -0700] "GET /robots.txt HTTP/1.1" 404 275 "-" "Mozilla/5.0 (Windows; U; Windows NT 5.1; fr; rv:1.8.1) VoilaBot BETA 1.2 (http://www.voila.com/)" "roomfurnish.com"
193.252.149.16 - - [19/Mar/2008:04:25:19 -0700] "GET / HTTP/1.1" 200 1315 "-" "Mozilla/5.0 (Windows; U; Windows NT 5.1; fr; rv:1.8.1) VoilaBot BETA 1.2 (http://www.voila.com/)" "roomfurnish.com"
83.246.95.76 - - [19/Mar/2008:04:42:11 -0700] "GET / HTTP/1.0" 200 1315 "-" "Mozilla/4.0 (compatible; MSIE 7.0; Windows NT 5.1; .NET CLR 2.0.50727; .NET CLR 1.1.4322)" "www.roomfurnish.com"
66.249.67.174 - - [19/Mar/2008:04:46:12 -0700] "GET /robots.txt HTTP/1.1" 404 275 "-" "Mozilla/5.0 (compatible; Googlebot/2.1; +http://www.google.com/bot.html)" "www.roomfurnish.com"
66.249.67.174 - - [19/Mar/2008:04:46:12 -0700] "GET / HTTP/1.1" 200 1315 "-" "Mozilla/5.0 (compatible; Googlebot/2.1; +http://www.google.com/bot.html)" "www.roomfurnish.com"
67.195.44.110 - - [19/Mar/2008:11:47:00 -0700] "GET /robots.txt HTTP/1.0" 404 275 "-" "Mozilla/5.0 (compatible; Yahoo! Slurp; http://help.yahoo.com/help/us/ysearch/slurp)" "www.roomfurnish.com"
67.195.34.92 - - [19/Mar/2008:11:47:00 -0700] "GET / HTTP/1.0" 200 1315 "-" "Mozilla/5.0 (compatible; Yahoo! DE Slurp; http://help.yahoo.com/help/us/ysearch/slurp)" "www.roomfurnish.com"
216.224.224.130 - - [19/Mar/2008:17:43:47 -0700] "GET / HTTP/1.0" 200 1315 "-" "Mozilla/4.0 (compatible; MSIE 7.0; Windows NT 5.1; .NET CLR 2.0.50727; .NET CLR 1.1.4322)" "roomfurnish.com"
65.214.45.130 - - [19/Mar/2008:18:22:52 -0700] "GET /robots.txt HTTP/1.0" 404 275 "-" "Mozilla/5.0 (compatible; Ask Jeeves/Teoma; +http://about.ask.com/en/docs/about/webmasters.shtml)" "www.roomfurnish.com"
65.214.45.130 - - [19/Mar/2008:18:22:52 -0700] "GET /g-1664s.html HTTP/1.0" 404 275 "-" "Mozilla/5.0 (compatible; Ask Jeeves/Teoma; +http://about.ask.com/en/docs/about/webmasters.shtml)" "www.roomfurnish.com"
122.152.140.207 - - [19/Mar/2008:20:07:15 -0700] "GET / HTTP/1.1" 304 - "-" "Baiduspider+(+http://www.baidu.com/search/spider_jp.html)" "roomfurnish.com"
65.214.45.130 - - [19/Mar/2008:22:27:31 -0700] "GET /g-1485s.html HTTP/1.0" 404 275 "-" "Mozilla/5.0 (compatible; Ask Jeeves/Teoma; +http://about.ask.com/en/docs/about/webmasters.shtml)" "www.roomfurnish.com"
67.152.29.130 - - [19/Mar/2008:23:01:52 -0700] "GET /robots.txt HTTP/1.1" 404 275 "-" "ShopWiki/1.0 ( +http://www.shopwiki.com/wiki/Help:Bot)" "www.roomfurnish.com"
67.152.29.130 - - [19/Mar/2008:23:02:05 -0700] "GET / HTTP/1.1" 200 1315 "http://www.roomfurnish.com/" "ShopWiki/1.0 ( +http://www.shopwiki.com/wiki/Help:Bot)" "www.roomfurnish.com"
67.152.29.130 - - [19/Mar/2008:23:02:06 -0700] "GET / HTTP/1.1" 200 1315 "http://www.roomfurnish.com/" "ShopWiki/1.0 ( +http://www.shopwiki.com/wiki/Help:Bot)" "www.roomfurnish.com"
67.152.29.130 - - [19/Mar/2008:23:02:07 -0700] "GET / HTTP/1.1" 200 1315 "-" "ShopWiki/1.0 ( +http://www.shopwiki.com/wiki/Help:Bot)" "www.roomfurnish.com"
217.72.81.16 - - [20/Mar/2008:03:11:30 -0700] "GET / HTTP/1.0" 200 1315 "-" "Mozilla/4.0 (compatible; MSIE 7.0; Windows NT 5.1; .NET CLR 2.0.50727; .NET CLR 1.1.4322)" "www.roomfurnish.com"
67.152.29.130 - - [20/Mar/2008:04:24:07 -0700] "GET /robots.txt HTTP/1.1" 404 275 "-" "ShopWiki/1.0 ( +http://www.shopwiki.com/wiki/Help:Bot)" "www.roomfurnish.com"
67.152.29.130 - - [20/Mar/2008:04:24:07 -0700] "GET / HTTP/1.1" 200 1315 "-" "ShopWiki/1.0 ( +http://www.shopwiki.com/wiki/Help:Bot)" "www.roomfurnish.com"
67.152.29.130 - - [20/Mar/2008:04:24:24 -0700] "GET /sitemap.html HTTP/1.1" 404 275 "-" "ShopWiki/1.0 ( +http://www.shopwiki.com/wiki/Help:Bot)" "www.roomfurnish.com"
67.152.29.130 - - [20/Mar/2008:04:24:25 -0700] "GET / HTTP/1.1" 200 1315 "-" "ShopWiki/1.0 ( +http://www.shopwiki.com/wiki/Help:Bot)" "www.roomfurnish.com"
67.195.44.110 - - [21/Mar/2008:17:22:03 -0700] "GET /robots.txt HTTP/1.0" 404 275 "-" "Mozilla/5.0 (compatible; Yahoo! Slurp; http://help.yahoo.com/help/us/ysearch/slurp)" "www.roomfurnish.com"
67.195.34.92 - - [21/Mar/2008:17:22:04 -0700] "GET / HTTP/1.0" 200 1315 "-" "Mozilla/5.0 (compatible; Yahoo! DE Slurp; http://help.yahoo.com/help/us/ysearch/slurp)" "www.roomfurnish.com"
74.6.30.189 - - [21/Mar/2008:19:41:15 -0700] "GET /robots.txt HTTP/1.0" 404 275 "-" "Mozilla/5.0 (compatible; Yahoo! Slurp; http://help.yahoo.com/help/us/ysearch/slurp)" "roomfurnish.com"
74.6.29.121 - - [21/Mar/2008:19:41:17 -0700] "GET /g-2131.html HTTP/1.0" 404 275 "-" "Mozilla/5.0 (compatible; Yahoo! Slurp; http://help.yahoo.com/help/us/ysearch/slurp)" "roomfurnish.com"
63.123.238.8 - - [21/Mar/2008:23:23:01 -0700] "GET /robots.txt HTTP/1.1" 404 275 "-" "Mozilla/2.0 (compatible; Ask Jeeves/Teoma)" "www.roomfurnish.com"
63.123.238.8 - - [21/Mar/2008:23:23:02 -0700] "GET / HTTP/1.1" 200 1315 "-" "Mozilla/2.0 (compatible; Ask Jeeves/Teoma)" "www.roomfurnish.com"
67.195.44.110 - - [22/Mar/2008:06:59:27 -0700] "GET /robots.txt HTTP/1.0" 404 275 "-" "Mozilla/5.0 (compatible; Yahoo! Slurp; http://help.yahoo.com/help/us/ysearch/slurp)" "www.roomfurnish.com"
74.6.31.164 - - [22/Mar/2008:06:59:27 -0700] "GET / HTTP/1.0" 200 1315 "-" "Mozilla/5.0 (compatible; Yahoo! DE Slurp; http://help.yahoo.com/help/us/ysearch/slurp)" "www.roomfurnish.com"
88.131.106.12 - - [22/Mar/2008:07:21:35 -0700] "GET /robots.txt HTTP/1.0" 404 275 "-" "Speedy Spider (http://www.entireweb.com/about/search_tech/speedy_spider/)" "roomfurnish.com"
88.131.106.12 - - [22/Mar/2008:07:23:36 -0700] "GET /361fuziosofa.html HTTP/1.0" 404 275 "-" "Speedy Spider (http://www.entireweb.com/about/search_tech/speedy_spider/)" "roomfurnish.com"
65.214.45.130 - - [22/Mar/2008:09:56:19 -0700] "GET /robots.txt HTTP/1.0" 404 275 "-" "Mozilla/5.0 (compatible; Ask Jeeves/Teoma; +http://about.ask.com/en/docs/about/webmasters.shtml)" "www.roomfurnish.com"
65.214.45.130 - - [22/Mar/2008:09:56:19 -0700] "GET /992veso.html HTTP/1.0" 404 275 "-" "Mozilla/5.0 (compatible; Ask Jeeves/Teoma; +http://about.ask.com/en/docs/about/webmasters.shtml)" "www.roomfurnish.com"
66.249.67.153 - - [22/Mar/2008:10:33:22 -0700] "GET /robots.txt HTTP/1.1" 404 275 "-" "Mozilla/5.0 (compatible; Googlebot/2.1; +http://www.google.com/bot.html)" "roomfurnish.com"
66.249.67.153 - - [22/Mar/2008:10:33:22 -0700] "GET / HTTP/1.1" 200 1315 "-" "Mozilla/5.0 (compatible; Googlebot/2.1; +http://www.google.com/bot.html)" "roomfurnish.com"
88.131.106.12 - - [22/Mar/2008:14:05:58 -0700] "GET /robots.txt HTTP/1.0" 404 275 "-" "Speedy Spider (http://www.entireweb.com/about/search_tech/speedy_spider/)" "roomfurnish.com"
88.131.106.12 - - [22/Mar/2008:14:06:01 -0700] "GET /s-872.html HTTP/1.0" 404 275 "-" "Speedy Spider (http://www.entireweb.com/about/search_tech/speedy_spider/)" "roomfurnish.com"
88.131.106.12 - - [22/Mar/2008:14:13:11 -0700] "GET /origincoffee.html HTTP/1.0" 404 275 "-" "Speedy Spider (http://www.entireweb.com/about/search_tech/speedy_spider/)" "roomfurnish.com"
64.124.148.28 - - [22/Mar/2008:14:26:55 -0700] "GET /robots.txt HTTP/1.1" 404 275 "-" "Mozilla/5.0 (compatible; FatBot 2.0; http://www.thefind.com/crawler)" "roomfurnish.com"
64.124.148.28 - - [22/Mar/2008:14:32:38 -0700] "GET / HTTP/1.1" 200 1315 "-" "Mozilla/5.0 (compatible; FatBot 2.0; http://www.thefind.com/crawler)" "roomfurnish.com"
88.131.106.12 - - [22/Mar/2008:15:54:14 -0700] "GET /355florence.html HTTP/1.0" 404 275 "-" "Speedy Spider (http://www.entireweb.com/about/search_tech/speedy_spider/)" "roomfurnish.com"
208.80.193.53 - - [22/Mar/2008:18:26:58 -0700] "GET / HTTP/1.1" 200 1315 "-" "Mozilla/4.0 (compatible; MSIE 7.0; Windows NT 5.1; .NET CLR 1.0.3705; .NET CLR 1.1.4322; Media Center PC 4.0; Zango 10.1.181.0)" "www.roomfurnish.com"
208.80.193.53 - - [22/Mar/2008:18:26:58 -0700] "GET / HTTP/1.1" 200 1315 "-" "Mozilla/4.0 (compatible; MSIE 7.0; Windows NT 5.1; FunWebProducts; .NET CLR 1.0.3705; .NET CLR 1.1.4322; Media Center PC 4.0; HbTools 4.7.7)" "roomfurnish.com"
122.152.140.207 - - [22/Mar/2008:20:11:15 -0700] "GET / HTTP/1.1" 304 - "-" "Baiduspider+(+http://www.baidu.com/search/spider_jp.html)" "roomfurnish.com"
67.195.44.110 - - [22/Mar/2008:20:45:52 -0700] "GET /robots.txt HTTP/1.0" 404 275 "-" "Mozilla/5.0 (compatible; Yahoo! Slurp; http://help.yahoo.com/help/us/ysearch/slurp)" "www.roomfurnish.com"
67.195.34.92 - - [22/Mar/2008:20:45:52 -0700] "GET / HTTP/1.0" 200 1315 "-" "Mozilla/5.0 (compatible; Yahoo! DE Slurp; http://help.yahoo.com/help/us/ysearch/slurp)" "www.roomfurnish.com"
63.123.238.8 - - [22/Mar/2008:21:39:27 -0700] "GET /robots.txt HTTP/1.1" 404 275 "-" "Mozilla/2.0 (compatible; Ask Jeeves/Teoma)" "roomfurnish.com"
63.123.238.8 - - [22/Mar/2008:21:39:28 -0700] "GET / HTTP/1.1" 200 1315 "-" "Mozilla/2.0 (compatible; Ask Jeeves/Teoma)" "roomfurnish.com"
88.131.106.12 - - [22/Mar/2008:22:13:54 -0700] "GET /robots.txt HTTP/1.0" 404 275 "-" "Speedy Spider (http://www.entireweb.com/about/search_tech/speedy_spider/)" "roomfurnish.com"
88.131.106.12 - - [22/Mar/2008:22:13:55 -0700] "GET /s-878.html HTTP/1.0" 404 275 "-" "Speedy Spider (http://www.entireweb.com/about/search_tech/speedy_spider/)" "roomfurnish.com"
88.131.106.12 - - [22/Mar/2008:22:49:56 -0700] "GET /358miniatosofa.html HTTP/1.0" 404 275 "-" "Speedy Spider (http://www.entireweb.com/about/search_tech/speedy_spider/)" "roomfurnish.com"
88.131.106.12 - - [22/Mar/2008:23:00:31 -0700] "GET /2005style.html HTTP/1.0" 404 275 "-" "Speedy Spider (http://www.entireweb.com/about/search_tech/speedy_spider/)" "roomfurnish.com"
88.131.106.12 - - [22/Mar/2008:23:02:15 -0700] "GET /2004style.html HTTP/1.0" 404 275 "-" "Speedy Spider (http://www.entireweb.com/about/search_tech/speedy_spider/)" "roomfurnish.com"
88.131.106.12 - - [22/Mar/2008:23:31:48 -0700] "GET /236caso.html HTTP/1.0" 404 275 "-" "Speedy Spider (http://www.entireweb.com/about/search_tech/speedy_spider/)" "roomfurnish.com"
88.131.106.12 - - [22/Mar/2008:23:32:05 -0700] "GET /298vaso.html HTTP/1.0" 404 275 "-" "Speedy Spider (http://www.entireweb.com/about/search_tech/speedy_spider/)" "roomfurnish.com"
88.131.106.12 - - [23/Mar/2008:00:16:25 -0700] "GET /950imso.html HTTP/1.0" 404 275 "-" "Speedy Spider (http://www.entireweb.com/about/search_tech/speedy_spider/)" "roomfurnish.com"
88.131.106.12 - - [23/Mar/2008:00:52:38 -0700] "GET /faq.html HTTP/1.0" 404 275 "-" "Speedy Spider (http://www.entireweb.com/about/search_tech/speedy_spider/)" "roomfurnish.com"
88.131.106.12 - - [23/Mar/2008:01:15:30 -0700] "GET /g-2035.html HTTP/1.0" 404 275 "-" "Speedy Spider (http://www.entireweb.com/about/search_tech/speedy_spider/)" "roomfurnish.com"
88.131.106.12 - - [23/Mar/2008:01:16:00 -0700] "GET /g17mach.html HTTP/1.0" 404 275 "-" "Speedy Spider (http://www.entireweb.com/about/search_tech/speedy_spider/)" "roomfurnish.com"
88.131.106.12 - - [23/Mar/2008:01:22:28 -0700] "GET /352lovesofa.html HTTP/1.0" 404 275 "-" "Speedy Spider (http://www.entireweb.com/about/search_tech/speedy_spider/)" "roomfurnish.com"
193.252.149.16 - - [23/Mar/2008:04:26:32 -0700] "GET /robots.txt HTTP/1.1" 404 275 "-" "Mozilla/5.0 (Windows; U; Windows NT 5.1; fr; rv:1.8.1) VoilaBot BETA 1.2 (http://www.voila.com/)" "roomfurnish.com"
193.252.149.16 - - [23/Mar/2008:04:26:50 -0700] "GET / HTTP/1.1" 200 1315 "-" "Mozilla/5.0 (Windows; U; Windows NT 5.1; fr; rv:1.8.1) VoilaBot BETA 1.2 (http://www.voila.com/)" "roomfurnish.com"
202.51.183.46 - - [23/Mar/2008:04:34:48 -0700] "GET / HTTP/1.0" 200 1315 "http://shopping.yahoo.com/stores/sd.html;_ylt=AslRMAk_FILIej8Gm5bOaCBDmmYB;_ylu=X3oDMTBscWNjbnU1BF9zAzIzNTAxMzc5BHNlYwNzdG9yZQ--?id=22658907&a=R&r=u&f=40" "Mozilla/5.0 (Windows; U; Windows NT 5.0; en-US; rv:1.8.1.12) Gecko/20080201 Firefox/2.0.0.12" "www.roomfurnish.com"
67.152.29.130 - - [23/Mar/2008:05:33:05 -0700] "GET /robots.txt HTTP/1.1" 404 275 "-" "ShopWiki/1.0 ( +http://www.shopwiki.com/wiki/Help:Bot)" "www.roomfurnish.com"
67.152.29.130 - - [23/Mar/2008:05:33:05 -0700] "GET / HTTP/1.1" 200 1315 "-" "ShopWiki/1.0 ( +http://www.shopwiki.com/wiki/Help:Bot)" "www.roomfurnish.com"
67.152.29.130 - - [23/Mar/2008:05:33:06 -0700] "GET /sitemap.html HTTP/1.1" 404 275 "-" "ShopWiki/1.0 ( +http://www.shopwiki.com/wiki/Help:Bot)" "www.roomfurnish.com"
67.152.29.130 - - [23/Mar/2008:05:33:07 -0700] "GET / HTTP/1.1" 200 1315 "-" "ShopWiki/1.0 ( +http://www.shopwiki.com/wiki/Help:Bot)" "www.roomfurnish.com"
88.131.106.12 - - [23/Mar/2008:06:34:42 -0700] "GET /robots.txt HTTP/1.0" 404 275 "-" "Speedy Spider (http://www.entireweb.com/about/search_tech/speedy_spider/)" "roomfurnish.com"
88.131.106.12 - - [23/Mar/2008:06:34:42 -0700] "GET /a50disl.html HTTP/1.0" 404 275 "-" "Speedy Spider (http://www.entireweb.com/about/search_tech/speedy_spider/)" "roomfurnish.com"
88.131.106.12 - - [23/Mar/2008:07:44:18 -0700] "GET /info.html HTTP/1.0" 404 275 "-" "Speedy Spider (http://www.entireweb.com/about/search_tech/speedy_spider/)" "roomfurnish.com"
88.131.106.12 - - [23/Mar/2008:07:52:11 -0700] "GET /privacypolicy.html HTTP/1.0" 404 275 "-" "Speedy Spider (http://www.entireweb.com/about/search_tech/speedy_spider/)" "roomfurnish.com"
74.6.30.189 - - [23/Mar/2008:07:59:32 -0700] "GET /robots.txt HTTP/1.0" 404 275 "-" "Mozilla/5.0 (compatible; Yahoo! Slurp; http://help.yahoo.com/help/us/ysearch/slurp)" "roomfurnish.com"
74.6.26.166 - - [23/Mar/2008:07:59:38 -0700] "GET / HTTP/1.0" 304 - "-" "Mozilla/5.0 (compatible; Yahoo! Slurp; http://help.yahoo.com/help/us/ysearch/slurp)" "roomfurnish.com"
67.195.44.110 - - [23/Mar/2008:11:59:53 -0700] "GET /robots.txt HTTP/1.0" 404 275 "-" "Mozilla/5.0 (compatible; Yahoo! Slurp; http://help.yahoo.com/help/us/ysearch/slurp)" "www.roomfurnish.com"
74.6.31.164 - - [23/Mar/2008:11:59:53 -0700] "GET / HTTP/1.0" 200 1315 "-" "Mozilla/5.0 (compatible; Yahoo! DE Slurp; http://help.yahoo.com/help/us/ysearch/slurp)" "www.roomfurnish.com"
64.202.165.133 - - [23/Mar/2008:12:02:38 -0700] "GET /? HTTP/1.0" 200 1315 "-" "Mozilla/4.0 (compatible; MSIE 6.0; Windows NT 5.0)" "roomfurnish.com"
65.214.45.130 - - [23/Mar/2008:12:18:36 -0700] "GET /robots.txt HTTP/1.0" 404 275 "-" "Mozilla/5.0 (compatible; Ask Jeeves/Teoma; +http://about.ask.com/en/docs/about/webmasters.shtml)" "www.roomfurnish.com"
65.214.45.130 - - [23/Mar/2008:12:18:36 -0700] "GET /326veronasofa.html HTTP/1.0" 404 275 "-" "Mozilla/5.0 (compatible; Ask Jeeves/Teoma; +http://about.ask.com/en/docs/about/webmasters.shtml)" "www.roomfurnish.com"
202.160.180.184 - - [23/Mar/2008:13:33:14 -0700] "GET /robots.txt HTTP/1.0" 404 275 "-" "Mozilla/5.0 (compatible; Yahoo! Slurp China; http://misc.yahoo.com.cn/help.html)" "roomfurnish.com"
202.160.178.82 - - [23/Mar/2008:13:33:15 -0700] "GET / HTTP/1.0" 304 - "-" "Mozilla/5.0 (compatible; Yahoo! Slurp China; http://misc.yahoo.com.cn/help.html)" "roomfurnish.com"
88.131.106.12 - - [23/Mar/2008:13:34:38 -0700] "GET /robots.txt HTTP/1.0" 404 275 "-" "Speedy Spider (http://www.entireweb.com/about/search_tech/speedy_spider/)" "roomfurnish.com"
88.131.106.12 - - [23/Mar/2008:13:34:38 -0700] "GET /lb-11.html HTTP/1.0" 404 275 "-" "Speedy Spider (http://www.entireweb.com/about/search_tech/speedy_spider/)" "roomfurnish.com"
88.131.106.12 - - [23/Mar/2008:13:35:08 -0700] "GET /s-891.html HTTP/1.0" 404 275 "-" "Speedy Spider (http://www.entireweb.com/about/search_tech/speedy_spider/)" "roomfurnish.com"
88.131.106.12 - - [23/Mar/2008:14:41:07 -0700] "GET /contactus.html HTTP/1.0" 404 275 "-" "Speedy Spider (http://www.entireweb.com/about/search_tech/speedy_spider/)" "roomfurnish.com"
74.6.7.171 - - [23/Mar/2008:16:53:27 -0700] "GET /chlogr.html HTTP/1.0" 404 275 "-" "Mozilla/5.0 (compatible; Yahoo! Slurp; http://help.yahoo.com/help/us/ysearch/slurp)" "roomfurnish.com"
75.121.239.197 - - [23/Mar/2008:18:09:06 -0700] "GET / HTTP/1.1" 200 1315 "-" "Mozilla/4.0 (compatible; MSIE 7.0; Windows NT 5.1; .NET CLR 1.0.3705; .NET CLR 1.1.4322; Media Center PC 3.1; IEMB3; Alexa Toolbar; IEMB3)" "roomfurnish.com"
75.121.239.197 - - [23/Mar/2008:18:09:09 -0700] "GET /favicon.ico HTTP/1.1" 404 275 "-" "Mozilla/4.0 (compatible; MSIE 7.0; Windows NT 5.1; .NET CLR 1.0.3705; .NET CLR 1.1.4322; Media Center PC 3.1; IEMB3; Alexa Toolbar; IEMB3)" "roomfurnish.com"
67.152.29.130 - - [23/Mar/2008:19:00:31 -0700] "GET /robots.txt HTTP/1.1" 404 275 "-" "ShopWiki/1.0 ( +http://www.shopwiki.com/wiki/Help:Bot)" "www.roomfurnish.com"
67.152.29.130 - - [23/Mar/2008:19:00:32 -0700] "GET / HTTP/1.1" 200 1315 "-" "ShopWiki/1.0 ( +http://www.shopwiki.com/wiki/Help:Bot)" "www.roomfurnish.com"
67.152.29.130 - - [23/Mar/2008:19:00:33 -0700] "GET /sitemap.html HTTP/1.1" 404 275 "-" "ShopWiki/1.0 ( +http://www.shopwiki.com/wiki/Help:Bot)" "www.roomfurnish.com"
208.36.144.10 - - [23/Mar/2008:20:55:58 -0700] "GET /robots.txt HTTP/1.0" 404 275 "-" "Mozilla/5.0 (Twiceler-0.9 http://www.cuill.com/twiceler/robot.html)" "www.roomfurnish.com"
192.193.160.8 - - [23/Mar/2008:20:56:06 -0700] "GET / HTTP/1.1" 200 1315 "http://72.14.235.104/search?q=cache:t_rK05nAdB4J:www.rafasys.com/homeandgarden/site/23218+%22edwin+tanggara%22&hl=en&ct=clnk&cd=1&gl=sg" "Mozilla/4.0 (compatible; MSIE 6.0; Windows NT 5.0)" "roomfurnish.com"
88.131.106.12 - - [23/Mar/2008:21:26:38 -0700] "GET /robots.txt HTTP/1.0" 404 275 "-" "Speedy Spider (http://www.entireweb.com/about/search_tech/speedy_spider/)" "roomfurnish.com"
88.131.106.12 - - [23/Mar/2008:21:26:39 -0700] "GET /s-893.html HTTP/1.0" 404 275 "-" "Speedy Spider (http://www.entireweb.com/about/search_tech/speedy_spider/)" "roomfurnish.com"
88.131.106.12 - - [23/Mar/2008:22:03:20 -0700] "GET /lesw.html HTTP/1.0" 404 275 "-" "Speedy Spider (http://www.entireweb.com/about/search_tech/speedy_spider/)" "roomfurnish.com"
88.131.106.12 - - [23/Mar/2008:22:09:09 -0700] "GET /258rosssofa.html HTTP/1.0" 404 275 "-" "Speedy Spider (http://www.entireweb.com/about/search_tech/speedy_spider/)" "roomfurnish.com"
88.131.106.12 - - [23/Mar/2008:22:14:53 -0700] "GET /212boldsofa.html HTTP/1.0" 404 275 "-" "Speedy Spider (http://www.entireweb.com/about/search_tech/speedy_spider/)" "roomfurnish.com"
88.131.106.12 - - [23/Mar/2008:22:51:09 -0700] "GET /lb-12.html HTTP/1.0" 404 275 "-" "Speedy Spider (http://www.entireweb.com/about/search_tech/speedy_spider/)" "roomfurnish.com"
88.131.106.12 - - [23/Mar/2008:23:20:31 -0700] "GET /sectionalsofa.html HTTP/1.0" 404 275 "-" "Speedy Spider (http://www.entireweb.com/about/search_tech/speedy_spider/)" "roomfurnish.com"
67.195.44.110 - - [23/Mar/2008:23:20:36 -0700] "GET /robots.txt HTTP/1.0" 404 275 "-" "Mozilla/5.0 (compatible; Yahoo! Slurp; http://help.yahoo.com/help/us/ysearch/slurp)" "www.roomfurnish.com"
67.195.34.92 - - [23/Mar/2008:23:20:36 -0700] "GET / HTTP/1.0" 200 1315 "-" "Mozilla/5.0 (compatible; Yahoo! DE Slurp; http://help.yahoo.com/help/us/ysearch/slurp)" "www.roomfurnish.com"
65.214.45.130 - - [24/Mar/2008:04:52:32 -0700] "GET /robots.txt HTTP/1.0" 404 275 "-" "Mozilla/5.0 (compatible; Ask Jeeves/Teoma; +http://about.ask.com/en/docs/about/webmasters.shtml)" "www.roomfurnish.com"
65.214.45.130 - - [24/Mar/2008:04:52:32 -0700] "GET /g-1637l.html HTTP/1.0" 404 275 "-" "Mozilla/5.0 (compatible; Ask Jeeves/Teoma; +http://about.ask.com/en/docs/about/webmasters.shtml)" "www.roomfurnish.com"
67.152.29.130 - - [24/Mar/2008:06:47:35 -0700] "GET /robots.txt HTTP/1.1" 404 275 "-" "ShopWiki/1.0 ( +http://www.shopwiki.com/wiki/Help:Bot)" "www.roomfurnish.com"
67.152.29.130 - - [24/Mar/2008:06:47:36 -0700] "GET / HTTP/1.1" 200 1315 "-" "ShopWiki/1.0 ( +http://www.shopwiki.com/wiki/Help:Bot)" "www.roomfurnish.com"
67.152.29.130 - - [24/Mar/2008:06:47:37 -0700] "GET /sitemap.html HTTP/1.1" 404 275 "-" "ShopWiki/1.0 ( +http://www.shopwiki.com/wiki/Help:Bot)" "www.roomfurnish.com"
67.152.29.130 - - [24/Mar/2008:12:23:00 -0700] "GET /robots.txt HTTP/1.1" 404 275 "-" "ShopWiki/1.0 ( +http://www.shopwiki.com/wiki/Help:Bot)" "www.roomfurnish.com"
67.152.29.130 - - [24/Mar/2008:12:23:03 -0700] "GET / HTTP/1.1" 200 1315 "-" "ShopWiki/1.0 ( +http://www.shopwiki.com/wiki/Help:Bot)" "www.roomfurnish.com"
67.152.29.130 - - [24/Mar/2008:12:23:04 -0700] "GET /sitemap.html HTTP/1.1" 404 275 "-" "ShopWiki/1.0 ( +http://www.shopwiki.com/wiki/Help:Bot)" "www.roomfurnish.com"
67.195.44.110 - - [24/Mar/2008:12:45:55 -0700] "GET /robots.txt HTTP/1.0" 404 275 "-" "Mozilla/5.0 (compatible; Yahoo! Slurp; http://help.yahoo.com/help/us/ysearch/slurp)" "www.roomfurnish.com"
74.6.31.164 - - [24/Mar/2008:12:45:55 -0700] "GET / HTTP/1.0" 200 1315 "-" "Mozilla/5.0 (compatible; Yahoo! DE Slurp; http://help.yahoo.com/help/us/ysearch/slurp)" "www.roomfurnish.com"
193.252.149.16 - - [24/Mar/2008:14:26:54 -0700] "GET /robots.txt HTTP/1.1" 404 275 "-" "Mozilla/5.0 (Windows; U; Windows NT 5.1; fr; rv:1.8.1) VoilaBot BETA 1.2 (http://www.voila.com/)" "www.roomfurnish.com"
193.252.149.16 - - [24/Mar/2008:14:26:56 -0700] "GET / HTTP/1.1" 200 1315 "-" "Mozilla/5.0 (Windows; U; Windows NT 5.1; fr; rv:1.8.1) VoilaBot BETA 1.2 (http://www.voila.com/)" "www.roomfurnish.com"
65.214.45.130 - - [24/Mar/2008:14:40:43 -0700] "GET /c04carlosofa.html HTTP/1.0" 404 275 "-" "Mozilla/5.0 (compatible; Ask Jeeves/Teoma; +http://about.ask.com/en/docs/about/webmasters.shtml)" "www.roomfurnish.com"
99.205.146.246 - - [24/Mar/2008:16:04:47 -0700] "GET / HTTP/1.1" 200 1315 "-" "Mozilla/4.0 (compatible; MSIE 7.0; Windows NT 6.0; SLCC1; .NET CLR 2.0.50727; Media Center PC 5.0; .NET CLR 3.0.04506)" "roomfurnish.com"
99.205.146.246 - - [24/Mar/2008:16:04:50 -0700] "GET /favicon.ico HTTP/1.1" 404 275 "-" "Mozilla/4.0 (compatible; MSIE 7.0; Windows NT 6.0; SLCC1; .NET CLR 2.0.50727; Media Center PC 5.0; .NET CLR 3.0.04506)" "roomfurnish.com"
99.205.146.246 - - [24/Mar/2008:16:11:04 -0700] "GET / HTTP/1.1" 304 - "-" "Mozilla/4.0 (compatible; MSIE 7.0; Windows NT 6.0; SLCC1; .NET CLR 2.0.50727; Media Center PC 5.0; .NET CLR 3.0.04506)" "roomfurnish.com"
88.131.106.12 - - [24/Mar/2008:16:34:47 -0700] "GET /robots.txt HTTP/1.0" 404 275 "-" "Speedy Spider (http://www.entireweb.com/about/search_tech/speedy_spider/)" "roomfurnish.com"
88.131.106.12 - - [24/Mar/2008:16:34:48 -0700] "GET /lb-15.html HTTP/1.0" 404 275 "-" "Speedy Spider (http://www.entireweb.com/about/search_tech/speedy_spider/)" "roomfurnish.com"
88.131.106.12 - - [24/Mar/2008:18:57:53 -0700] "GET /trackorder.html HTTP/1.0" 404 275 "-" "Speedy Spider (http://www.entireweb.com/about/search_tech/speedy_spider/)" "roomfurnish.com"
66.249.67.153 - - [24/Mar/2008:20:40:44 -0700] "GET /robots.txt HTTP/1.1" 404 275 "-" "Mozilla/5.0 (compatible; Googlebot/2.1; +http://www.google.com/bot.html)" "www.roomfurnish.com"
66.249.67.153 - - [24/Mar/2008:20:40:44 -0700] "GET / HTTP/1.1" 304 - "-" "Mozilla/5.0 (compatible; Googlebot/2.1; +http://www.google.com/bot.html)" "www.roomfurnish.com"
67.152.29.130 - - [24/Mar/2008:22:11:28 -0700] "GET /robots.txt HTTP/1.1" 404 275 "-" "ShopWiki/1.0 ( +http://www.shopwiki.com/wiki/Help:Bot)" "www.roomfurnish.com"
67.152.29.130 - - [24/Mar/2008:22:11:28 -0700] "GET / HTTP/1.1" 200 1315 "-" "ShopWiki/1.0 ( +http://www.shopwiki.com/wiki/Help:Bot)" "www.roomfurnish.com"
65.214.45.130 - - [24/Mar/2008:22:23:06 -0700] "GET /robots.txt HTTP/1.0" 404 275 "-" "Mozilla/5.0 (compatible; Ask Jeeves/Teoma; +http://about.ask.com/en/docs/about/webmasters.shtml)" "www.roomfurnish.com"
65.214.45.130 - - [24/Mar/2008:22:23:06 -0700] "GET /g-1626s.html HTTP/1.0" 404 275 "-" "Mozilla/5.0 (compatible; Ask Jeeves/Teoma; +http://about.ask.com/en/docs/about/webmasters.shtml)" "www.roomfurnish.com"
65.214.45.130 - - [24/Mar/2008:22:46:39 -0700] "GET /273magnasofa.html HTTP/1.0" 404 275 "-" "Mozilla/5.0 (compatible; Ask Jeeves/Teoma; +http://about.ask.com/en/docs/about/webmasters.shtml)" "www.roomfurnish.com"
67.195.44.110 - - [24/Mar/2008:23:30:01 -0700] "GET /robots.txt HTTP/1.0" 404 275 "-" "Mozilla/5.0 (compatible; Yahoo! Slurp; http://help.yahoo.com/help/us/ysearch/slurp)" "www.roomfurnish.com"
67.195.34.92 - - [24/Mar/2008:23:30:02 -0700] "GET / HTTP/1.0" 200 1315 "-" "Mozilla/5.0 (compatible; Yahoo! DE Slurp; http://help.yahoo.com/help/us/ysearch/slurp)" "www.roomfurnish.com"
122.152.140.207 - - [24/Mar/2008:23:39:11 -0700] "GET / HTTP/1.1" 304 - "-" "Baiduspider+(+http://www.baidu.com/search/spider_jp.html)" "roomfurnish.com"
122.152.129.53 - - [25/Mar/2008:00:02:59 -0700] "GET /robots.txt HTTP/1.1" 404 275 "-" "Baiduspider+(+http://www.baidu.com/search/spider_jp.html)" "roomfurnish.com"
88.131.106.12 - - [25/Mar/2008:01:21:55 -0700] "GET /robots.txt HTTP/1.0" 404 275 "-" "Speedy Spider (http://www.entireweb.com/about/search_tech/speedy_spider/)" "roomfurnish.com"
88.131.106.12 - - [25/Mar/2008:01:21:55 -0700] "GET /swatch.html HTTP/1.0" 404 275 "-" "Speedy Spider (http://www.entireweb.com/about/search_tech/speedy_spider/)" "roomfurnish.com"
88.131.106.12 - - [25/Mar/2008:02:02:36 -0700] "GET /lb-16.html HTTP/1.0" 404 275 "-" "Speedy Spider (http://www.entireweb.com/about/search_tech/speedy_spider/)" "roomfurnish.com"
65.214.45.130 - - [25/Mar/2008:03:41:02 -0700] "GET /g-1626.html HTTP/1.0" 404 275 "-" "Mozilla/5.0 (compatible; Ask Jeeves/Teoma; +http://about.ask.com/en/docs/about/webmasters.shtml)" "www.roomfurnish.com"
66.249.67.153 - - [25/Mar/2008:05:09:16 -0700] "GET / HTTP/1.1" 200 1315 "-" "Mozilla/5.0 (compatible; Googlebot/2.1; +http://www.google.com/bot.html)" "www.roomfurnish.com"
66.249.67.153 - - [25/Mar/2008:08:17:47 -0700] "GET /robots.txt HTTP/1.1" 404 275 "-" "Mozilla/5.0 (compatible; Googlebot/2.1; +http://www.google.com/bot.html)" "roomfurnish.com"
66.249.67.153 - - [25/Mar/2008:08:17:47 -0700] "GET / HTTP/1.1" 200 1315 "-" "Mozilla/5.0 (compatible; Googlebot/2.1; +http://www.google.com/bot.html)" "roomfurnish.com"
71.191.171.237 - - [25/Mar/2008:10:04:10 -0700] "GET /favicon.ico HTTP/1.1" 404 275 "-" "Mozilla/4.0 (compatible; MSIE 7.0; Windows NT 5.1; FunWebProducts; .NET CLR 2.0.50727; MSN 9.0;MSN 9.1; MSNbVZ02; MSNmen-us; MSNcOTH)" "roomfurnish.com"
38.104.58.118 - - [25/Mar/2008:12:03:01 -0700] "GET /robots.txt HTTP/1.1" 404 275 "-" "panscient.com" "www.roomfurnish.com"
38.104.58.118 - - [25/Mar/2008:12:03:01 -0700] "GET / HTTP/1.1" 200 1315 "-" "panscient.com" "www.roomfurnish.com"
88.131.106.12 - - [25/Mar/2008:12:26:48 -0700] "GET /robots.txt HTTP/1.0" 404 275 "-" "Speedy Spider (http://www.entireweb.com/about/search_tech/speedy_spider/)" "roomfurnish.com"
88.131.106.12 - - [25/Mar/2008:12:26:48 -0700] "GET /luseso.html HTTP/1.0" 404 275 "-" "Speedy Spider (http://www.entireweb.com/about/search_tech/speedy_spider/)" "roomfurnish.com"
88.131.106.12 - - [25/Mar/2008:12:27:27 -0700] "GET /clleso.html HTTP/1.0" 404 275 "-" "Speedy Spider (http://www.entireweb.com/about/search_tech/speedy_spider/)" "roomfurnish.com"
88.131.106.12 - - [25/Mar/2008:12:28:03 -0700] "GET /b3trso.html HTTP/1.0" 404 275 "-" "Speedy Spider (http://www.entireweb.com/about/search_tech/speedy_spider/)" "roomfurnish.com"
67.195.44.110 - - [25/Mar/2008:13:01:36 -0700] "GET /robots.txt HTTP/1.0" 404 275 "-" "Mozilla/5.0 (compatible; Yahoo! Slurp; http://help.yahoo.com/help/us/ysearch/slurp)" "www.roomfurnish.com"
74.6.31.164 - - [25/Mar/2008:13:01:36 -0700] "GET / HTTP/1.0" 200 1315 "-" "Mozilla/5.0 (compatible; Yahoo! DE Slurp; http://help.yahoo.com/help/us/ysearch/slurp)" "www.roomfurnish.com"
88.131.106.12 - - [25/Mar/2008:14:20:52 -0700] "GET /b3riso.html HTTP/1.0" 404 275 "-" "Speedy Spider (http://www.entireweb.com/about/search_tech/speedy_spider/)" "roomfurnish.com"
88.131.106.12 - - [25/Mar/2008:14:20:54 -0700] "GET /b3maso.html HTTP/1.0" 404 275 "-" "Speedy Spider (http://www.entireweb.com/about/search_tech/speedy_spider/)" "roomfurnish.com"
69.219.153.116 - - [25/Mar/2008:14:31:37 -0700] "GET / HTTP/1.1" 200 1315 "http://www.synapse.co.in/clients/b2c_yahoostore_homefurnish.shtml" "Mozilla/5.0 (Windows; U; Windows NT 5.1; en-US; rv:1.8.1.12) Gecko/20080201 Firefox/2.0.0.12" "www.roomfurnish.com"
69.219.153.116 - - [25/Mar/2008:14:31:37 -0700] "GET /favicon.ico HTTP/1.1" 404 275 "-" "Mozilla/5.0 (compatible; Google Desktop)" "www.roomfurnish.com"
69.219.153.116 - - [25/Mar/2008:14:31:38 -0700] "GET /favicon.ico HTTP/1.1" 404 275 "-" "Mozilla/5.0 (Windows; U; Windows NT 5.1; en-US; rv:1.8.1.12) Gecko/20080201 Firefox/2.0.0.12" "www.roomfurnish.com"
67.152.29.130 - - [25/Mar/2008:14:33:58 -0700] "GET /robots.txt HTTP/1.1" 404 275 "-" "ShopWiki/1.0 ( +http://www.shopwiki.com/wiki/Help:Bot)" "www.roomfurnish.com"
67.152.29.130 - - [25/Mar/2008:14:33:58 -0700] "GET / HTTP/1.1" 200 1315 "-" "ShopWiki/1.0 ( +http://www.shopwiki.com/wiki/Help:Bot)" "www.roomfurnish.com"
67.152.29.130 - - [25/Mar/2008:14:33:59 -0700] "GET /sitemap.html HTTP/1.1" 404 275 "-" "ShopWiki/1.0 ( +http://www.shopwiki.com/wiki/Help:Bot)" "www.roomfurnish.com"
67.152.29.130 - - [25/Mar/2008:14:34:00 -0700] "GET / HTTP/1.1" 200 1315 "-" "ShopWiki/1.0 ( +http://www.shopwiki.com/wiki/Help:Bot)" "www.roomfurnish.com"
65.214.45.130 - - [25/Mar/2008:15:40:26 -0700] "GET /robots.txt HTTP/1.0" 404 275 "-" "Mozilla/5.0 (compatible; Ask Jeeves/Teoma; +http://about.ask.com/en/docs/about/webmasters.shtml)" "www.roomfurnish.com"
65.214.45.130 - - [25/Mar/2008:15:40:26 -0700] "GET /g-1448s.html HTTP/1.0" 404 275 "-" "Mozilla/5.0 (compatible; Ask Jeeves/Teoma; +http://about.ask.com/en/docs/about/webmasters.shtml)" "www.roomfurnish.com"
193.47.80.40 - - [25/Mar/2008:16:32:03 -0700] "GET /robots.txt HTTP/1.1" 404 275 "-" "Mozilla/5.0 (compatible; Exabot/3.0; +http://www.exabot.com/go/robot)" "roomfurnish.com"
193.47.80.40 - - [25/Mar/2008:16:32:03 -0700] "GET / HTTP/1.1" 304 - "-" "Mozilla/5.0 (compatible; Exabot/3.0; +http://www.exabot.com/go/robot)" "roomfurnish.com"
80.34.206.35 - - [25/Mar/2008:17:39:34 -0700] "GET / HTTP/1.0" 304 - "-" "-" "roomfurnish.com"
65.214.45.130 - - [25/Mar/2008:17:51:25 -0700] "GET /g-1638s.html HTTP/1.0" 404 275 "-" "Mozilla/5.0 (compatible; Ask Jeeves/Teoma; +http://about.ask.com/en/docs/about/webmasters.shtml)" "www.roomfurnish.com"
193.252.149.16 - - [25/Mar/2008:18:13:19 -0700] "GET /robots.txt HTTP/1.1" 404 275 "-" "Mozilla/5.0 (Windows; U; Windows NT 5.1; fr; rv:1.8.1) VoilaBot BETA 1.2 (http://www.voila.com/)" "roomfurnish.com"
193.252.149.16 - - [25/Mar/2008:18:13:21 -0700] "GET / HTTP/1.1" 200 1315 "-" "Mozilla/5.0 (Windows; U; Windows NT 5.1; fr; rv:1.8.1) VoilaBot BETA 1.2 (http://www.voila.com/)" "roomfurnish.com"
67.152.29.130 - - [25/Mar/2008:19:01:14 -0700] "GET /robots.txt HTTP/1.1" 404 275 "-" "ShopWiki/1.0 ( +http://www.shopwiki.com/wiki/Help:Bot)" "www.roomfurnish.com"
67.152.29.130 - - [25/Mar/2008:19:01:15 -0700] "GET / HTTP/1.1" 200 1315 "-" "ShopWiki/1.0 ( +http://www.shopwiki.com/wiki/Help:Bot)" "www.roomfurnish.com"
67.152.29.130 - - [25/Mar/2008:19:01:16 -0700] "GET /sitemap.html HTTP/1.1" 404 275 "-" "ShopWiki/1.0 ( +http://www.shopwiki.com/wiki/Help:Bot)" "www.roomfurnish.com"
65.214.45.130 - - [25/Mar/2008:19:33:50 -0700] "GET /g-1653l.html HTTP/1.0" 404 275 "-" "Mozilla/5.0 (compatible; Ask Jeeves/Teoma; +http://about.ask.com/en/docs/about/webmasters.shtml)" "www.roomfurnish.com"
88.131.106.12 - - [25/Mar/2008:19:59:20 -0700] "GET /robots.txt HTTP/1.0" 404 275 "-" "Speedy Spider (http://www.entireweb.com/about/search_tech/speedy_spider/)" "roomfurnish.com"
88.131.106.12 - - [25/Mar/2008:19:59:20 -0700] "GET /b359monzasofa.html HTTP/1.0" 404 275 "-" "Speedy Spider (http://www.entireweb.com/about/search_tech/speedy_spider/)" "roomfurnish.com"
65.214.45.130 - - [25/Mar/2008:20:14:30 -0700] "GET /b06mirasofa.html HTTP/1.0" 404 275 "-" "Mozilla/5.0 (compatible; Ask Jeeves/Teoma; +http://about.ask.com/en/docs/about/webmasters.shtml)" "www.roomfurnish.com"
88.131.106.12 - - [25/Mar/2008:20:21:26 -0700] "GET /351romasofa.html HTTP/1.0" 404 275 "-" "Speedy Spider (http://www.entireweb.com/about/search_tech/speedy_spider/)" "roomfurnish.com"
65.214.45.130 - - [25/Mar/2008:20:41:45 -0700] "GET /g-1518c.html HTTP/1.0" 404 275 "-" "Mozilla/5.0 (compatible; Ask Jeeves/Teoma; +http://about.ask.com/en/docs/about/webmasters.shtml)" "www.roomfurnish.com"
67.152.29.130 - - [25/Mar/2008:20:51:29 -0700] "GET / HTTP/1.1" 200 1315 "-" "ShopWiki/1.0 ( +http://www.shopwiki.com/wiki/Help:Bot)" "www.roomfurnish.com"
67.152.29.130 - - [25/Mar/2008:20:51:30 -0700] "GET /sitemap.html HTTP/1.1" 404 275 "-" "ShopWiki/1.0 ( +http://www.shopwiki.com/wiki/Help:Bot)" "www.roomfurnish.com"
88.131.106.12 - - [25/Mar/2008:21:24:01 -0700] "GET /robots.txt HTTP/1.0" 404 275 "-" "Speedy Spider (http://www.entireweb.com/about/search_tech/speedy_spider/)" "www.roomfurnish.com"
88.131.106.12 - - [25/Mar/2008:21:24:02 -0700] "GET /a50.html HTTP/1.0" 404 275 "-" "Speedy Spider (http://www.entireweb.com/about/search_tech/speedy_spider/)" "www.roomfurnish.com"
88.131.106.12 - - [25/Mar/2008:21:24:27 -0700] "GET /g-2011.html HTTP/1.0" 404 275 "-" "Speedy Spider (http://www.entireweb.com/about/search_tech/speedy_spider/)" "roomfurnish.com"
88.131.106.12 - - [25/Mar/2008:21:52:51 -0700] "GET /367fortesofa.html HTTP/1.0" 404 275 "-" "Speedy Spider (http://www.entireweb.com/about/search_tech/speedy_spider/)" "roomfurnish.com"
88.131.106.12 - - [25/Mar/2008:22:10:44 -0700] "GET /g-2010.html HTTP/1.0" 404 275 "-" "Speedy Spider (http://www.entireweb.com/about/search_tech/speedy_spider/)" "roomfurnish.com"
74.6.30.189 - - [25/Mar/2008:22:13:20 -0700] "GET /robots.txt HTTP/1.0" 404 275 "-" "Mozilla/5.0 (compatible; Yahoo! Slurp; http://help.yahoo.com/help/us/ysearch/slurp)" "roomfurnish.com"
74.6.16.165 - - [25/Mar/2008:22:13:36 -0700] "GET /lb-15.html HTTP/1.0" 404 275 "-" "Mozilla/5.0 (compatible; Yahoo! Slurp; http://help.yahoo.com/help/us/ysearch/slurp)" "roomfurnish.com"
88.131.106.12 - - [25/Mar/2008:22:19:54 -0700] "GET /371poppisofa.html HTTP/1.0" 404 275 "-" "Speedy Spider (http://www.entireweb.com/about/search_tech/speedy_spider/)" "roomfurnish.com"
88.131.106.12 - - [25/Mar/2008:22:54:42 -0700] "GET /a52.html HTTP/1.0" 404 275 "-" "Speedy Spider (http://www.entireweb.com/about/search_tech/speedy_spider/)" "www.roomfurnish.com"
88.131.106.12 - - [25/Mar/2008:22:55:06 -0700] "GET /g-2013.html HTTP/1.0" 404 275 "-" "Speedy Spider (http://www.entireweb.com/about/search_tech/speedy_spider/)" "roomfurnish.com"
88.131.106.12 - - [25/Mar/2008:23:26:43 -0700] "GET /leathersofa.html HTTP/1.0" 404 275 "-" "Speedy Spider (http://www.entireweb.com/about/search_tech/speedy_spider/)" "roomfurnish.com"
72.94.249.34 - - [25/Mar/2008:23:34:45 -0700] "GET /robots.txt HTTP/1.1" 404 275 "-" "DuckDuckBot/1.0; (+http://duckduckgo.com/duckduckbot.html)" "roomfurnish.com"
72.94.249.34 - - [25/Mar/2008:23:34:45 -0700] "GET /favicon.ico HTTP/1.1" 404 275 "-" "DuckDuckBot/1.0; (+http://duckduckgo.com/duckduckbot.html)" "roomfurnish.com"
72.94.249.34 - - [25/Mar/2008:23:34:45 -0700] "GET / HTTP/1.1" 200 1315 "-" "DuckDuckBot/1.0; (+http://duckduckgo.com/duckduckbot.html)" "roomfurnish.com"
67.195.44.110 - - [26/Mar/2008:00:38:22 -0700] "GET /robots.txt HTTP/1.0" 404 275 "-" "Mozilla/5.0 (compatible; Yahoo! Slurp; http://help.yahoo.com/help/us/ysearch/slurp)" "www.roomfurnish.com"
67.195.34.92 - - [26/Mar/2008:00:38:23 -0700] "GET / HTTP/1.0" 200 1315 "-" "Mozilla/5.0 (compatible; Yahoo! DE Slurp; http://help.yahoo.com/help/us/ysearch/slurp)" "www.roomfurnish.com"
64.1.215.165 - - [26/Mar/2008:01:18:36 -0700] "GET /robots.txt HTTP/1.0" 404 275 "-" "Mozilla/5.0 (Twiceler-0.9 http://www.cuill.com/twiceler/robot.html)" "roomfurnish.com"
72.20.109.36 - - [26/Mar/2008:02:14:51 -0700] "GET /robots.txt HTTP/1.1" 404 275 "-" "GurujiBot/1.0 (+http://www.guruji.com/en/WebmasterFAQ.html)" "www.roomfurnish.com"
72.20.109.36 - - [26/Mar/2008:02:14:51 -0700] "GET / HTTP/1.1" 200 1315 "-" "GurujiBot/1.0 (+http://www.guruji.com/en/WebmasterFAQ.html)" "www.roomfurnish.com"
208.36.144.10 - - [26/Mar/2008:02:37:23 -0700] "GET /robots.txt HTTP/1.0" 404 275 "-" "Mozilla/5.0 (Twiceler-0.9 http://www.cuill.com/twiceler/robot.html)" "www.roomfurnish.com"
88.131.106.12 - - [26/Mar/2008:05:01:04 -0700] "GET /robots.txt HTTP/1.0" 404 275 "-" "Speedy Spider (http://www.entireweb.com/about/search_tech/speedy_spider/)" "roomfurnish.com"
88.131.106.12 - - [26/Mar/2008:05:01:04 -0700] "GET /s-890.html HTTP/1.0" 404 275 "-" "Speedy Spider (http://www.entireweb.com/about/search_tech/speedy_spider/)" "roomfurnish.com"
88.131.106.12 - - [26/Mar/2008:05:31:23 -0700] "GET /g-1911.html HTTP/1.0" 404 275 "-" "Speedy Spider (http://www.entireweb.com/about/search_tech/speedy_spider/)" "roomfurnish.com"
88.131.106.12 - - [26/Mar/2008:05:34:52 -0700] "GET /g-1910.html HTTP/1.0" 404 275 "-" "Speedy Spider (http://www.entireweb.com/about/search_tech/speedy_spider/)" "roomfurnish.com"
88.131.106.12 - - [26/Mar/2008:05:38:06 -0700] "GET /g-1913.html HTTP/1.0" 404 275 "-" "Speedy Spider (http://www.entireweb.com/about/search_tech/speedy_spider/)" "roomfurnish.com"
88.131.106.12 - - [26/Mar/2008:05:47:25 -0700] "GET /sisogr.html HTTP/1.0" 404 275 "-" "Speedy Spider (http://www.entireweb.com/about/search_tech/speedy_spider/)" "roomfurnish.com"
88.131.106.12 - - [26/Mar/2008:05:47:39 -0700] "GET /stsogr.html HTTP/1.0" 404 275 "-" "Speedy Spider (http://www.entireweb.com/about/search_tech/speedy_spider/)" "roomfurnish.com"
88.131.106.12 - - [26/Mar/2008:05:49:06 -0700] "GET /wisogr.html HTTP/1.0" 404 275 "-" "Speedy Spider (http://www.entireweb.com/about/search_tech/speedy_spider/)" "roomfurnish.com"
88.131.106.12 - - [26/Mar/2008:05:52:52 -0700] "GET /chlogr.html HTTP/1.0" 404 275 "-" "Speedy Spider (http://www.entireweb.com/about/search_tech/speedy_spider/)" "roomfurnish.com"
88.131.106.12 - - [26/Mar/2008:05:52:56 -0700] "GET /casogr.html HTTP/1.0" 404 275 "-" "Speedy Spider (http://www.entireweb.com/about/search_tech/speedy_spider/)" "roomfurnish.com"
88.131.106.12 - - [26/Mar/2008:05:54:49 -0700] "GET /g-2012.html HTTP/1.0" 404 275 "-" "Speedy Spider (http://www.entireweb.com/about/search_tech/speedy_spider/)" "roomfurnish.com"
88.131.106.12 - - [26/Mar/2008:05:55:06 -0700] "GET /eusogr.html HTTP/1.0" 404 275 "-" "Speedy Spider (http://www.entireweb.com/about/search_tech/speedy_spider/)" "roomfurnish.com"
88.131.106.12 - - [26/Mar/2008:06:35:43 -0700] "GET /g-2015.html HTTP/1.0" 404 275 "-" "Speedy Spider (http://www.entireweb.com/about/search_tech/speedy_spider/)" "roomfurnish.com"
88.131.106.12 - - [26/Mar/2008:06:49:03 -0700] "GET /cs.html HTTP/1.0" 404 275 "-" "Speedy Spider (http://www.entireweb.com/about/search_tech/speedy_spider/)" "roomfurnish.com"
88.131.106.12 - - [26/Mar/2008:07:15:25 -0700] "GET /321sopranosofa.html HTTP/1.0" 404 275 "-" "Speedy Spider (http://www.entireweb.com/about/search_tech/speedy_spider/)" "roomfurnish.com"
88.131.106.12 - - [26/Mar/2008:07:16:34 -0700] "GET /robots.txt HTTP/1.0" 404 275 "-" "Speedy Spider (http://www.entireweb.com/about/search_tech/speedy_spider/)" "www.roomfurnish.com"
88.131.106.12 - - [26/Mar/2008:07:16:34 -0700] "GET /a53.html HTTP/1.0" 404 275 "-" "Speedy Spider (http://www.entireweb.com/about/search_tech/speedy_spider/)" "www.roomfurnish.com"
88.131.106.12 - - [26/Mar/2008:07:17:01 -0700] "GET /g-2014.html HTTP/1.0" 404 275 "-" "Speedy Spider (http://www.entireweb.com/about/search_tech/speedy_spider/)" "roomfurnish.com"
88.131.106.12 - - [26/Mar/2008:08:17:07 -0700] "GET /g-1852.html HTTP/1.0" 404 275 "-" "Speedy Spider (http://www.entireweb.com/about/search_tech/speedy_spider/)" "roomfurnish.com"
88.131.106.12 - - [26/Mar/2008:08:17:10 -0700] "GET /elsogr.html HTTP/1.0" 404 275 "-" "Speedy Spider (http://www.entireweb.com/about/search_tech/speedy_spider/)" "roomfurnish.com"
88.131.106.12 - - [26/Mar/2008:08:25:12 -0700] "GET /g-1915.html HTTP/1.0" 404 275 "-" "Speedy Spider (http://www.entireweb.com/about/search_tech/speedy_spider/)" "roomfurnish.com"
88.131.106.12 - - [26/Mar/2008:08:25:14 -0700] "GET /g-1795.html HTTP/1.0" 404 275 "-" "Speedy Spider (http://www.entireweb.com/about/search_tech/speedy_spider/)" "roomfurnish.com"
88.131.106.12 - - [26/Mar/2008:08:34:05 -0700] "GET /g-1914.html HTTP/1.0" 404 275 "-" "Speedy Spider (http://www.entireweb.com/about/search_tech/speedy_spider/)" "roomfurnish.com"
88.131.106.12 - - [26/Mar/2008:08:34:07 -0700] "GET /g-1754.html HTTP/1.0" 404 275 "-" "Speedy Spider (http://www.entireweb.com/about/search_tech/speedy_spider/)" "roomfurnish.com"
98.173.26.143 - - [26/Mar/2008:09:12:50 -0700] "GET /robots.txt HTTP/1.0" 404 275 "-" "envolk/1.7 (+http://www.envolk.com/envolkspiderinfo.html)" "roomfurnish.com"
65.214.45.130 - - [26/Mar/2008:10:50:41 -0700] "GET /robots.txt HTTP/1.0" 404 275 "-" "Mozilla/5.0 (compatible; Ask Jeeves/Teoma; +http://about.ask.com/en/docs/about/webmasters.shtml)" "www.roomfurnish.com"
65.214.45.130 - - [26/Mar/2008:10:50:41 -0700] "GET /b10liviasofa.html HTTP/1.0" 404 275 "-" "Mozilla/5.0 (compatible; Ask Jeeves/Teoma; +http://about.ask.com/en/docs/about/webmasters.shtml)" "www.roomfurnish.com"
64.208.172.180 - - [26/Mar/2008:11:14:12 -0700] "GET /robots.txt HTTP/1.0" 404 275 "-" "ia_archiver" "roomfurnish.com"
