71.163.6.134 - - [15/Apr/2008:06:44:19 -0700] "GET /favicon.ico HTTP/1.1" 404 275 "-" "Mozilla/4.0 (compatible; MSIE 7.0; Windows NT 5.1; .NET CLR 2.0.50727; MSN 9.0;MSN 9.1; MSNbVZ02; MSNmen-us; MSNcOTH)" "roomfurnish.com"
61.135.219.15 - - [15/Apr/2008:12:08:30 -0700] "GET /robots.txt HTTP/1.1" 404 275 "-" "Mozilla/5.0 (compatible; YodaoBot/1.0; http://www.yodao.com/help/webmaster/spider/; )" "roomfurnish.com"
61.135.219.15 - - [15/Apr/2008:12:08:31 -0700] "GET / HTTP/1.1" 200 1315 "-" "Mozilla/5.0 (compatible; YodaoBot/1.0; http://www.yodao.com/help/webmaster/spider/; )" "roomfurnish.com"
208.36.144.10 - - [15/Apr/2008:15:48:01 -0700] "GET /robots.txt HTTP/1.0" 404 275 "-" "Mozilla/5.0 (Twiceler-0.9 http://www.cuill.com/twiceler/robot.html)" "www.roomfurnish.com"
70.18.111.31 - - [15/Apr/2008:15:59:40 -0700] "GET /favicon.ico HTTP/1.1" 404 275 "-" "Mozilla/5.0 (Windows; U; Windows NT 5.1; en-US; rv:1.8.1.13) Gecko/20080311 Firefox/2.0.0.13" "roomfurnish.com"
64.1.215.165 - - [15/Apr/2008:17:25:53 -0700] "GET /robots.txt HTTP/1.0" 404 275 "-" "Mozilla/5.0 (Twiceler-0.9 http://www.cuill.com/twiceler/robot.html)" "roomfurnish.com"
74.6.22.23 - - [15/Apr/2008:17:38:58 -0700] "GET /robots.txt HTTP/1.0" 404 275 "-" "Mozilla/5.0 (compatible; Yahoo! Slurp; http://help.yahoo.com/help/us/ysearch/slurp)" "www.roomfurnish.com"
67.195.98.236 - - [15/Apr/2008:17:39:01 -0700] "GET / HTTP/1.0" 200 1315 "-" "Mozilla/5.0 (compatible; Yahoo! DE Slurp; http://help.yahoo.com/help/us/ysearch/slurp)" "www.roomfurnish.com"
74.7.75.218 - - [15/Apr/2008:17:39:09 -0700] "GET / HTTP/1.1" 200 1315 "http://search.live.com/results.aspx?q=rooms+to+furnish&FORM=USRE3" "Mozilla/4.0 (compatible; MSIE 6.0; Windows NT 5.1; SV1; .NET CLR 1.0.3705; .NET CLR 1.1.4322)" "roomfurnish.com"
74.6.22.157 - - [15/Apr/2008:20:21:57 -0700] "GET /robots.txt HTTP/1.0" 404 275 "-" "Mozilla/5.0 (compatible; Yahoo! Slurp; http://help.yahoo.com/help/us/ysearch/slurp)" "roomfurnish.com"
74.6.27.106 - - [15/Apr/2008:20:21:59 -0700] "GET /298vaso.html HTTP/1.0" 404 275 "-" "Mozilla/5.0 (compatible; Yahoo! Slurp; http://help.yahoo.com/help/us/ysearch/slurp)" "roomfurnish.com"
122.152.140.207 - - [15/Apr/2008:20:41:17 -0700] "GET / HTTP/1.1" 304 - "-" "Baiduspider+(+http://www.baidu.com/search/spider_jp.html)" "roomfurnish.com"
77.91.224.6 - - [15/Apr/2008:21:03:50 -0700] "GET /robots.txt HTTP/1.1" 404 275 "-" "WebAlta Crawler/2.0 (http://www.webalta.net/ru/about_webmaster.html) (Windows; U; Windows NT 5.1; ru-RU)" "www.roomfurnish.com"
77.91.224.6 - - [15/Apr/2008:21:03:51 -0700] "GET / HTTP/1.1" 200 1315 "-" "WebAlta Crawler/2.0 (http://www.webalta.net/ru/about_webmaster.html) (Windows; U; Windows NT 5.1; ru-RU)" "www.roomfurnish.com"
208.36.144.10 - - [15/Apr/2008:21:05:28 -0700] "GET /robots.txt HTTP/1.0" 404 275 "-" "Mozilla/5.0 (Twiceler-0.9 http://www.cuill.com/twiceler/robot.html)" "www.roomfurnish.com"
64.79.219.54 - - [15/Apr/2008:21:14:21 -0700] "HEAD / HTTP/1.0" 200 0 "http://www.true-directory.com" "Mozilla/4.0 (compatible; MSIE 6.0; Windows NT 5.1; SV1)" "roomfurnish.com"
64.1.215.165 - - [15/Apr/2008:21:25:46 -0700] "GET /robots.txt HTTP/1.0" 404 275 "-" "Mozilla/5.0 (Twiceler-0.9 http://www.cuill.com/twiceler/robot.html)" "roomfurnish.com"
66.249.70.117 - - [15/Apr/2008:22:36:29 -0700] "GET /robots.txt HTTP/1.1" 404 275 "-" "Mozilla/5.0 (compatible; Googlebot/2.1; +http://www.google.com/bot.html)" "www.roomfurnish.com"
66.249.70.117 - - [15/Apr/2008:22:36:29 -0700] "GET / HTTP/1.1" 304 - "-" "Mozilla/5.0 (compatible; Googlebot/2.1; +http://www.google.com/bot.html)" "www.roomfurnish.com"
77.232.80.111 - - [15/Apr/2008:23:06:13 -0700] "GET / HTTP/1.1" 200 1315 "-" "Mozilla/5.0 (X11; U; Linux x86_64; en-US; rv:1.8.1.4) Gecko/20070625 Ubuntu/7.10 (gutsy) Firefox/2.0.0.4" "www.roomfurnish.com"
77.232.80.111 - - [15/Apr/2008:23:06:34 -0700] "GET //javascript:Help( HTTP/1.1" 404 275 "-" "Mozilla/5.0 (X11; U; Linux x86_64; en-US; rv:1.8.1.4) Gecko/20070625 Ubuntu/7.10 (gutsy) Firefox/2.0.0.4" "www.roomfurnish.com"
74.6.31.164 - - [16/Apr/2008:01:14:14 -0700] "GET / HTTP/1.0" 200 1315 "-" "Mozilla/5.0 (compatible; Yahoo! DE Slurp; http://help.yahoo.com/help/us/ysearch/slurp)" "www.roomfurnish.com"
213.29.7.70 - - [16/Apr/2008:01:50:43 -0700] "GET /robots.txt HTTP/1.1" 404 275 "-" "holmes/3.12.2 (http://morfeo.centrum.cz/bot)" "roomfurnish.com"
77.232.80.111 - - [16/Apr/2008:03:45:51 -0700] "GET / HTTP/1.1" 200 1315 "-" "Mozilla/5.0 (X11; U; Linux x86_64; en-US; rv:1.8.1.4) Gecko/20070625 Ubuntu/7.10 (gutsy) Firefox/2.0.0.4" "www.roomfurnish.com"
77.232.80.111 - - [16/Apr/2008:03:46:11 -0700] "GET //javascript:Help( HTTP/1.1" 404 275 "-" "Mozilla/5.0 (X11; U; Linux x86_64; en-US; rv:1.8.1.4) Gecko/20070625 Ubuntu/7.10 (gutsy) Firefox/2.0.0.4" "www.roomfurnish.com"
208.80.193.44 - - [16/Apr/2008:04:53:30 -0700] "GET / HTTP/1.1" 200 1315 "-" "Mozilla/5.0 (compatible; Konqueror/3.0-rc3; i686 Linux; 20020624)" "www.roomfurnish.com"
208.80.193.44 - - [16/Apr/2008:04:53:30 -0700] "GET / HTTP/1.1" 200 1315 "-" "Mozilla/5.0 (compatible; Konqueror/3.0-rc4; i686 Linux; 20021012)" "roomfurnish.com"
122.152.140.207 - - [16/Apr/2008:05:48:16 -0700] "GET / HTTP/1.1" 304 - "-" "Baiduspider+(+http://www.baidu.com/search/spider_jp.html)" "roomfurnish.com"
74.6.22.23 - - [16/Apr/2008:08:25:45 -0700] "GET /robots.txt HTTP/1.0" 404 275 "-" "Mozilla/5.0 (compatible; Yahoo! Slurp; http://help.yahoo.com/help/us/ysearch/slurp)" "www.roomfurnish.com"
67.195.54.59 - - [16/Apr/2008:08:25:46 -0700] "GET / HTTP/1.0" 200 1315 "-" "Mozilla/5.0 (compatible; Yahoo! Slurp; http://help.yahoo.com/help/us/ysearch/slurp)" "www.roomfurnish.com"
122.152.140.207 - - [16/Apr/2008:14:29:24 -0700] "GET / HTTP/1.1" 304 - "-" "Baiduspider+(+http://www.baidu.com/search/spider_jp.html)" "roomfurnish.com"
67.195.98.236 - - [16/Apr/2008:17:49:44 -0700] "GET / HTTP/1.0" 200 1315 "-" "Mozilla/5.0 (compatible; Yahoo! DE Slurp; http://help.yahoo.com/help/us/ysearch/slurp)" "www.roomfurnish.com"
38.104.58.118 - - [16/Apr/2008:17:58:45 -0700] "GET /robots.txt HTTP/1.1" 404 275 "-" "panscient.com" "www.roomfurnish.com"
38.104.58.118 - - [16/Apr/2008:17:58:46 -0700] "GET / HTTP/1.1" 200 1315 "-" "panscient.com" "www.roomfurnish.com"
203.31.198.126 - - [16/Apr/2008:20:52:10 -0700] "HEAD / HTTP/1.1" 200 0 "-" "-" "roomfurnish.com"
65.55.208.136 - - [16/Apr/2008:21:28:10 -0700] "GET /robots.txt HTTP/1.1" 404 275 "-" "msnbot/1.1 (+http://search.msn.com/msnbot.htm)" "roomfurnish.com"
65.55.208.136 - - [16/Apr/2008:21:28:10 -0700] "GET / HTTP/1.1" 304 - "-" "msnbot/1.1 (+http://search.msn.com/msnbot.htm)" "roomfurnish.com"
74.6.23.26 - - [16/Apr/2008:21:34:46 -0700] "GET /a50.html HTTP/1.0" 404 275 "-" "Mozilla/5.0 (compatible; Yahoo! Slurp; http://help.yahoo.com/help/us/ysearch/slurp)" "roomfurnish.com"
66.249.70.117 - - [16/Apr/2008:22:34:25 -0700] "GET /robots.txt HTTP/1.1" 404 275 "-" "Mozilla/5.0 (compatible; Googlebot/2.1; +http://www.google.com/bot.html)" "roomfurnish.com"
66.249.70.117 - - [16/Apr/2008:22:34:25 -0700] "GET / HTTP/1.1" 200 1315 "-" "Mozilla/5.0 (compatible; Googlebot/2.1; +http://www.google.com/bot.html)" "roomfurnish.com"
66.249.70.117 - - [17/Apr/2008:00:56:03 -0700] "GET /robots.txt HTTP/1.1" 404 275 "-" "Mozilla/5.0 (compatible; Googlebot/2.1; +http://www.google.com/bot.html)" "www.roomfurnish.com"
66.249.70.117 - - [17/Apr/2008:00:56:03 -0700] "GET / HTTP/1.1" 200 1315 "-" "Mozilla/5.0 (compatible; Googlebot/2.1; +http://www.google.com/bot.html)" "www.roomfurnish.com"
74.6.22.23 - - [17/Apr/2008:01:30:03 -0700] "GET /robots.txt HTTP/1.0" 404 275 "-" "Mozilla/5.0 (compatible; Yahoo! Slurp; http://help.yahoo.com/help/us/ysearch/slurp)" "www.roomfurnish.com"
74.6.31.164 - - [17/Apr/2008:01:30:03 -0700] "GET / HTTP/1.0" 200 1315 "-" "Mozilla/5.0 (compatible; Yahoo! DE Slurp; http://help.yahoo.com/help/us/ysearch/slurp)" "www.roomfurnish.com"
207.126.224.241 - - [17/Apr/2008:02:36:36 -0700] "GET / HTTP/1.0" 200 1315 "-" "Mozilla/4.05 [en]" "www.roomfurnish.com"
208.80.193.49 - - [17/Apr/2008:06:48:00 -0700] "GET / HTTP/1.1" 200 1315 "-" "Mozilla/4.0 (compatible; MSIE 7.0; Windows NT 5.1; .NET CLR 2.0.50727; IEMB3; Windows-Media-Player/10.00.00.3990; IEMB3)" "www.roomfurnish.com"
122.167.151.55 - - [17/Apr/2008:08:00:27 -0700] "GET / HTTP/1.1" 200 1315 "http://www.synapse.co.in/clients/b2c_yahoostore_homefurnish.shtml" "Mozilla/4.0 (compatible; MSIE 6.0; Windows NT 5.1; SV1; InfoPath.2)" "www.roomfurnish.com"
64.124.148.28 - - [17/Apr/2008:08:35:19 -0700] "GET / HTTP/1.1" 200 1315 "-" "Mozilla/5.0 (compatible; FatBot 2.0; http://www.thefind.com/crawler)" "roomfurnish.com"
200.61.176.77 - - [17/Apr/2008:09:51:51 -0700] "GET / HTTP/1.1" 200 1315 "http://www.synapse.co.in/clients/b2c_yahoostore_homefurnish.shtml" "-" "www.roomfurnish.com"
193.252.149.16 - - [17/Apr/2008:17:32:55 -0700] "GET /robots.txt HTTP/1.1" 404 275 "-" "Mozilla/5.0 (Windows; U; Windows NT 5.1; fr; rv:1.8.1) VoilaBot BETA 1.2 (support.voilabot@orange-ftgroup.com)" "roomfurnish.com"
193.252.149.16 - - [17/Apr/2008:17:33:01 -0700] "GET / HTTP/1.1" 200 1315 "-" "Mozilla/5.0 (Windows; U; Windows NT 5.1; fr; rv:1.8.1) VoilaBot BETA 1.2 (support.voilabot@orange-ftgroup.com)" "roomfurnish.com"
74.6.22.23 - - [17/Apr/2008:17:50:05 -0700] "GET /robots.txt HTTP/1.0" 404 275 "-" "Mozilla/5.0 (compatible; Yahoo! Slurp; http://help.yahoo.com/help/us/ysearch/slurp)" "www.roomfurnish.com"
67.195.98.236 - - [17/Apr/2008:17:50:06 -0700] "GET / HTTP/1.0" 200 1315 "-" "Mozilla/5.0 (compatible; Yahoo! DE Slurp; http://help.yahoo.com/help/us/ysearch/slurp)" "www.roomfurnish.com"
122.152.128.71 - - [17/Apr/2008:18:50:42 -0700] "GET /robots.txt HTTP/1.1" 404 275 "-" "Baiduspider+(+http://www.baidu.com/search/spider_jp.html)" "roomfurnish.com"
122.152.140.207 - - [17/Apr/2008:18:51:32 -0700] "GET / HTTP/1.1" 304 - "-" "Baiduspider+(+http://www.baidu.com/search/spider_jp.html)" "roomfurnish.com"
61.135.220.126 - - [17/Apr/2008:21:54:11 -0700] "GET /robots.txt HTTP/1.1" 404 275 "-" "Mozilla/5.0 (compatible; YodaoBot/1.0; http://www.yodao.com/help/webmaster/spider/; )" "roomfurnish.com"
61.135.220.126 - - [17/Apr/2008:21:54:11 -0700] "GET / HTTP/1.1" 200 1315 "-" "Mozilla/5.0 (compatible; YodaoBot/1.0; http://www.yodao.com/help/webmaster/spider/; )" "roomfurnish.com"
210.126.9.12 - - [17/Apr/2008:22:40:26 -0700] "GET /favicon.ico HTTP/1.1" 404 275 "-" "Mozilla/4.0 (compatible; MSIE 7.0; Windows NT 6.0; SLCC1; .NET CLR 2.0.50727; .NET CLR 3.0.04506; .NET CLR 1.1.4322; InfoPath.2; MS-RTC LM 8)" "roomfurnish.com"
210.126.9.12 - - [17/Apr/2008:22:40:27 -0700] "GET /sitemap.html HTTP/1.1" 404 275 "http://search.naver.com/search.naver?sm=tab_hty&where=nexearch&query=stressless+sofa" "Mozilla/4.0 (compatible; MSIE 7.0; Windows NT 6.0; SLCC1; .NET CLR 2.0.50727; .NET CLR 3.0.04506; .NET CLR 1.1.4322; InfoPath.2; MS-RTC LM 8)" "roomfurnish.com"
208.36.144.10 - - [18/Apr/2008:00:19:30 -0700] "GET /robots.txt HTTP/1.0" 404 275 "-" "Mozilla/5.0 (Twiceler-0.9 http://www.cuill.com/twiceler/robot.html)" "www.roomfurnish.com"
60.240.249.211 - - [18/Apr/2008:01:01:35 -0700] "GET // HTTP/1.1" 200 1315 "-" "Mozilla/5.0 (X11; U; Linux i686; en-US; rv:1.8.1.4) Gecko/20070515 Firefox/2.0.0.4" "www.roomfurnish.com"
64.1.215.165 - - [18/Apr/2008:02:04:06 -0700] "GET /robots.txt HTTP/1.0" 404 275 "-" "Mozilla/5.0 (Twiceler-0.9 http://www.cuill.com/twiceler/robot.html)" "roomfurnish.com"
74.6.7.179 - - [18/Apr/2008:02:14:22 -0700] "GET /robots.txt HTTP/1.0" 404 275 "-" "Mozilla/5.0 (compatible; Yahoo! Slurp; http://help.yahoo.com/help/us/ysearch/slurp)" "www.roomfurnish.com"
74.6.31.164 - - [18/Apr/2008:02:14:22 -0700] "GET / HTTP/1.0" 200 1315 "-" "Mozilla/5.0 (compatible; Yahoo! DE Slurp; http://help.yahoo.com/help/us/ysearch/slurp)" "www.roomfurnish.com"
98.173.26.143 - - [18/Apr/2008:03:17:22 -0700] "GET /robots.txt HTTP/1.0" 404 275 "-" "envolk/1.7 (+http://www.envolk.com/envolkspiderinfo.html)" "roomfurnish.com"
60.240.249.211 - - [18/Apr/2008:03:22:07 -0700] "GET // HTTP/1.1" 200 1315 "-" "Mozilla/5.0 (X11; U; Linux i686; en-US; rv:1.8.1.4) Gecko/20070515 Firefox/2.0.0.4" "www.roomfurnish.com"
74.6.17.152 - - [18/Apr/2008:04:18:21 -0700] "GET /robots.txt HTTP/1.0" 404 275 "-" "Mozilla/5.0 (compatible; Yahoo! Slurp; http://help.yahoo.com/help/us/ysearch/slurp)" "www.roomfurnish.com"
74.6.21.59 - - [18/Apr/2008:04:18:21 -0700] "GET / HTTP/1.0" 200 1315 "-" "Mozilla/5.0 (compatible; Yahoo! Slurp; http://help.yahoo.com/help/us/ysearch/slurp)" "www.roomfurnish.com"
69.93.173.58 - - [18/Apr/2008:12:12:15 -0700] "GET / HTTP/1.0" 200 1315 "http://rds.yahoo.com/_ylt=zCM1FLBaIlsASadHT2aFdalX;_ylu=PbcHEBG54iUzUmztySTgSXOBOP7SPiFujI2O0xI4GtsrGSK5AtbihPKVuHEaPa--/SIG=vZImDIKcC/EXP=2485950894/**" "Mozilla/4.0 (compatible; MSIE 7.0; Windows NT 5.1; .NET CLR 2.0.50727; .NET CLR 1.1.4322)" "roomfurnish.com"
216.145.16.235 - - [18/Apr/2008:12:28:26 -0700] "GET / HTTP/1.1" 200 1315 "-" "Mozilla/4.0 (compatible; MSIE 7.0; Windows NT 5.2; .NET CLR 1.1.4322)" "www.roomfurnish.com"
74.6.7.179 - - [18/Apr/2008:13:48:17 -0700] "GET /robots.txt HTTP/1.0" 404 275 "-" "Mozilla/5.0 (compatible; Yahoo! Slurp; http://help.yahoo.com/help/us/ysearch/slurp)" "www.roomfurnish.com"
67.195.98.236 - - [18/Apr/2008:13:48:17 -0700] "GET / HTTP/1.0" 200 1315 "-" "Mozilla/5.0 (compatible; Yahoo! DE Slurp; http://help.yahoo.com/help/us/ysearch/slurp)" "www.roomfurnish.com"
193.252.149.16 - - [18/Apr/2008:15:21:00 -0700] "GET /robots.txt HTTP/1.1" 404 275 "-" "Mozilla/5.0 (Windows; U; Windows NT 5.1; fr; rv:1.8.1) VoilaBot BETA 1.2 (support.voilabot@orange-ftgroup.com)" "www.roomfurnish.com"
193.252.149.16 - - [18/Apr/2008:15:21:04 -0700] "GET / HTTP/1.1" 200 1315 "-" "Mozilla/5.0 (Windows; U; Windows NT 5.1; fr; rv:1.8.1) VoilaBot BETA 1.2 (support.voilabot@orange-ftgroup.com)" "www.roomfurnish.com"
193.47.80.40 - - [18/Apr/2008:15:33:01 -0700] "GET /robots.txt HTTP/1.1" 404 275 "-" "Mozilla/5.0 (compatible; Exabot/3.0; +http://www.exabot.com/go/robot)" "roomfurnish.com"
193.47.80.40 - - [18/Apr/2008:15:33:02 -0700] "GET / HTTP/1.1" 304 - "-" "Mozilla/5.0 (compatible; Exabot/3.0; +http://www.exabot.com/go/robot)" "roomfurnish.com"
213.29.7.12 - - [18/Apr/2008:16:18:36 -0700] "GET /robots.txt HTTP/1.1" 404 275 "-" "holmes/3.12.2 (http://morfeo.centrum.cz/bot)" "roomfurnish.com"
67.195.37.168 - - [18/Apr/2008:16:43:53 -0700] "GET /robots.txt HTTP/1.0" 404 275 "-" "Mozilla/5.0 (compatible; Yahoo! Slurp; http://help.yahoo.com/help/us/ysearch/slurp)" "roomfurnish.com"
67.195.37.168 - - [18/Apr/2008:16:43:54 -0700] "GET / HTTP/1.0" 200 1315 "-" "Mozilla/5.0 (compatible; Yahoo! Slurp/3.0; http://help.yahoo.com/help/us/ysearch/slurp)" "roomfurnish.com"
122.152.140.207 - - [18/Apr/2008:20:14:18 -0700] "GET / HTTP/1.1" 304 - "-" "Baiduspider+(+http://www.baidu.com/search/spider_jp.html)" "roomfurnish.com"
63.123.238.8 - - [18/Apr/2008:23:33:41 -0700] "GET /robots.txt HTTP/1.1" 404 275 "-" "Mozilla/2.0 (compatible; Ask Jeeves/Teoma)" "www.roomfurnish.com"
63.123.238.8 - - [18/Apr/2008:23:33:41 -0700] "GET / HTTP/1.1" 200 1315 "-" "Mozilla/2.0 (compatible; Ask Jeeves/Teoma)" "www.roomfurnish.com"
74.6.7.179 - - [19/Apr/2008:03:06:49 -0700] "GET /robots.txt HTTP/1.0" 404 275 "-" "Mozilla/5.0 (compatible; Yahoo! Slurp; http://help.yahoo.com/help/us/ysearch/slurp)" "www.roomfurnish.com"
74.6.31.164 - - [19/Apr/2008:03:06:50 -0700] "GET / HTTP/1.0" 200 1315 "-" "Mozilla/5.0 (compatible; Yahoo! DE Slurp; http://help.yahoo.com/help/us/ysearch/slurp)" "www.roomfurnish.com"
63.123.238.8 - - [19/Apr/2008:06:50:58 -0700] "GET /robots.txt HTTP/1.1" 404 275 "-" "Mozilla/2.0 (compatible; Ask Jeeves/Teoma)" "roomfurnish.com"
63.123.238.8 - - [19/Apr/2008:06:50:58 -0700] "GET / HTTP/1.1" 200 1315 "-" "Mozilla/2.0 (compatible; Ask Jeeves/Teoma)" "roomfurnish.com"
74.6.7.179 - - [19/Apr/2008:13:49:35 -0700] "GET /robots.txt HTTP/1.0" 404 275 "-" "Mozilla/5.0 (compatible; Yahoo! Slurp; http://help.yahoo.com/help/us/ysearch/slurp)" "www.roomfurnish.com"
67.195.98.236 - - [19/Apr/2008:13:49:39 -0700] "GET / HTTP/1.0" 200 1315 "-" "Mozilla/5.0 (compatible; Yahoo! DE Slurp; http://help.yahoo.com/help/us/ysearch/slurp)" "www.roomfurnish.com"
208.36.144.10 - - [19/Apr/2008:13:49:40 -0700] "GET /robots.txt HTTP/1.0" 404 275 "-" "Mozilla/5.0 (Twiceler-0.9 http://www.cuill.com/twiceler/robot.html)" "www.roomfurnish.com"
67.152.29.130 - - [19/Apr/2008:14:06:04 -0700] "GET /robots.txt HTTP/1.1" 404 275 "-" "ShopWiki/1.0 ( +http://www.shopwiki.com/wiki/Help:Bot)" "www.roomfurnish.com"
67.152.29.130 - - [19/Apr/2008:14:06:04 -0700] "GET / HTTP/1.1" 200 1315 "-" "ShopWiki/1.0 ( +http://www.shopwiki.com/wiki/Help:Bot)" "www.roomfurnish.com"
67.152.29.130 - - [19/Apr/2008:14:06:44 -0700] "GET / HTTP/1.1" 200 1315 "-" "ShopWiki/1.0 ( +http://www.shopwiki.com/wiki/Help:Bot)" "www.roomfurnish.com"
67.152.29.130 - - [19/Apr/2008:14:06:45 -0700] "GET / HTTP/1.1" 200 1315 "http://www.roomfurnish.com/" "ShopWiki/1.0 ( +http://www.shopwiki.com/wiki/Help:Bot)" "www.roomfurnish.com"
67.152.29.130 - - [19/Apr/2008:14:06:46 -0700] "GET / HTTP/1.1" 200 1315 "http://www.roomfurnish.com/" "ShopWiki/1.0 ( +http://www.shopwiki.com/wiki/Help:Bot)" "www.roomfurnish.com"
67.152.29.130 - - [19/Apr/2008:14:06:47 -0700] "GET / HTTP/1.1" 200 1315 "-" "ShopWiki/1.0 ( +http://www.shopwiki.com/wiki/Help:Bot)" "www.roomfurnish.com"
67.152.29.130 - - [19/Apr/2008:14:06:48 -0700] "GET / HTTP/1.1" 200 1315 "-" "ShopWiki/1.0 ( +http://www.shopwiki.com/wiki/Help:Bot)" "www.roomfurnish.com"
67.152.29.130 - - [19/Apr/2008:14:06:52 -0700] "GET / HTTP/1.1" 200 1315 "-" "ShopWiki/1.0 ( +http://www.shopwiki.com/wiki/Help:Bot)" "www.roomfurnish.com"
202.160.180.184 - - [19/Apr/2008:15:15:30 -0700] "GET /robots.txt HTTP/1.0" 404 275 "-" "Mozilla/5.0 (compatible; Yahoo! Slurp China; http://misc.yahoo.com.cn/help.html)" "roomfurnish.com"
202.160.178.82 - - [19/Apr/2008:15:15:30 -0700] "GET / HTTP/1.0" 304 - "-" "Mozilla/5.0 (compatible; Yahoo! Slurp China; http://misc.yahoo.com.cn/help.html)" "roomfurnish.com"
64.1.215.165 - - [19/Apr/2008:15:38:07 -0700] "GET /robots.txt HTTP/1.0" 404 275 "-" "Mozilla/5.0 (Twiceler-0.9 http://www.cuill.com/twiceler/robot.html)" "roomfurnish.com"
67.152.29.130 - - [19/Apr/2008:17:19:37 -0700] "GET /robots.txt HTTP/1.1" 404 275 "-" "ShopWiki/1.0 ( +http://www.shopwiki.com/wiki/Help:Bot)" "www.roomfurnish.com"
67.152.29.130 - - [19/Apr/2008:17:19:47 -0700] "GET / HTTP/1.1" 200 1315 "-" "ShopWiki/1.0 ( +http://www.shopwiki.com/wiki/Help:Bot)" "www.roomfurnish.com"
67.152.29.130 - - [19/Apr/2008:17:19:48 -0700] "GET / HTTP/1.1" 200 1315 "-" "ShopWiki/1.0 ( +http://www.shopwiki.com/wiki/Help:Bot)" "www.roomfurnish.com"
74.6.22.190 - - [19/Apr/2008:17:58:23 -0700] "GET /robots.txt HTTP/1.0" 404 275 "-" "Mozilla/5.0 (compatible; Yahoo! Slurp; http://help.yahoo.com/help/us/ysearch/slurp)" "roomfurnish.com"
74.6.18.48 - - [19/Apr/2008:17:58:24 -0700] "GET /g-1754.html HTTP/1.0" 404 275 "-" "Mozilla/5.0 (compatible; Yahoo! Slurp; http://help.yahoo.com/help/us/ysearch/slurp)" "roomfurnish.com"
87.230.86.7 - - [20/Apr/2008:07:33:36 -0700] "GET /? HTTP/1.0" 200 1315 "-" "Mozilla/4.0 (compatible; MSIE 6.0; Windows NT 5.0)" "roomfurnish.com"
67.152.29.130 - - [20/Apr/2008:09:10:28 -0700] "GET /robots.txt HTTP/1.1" 404 275 "-" "ShopWiki/1.0 ( +http://www.shopwiki.com/wiki/Help:Bot)" "www.roomfurnish.com"
67.152.29.130 - - [20/Apr/2008:09:10:28 -0700] "GET / HTTP/1.1" 200 1315 "-" "ShopWiki/1.0 ( +http://www.shopwiki.com/wiki/Help:Bot)" "www.roomfurnish.com"
67.152.29.130 - - [20/Apr/2008:09:10:29 -0700] "GET /sitemap.html HTTP/1.1" 404 275 "-" "ShopWiki/1.0 ( +http://www.shopwiki.com/wiki/Help:Bot)" "www.roomfurnish.com"
66.249.70.117 - - [20/Apr/2008:09:42:07 -0700] "GET /robots.txt HTTP/1.1" 404 275 "-" "Mozilla/5.0 (compatible; Googlebot/2.1; +http://www.google.com/bot.html)" "www.roomfurnish.com"
66.249.70.117 - - [20/Apr/2008:09:42:07 -0700] "GET / HTTP/1.1" 304 - "-" "Mozilla/5.0 (compatible; Googlebot/2.1; +http://www.google.com/bot.html)" "www.roomfurnish.com"
66.249.70.117 - - [20/Apr/2008:14:45:33 -0700] "GET /leathersofa.html HTTP/1.1" 404 275 "-" "Mozilla/5.0 (compatible; Googlebot/2.1; +http://www.google.com/bot.html)" "www.roomfurnish.com"
193.47.80.40 - - [20/Apr/2008:15:38:13 -0700] "GET /robots.txt HTTP/1.1" 404 275 "-" "Mozilla/5.0 (compatible; Exabot/3.0; +http://www.exabot.com/go/robot)" "roomfurnish.com"
193.47.80.40 - - [20/Apr/2008:15:38:14 -0700] "GET / HTTP/1.1" 304 - "-" "Mozilla/5.0 (compatible; Exabot/3.0; +http://www.exabot.com/go/robot)" "roomfurnish.com"
74.6.7.179 - - [20/Apr/2008:16:24:30 -0700] "GET /robots.txt HTTP/1.0" 404 275 "-" "Mozilla/5.0 (compatible; Yahoo! Slurp; http://help.yahoo.com/help/us/ysearch/slurp)" "www.roomfurnish.com"
67.195.98.236 - - [20/Apr/2008:16:24:30 -0700] "GET / HTTP/1.0" 200 1315 "-" "Mozilla/5.0 (compatible; Yahoo! DE Slurp; http://help.yahoo.com/help/us/ysearch/slurp)" "www.roomfurnish.com"
66.249.67.83 - - [20/Apr/2008:16:59:01 -0700] "GET /robots.txt HTTP/1.1" 404 275 "-" "Mozilla/5.0 (compatible; Googlebot/2.1; +http://www.google.com/bot.html)" "roomfurnish.com"
66.249.67.83 - - [20/Apr/2008:16:59:01 -0700] "GET / HTTP/1.1" 200 1315 "-" "Mozilla/5.0 (compatible; Googlebot/2.1; +http://www.google.com/bot.html)" "roomfurnish.com"
67.152.29.130 - - [20/Apr/2008:16:59:42 -0700] "GET /robots.txt HTTP/1.1" 404 275 "-" "ShopWiki/1.0 ( +http://www.shopwiki.com/wiki/Help:Bot)" "www.roomfurnish.com"
67.152.29.130 - - [20/Apr/2008:16:59:42 -0700] "GET / HTTP/1.1" 200 1315 "-" "ShopWiki/1.0 ( +http://www.shopwiki.com/wiki/Help:Bot)" "www.roomfurnish.com"
67.152.29.130 - - [20/Apr/2008:16:59:43 -0700] "GET /sitemap.html HTTP/1.1" 404 275 "-" "ShopWiki/1.0 ( +http://www.shopwiki.com/wiki/Help:Bot)" "www.roomfurnish.com"
66.249.70.117 - - [20/Apr/2008:17:44:36 -0700] "GET / HTTP/1.1" 200 1315 "-" "Mozilla/5.0 (compatible; Googlebot/2.1; +http://www.google.com/bot.html)" "www.roomfurnish.com"
67.152.29.130 - - [20/Apr/2008:18:06:13 -0700] "GET / HTTP/1.1" 200 1315 "-" "ShopWiki/1.0 ( +http://www.shopwiki.com/wiki/Help:Bot)" "www.roomfurnish.com"
67.152.29.130 - - [20/Apr/2008:18:06:14 -0700] "GET / HTTP/1.1" 200 1315 "-" "ShopWiki/1.0 ( +http://www.shopwiki.com/wiki/Help:Bot)" "www.roomfurnish.com"
122.152.140.207 - - [20/Apr/2008:18:35:38 -0700] "GET / HTTP/1.1" 304 - "-" "Baiduspider+(+http://www.baidu.com/search/spider_jp.html)" "roomfurnish.com"
60.240.249.210 - - [20/Apr/2008:20:03:21 -0700] "GET // HTTP/1.1" 200 1315 "-" "Mozilla/5.0 (X11; U; Linux i686; en-US; rv:1.8.1.4) Gecko/20070515 Firefox/2.0.0.4" "www.roomfurnish.com"
213.29.7.12 - - [20/Apr/2008:23:36:45 -0700] "GET /robots.txt HTTP/1.1" 404 275 "-" "holmes/3.12.2 (http://morfeo.centrum.cz/bot)" "roomfurnish.com"
74.6.7.179 - - [21/Apr/2008:04:07:32 -0700] "GET /robots.txt HTTP/1.0" 404 275 "-" "Mozilla/5.0 (compatible; Yahoo! Slurp; http://help.yahoo.com/help/us/ysearch/slurp)" "www.roomfurnish.com"
74.6.31.164 - - [21/Apr/2008:04:07:33 -0700] "GET / HTTP/1.0" 200 1315 "-" "Mozilla/5.0 (compatible; Yahoo! DE Slurp; http://help.yahoo.com/help/us/ysearch/slurp)" "www.roomfurnish.com"
217.202.169.143 - - [21/Apr/2008:10:06:31 -0700] "GET / HTTP/1.1" 200 1315 "-" "Mozilla/5.0 (Windows; U; Windows NT 5.1; en-US; rv:1.8.0.7) Gecko/20060909 Firefox/1.5.0.7" "www.roomfurnish.com"
207.68.146.169 - - [21/Apr/2008:10:23:19 -0700] "GET /robots.txt HTTP/1.0" 404 275 "-" "msnbot-Products/1.0 (+http://search.msn.com/msnbot.htm)" "www.roomfurnish.com"
207.68.146.169 - - [21/Apr/2008:10:23:19 -0700] "GET / HTTP/1.0" 200 1315 "-" "msnbot-Products/1.0 (+http://search.msn.com/msnbot.htm)" "www.roomfurnish.com"
87.120.206.26 - - [21/Apr/2008:10:36:46 -0700] "GET / HTTP/1.0" 200 1315 "-" "Mozilla/4.0 (compatible; MSIE 7.0; Windows NT 5.1; .NET CLR 2.0.50727; .NET CLR 1.1.4322)" "www.roomfurnish.com"
193.252.149.16 - - [21/Apr/2008:15:40:19 -0700] "GET /robots.txt HTTP/1.1" 404 275 "-" "Mozilla/5.0 (Windows; U; Windows NT 5.1; fr; rv:1.8.1) VoilaBot BETA 1.2 (support.voilabot@orange-ftgroup.com)" "roomfurnish.com"
193.252.149.16 - - [21/Apr/2008:15:40:23 -0700] "GET / HTTP/1.1" 200 1315 "-" "Mozilla/5.0 (Windows; U; Windows NT 5.1; fr; rv:1.8.1) VoilaBot BETA 1.2 (support.voilabot@orange-ftgroup.com)" "roomfurnish.com"
208.80.193.45 - - [21/Apr/2008:17:16:50 -0700] "GET / HTTP/1.1" 200 1315 "-" "Mozilla/4.0 (compatible; MSIE 6.0; Windows NT 5.1; Q312465)" "www.roomfurnish.com"
208.80.193.45 - - [21/Apr/2008:17:16:50 -0700] "GET / HTTP/1.1" 200 1315 "-" "Mozilla/5.0 (compatible; Konqueror/3.0-rc1; i686 Linux; 20020319)" "roomfurnish.com"
67.152.29.130 - - [21/Apr/2008:18:04:26 -0700] "GET /robots.txt HTTP/1.1" 404 275 "-" "ShopWiki/1.0 ( +http://www.shopwiki.com/wiki/Help:Bot)" "www.roomfurnish.com"
67.152.29.130 - - [21/Apr/2008:18:04:31 -0700] "GET / HTTP/1.1" 200 1315 "-" "ShopWiki/1.0 ( +http://www.shopwiki.com/wiki/Help:Bot)" "www.roomfurnish.com"
67.152.29.130 - - [21/Apr/2008:18:04:32 -0700] "GET / HTTP/1.1" 200 1315 "-" "ShopWiki/1.0 ( +http://www.shopwiki.com/wiki/Help:Bot)" "www.roomfurnish.com"
62.173.161.93 - - [21/Apr/2008:18:12:49 -0700] "GET / HTTP/1.0" 200 1315 "-" "Mozilla/4.0 (compatible; MSIE 7.0; Windows NT 5.1; .NET CLR 2.0.50727; .NET CLR 1.1.4322)" "roomfurnish.com"
74.6.7.179 - - [21/Apr/2008:18:19:20 -0700] "GET /robots.txt HTTP/1.0" 404 275 "-" "Mozilla/5.0 (compatible; Yahoo! Slurp; http://help.yahoo.com/help/us/ysearch/slurp)" "www.roomfurnish.com"
67.195.98.236 - - [21/Apr/2008:18:19:21 -0700] "GET / HTTP/1.0" 200 1315 "-" "Mozilla/5.0 (compatible; Yahoo! DE Slurp; http://help.yahoo.com/help/us/ysearch/slurp)" "www.roomfurnish.com"
82.80.249.160 - - [21/Apr/2008:23:04:23 -0700] "GET / HTTP/1.1" 200 1315 "-" "Mozilla/4.0 (compatible; MSIE 7.0; Windows NT 5.1; .NET CLR 1.1.4322; InfoPath.1; .NET CLR 2.0.50727)" "roomfurnish.com"
87.106.33.228 - - [22/Apr/2008:00:19:06 -0700] "GET / HTTP/1.0" 200 1315 "-" "Mozilla/4.0 (compatible; MSIE 7.0; Windows NT 5.1; .NET CLR 2.0.50727; .NET CLR 1.1.4322)" "roomfurnish.com"
70.86.113.106 - - [22/Apr/2008:03:53:47 -0700] "GET / HTTP/1.0" 200 1315 "-" "Mozilla/4.0 (compatible; MSIE 7.0; Windows NT 5.1; .NET CLR 2.0.50727; .NET CLR 1.1.4322)" "roomfurnish.com"
74.6.7.179 - - [22/Apr/2008:04:22:16 -0700] "GET /robots.txt HTTP/1.0" 404 275 "-" "Mozilla/5.0 (compatible; Yahoo! Slurp; http://help.yahoo.com/help/us/ysearch/slurp)" "www.roomfurnish.com"
74.6.31.164 - - [22/Apr/2008:04:22:16 -0700] "GET / HTTP/1.0" 200 1315 "-" "Mozilla/5.0 (compatible; Yahoo! DE Slurp; http://help.yahoo.com/help/us/ysearch/slurp)" "www.roomfurnish.com"
64.124.148.28 - - [22/Apr/2008:08:49:30 -0700] "GET /robots.txt HTTP/1.1" 404 275 "-" "Mozilla/5.0 (compatible; FatBot 2.0; http://www.thefind.com/crawler)" "roomfurnish.com"
64.124.148.28 - - [22/Apr/2008:08:51:09 -0700] "GET / HTTP/1.1" 200 1315 "-" "Mozilla/5.0 (compatible; FatBot 2.0; http://www.thefind.com/crawler)" "roomfurnish.com"
67.152.29.130 - - [22/Apr/2008:12:53:07 -0700] "GET /robots.txt HTTP/1.1" 404 275 "-" "ShopWiki/1.0 ( +http://www.shopwiki.com/wiki/Help:Bot)" "www.roomfurnish.com"
67.152.29.130 - - [22/Apr/2008:12:53:07 -0700] "GET / HTTP/1.1" 200 1315 "-" "ShopWiki/1.0 ( +http://www.shopwiki.com/wiki/Help:Bot)" "www.roomfurnish.com"
67.152.29.130 - - [22/Apr/2008:12:53:08 -0700] "GET /sitemap.html HTTP/1.1" 404 275 "-" "ShopWiki/1.0 ( +http://www.shopwiki.com/wiki/Help:Bot)" "www.roomfurnish.com"
67.152.29.130 - - [22/Apr/2008:12:53:09 -0700] "GET / HTTP/1.1" 200 1315 "-" "ShopWiki/1.0 ( +http://www.shopwiki.com/wiki/Help:Bot)" "www.roomfurnish.com"
77.91.224.6 - - [22/Apr/2008:12:57:09 -0700] "GET /robots.txt HTTP/1.1" 404 275 "-" "WebAlta Crawler/2.0 (http://www.webalta.net/ru/about_webmaster.html) (Windows; U; Windows NT 5.1; ru-RU)" "www.roomfurnish.com"
77.91.224.6 - - [22/Apr/2008:12:57:09 -0700] "GET / HTTP/1.1" 200 1315 "-" "WebAlta Crawler/2.0 (http://www.webalta.net/ru/about_webmaster.html) (Windows; U; Windows NT 5.1; ru-RU)" "www.roomfurnish.com"
70.252.8.216 - - [22/Apr/2008:17:13:01 -0700] "GET /favicon.ico HTTP/1.1" 404 275 "-" "Mozilla/4.0 (compatible; MSIE 7.0; Windows NT 5.1)" "www.roomfurnish.com"
60.240.249.209 - - [22/Apr/2008:17:29:52 -0700] "GET // HTTP/1.1" 200 1315 "-" "Mozilla/5.0 (X11; U; Linux i686; en-US; rv:1.8.1.4) Gecko/20070515 Firefox/2.0.0.4" "www.roomfurnish.com"
60.240.249.211 - - [22/Apr/2008:18:00:30 -0700] "GET // HTTP/1.1" 200 1315 "-" "Mozilla/5.0 (X11; U; Linux i686; en-US; rv:1.8.1.4) Gecko/20070515 Firefox/2.0.0.4" "www.roomfurnish.com"
122.152.140.207 - - [22/Apr/2008:18:43:17 -0700] "GET / HTTP/1.1" 304 - "-" "Baiduspider+(+http://www.baidu.com/search/spider_jp.html)" "roomfurnish.com"
63.123.238.8 - - [22/Apr/2008:19:03:42 -0700] "GET /robots.txt HTTP/1.1" 404 275 "-" "Mozilla/2.0 (compatible; Ask Jeeves/Teoma)" "www.roomfurnish.com"
63.123.238.8 - - [22/Apr/2008:19:03:42 -0700] "GET / HTTP/1.1" 200 1315 "-" "Mozilla/2.0 (compatible; Ask Jeeves/Teoma)" "www.roomfurnish.com"
207.68.146.169 - - [22/Apr/2008:23:23:18 -0700] "GET /robots.txt HTTP/1.0" 404 275 "-" "msnbot-Products/1.0 (+http://search.msn.com/msnbot.htm)" "www.roomfurnish.com"
207.68.146.169 - - [22/Apr/2008:23:23:18 -0700] "GET / HTTP/1.0" 200 1315 "-" "msnbot-Products/1.0 (+http://search.msn.com/msnbot.htm)" "www.roomfurnish.com"
63.123.238.8 - - [23/Apr/2008:02:16:05 -0700] "GET /robots.txt HTTP/1.1" 404 275 "-" "Mozilla/2.0 (compatible; Ask Jeeves/Teoma)" "roomfurnish.com"
63.123.238.8 - - [23/Apr/2008:02:16:05 -0700] "GET / HTTP/1.1" 200 1315 "-" "Mozilla/2.0 (compatible; Ask Jeeves/Teoma)" "roomfurnish.com"
74.6.7.179 - - [23/Apr/2008:04:57:44 -0700] "GET /robots.txt HTTP/1.0" 404 275 "-" "Mozilla/5.0 (compatible; Yahoo! Slurp; http://help.yahoo.com/help/us/ysearch/slurp)" "www.roomfurnish.com"
74.6.31.164 - - [23/Apr/2008:04:57:44 -0700] "GET / HTTP/1.0" 200 1315 "-" "Mozilla/5.0 (compatible; Yahoo! DE Slurp; http://help.yahoo.com/help/us/ysearch/slurp)" "www.roomfurnish.com"
202.179.180.45 - - [23/Apr/2008:06:53:51 -0700] "GET /robots.txt HTTP/1.1" 404 275 "-" "Mozilla/4.0 (compatible; NaverBot/1.0; http://help.naver.com/delete_main.asp)" "roomfurnish.com"
202.179.180.45 - - [23/Apr/2008:06:53:51 -0700] "GET / HTTP/1.1" 200 1315 "-" "Mozilla/4.0 (compatible; NaverBot/1.0; http://help.naver.com/delete_main.asp)" "roomfurnish.com"
67.152.29.130 - - [23/Apr/2008:10:39:50 -0700] "GET /robots.txt HTTP/1.1" 404 275 "-" "ShopWiki/1.0 ( +http://www.shopwiki.com/wiki/Help:Bot)" "www.roomfurnish.com"
67.152.29.130 - - [23/Apr/2008:10:39:50 -0700] "GET / HTTP/1.1" 200 1315 "-" "ShopWiki/1.0 ( +http://www.shopwiki.com/wiki/Help:Bot)" "www.roomfurnish.com"
67.152.29.130 - - [23/Apr/2008:10:39:51 -0700] "GET /sitemap.html HTTP/1.1" 404 275 "-" "ShopWiki/1.0 ( +http://www.shopwiki.com/wiki/Help:Bot)" "www.roomfurnish.com"
193.252.149.16 - - [23/Apr/2008:11:49:09 -0700] "GET /robots.txt HTTP/1.1" 404 275 "-" "Mozilla/5.0 (Windows; U; Windows NT 5.1; fr; rv:1.8.1) VoilaBot BETA 1.2 (support.voilabot@orange-ftgroup.com)" "www.roomfurnish.com"
193.252.149.16 - - [23/Apr/2008:11:49:11 -0700] "GET / HTTP/1.1" 200 1315 "-" "Mozilla/5.0 (Windows; U; Windows NT 5.1; fr; rv:1.8.1) VoilaBot BETA 1.2 (support.voilabot@orange-ftgroup.com)" "www.roomfurnish.com"
67.152.29.130 - - [23/Apr/2008:12:47:18 -0700] "GET / HTTP/1.1" 200 1315 "-" "ShopWiki/1.0 ( +http://www.shopwiki.com/wiki/Help:Bot)" "www.roomfurnish.com"
67.152.29.130 - - [23/Apr/2008:12:47:19 -0700] "GET / HTTP/1.1" 200 1315 "-" "ShopWiki/1.0 ( +http://www.shopwiki.com/wiki/Help:Bot)" "www.roomfurnish.com"
67.152.29.130 - - [23/Apr/2008:14:00:42 -0700] "GET /robots.txt HTTP/1.1" 404 275 "-" "ShopWiki/1.0 ( +http://www.shopwiki.com/wiki/Help:Bot)" "www.roomfurnish.com"
67.152.29.130 - - [23/Apr/2008:14:00:42 -0700] "GET / HTTP/1.1" 200 1315 "-" "ShopWiki/1.0 ( +http://www.shopwiki.com/wiki/Help:Bot)" "www.roomfurnish.com"
67.152.29.130 - - [23/Apr/2008:14:00:43 -0700] "GET /sitemap.html HTTP/1.1" 404 275 "-" "ShopWiki/1.0 ( +http://www.shopwiki.com/wiki/Help:Bot)" "www.roomfurnish.com"
67.152.29.130 - - [23/Apr/2008:15:11:15 -0700] "GET / HTTP/1.1" 200 1315 "-" "ShopWiki/1.0 ( +http://www.shopwiki.com/wiki/Help:Bot)" "www.roomfurnish.com"
67.152.29.130 - - [23/Apr/2008:15:11:15 -0700] "GET /sitemap.html HTTP/1.1" 404 275 "-" "ShopWiki/1.0 ( +http://www.shopwiki.com/wiki/Help:Bot)" "www.roomfurnish.com"
74.6.7.179 - - [23/Apr/2008:17:07:05 -0700] "GET /robots.txt HTTP/1.0" 404 275 "-" "Mozilla/5.0 (compatible; Yahoo! Slurp; http://help.yahoo.com/help/us/ysearch/slurp)" "www.roomfurnish.com"
67.195.98.236 - - [23/Apr/2008:17:07:05 -0700] "GET / HTTP/1.0" 200 1315 "-" "Mozilla/5.0 (compatible; Yahoo! DE Slurp; http://help.yahoo.com/help/us/ysearch/slurp)" "www.roomfurnish.com"
67.152.29.130 - - [23/Apr/2008:20:29:15 -0700] "GET /robots.txt HTTP/1.1" 404 275 "-" "ShopWiki/1.0 ( +http://www.shopwiki.com/wiki/Help:Bot)" "www.roomfurnish.com"
67.152.29.130 - - [23/Apr/2008:20:29:15 -0700] "GET / HTTP/1.1" 200 1315 "-" "ShopWiki/1.0 ( +http://www.shopwiki.com/wiki/Help:Bot)" "www.roomfurnish.com"
67.152.29.130 - - [23/Apr/2008:20:29:16 -0700] "GET /sitemap.html HTTP/1.1" 404 275 "-" "ShopWiki/1.0 ( +http://www.shopwiki.com/wiki/Help:Bot)" "www.roomfurnish.com"
59.154.161.42 - - [24/Apr/2008:00:06:11 -0700] "GET /faq.html HTTP/1.1" 404 275 "http://au.images.search.yahoo.com/images/view?back=http%3A%2F%2Fau.images.search.yahoo.com%2Fsearch%2Fimages%3Fp%3Dfoam%2Bsponge%26js%3D1%26ni%3D20%26ei%3Dutf-8%26fr%3Dyfp-t-501%26xargs%3D0%26pstart%3D1%26b%3D61&w=640&h=480&imgurl=lib.store.yahoo.net%2Flib%2Froomfurnish%2Fseatcushion.jpeg&rurl=http%3A%2F%2Froomfurnish.com%2Ffaq.html&size=32.8kB&name=seatcushion.jpeg&p=foam%20sponge&type=JPG&oid=3f40b80685efbb84&no=71&tt=3,139" "Mozilla/4.0 (compatible; MSIE 7.0; Windows NT 5.1; .NET CLR 1.1.4322)" "roomfurnish.com"
59.154.161.42 - - [24/Apr/2008:00:06:17 -0700] "GET /faq.html HTTP/1.1" 404 275 "http://au.images.search.yahoo.com/images/view?back=http%3A%2F%2Fau.images.search.yahoo.com%2Fsearch%2Fimages%3Fp%3Dfoam%2Bsponge%26js%3D1%26ni%3D20%26ei%3Dutf-8%26fr%3Dyfp-t-501%26xargs%3D0%26pstart%3D1%26b%3D61&w=640&h=480&imgurl=lib.store.yahoo.net%2Flib%2Froomfurnish%2Fseatcushion.jpeg&rurl=http%3A%2F%2Froomfurnish.com%2Ffaq.html&size=32.8kB&name=seatcushion.jpeg&p=foam%20sponge&type=JPG&oid=3f40b80685efbb84&no=71&tt=3,139" "Mozilla/4.0 (compatible; MSIE 7.0; Windows NT 5.1; .NET CLR 1.1.4322)" "roomfurnish.com"
202.160.180.168 - - [24/Apr/2008:03:04:34 -0700] "GET /robots.txt HTTP/1.0" 404 275 "-" "Mozilla/5.0 (compatible; Yahoo! Slurp China; http://misc.yahoo.com.cn/help.html)" "roomfurnish.com"
202.160.178.82 - - [24/Apr/2008:03:04:35 -0700] "GET / HTTP/1.0" 304 - "-" "Mozilla/5.0 (compatible; Yahoo! Slurp China; http://misc.yahoo.com.cn/help.html)" "roomfurnish.com"
67.152.29.130 - - [24/Apr/2008:09:01:48 -0700] "GET /robots.txt HTTP/1.1" 404 275 "-" "ShopWiki/1.0 ( +http://www.shopwiki.com/wiki/Help:Bot)" "www.roomfurnish.com"
67.152.29.130 - - [24/Apr/2008:09:01:48 -0700] "GET / HTTP/1.1" 200 1315 "-" "ShopWiki/1.0 ( +http://www.shopwiki.com/wiki/Help:Bot)" "www.roomfurnish.com"
67.152.29.130 - - [24/Apr/2008:09:01:49 -0700] "GET /sitemap.html HTTP/1.1" 404 275 "-" "ShopWiki/1.0 ( +http://www.shopwiki.com/wiki/Help:Bot)" "www.roomfurnish.com"
217.212.224.145 - - [24/Apr/2008:12:05:25 -0700] "GET /robots.txt HTTP/1.0" 404 275 "-" "psbot/0.1 (+http://www.picsearch.com/bot.html)" "roomfurnish.com"
217.212.224.179 - - [24/Apr/2008:12:05:25 -0700] "GET /coricode.html HTTP/1.0" 404 275 "-" "psbot/0.1 (+http://www.picsearch.com/bot.html)" "roomfurnish.com"
67.152.29.130 - - [24/Apr/2008:12:33:14 -0700] "GET /robots.txt HTTP/1.1" 404 275 "-" "ShopWiki/1.0 ( +http://www.shopwiki.com/wiki/Help:Bot)" "www.roomfurnish.com"
67.152.29.130 - - [24/Apr/2008:12:33:14 -0700] "GET / HTTP/1.1" 200 1315 "-" "ShopWiki/1.0 ( +http://www.shopwiki.com/wiki/Help:Bot)" "www.roomfurnish.com"
67.152.29.130 - - [24/Apr/2008:12:33:15 -0700] "GET /sitemap.html HTTP/1.1" 404 275 "-" "ShopWiki/1.0 ( +http://www.shopwiki.com/wiki/Help:Bot)" "www.roomfurnish.com"
67.152.29.130 - - [24/Apr/2008:13:36:41 -0700] "GET / HTTP/1.1" 200 1315 "-" "ShopWiki/1.0 ( +http://www.shopwiki.com/wiki/Help:Bot)" "www.roomfurnish.com"
67.152.29.130 - - [24/Apr/2008:13:36:42 -0700] "GET / HTTP/1.1" 200 1315 "-" "ShopWiki/1.0 ( +http://www.shopwiki.com/wiki/Help:Bot)" "www.roomfurnish.com"
74.6.7.87 - - [24/Apr/2008:17:26:27 -0700] "GET /robots.txt HTTP/1.0" 404 275 "-" "Mozilla/5.0 (compatible; Yahoo! Slurp; http://help.yahoo.com/help/us/ysearch/slurp)" "www.roomfurnish.com"
67.195.98.236 - - [24/Apr/2008:17:26:35 -0700] "GET / HTTP/1.0" 200 1315 "-" "Mozilla/5.0 (compatible; Yahoo! DE Slurp; http://help.yahoo.com/help/us/ysearch/slurp)" "www.roomfurnish.com"
71.163.6.134 - - [24/Apr/2008:17:42:46 -0700] "GET /favicon.ico HTTP/1.1" 404 275 "-" "Mozilla/4.0 (compatible; MSIE 7.0; Windows NT 5.1; .NET CLR 2.0.50727; MSN 9.0;MSN 9.1; MSNbVZ02; MSNmen-us; MSNcOTH)" "roomfurnish.com"
67.152.29.130 - - [24/Apr/2008:18:11:12 -0700] "GET /robots.txt HTTP/1.1" 404 275 "-" "ShopWiki/1.0 ( +http://www.shopwiki.com/wiki/Help:Bot)" "www.roomfurnish.com"
67.152.29.130 - - [24/Apr/2008:18:11:13 -0700] "GET / HTTP/1.1" 200 1315 "-" "ShopWiki/1.0 ( +http://www.shopwiki.com/wiki/Help:Bot)" "www.roomfurnish.com"
67.152.29.130 - - [24/Apr/2008:18:11:14 -0700] "GET /sitemap.html HTTP/1.1" 404 275 "-" "ShopWiki/1.0 ( +http://www.shopwiki.com/wiki/Help:Bot)" "www.roomfurnish.com"
67.152.29.130 - - [24/Apr/2008:18:11:15 -0700] "GET / HTTP/1.1" 200 1315 "-" "ShopWiki/1.0 ( +http://www.shopwiki.com/wiki/Help:Bot)" "www.roomfurnish.com"
88.131.106.12 - - [24/Apr/2008:23:17:01 -0700] "GET /robots.txt HTTP/1.0" 404 275 "-" "Speedy Spider (http://www.entireweb.com/about/search_tech/speedy_spider/)" "roomfurnish.com"
88.131.106.12 - - [24/Apr/2008:23:17:02 -0700] "GET /lb-11.html HTTP/1.0" 404 275 "-" "Speedy Spider (http://www.entireweb.com/about/search_tech/speedy_spider/)" "roomfurnish.com"
88.131.106.12 - - [24/Apr/2008:23:20:09 -0700] "GET /s-891.html HTTP/1.0" 404 275 "-" "Speedy Spider (http://www.entireweb.com/about/search_tech/speedy_spider/)" "roomfurnish.com"
61.135.220.92 - - [25/Apr/2008:00:36:26 -0700] "GET /robots.txt HTTP/1.1" 404 275 "-" "Mozilla/5.0 (compatible; YodaoBot/1.0; http://www.yodao.com/help/webmaster/spider/; )" "roomfurnish.com"
61.135.220.92 - - [25/Apr/2008:00:36:27 -0700] "GET / HTTP/1.1" 200 1315 "-" "Mozilla/5.0 (compatible; YodaoBot/1.0; http://www.yodao.com/help/webmaster/spider/; )" "roomfurnish.com"
74.6.7.87 - - [25/Apr/2008:06:31:30 -0700] "GET /robots.txt HTTP/1.0" 404 275 "-" "Mozilla/5.0 (compatible; Yahoo! Slurp; http://help.yahoo.com/help/us/ysearch/slurp)" "www.roomfurnish.com"
74.6.31.164 - - [25/Apr/2008:06:31:30 -0700] "GET / HTTP/1.0" 200 1315 "-" "Mozilla/5.0 (compatible; Yahoo! DE Slurp; http://help.yahoo.com/help/us/ysearch/slurp)" "www.roomfurnish.com"
216.151.39.69 - - [25/Apr/2008:06:39:13 -0700] "GET /robots.txt HTTP/1.0" 404 275 "-" "IIITBOT/1.1 (Indian Language Web Search Engine; http://webkhoj.iiit.net; pvvpr at iiit dot ac dot in)" "www.roomfurnish.com"
216.151.39.69 - - [25/Apr/2008:06:39:13 -0700] "GET / HTTP/1.0" 200 1315 "-" "IIITBOT/1.1 (Indian Language Web Search Engine; http://webkhoj.iiit.net; pvvpr at iiit dot ac dot in)" "www.roomfurnish.com"
61.135.220.90 - - [25/Apr/2008:06:54:48 -0700] "GET /robots.txt HTTP/1.1" 404 275 "-" "Mozilla/5.0 (compatible; YodaoBot/1.0; http://www.yodao.com/help/webmaster/spider/; )" "roomfurnish.com"
61.135.220.90 - - [25/Apr/2008:06:54:49 -0700] "GET / HTTP/1.1" 200 1315 "-" "Mozilla/5.0 (compatible; YodaoBot/1.0; http://www.yodao.com/help/webmaster/spider/; )" "roomfurnish.com"
87.230.86.7 - - [25/Apr/2008:08:08:33 -0700] "GET /? HTTP/1.0" 200 1315 "-" "Mozilla/4.0 (compatible; MSIE 6.0; Windows NT 5.0)" "roomfurnish.com"
88.131.106.12 - - [25/Apr/2008:09:17:03 -0700] "GET /robots.txt HTTP/1.0" 404 275 "-" "Speedy Spider (http://www.entireweb.com/about/search_tech/speedy_spider/)" "roomfurnish.com"
88.131.106.12 - - [25/Apr/2008:09:17:04 -0700] "GET /b359monzasofa.html HTTP/1.0" 404 275 "-" "Speedy Spider (http://www.entireweb.com/about/search_tech/speedy_spider/)" "roomfurnish.com"
74.6.22.177 - - [25/Apr/2008:12:04:38 -0700] "GET /robots.txt HTTP/1.0" 404 275 "-" "Mozilla/5.0 (compatible; Yahoo! Slurp; http://help.yahoo.com/help/us/ysearch/slurp)" "www.roomfurnish.com"
74.6.21.59 - - [25/Apr/2008:12:04:39 -0700] "GET / HTTP/1.0" 304 - "-" "Mozilla/5.0 (compatible; Yahoo! Slurp; http://help.yahoo.com/help/us/ysearch/slurp)" "www.roomfurnish.com"
69.255.31.121 - - [25/Apr/2008:14:05:11 -0700] "GET / HTTP/1.1" 200 1315 "-" "Mozilla/4.0 (compatible; MSIE 6.0; Windows NT 5.0)" "www.roomfurnish.com"
98.173.26.143 - - [25/Apr/2008:16:15:09 -0700] "GET /robots.txt HTTP/1.0" 404 275 "-" "envolk/1.7 (+http://www.envolk.com/envolkspiderinfo.html)" "roomfurnish.com"
61.135.220.183 - - [25/Apr/2008:17:12:06 -0700] "GET /robots.txt HTTP/1.1" 404 275 "-" "Mozilla/5.0 (compatible; YodaoBot/1.0; http://www.yodao.com/help/webmaster/spider/; )" "roomfurnish.com"
61.135.220.183 - - [25/Apr/2008:17:12:06 -0700] "GET / HTTP/1.1" 200 1315 "-" "Mozilla/5.0 (compatible; YodaoBot/1.0; http://www.yodao.com/help/webmaster/spider/; )" "roomfurnish.com"
74.6.7.87 - - [25/Apr/2008:17:34:14 -0700] "GET /robots.txt HTTP/1.0" 404 275 "-" "Mozilla/5.0 (compatible; Yahoo! Slurp; http://help.yahoo.com/help/us/ysearch/slurp)" "www.roomfurnish.com"
67.195.98.236 - - [25/Apr/2008:17:34:19 -0700] "GET / HTTP/1.0" 200 1315 "-" "Mozilla/5.0 (compatible; Yahoo! DE Slurp; http://help.yahoo.com/help/us/ysearch/slurp)" "www.roomfurnish.com"
193.252.149.16 - - [25/Apr/2008:18:53:12 -0700] "GET /robots.txt HTTP/1.1" 404 275 "-" "Mozilla/5.0 (Windows; U; Windows NT 5.1; fr; rv:1.8.1) VoilaBot BETA 1.2 (support.voilabot@orange-ftgroup.com)" "roomfurnish.com"
193.252.149.16 - - [25/Apr/2008:18:53:17 -0700] "GET / HTTP/1.1" 200 1315 "-" "Mozilla/5.0 (Windows; U; Windows NT 5.1; fr; rv:1.8.1) VoilaBot BETA 1.2 (support.voilabot@orange-ftgroup.com)" "roomfurnish.com"
122.152.140.207 - - [25/Apr/2008:19:14:29 -0700] "GET / HTTP/1.1" 304 - "-" "Baiduspider+(+http://www.baidu.com/search/spider_jp.html)" "roomfurnish.com"
88.131.106.12 - - [25/Apr/2008:19:23:48 -0700] "GET /robots.txt HTTP/1.0" 404 275 "-" "Speedy Spider (http://www.entireweb.com/about/search_tech/speedy_spider/)" "roomfurnish.com"
88.131.106.12 - - [25/Apr/2008:19:23:48 -0700] "GET /contactus.html HTTP/1.0" 404 275 "-" "Speedy Spider (http://www.entireweb.com/about/search_tech/speedy_spider/)" "roomfurnish.com"
67.152.29.130 - - [25/Apr/2008:19:35:10 -0700] "GET /robots.txt HTTP/1.1" 404 275 "-" "ShopWiki/1.0 ( +http://www.shopwiki.com/wiki/Help:Bot)" "www.roomfurnish.com"
88.131.106.12 - - [25/Apr/2008:19:35:45 -0700] "GET /s-890.html HTTP/1.0" 404 275 "-" "Speedy Spider (http://www.entireweb.com/about/search_tech/speedy_spider/)" "roomfurnish.com"
67.152.29.130 - - [25/Apr/2008:19:56:26 -0700] "GET / HTTP/1.1" 200 1315 "-" "ShopWiki/1.0 ( +http://www.shopwiki.com/wiki/Help:Bot)" "www.roomfurnish.com"
67.152.29.130 - - [25/Apr/2008:19:56:27 -0700] "GET / HTTP/1.1" 200 1315 "-" "ShopWiki/1.0 ( +http://www.shopwiki.com/wiki/Help:Bot)" "www.roomfurnish.com"
63.123.238.8 - - [25/Apr/2008:22:23:04 -0700] "GET /robots.txt HTTP/1.1" 404 275 "-" "Mozilla/2.0 (compatible; Ask Jeeves/Teoma)" "www.roomfurnish.com"
63.123.238.8 - - [25/Apr/2008:22:23:04 -0700] "GET / HTTP/1.1" 200 1315 "-" "Mozilla/2.0 (compatible; Ask Jeeves/Teoma)" "www.roomfurnish.com"
121.1.108.159 - - [26/Apr/2008:01:23:35 -0700] "GET /sitemap.html HTTP/1.1" 404 275 "-" "Mozilla/4.0 (compatible; MSIE 6.0; Windows NT 5.1; SV1; InfoPath.2)" "roomfurnish.com"
67.152.29.130 - - [26/Apr/2008:01:46:05 -0700] "GET /robots.txt HTTP/1.1" 404 275 "-" "ShopWiki/1.0 ( +http://www.shopwiki.com/wiki/Help:Bot)" "www.roomfurnish.com"
67.152.29.130 - - [26/Apr/2008:01:46:05 -0700] "GET / HTTP/1.1" 200 1315 "-" "ShopWiki/1.0 ( +http://www.shopwiki.com/wiki/Help:Bot)" "www.roomfurnish.com"
67.152.29.130 - - [26/Apr/2008:01:46:18 -0700] "GET / HTTP/1.1" 200 1315 "-" "ShopWiki/1.0 ( +http://www.shopwiki.com/wiki/Help:Bot)" "www.roomfurnish.com"
67.152.29.130 - - [26/Apr/2008:01:46:19 -0700] "GET / HTTP/1.1" 200 1315 "-" "ShopWiki/1.0 ( +http://www.shopwiki.com/wiki/Help:Bot)" "www.roomfurnish.com"
213.29.7.70 - - [26/Apr/2008:02:22:44 -0700] "GET /robots.txt HTTP/1.1" 404 275 "-" "holmes/3.12.2 (http://morfeo.centrum.cz/bot)" "roomfurnish.com"
122.152.140.207 - - [26/Apr/2008:04:06:43 -0700] "GET / HTTP/1.1" 304 - "-" "Baiduspider+(+http://www.baidu.com/search/spider_jp.html)" "roomfurnish.com"
122.152.128.71 - - [26/Apr/2008:05:12:16 -0700] "GET /robots.txt HTTP/1.1" 404 275 "-" "Baiduspider+(+http://www.baidu.com/search/spider_jp.html)" "roomfurnish.com"
61.135.220.141 - - [26/Apr/2008:05:52:16 -0700] "GET /robots.txt HTTP/1.1" 404 275 "-" "Mozilla/5.0 (compatible; YodaoBot/1.0; http://www.yodao.com/help/webmaster/spider/; )" "roomfurnish.com"
61.135.220.141 - - [26/Apr/2008:05:52:17 -0700] "GET / HTTP/1.1" 200 1315 "-" "Mozilla/5.0 (compatible; YodaoBot/1.0; http://www.yodao.com/help/webmaster/spider/; )" "roomfurnish.com"
67.152.29.130 - - [26/Apr/2008:06:11:20 -0700] "GET /sitemap.html HTTP/1.1" 404 275 "-" "ShopWiki/1.0 ( +http://www.shopwiki.com/wiki/Help:Bot)" "www.roomfurnish.com"
67.152.29.130 - - [26/Apr/2008:06:11:21 -0700] "GET / HTTP/1.1" 200 1315 "-" "ShopWiki/1.0 ( +http://www.shopwiki.com/wiki/Help:Bot)" "www.roomfurnish.com"
74.6.19.91 - - [26/Apr/2008:06:36:32 -0700] "GET /robots.txt HTTP/1.0" 404 275 "-" "Mozilla/5.0 (compatible; Yahoo! Slurp; http://help.yahoo.com/help/us/ysearch/slurp)" "www.roomfurnish.com"
74.6.31.164 - - [26/Apr/2008:06:36:32 -0700] "GET / HTTP/1.0" 200 1315 "-" "Mozilla/5.0 (compatible; Yahoo! DE Slurp; http://help.yahoo.com/help/us/ysearch/slurp)" "www.roomfurnish.com"
61.135.220.27 - - [26/Apr/2008:08:06:12 -0700] "GET /robots.txt HTTP/1.1" 404 275 "-" "Mozilla/5.0 (compatible; YodaoBot/1.0; http://www.yodao.com/help/webmaster/spider/; )" "roomfurnish.com"
61.135.220.27 - - [26/Apr/2008:08:06:13 -0700] "GET / HTTP/1.1" 200 1315 "-" "Mozilla/5.0 (compatible; YodaoBot/1.0; http://www.yodao.com/help/webmaster/spider/; )" "roomfurnish.com"
67.152.29.130 - - [26/Apr/2008:09:42:55 -0700] "GET /robots.txt HTTP/1.1" 404 275 "-" "ShopWiki/1.0 ( +http://www.shopwiki.com/wiki/Help:Bot)" "www.roomfurnish.com"
67.152.29.130 - - [26/Apr/2008:09:42:56 -0700] "GET / HTTP/1.1" 200 1315 "-" "ShopWiki/1.0 ( +http://www.shopwiki.com/wiki/Help:Bot)" "www.roomfurnish.com"
61.135.220.27 - - [26/Apr/2008:10:22:59 -0700] "GET /robots.txt HTTP/1.1" 404 275 "-" "Mozilla/5.0 (compatible; YodaoBot/1.0; http://www.yodao.com/help/webmaster/spider/; )" "roomfurnish.com"
61.135.220.27 - - [26/Apr/2008:10:22:59 -0700] "GET / HTTP/1.1" 200 1315 "-" "Mozilla/5.0 (compatible; YodaoBot/1.0; http://www.yodao.com/help/webmaster/spider/; )" "roomfurnish.com"
216.151.39.69 - - [26/Apr/2008:10:28:13 -0700] "GET /robots.txt HTTP/1.0" 404 275 "-" "IIITBOT/1.1 (Indian Language Web Search Engine; http://webkhoj.iiit.net; pvvpr at iiit dot ac dot in)" "www.roomfurnish.com"
216.151.39.69 - - [26/Apr/2008:10:28:13 -0700] "GET / HTTP/1.0" 200 1315 "-" "IIITBOT/1.1 (Indian Language Web Search Engine; http://webkhoj.iiit.net; pvvpr at iiit dot ac dot in)" "www.roomfurnish.com"
61.135.220.27 - - [26/Apr/2008:12:40:59 -0700] "GET /robots.txt HTTP/1.1" 404 275 "-" "Mozilla/5.0 (compatible; YodaoBot/1.0; http://www.yodao.com/help/webmaster/spider/; )" "roomfurnish.com"
61.135.220.27 - - [26/Apr/2008:12:40:59 -0700] "GET / HTTP/1.1" 200 1315 "-" "Mozilla/5.0 (compatible; YodaoBot/1.0; http://www.yodao.com/help/webmaster/spider/; )" "roomfurnish.com"
122.152.140.207 - - [26/Apr/2008:13:39:13 -0700] "GET / HTTP/1.1" 304 - "-" "Baiduspider+(+http://www.baidu.com/search/spider_jp.html)" "roomfurnish.com"
67.152.29.130 - - [26/Apr/2008:14:46:09 -0700] "GET /robots.txt HTTP/1.1" 404 275 "-" "ShopWiki/1.0 ( +http://www.shopwiki.com/wiki/Help:Bot)" "www.roomfurnish.com"
67.152.29.130 - - [26/Apr/2008:14:46:10 -0700] "GET / HTTP/1.1" 200 1315 "-" "ShopWiki/1.0 ( +http://www.shopwiki.com/wiki/Help:Bot)" "www.roomfurnish.com"
67.152.29.130 - - [26/Apr/2008:14:46:35 -0700] "GET / HTTP/1.1" 200 1315 "-" "ShopWiki/1.0 ( +http://www.shopwiki.com/wiki/Help:Bot)" "www.roomfurnish.com"
67.152.29.130 - - [26/Apr/2008:14:46:36 -0700] "GET / HTTP/1.1" 200 1315 "-" "ShopWiki/1.0 ( +http://www.shopwiki.com/wiki/Help:Bot)" "www.roomfurnish.com"
61.135.220.144 - - [26/Apr/2008:14:59:05 -0700] "GET /robots.txt HTTP/1.1" 404 275 "-" "Mozilla/5.0 (compatible; YodaoBot/1.0; http://www.yodao.com/help/webmaster/spider/; )" "roomfurnish.com"
61.135.220.144 - - [26/Apr/2008:14:59:05 -0700] "GET / HTTP/1.1" 200 1315 "-" "Mozilla/5.0 (compatible; YodaoBot/1.0; http://www.yodao.com/help/webmaster/spider/; )" "roomfurnish.com"
193.47.80.40 - - [26/Apr/2008:15:33:18 -0700] "GET /robots.txt HTTP/1.1" 404 275 "-" "Mozilla/5.0 (compatible; Exabot/3.0; +http://www.exabot.com/go/robot)" "roomfurnish.com"
193.47.80.40 - - [26/Apr/2008:15:33:19 -0700] "GET / HTTP/1.1" 304 - "-" "Mozilla/5.0 (compatible; Exabot/3.0; +http://www.exabot.com/go/robot)" "roomfurnish.com"
193.252.149.16 - - [26/Apr/2008:17:11:45 -0700] "GET /robots.txt HTTP/1.1" 404 275 "-" "Mozilla/5.0 (Windows; U; Windows NT 5.1; fr; rv:1.8.1) VoilaBot BETA 1.2 (support.voilabot@orange-ftgroup.com)" "www.roomfurnish.com"
193.252.149.16 - - [26/Apr/2008:17:11:47 -0700] "GET / HTTP/1.1" 200 1315 "-" "Mozilla/5.0 (Windows; U; Windows NT 5.1; fr; rv:1.8.1) VoilaBot BETA 1.2 (support.voilabot@orange-ftgroup.com)" "www.roomfurnish.com"
61.135.220.81 - - [26/Apr/2008:17:16:46 -0700] "GET /robots.txt HTTP/1.1" 404 275 "-" "Mozilla/5.0 (compatible; YodaoBot/1.0; http://www.yodao.com/help/webmaster/spider/; )" "roomfurnish.com"
