67.152.29.130 - - [29/Mar/2008:18:08:56 -0700] "GET /robots.txt HTTP/1.1" 404 275 "-" "ShopWiki/1.0 ( +http://www.shopwiki.com/wiki/Help:Bot)" "www.roomfurnish.com"
67.152.29.130 - - [29/Mar/2008:18:08:56 -0700] "GET / HTTP/1.1" 200 1315 "-" "ShopWiki/1.0 ( +http://www.shopwiki.com/wiki/Help:Bot)" "www.roomfurnish.com"
67.152.29.130 - - [29/Mar/2008:18:09:24 -0700] "GET / HTTP/1.1" 200 1315 "-" "ShopWiki/1.0 ( +http://www.shopwiki.com/wiki/Help:Bot)" "www.roomfurnish.com"
88.131.106.12 - - [29/Mar/2008:18:12:46 -0700] "GET /robots.txt HTTP/1.0" 404 275 "-" "Speedy Spider (http://www.entireweb.com/about/search_tech/speedy_spider/)" "roomfurnish.com"
88.131.106.12 - - [29/Mar/2008:18:12:47 -0700] "GET /lb-11.html HTTP/1.0" 404 275 "-" "Speedy Spider (http://www.entireweb.com/about/search_tech/speedy_spider/)" "roomfurnish.com"
88.131.106.12 - - [29/Mar/2008:18:13:11 -0700] "GET /s-891.html HTTP/1.0" 404 275 "-" "Speedy Spider (http://www.entireweb.com/about/search_tech/speedy_spider/)" "roomfurnish.com"
63.123.238.8 - - [29/Mar/2008:18:21:43 -0700] "GET /robots.txt HTTP/1.1" 404 275 "-" "Mozilla/2.0 (compatible; Ask Jeeves/Teoma)" "www.roomfurnish.com"
63.123.238.8 - - [29/Mar/2008:18:21:43 -0700] "GET / HTTP/1.1" 200 1315 "-" "Mozilla/2.0 (compatible; Ask Jeeves/Teoma)" "www.roomfurnish.com"
88.131.106.12 - - [29/Mar/2008:19:18:21 -0700] "GET /contactus.html HTTP/1.0" 404 275 "-" "Speedy Spider (http://www.entireweb.com/about/search_tech/speedy_spider/)" "roomfurnish.com"
88.131.106.12 - - [29/Mar/2008:20:32:01 -0700] "GET /s-893.html HTTP/1.0" 404 275 "-" "Speedy Spider (http://www.entireweb.com/about/search_tech/speedy_spider/)" "roomfurnish.com"
88.131.106.12 - - [29/Mar/2008:21:07:11 -0700] "GET /lesw.html HTTP/1.0" 404 275 "-" "Speedy Spider (http://www.entireweb.com/about/search_tech/speedy_spider/)" "roomfurnish.com"
88.131.106.12 - - [29/Mar/2008:21:13:14 -0700] "GET /258rosssofa.html HTTP/1.0" 404 275 "-" "Speedy Spider (http://www.entireweb.com/about/search_tech/speedy_spider/)" "roomfurnish.com"
88.131.106.12 - - [29/Mar/2008:21:18:39 -0700] "GET /212boldsofa.html HTTP/1.0" 404 275 "-" "Speedy Spider (http://www.entireweb.com/about/search_tech/speedy_spider/)" "roomfurnish.com"
122.152.140.207 - - [29/Mar/2008:23:10:19 -0700] "GET / HTTP/1.1" 304 - "-" "Baiduspider+(+http://www.baidu.com/search/spider_jp.html)" "roomfurnish.com"
88.131.106.12 - - [30/Mar/2008:03:24:40 -0700] "GET /robots.txt HTTP/1.0" 404 275 "-" "Speedy Spider (http://www.entireweb.com/about/search_tech/speedy_spider/)" "roomfurnish.com"
88.131.106.12 - - [30/Mar/2008:03:24:40 -0700] "GET /lb-12.html HTTP/1.0" 404 275 "-" "Speedy Spider (http://www.entireweb.com/about/search_tech/speedy_spider/)" "roomfurnish.com"
88.131.106.12 - - [30/Mar/2008:03:57:23 -0700] "GET /sectionalsofa.html HTTP/1.0" 404 275 "-" "Speedy Spider (http://www.entireweb.com/about/search_tech/speedy_spider/)" "roomfurnish.com"
74.6.30.226 - - [30/Mar/2008:04:00:17 -0700] "GET /robots.txt HTTP/1.0" 404 275 "-" "Mozilla/5.0 (compatible; Yahoo! Slurp; http://help.yahoo.com/help/us/ysearch/slurp)" "www.roomfurnish.com"
67.195.34.92 - - [30/Mar/2008:04:00:17 -0700] "GET / HTTP/1.0" 200 1315 "-" "Mozilla/5.0 (compatible; Yahoo! DE Slurp; http://help.yahoo.com/help/us/ysearch/slurp)" "www.roomfurnish.com"
67.152.29.130 - - [30/Mar/2008:04:35:07 -0700] "GET /robots.txt HTTP/1.1" 404 275 "-" "ShopWiki/1.0 ( +http://www.shopwiki.com/wiki/Help:Bot)" "www.roomfurnish.com"
67.152.29.130 - - [30/Mar/2008:04:35:07 -0700] "GET / HTTP/1.1" 200 1315 "-" "ShopWiki/1.0 ( +http://www.shopwiki.com/wiki/Help:Bot)" "www.roomfurnish.com"
67.152.29.130 - - [30/Mar/2008:04:35:08 -0700] "GET /sitemap.html HTTP/1.1" 404 275 "-" "ShopWiki/1.0 ( +http://www.shopwiki.com/wiki/Help:Bot)" "www.roomfurnish.com"
67.152.29.130 - - [30/Mar/2008:04:35:09 -0700] "GET / HTTP/1.1" 200 1315 "-" "ShopWiki/1.0 ( +http://www.shopwiki.com/wiki/Help:Bot)" "www.roomfurnish.com"
88.131.106.12 - - [30/Mar/2008:04:58:29 -0700] "GET /lb-15.html HTTP/1.0" 404 275 "-" "Speedy Spider (http://www.entireweb.com/about/search_tech/speedy_spider/)" "roomfurnish.com"
172.189.115.233 - - [30/Mar/2008:06:45:02 -0700] "GET /favicon.ico HTTP/1.1" 404 275 "-" "Mozilla/5.0 (Windows; U; Windows NT 6.0; en-GB; rv:1.8.1.13) Gecko/20080311 Firefox/2.0.0.13" "roomfurnish.com"
172.189.115.233 - - [30/Mar/2008:10:52:16 -0700] "GET /favicon.ico HTTP/1.1" 404 275 "-" "Mozilla/5.0 (Windows; U; Windows NT 6.0; en-GB; rv:1.8.1.13) Gecko/20080311 Firefox/2.0.0.13" "roomfurnish.com"
88.131.106.12 - - [30/Mar/2008:11:48:48 -0700] "GET /robots.txt HTTP/1.0" 404 275 "-" "Speedy Spider (http://www.entireweb.com/about/search_tech/speedy_spider/)" "roomfurnish.com"
88.131.106.12 - - [30/Mar/2008:11:48:49 -0700] "GET /221almosofa.html HTTP/1.0" 404 275 "-" "Speedy Spider (http://www.entireweb.com/about/search_tech/speedy_spider/)" "roomfurnish.com"
88.131.106.12 - - [30/Mar/2008:13:09:15 -0700] "GET /trackorder.html HTTP/1.0" 404 275 "-" "Speedy Spider (http://www.entireweb.com/about/search_tech/speedy_spider/)" "roomfurnish.com"
88.131.106.12 - - [30/Mar/2008:14:20:08 -0700] "GET /swatch.html HTTP/1.0" 404 275 "-" "Speedy Spider (http://www.entireweb.com/about/search_tech/speedy_spider/)" "roomfurnish.com"
64.1.215.165 - - [30/Mar/2008:14:39:13 -0700] "GET /robots.txt HTTP/1.0" 404 275 "-" "Mozilla/5.0 (Twiceler-0.9 http://www.cuill.com/twiceler/robot.html)" "roomfurnish.com"
88.131.106.12 - - [30/Mar/2008:15:00:33 -0700] "GET /lb-16.html HTTP/1.0" 404 275 "-" "Speedy Spider (http://www.entireweb.com/about/search_tech/speedy_spider/)" "roomfurnish.com"
208.36.144.10 - - [30/Mar/2008:15:28:08 -0700] "GET /robots.txt HTTP/1.0" 404 275 "-" "Mozilla/5.0 (Twiceler-0.9 http://www.cuill.com/twiceler/robot.html)" "www.roomfurnish.com"
74.6.30.226 - - [30/Mar/2008:15:44:28 -0700] "GET /robots.txt HTTP/1.0" 404 275 "-" "Mozilla/5.0 (compatible; Yahoo! Slurp; http://help.yahoo.com/help/us/ysearch/slurp)" "www.roomfurnish.com"
74.6.31.164 - - [30/Mar/2008:15:44:28 -0700] "GET / HTTP/1.0" 200 1315 "-" "Mozilla/5.0 (compatible; Yahoo! DE Slurp; http://help.yahoo.com/help/us/ysearch/slurp)" "www.roomfurnish.com"
65.55.208.136 - - [30/Mar/2008:16:51:59 -0700] "GET /robots.txt HTTP/1.1" 404 275 "-" "msnbot/1.1 (+http://search.msn.com/msnbot.htm)" "roomfurnish.com"
65.55.208.136 - - [30/Mar/2008:16:52:01 -0700] "GET / HTTP/1.1" 304 - "-" "msnbot/1.1 (+http://search.msn.com/msnbot.htm)" "roomfurnish.com"
67.152.29.130 - - [30/Mar/2008:17:26:45 -0700] "GET /robots.txt HTTP/1.1" 404 275 "-" "ShopWiki/1.0 ( +http://www.shopwiki.com/wiki/Help:Bot)" "www.roomfurnish.com"
65.214.45.130 - - [30/Mar/2008:18:11:12 -0700] "GET /robots.txt HTTP/1.0" 404 275 "-" "Mozilla/5.0 (compatible; Ask Jeeves/Teoma; +http://about.ask.com/en/docs/about/webmasters.shtml)" "www.roomfurnish.com"
65.214.45.130 - - [30/Mar/2008:18:11:13 -0700] "GET /a05comosofa.html HTTP/1.0" 404 275 "-" "Mozilla/5.0 (compatible; Ask Jeeves/Teoma; +http://about.ask.com/en/docs/about/webmasters.shtml)" "www.roomfurnish.com"
67.152.29.130 - - [30/Mar/2008:19:00:14 -0700] "GET / HTTP/1.1" 200 1315 "-" "ShopWiki/1.0 ( +http://www.shopwiki.com/wiki/Help:Bot)" "www.roomfurnish.com"
67.152.29.130 - - [30/Mar/2008:19:00:15 -0700] "GET / HTTP/1.1" 200 1315 "-" "ShopWiki/1.0 ( +http://www.shopwiki.com/wiki/Help:Bot)" "www.roomfurnish.com"
122.152.140.207 - - [30/Mar/2008:19:12:03 -0700] "GET / HTTP/1.1" 304 - "-" "Baiduspider+(+http://www.baidu.com/search/spider_jp.html)" "roomfurnish.com"
66.249.73.104 - - [30/Mar/2008:19:32:53 -0700] "GET /robots.txt HTTP/1.1" 404 275 "-" "Mozilla/5.0 (compatible; Googlebot/2.1; +http://www.google.com/bot.html)" "www.roomfurnish.com"
66.249.73.104 - - [30/Mar/2008:19:32:53 -0700] "GET / HTTP/1.1" 200 1315 "-" "Mozilla/5.0 (compatible; Googlebot/2.1; +http://www.google.com/bot.html)" "www.roomfurnish.com"
66.249.73.104 - - [30/Mar/2008:20:23:49 -0700] "GET /robots.txt HTTP/1.1" 404 275 "-" "Mozilla/5.0 (compatible; Googlebot/2.1; +http://www.google.com/bot.html)" "roomfurnish.com"
66.249.73.104 - - [30/Mar/2008:20:23:49 -0700] "GET /index.html HTTP/1.1" 304 - "-" "Mozilla/5.0 (compatible; Googlebot/2.1; +http://www.google.com/bot.html)" "roomfurnish.com"
65.214.45.130 - - [30/Mar/2008:20:29:20 -0700] "GET /a02raddasofa.html HTTP/1.0" 404 275 "-" "Mozilla/5.0 (compatible; Ask Jeeves/Teoma; +http://about.ask.com/en/docs/about/webmasters.shtml)" "www.roomfurnish.com"
88.131.106.12 - - [30/Mar/2008:21:06:31 -0700] "GET /robots.txt HTTP/1.0" 404 275 "-" "Speedy Spider (http://www.entireweb.com/about/search_tech/speedy_spider/)" "roomfurnish.com"
88.131.106.12 - - [30/Mar/2008:21:06:31 -0700] "GET /b359monzasofa.html HTTP/1.0" 404 275 "-" "Speedy Spider (http://www.entireweb.com/about/search_tech/speedy_spider/)" "roomfurnish.com"
88.131.106.12 - - [30/Mar/2008:21:24:47 -0700] "GET /s-890.html HTTP/1.0" 404 275 "-" "Speedy Spider (http://www.entireweb.com/about/search_tech/speedy_spider/)" "roomfurnish.com"
88.131.106.12 - - [30/Mar/2008:21:31:26 -0700] "GET /351romasofa.html HTTP/1.0" 404 275 "-" "Speedy Spider (http://www.entireweb.com/about/search_tech/speedy_spider/)" "roomfurnish.com"
207.126.224.241 - - [30/Mar/2008:22:40:35 -0700] "GET / HTTP/1.0" 200 1315 "-" "Mozilla/4.05 [en]" "www.roomfurnish.com"
67.152.29.130 - - [31/Mar/2008:00:50:05 -0700] "GET /robots.txt HTTP/1.1" 404 275 "-" "ShopWiki/1.0 ( +http://www.shopwiki.com/wiki/Help:Bot)" "www.roomfurnish.com"
67.152.29.130 - - [31/Mar/2008:00:50:08 -0700] "GET / HTTP/1.1" 200 1315 "-" "ShopWiki/1.0 ( +http://www.shopwiki.com/wiki/Help:Bot)" "www.roomfurnish.com"
67.152.29.130 - - [31/Mar/2008:00:50:09 -0700] "GET / HTTP/1.1" 200 1315 "-" "ShopWiki/1.0 ( +http://www.shopwiki.com/wiki/Help:Bot)" "www.roomfurnish.com"
208.36.144.10 - - [31/Mar/2008:04:14:42 -0700] "GET /robots.txt HTTP/1.0" 404 275 "-" "Mozilla/5.0 (Twiceler-0.9 http://www.cuill.com/twiceler/robot.html)" "www.roomfurnish.com"
67.195.34.92 - - [31/Mar/2008:04:49:29 -0700] "GET / HTTP/1.0" 200 1315 "-" "Mozilla/5.0 (compatible; Yahoo! DE Slurp; http://help.yahoo.com/help/us/ysearch/slurp)" "www.roomfurnish.com"
66.249.73.104 - - [31/Mar/2008:11:19:01 -0700] "GET /robots.txt HTTP/1.1" 404 275 "-" "Mozilla/5.0 (compatible; Googlebot/2.1; +http://www.google.com/bot.html)" "roomfurnish.com"
66.249.73.104 - - [31/Mar/2008:11:19:01 -0700] "GET / HTTP/1.1" 200 1315 "-" "Mozilla/5.0 (compatible; Googlebot/2.1; +http://www.google.com/bot.html)" "roomfurnish.com"
208.80.193.35 - - [31/Mar/2008:12:05:16 -0700] "GET / HTTP/1.1" 200 1315 "-" "Mozilla/4.0 (compatible; MSIE 6.0; Windows NT 5.1; Q312467)" "roomfurnish.com"
208.80.193.35 - - [31/Mar/2008:12:05:16 -0700] "GET / HTTP/1.1" 200 1315 "-" "Mozilla/5.0 (compatible; Konqueror/3.0-rc5; i686 Linux; 20021004)" "www.roomfurnish.com"
193.252.149.16 - - [31/Mar/2008:12:55:01 -0700] "GET /robots.txt HTTP/1.1" 404 275 "-" "Mozilla/5.0 (Windows; U; Windows NT 5.1; fr; rv:1.8.1) VoilaBot BETA 1.2 (http://www.voila.com/)" "www.roomfurnish.com"
193.252.149.16 - - [31/Mar/2008:12:55:07 -0700] "GET / HTTP/1.1" 200 1315 "-" "Mozilla/5.0 (Windows; U; Windows NT 5.1; fr; rv:1.8.1) VoilaBot BETA 1.2 (http://www.voila.com/)" "www.roomfurnish.com"
80.34.206.35 - - [31/Mar/2008:13:55:12 -0700] "GET / HTTP/1.0" 304 - "-" "-" "roomfurnish.com"
65.55.208.141 - - [31/Mar/2008:14:14:11 -0700] "GET /robots.txt HTTP/1.1" 404 275 "-" "msnbot/1.1 (+http://search.msn.com/msnbot.htm)" "roomfurnish.com"
65.55.208.141 - - [31/Mar/2008:14:14:11 -0700] "GET /sectionalsofa.html HTTP/1.1" 404 275 "-" "msnbot/1.1 (+http://search.msn.com/msnbot.htm)" "roomfurnish.com"
74.6.21.87 - - [31/Mar/2008:16:11:44 -0700] "GET /robots.txt HTTP/1.0" 404 275 "-" "Mozilla/5.0 (compatible; Yahoo! Slurp; http://help.yahoo.com/help/us/ysearch/slurp)" "www.roomfurnish.com"
74.6.31.164 - - [31/Mar/2008:16:11:44 -0700] "GET / HTTP/1.0" 200 1315 "-" "Mozilla/5.0 (compatible; Yahoo! DE Slurp; http://help.yahoo.com/help/us/ysearch/slurp)" "www.roomfurnish.com"
202.179.180.45 - - [31/Mar/2008:18:32:44 -0700] "GET /robots.txt HTTP/1.1" 404 275 "-" "Mozilla/4.0 (compatible; NaverBot/1.0; http://help.naver.com/delete_main.asp)" "roomfurnish.com"
202.179.180.45 - - [31/Mar/2008:18:32:44 -0700] "GET / HTTP/1.1" 200 1315 "-" "Mozilla/4.0 (compatible; NaverBot/1.0; http://help.naver.com/delete_main.asp)" "roomfurnish.com"
65.214.45.130 - - [31/Mar/2008:18:33:26 -0700] "GET /robots.txt HTTP/1.0" 404 275 "-" "Mozilla/5.0 (compatible; Ask Jeeves/Teoma; +http://about.ask.com/en/docs/about/webmasters.shtml)" "www.roomfurnish.com"
65.214.45.130 - - [31/Mar/2008:18:33:26 -0700] "GET /g-1328ac.html HTTP/1.0" 404 275 "-" "Mozilla/5.0 (compatible; Ask Jeeves/Teoma; +http://about.ask.com/en/docs/about/webmasters.shtml)" "www.roomfurnish.com"
202.179.180.54 - - [31/Mar/2008:19:53:02 -0700] "GET /robots.txt HTTP/1.1" 404 275 "-" "Mozilla/4.0 (compatible; NaverBot/1.0; http://help.naver.com/delete_main.asp)" "roomfurnish.com"
202.179.180.54 - - [31/Mar/2008:19:53:03 -0700] "GET /351romasofa.html HTTP/1.1" 404 275 "-" "Mozilla/4.0 (compatible; NaverBot/1.0; http://help.naver.com/delete_main.asp)" "roomfurnish.com"
74.78.70.32 - - [31/Mar/2008:20:12:18 -0700] "GET / HTTP/1.1" 200 1315 "-" "Mozilla/4.0 (compatible; MSIE 7.0; Windows NT 5.1)" "roomfurnish.com"
74.78.70.32 - - [31/Mar/2008:20:12:20 -0700] "GET /favicon.ico HTTP/1.1" 404 275 "-" "Mozilla/4.0 (compatible; MSIE 7.0; Windows NT 5.1)" "roomfurnish.com"
74.78.70.32 - - [31/Mar/2008:20:12:20 -0700] "GET / HTTP/1.1" 304 - "-" "Mozilla/4.0 (compatible; MSIE 7.0; Windows NT 5.1)" "roomfurnish.com"
69.84.207.39 - - [31/Mar/2008:20:47:35 -0700] "GET / HTTP/1.1" 200 1315 "-" "Mozilla/4.0 (compatible; MSIE 7.0;Windows NT 5.1;.NET CLR 1.1.4322;.NET CLR 2.0.50727;.NET CLR 3.0.04506.30)" "www.roomfurnish.com"
69.84.207.39 - - [31/Mar/2008:20:47:35 -0700] "GET / HTTP/1.1" 200 1315 "-" "Mozilla/4.0 (compatible; MSIE 7.0;Windows NT 5.1;.NET CLR 1.1.4322;.NET CLR 2.0.50727;.NET CLR 3.0.04506.30)" "roomfurnish.com"
65.214.45.130 - - [01/Apr/2008:00:31:44 -0700] "GET /g-1335c.html HTTP/1.0" 404 275 "-" "Mozilla/5.0 (compatible; Ask Jeeves/Teoma; +http://about.ask.com/en/docs/about/webmasters.shtml)" "www.roomfurnish.com"
199.245.84.2 - - [01/Apr/2008:05:47:04 -0700] "GET /favicon.ico HTTP/1.1" 404 275 "-" "Mozilla/4.0 (compatible; GoogleToolbar 4.0.1601.4978-big; Windows XP 5.1; MSIE 7.0.5730.11)" "roomfurnish.com"
199.245.84.2 - - [01/Apr/2008:05:47:04 -0700] "GET /favicon.gif HTTP/1.1" 404 275 "-" "Mozilla/4.0 (compatible; GoogleToolbar 4.0.1601.4978-big; Windows XP 5.1; MSIE 7.0.5730.11)" "roomfurnish.com"
74.6.21.87 - - [01/Apr/2008:06:15:39 -0700] "GET /robots.txt HTTP/1.0" 404 275 "-" "Mozilla/5.0 (compatible; Yahoo! Slurp; http://help.yahoo.com/help/us/ysearch/slurp)" "www.roomfurnish.com"
67.195.34.92 - - [01/Apr/2008:06:15:40 -0700] "GET / HTTP/1.0" 200 1315 "-" "Mozilla/5.0 (compatible; Yahoo! DE Slurp; http://help.yahoo.com/help/us/ysearch/slurp)" "www.roomfurnish.com"
67.152.29.130 - - [01/Apr/2008:06:52:00 -0700] "GET /robots.txt HTTP/1.1" 404 275 "-" "ShopWiki/1.0 ( +http://www.shopwiki.com/wiki/Help:Bot)" "www.roomfurnish.com"
67.152.29.130 - - [01/Apr/2008:06:52:01 -0700] "GET / HTTP/1.1" 200 1315 "-" "ShopWiki/1.0 ( +http://www.shopwiki.com/wiki/Help:Bot)" "www.roomfurnish.com"
67.152.29.130 - - [01/Apr/2008:06:52:02 -0700] "GET /sitemap.html HTTP/1.1" 404 275 "-" "ShopWiki/1.0 ( +http://www.shopwiki.com/wiki/Help:Bot)" "www.roomfurnish.com"
67.152.29.130 - - [01/Apr/2008:06:52:04 -0700] "GET / HTTP/1.1" 200 1315 "-" "ShopWiki/1.0 ( +http://www.shopwiki.com/wiki/Help:Bot)" "www.roomfurnish.com"
207.68.146.169 - - [01/Apr/2008:08:26:56 -0700] "GET /robots.txt HTTP/1.0" 404 275 "-" "msnbot-Products/1.0 (+http://search.msn.com/msnbot.htm)" "www.roomfurnish.com"
207.68.146.169 - - [01/Apr/2008:08:26:56 -0700] "GET / HTTP/1.0" 200 1315 "-" "msnbot-Products/1.0 (+http://search.msn.com/msnbot.htm)" "www.roomfurnish.com"
74.54.77.242 - - [01/Apr/2008:08:38:01 -0700] "HEAD / HTTP/1.0" 200 0 "-" "Mozilla/4.0 (compatible; MSIE 6.0; Windows NT 5.1)" "roomfurnish.com"
202.160.180.184 - - [01/Apr/2008:12:25:35 -0700] "GET /robots.txt HTTP/1.0" 404 275 "-" "Mozilla/5.0 (compatible; Yahoo! Slurp China; http://misc.yahoo.com.cn/help.html)" "roomfurnish.com"
202.160.178.82 - - [01/Apr/2008:12:25:36 -0700] "GET / HTTP/1.0" 304 - "-" "Mozilla/5.0 (compatible; Yahoo! Slurp China; http://misc.yahoo.com.cn/help.html)" "roomfurnish.com"
74.6.31.164 - - [01/Apr/2008:16:57:24 -0700] "GET / HTTP/1.0" 200 1315 "-" "Mozilla/5.0 (compatible; Yahoo! DE Slurp; http://help.yahoo.com/help/us/ysearch/slurp)" "www.roomfurnish.com"
193.252.149.16 - - [01/Apr/2008:17:52:22 -0700] "GET /robots.txt HTTP/1.1" 404 275 "-" "Mozilla/5.0 (Windows; U; Windows NT 5.1; fr; rv:1.8.1) VoilaBot BETA 1.2 (http://www.voila.com/)" "roomfurnish.com"
193.252.149.16 - - [01/Apr/2008:17:52:28 -0700] "GET / HTTP/1.1" 200 1315 "-" "Mozilla/5.0 (Windows; U; Windows NT 5.1; fr; rv:1.8.1) VoilaBot BETA 1.2 (http://www.voila.com/)" "roomfurnish.com"
64.124.148.28 - - [01/Apr/2008:18:32:43 -0700] "GET /robots.txt HTTP/1.1" 404 275 "-" "Mozilla/5.0 (compatible; FatBot 2.0; http://www.thefind.com/crawler)" "roomfurnish.com"
64.124.148.28 - - [01/Apr/2008:18:33:45 -0700] "GET / HTTP/1.1" 200 1315 "-" "Mozilla/5.0 (compatible; FatBot 2.0; http://www.thefind.com/crawler)" "roomfurnish.com"
122.152.140.207 - - [01/Apr/2008:18:38:44 -0700] "GET / HTTP/1.1" 304 - "-" "Baiduspider+(+http://www.baidu.com/search/spider_jp.html)" "roomfurnish.com"
65.214.45.130 - - [01/Apr/2008:19:29:00 -0700] "GET /robots.txt HTTP/1.0" 404 275 "-" "Mozilla/5.0 (compatible; Ask Jeeves/Teoma; +http://about.ask.com/en/docs/about/webmasters.shtml)" "www.roomfurnish.com"
65.214.45.130 - - [01/Apr/2008:19:29:00 -0700] "GET /roomfurnish/b05lidiasofa.html HTTP/1.0" 404 275 "-" "Mozilla/5.0 (compatible; Ask Jeeves/Teoma; +http://about.ask.com/en/docs/about/webmasters.shtml)" "www.roomfurnish.com"
67.152.29.130 - - [01/Apr/2008:20:18:27 -0700] "GET /robots.txt HTTP/1.1" 404 275 "-" "ShopWiki/1.0 ( +http://www.shopwiki.com/wiki/Help:Bot)" "www.roomfurnish.com"
67.152.29.130 - - [01/Apr/2008:20:18:28 -0700] "GET / HTTP/1.1" 200 1315 "-" "ShopWiki/1.0 ( +http://www.shopwiki.com/wiki/Help:Bot)" "www.roomfurnish.com"
67.152.29.130 - - [01/Apr/2008:20:18:34 -0700] "GET / HTTP/1.1" 200 1315 "-" "ShopWiki/1.0 ( +http://www.shopwiki.com/wiki/Help:Bot)" "www.roomfurnish.com"
67.152.29.130 - - [01/Apr/2008:20:18:35 -0700] "GET / HTTP/1.1" 200 1315 "-" "ShopWiki/1.0 ( +http://www.shopwiki.com/wiki/Help:Bot)" "www.roomfurnish.com"
65.214.45.130 - - [01/Apr/2008:22:53:58 -0700] "GET /b08paulasofa.html HTTP/1.0" 404 275 "-" "Mozilla/5.0 (compatible; Ask Jeeves/Teoma; +http://about.ask.com/en/docs/about/webmasters.shtml)" "www.roomfurnish.com"
24.185.86.221 - - [02/Apr/2008:00:42:48 -0700] "GET / HTTP/1.0" 200 1315 "-" "Firefox" "roomfurnish.com"
64.1.215.165 - - [02/Apr/2008:00:46:27 -0700] "GET /robots.txt HTTP/1.0" 404 275 "-" "Mozilla/5.0 (Twiceler-0.9 http://www.cuill.com/twiceler/robot.html)" "roomfurnish.com"
208.36.144.10 - - [02/Apr/2008:04:50:31 -0700] "GET /robots.txt HTTP/1.0" 404 275 "-" "Mozilla/5.0 (Twiceler-0.9 http://www.cuill.com/twiceler/robot.html)" "www.roomfurnish.com"
74.6.21.87 - - [02/Apr/2008:06:51:54 -0700] "GET /robots.txt HTTP/1.0" 404 275 "-" "Mozilla/5.0 (compatible; Yahoo! Slurp; http://help.yahoo.com/help/us/ysearch/slurp)" "www.roomfurnish.com"
67.195.34.92 - - [02/Apr/2008:06:51:54 -0700] "GET / HTTP/1.0" 200 1315 "-" "Mozilla/5.0 (compatible; Yahoo! DE Slurp; http://help.yahoo.com/help/us/ysearch/slurp)" "www.roomfurnish.com"
78.31.115.159 - - [02/Apr/2008:10:10:43 -0700] "GET / HTTP/1.0" 200 1315 "-" "Mozilla/4.0 (compatible; MSIE 7.0; Windows NT 5.1; .NET CLR 2.0.50727; .NET CLR 1.1.4322)" "roomfurnish.com"
208.111.154.16 - - [02/Apr/2008:11:08:03 -0700] "GET /robots.txt HTTP/1.0" 404 275 "-" "Mozilla/5.0 (compatible; Charlotte/1.0b; http://www.searchme.com/support/)" "roomfurnish.com"
208.111.154.16 - - [02/Apr/2008:11:08:03 -0700] "GET / HTTP/1.0" 200 1315 "-" "Mozilla/5.0 (compatible; Charlotte/1.0b; http://www.searchme.com/support/)" "roomfurnish.com"
71.163.6.134 - - [02/Apr/2008:11:19:59 -0700] "GET /favicon.ico HTTP/1.1" 404 275 "-" "Mozilla/4.0 (compatible; MSIE 7.0; Windows NT 5.1; FunWebProducts; .NET CLR 2.0.50727; MSN 9.0;MSN 9.1; MSNbVZ02; MSNmen-us; MSNcOTH)" "roomfurnish.com"
71.163.6.134 - - [02/Apr/2008:11:22:25 -0700] "GET /favicon.ico HTTP/1.1" 404 275 "-" "Mozilla/4.0 (compatible; MSIE 7.0; Windows NT 5.1; FunWebProducts; .NET CLR 2.0.50727; MSN 9.0;MSN 9.1; MSNbVZ02; MSNmen-us; MSNcOTH)" "roomfurnish.com"
65.214.45.130 - - [02/Apr/2008:15:02:46 -0700] "GET /robots.txt HTTP/1.0" 404 275 "-" "Mozilla/5.0 (compatible; Ask Jeeves/Teoma; +http://about.ask.com/en/docs/about/webmasters.shtml)" "www.roomfurnish.com"
65.214.45.130 - - [02/Apr/2008:15:02:46 -0700] "GET /termsofuse.html HTTP/1.0" 404 275 "-" "Mozilla/5.0 (compatible; Ask Jeeves/Teoma; +http://about.ask.com/en/docs/about/webmasters.shtml)" "www.roomfurnish.com"
74.6.21.87 - - [02/Apr/2008:15:23:25 -0700] "GET /robots.txt HTTP/1.0" 404 275 "-" "Mozilla/5.0 (compatible; Yahoo! Slurp; http://help.yahoo.com/help/us/ysearch/slurp)" "www.roomfurnish.com"
67.195.52.124 - - [02/Apr/2008:15:24:13 -0700] "GET / HTTP/1.0" 200 1315 "-" "Mozilla/5.0 (compatible; Yahoo! Slurp; http://help.yahoo.com/help/us/ysearch/slurp)" "www.roomfurnish.com"
132.187.23.92 - - [02/Apr/2008:16:02:25 -0700] "GET /robots.txt HTTP/1.0" 404 275 "http://majestic12.co.uk/bot.php?I=F994C088C8F16CBF3256BE4567B5B1DB-43B4CE148810EA8F-328DD84ECC3FE318-roomfurnish.com" "Mozilla/5.0 (compatible; MJ12bot/v1.2.1; http://www.majestic12.co.uk/bot.php?+)" "roomfurnish.com"
132.187.23.92 - - [02/Apr/2008:16:02:28 -0700] "GET /contactus.html HTTP/1.1" 404 275 "-" "Mozilla/5.0 (compatible; MJ12bot/v1.2.1; http://www.majestic12.co.uk/bot.php?+)" "roomfurnish.com"
132.187.23.92 - - [02/Apr/2008:16:02:45 -0700] "GET /info.html HTTP/1.1" 404 275 "-" "Mozilla/5.0 (compatible; MJ12bot/v1.2.1; http://www.majestic12.co.uk/bot.php?+)" "roomfurnish.com"
132.187.23.92 - - [02/Apr/2008:16:02:53 -0700] "GET /lesw.html HTTP/1.1" 404 275 "-" "Mozilla/5.0 (compatible; MJ12bot/v1.2.1; http://www.majestic12.co.uk/bot.php?+)" "roomfurnish.com"
132.187.23.92 - - [02/Apr/2008:16:02:57 -0700] "GET /privacypolicy.html HTTP/1.1" 404 275 "-" "Mozilla/5.0 (compatible; MJ12bot/v1.2.1; http://www.majestic12.co.uk/bot.php?+)" "roomfurnish.com"
132.187.23.92 - - [02/Apr/2008:16:03:08 -0700] "GET /s-887.html HTTP/1.1" 404 275 "-" "Mozilla/5.0 (compatible; MJ12bot/v1.2.1; http://www.majestic12.co.uk/bot.php?+)" "roomfurnish.com"
132.187.23.92 - - [02/Apr/2008:16:03:14 -0700] "GET /sectionalsofa.html HTTP/1.1" 404 275 "-" "Mozilla/5.0 (compatible; MJ12bot/v1.2.1; http://www.majestic12.co.uk/bot.php?+)" "roomfurnish.com"
132.187.23.92 - - [02/Apr/2008:16:03:16 -0700] "GET /sitemap.html HTTP/1.1" 404 275 "-" "Mozilla/5.0 (compatible; MJ12bot/v1.2.1; http://www.majestic12.co.uk/bot.php?+)" "roomfurnish.com"
132.187.23.92 - - [02/Apr/2008:16:03:20 -0700] "GET /robots.txt HTTP/1.0" 404 275 "http://majestic12.co.uk/bot.php?I=F994C088C8F16CBF3256BE4567B5B1DB-43B4CE148810EA8F-328DD84ECC3FE318-www.roomfurnish.com" "Mozilla/5.0 (compatible; MJ12bot/v1.2.1; http://www.majestic12.co.uk/bot.php?+)" "www.roomfurnish.com"
132.187.23.92 - - [02/Apr/2008:16:03:21 -0700] "GET /contactus.html HTTP/1.1" 404 275 "-" "Mozilla/5.0 (compatible; MJ12bot/v1.2.1; http://www.majestic12.co.uk/bot.php?+)" "www.roomfurnish.com"
132.187.23.92 - - [02/Apr/2008:16:03:26 -0700] "GET /info.html HTTP/1.1" 404 275 "-" "Mozilla/5.0 (compatible; MJ12bot/v1.2.1; http://www.majestic12.co.uk/bot.php?+)" "www.roomfurnish.com"
132.187.23.92 - - [02/Apr/2008:16:03:31 -0700] "GET /privacypolicy.html HTTP/1.1" 404 275 "-" "Mozilla/5.0 (compatible; MJ12bot/v1.2.1; http://www.majestic12.co.uk/bot.php?+)" "www.roomfurnish.com"
67.15.16.37 - - [02/Apr/2008:17:08:07 -0700] "GET / HTTP/1.0" 200 1315 "-" "Mozilla/4.0 (compatible; MSIE 7.0; Windows NT 5.1; .NET CLR 2.0.50727; .NET CLR 1.1.4322)" "roomfurnish.com"
74.6.18.156 - - [02/Apr/2008:17:53:15 -0700] "GET /robots.txt HTTP/1.0" 404 275 "-" "Mozilla/5.0 (compatible; Yahoo! Slurp; http://help.yahoo.com/help/us/ysearch/slurp)" "www.roomfurnish.com"
74.6.31.164 - - [02/Apr/2008:17:53:15 -0700] "GET / HTTP/1.0" 200 1315 "-" "Mozilla/5.0 (compatible; Yahoo! DE Slurp; http://help.yahoo.com/help/us/ysearch/slurp)" "www.roomfurnish.com"
81.169.162.124 - - [02/Apr/2008:18:55:42 -0700] "GET / HTTP/1.0" 200 1315 "-" "Mozilla/4.0 (compatible; MSIE 7.0; Windows NT 5.1; .NET CLR 2.0.50727; .NET CLR 1.1.4322)" "www.roomfurnish.com"
65.214.45.130 - - [02/Apr/2008:19:22:58 -0700] "GET /g-1341l.html HTTP/1.0" 404 275 "-" "Mozilla/5.0 (compatible; Ask Jeeves/Teoma; +http://about.ask.com/en/docs/about/webmasters.shtml)" "www.roomfurnish.com"
65.214.45.130 - - [02/Apr/2008:19:33:51 -0700] "GET /277bolognasofa.html HTTP/1.0" 404 275 "-" "Mozilla/5.0 (compatible; Ask Jeeves/Teoma; +http://about.ask.com/en/docs/about/webmasters.shtml)" "www.roomfurnish.com"
65.214.45.130 - - [02/Apr/2008:20:33:57 -0700] "GET /lesw.html HTTP/1.0" 404 275 "-" "Mozilla/5.0 (compatible; Ask Jeeves/Teoma; +http://about.ask.com/en/docs/about/webmasters.shtml)" "www.roomfurnish.com"
193.252.149.16 - - [02/Apr/2008:20:59:10 -0700] "GET /robots.txt HTTP/1.1" 404 275 "-" "Mozilla/5.0 (Windows; U; Windows NT 5.1; fr; rv:1.8.1) VoilaBot BETA 1.2 (http://www.voila.com/)" "www.roomfurnish.com"
193.252.149.16 - - [02/Apr/2008:20:59:14 -0700] "GET / HTTP/1.1" 200 1315 "-" "Mozilla/5.0 (Windows; U; Windows NT 5.1; fr; rv:1.8.1) VoilaBot BETA 1.2 (http://www.voila.com/)" "www.roomfurnish.com"
65.214.45.130 - - [02/Apr/2008:23:16:52 -0700] "GET /g-1417l.html HTTP/1.0" 404 275 "-" "Mozilla/5.0 (compatible; Ask Jeeves/Teoma; +http://about.ask.com/en/docs/about/webmasters.shtml)" "www.roomfurnish.com"
65.214.45.130 - - [02/Apr/2008:23:32:35 -0700] "GET /g-1653c.html HTTP/1.0" 404 275 "-" "Mozilla/5.0 (compatible; Ask Jeeves/Teoma; +http://about.ask.com/en/docs/about/webmasters.shtml)" "www.roomfurnish.com"
98.173.26.143 - - [02/Apr/2008:23:37:00 -0700] "GET /robots.txt HTTP/1.0" 404 275 "-" "envolk/1.7 (+http://www.envolk.com/envolkspiderinfo.html)" "roomfurnish.com"
65.214.45.130 - - [02/Apr/2008:23:43:22 -0700] "GET /239grandesofa.html HTTP/1.0" 404 275 "-" "Mozilla/5.0 (compatible; Ask Jeeves/Teoma; +http://about.ask.com/en/docs/about/webmasters.shtml)" "www.roomfurnish.com"
65.214.45.130 - - [03/Apr/2008:00:01:53 -0700] "GET /g-1524c.html HTTP/1.0" 404 275 "-" "Mozilla/5.0 (compatible; Ask Jeeves/Teoma; +http://about.ask.com/en/docs/about/webmasters.shtml)" "www.roomfurnish.com"
59.39.165.114 - - [03/Apr/2008:00:56:32 -0700] "GET / HTTP/1.1" 200 1315 "http://www.furniturestorelinks.com/furniture_retailers_12.htm" "Mozilla/4.0 (compatible; MSIE 6.0; Windows NT 5.1; SV1; QQDownload 1.7; .NET CLR 2.0.50727)" "www.roomfurnish.com"
65.214.45.130 - - [03/Apr/2008:01:33:15 -0700] "GET /g-1664c.html HTTP/1.0" 404 275 "-" "Mozilla/5.0 (compatible; Ask Jeeves/Teoma; +http://about.ask.com/en/docs/about/webmasters.shtml)" "www.roomfurnish.com"
207.126.224.241 - - [03/Apr/2008:01:57:24 -0700] "GET / HTTP/1.0" 200 1315 "-" "Mozilla/4.05 [en]" "www.roomfurnish.com"
65.214.45.130 - - [03/Apr/2008:03:12:35 -0700] "GET /robots.txt HTTP/1.0" 404 275 "-" "Mozilla/5.0 (compatible; Ask Jeeves/Teoma; +http://about.ask.com/en/docs/about/webmasters.shtml)" "www.roomfurnish.com"
65.214.45.130 - - [03/Apr/2008:03:12:35 -0700] "GET /g-1648c.html HTTP/1.0" 404 275 "-" "Mozilla/5.0 (compatible; Ask Jeeves/Teoma; +http://about.ask.com/en/docs/about/webmasters.shtml)" "www.roomfurnish.com"
65.214.45.130 - - [03/Apr/2008:04:25:04 -0700] "GET /b04ninasofa.html HTTP/1.0" 404 275 "-" "Mozilla/5.0 (compatible; Ask Jeeves/Teoma; +http://about.ask.com/en/docs/about/webmasters.shtml)" "www.roomfurnish.com"
65.214.45.130 - - [03/Apr/2008:04:51:46 -0700] "GET /g-1485l.html HTTP/1.0" 404 275 "-" "Mozilla/5.0 (compatible; Ask Jeeves/Teoma; +http://about.ask.com/en/docs/about/webmasters.shtml)" "www.roomfurnish.com"
65.214.45.130 - - [03/Apr/2008:06:36:17 -0700] "GET /215cassanasofa.html HTTP/1.0" 404 275 "-" "Mozilla/5.0 (compatible; Ask Jeeves/Teoma; +http://about.ask.com/en/docs/about/webmasters.shtml)" "www.roomfurnish.com"
65.214.45.130 - - [03/Apr/2008:07:49:58 -0700] "GET /340ostiasofa.html HTTP/1.0" 404 275 "-" "Mozilla/5.0 (compatible; Ask Jeeves/Teoma; +http://about.ask.com/en/docs/about/webmasters.shtml)" "www.roomfurnish.com"
65.214.45.130 - - [03/Apr/2008:07:59:35 -0700] "GET /g-1486s.html HTTP/1.0" 404 275 "-" "Mozilla/5.0 (compatible; Ask Jeeves/Teoma; +http://about.ask.com/en/docs/about/webmasters.shtml)" "www.roomfurnish.com"
74.6.18.93 - - [03/Apr/2008:08:24:10 -0700] "GET /robots.txt HTTP/1.0" 404 275 "-" "Mozilla/5.0 (compatible; Yahoo! Slurp; http://help.yahoo.com/help/us/ysearch/slurp)" "www.roomfurnish.com"
67.195.34.92 - - [03/Apr/2008:08:24:10 -0700] "GET / HTTP/1.0" 200 1315 "-" "Mozilla/5.0 (compatible; Yahoo! DE Slurp; http://help.yahoo.com/help/us/ysearch/slurp)" "www.roomfurnish.com"
208.36.144.10 - - [03/Apr/2008:08:34:41 -0700] "GET /robots.txt HTTP/1.0" 404 275 "-" "Mozilla/5.0 (Twiceler-0.9 http://www.cuill.com/twiceler/robot.html)" "www.roomfurnish.com"
65.214.45.130 - - [03/Apr/2008:09:21:46 -0700] "GET /g-1343l.html HTTP/1.0" 404 275 "-" "Mozilla/5.0 (compatible; Ask Jeeves/Teoma; +http://about.ask.com/en/docs/about/webmasters.shtml)" "www.roomfurnish.com"
65.214.45.130 - - [03/Apr/2008:10:11:28 -0700] "GET /roomfurnish/g-1377l.html HTTP/1.0" 404 275 "-" "Mozilla/5.0 (compatible; Ask Jeeves/Teoma; +http://about.ask.com/en/docs/about/webmasters.shtml)" "www.roomfurnish.com"
65.214.45.130 - - [03/Apr/2008:11:32:55 -0700] "GET /b09venasofa.html HTTP/1.0" 404 275 "-" "Mozilla/5.0 (compatible; Ask Jeeves/Teoma; +http://about.ask.com/en/docs/about/webmasters.shtml)" "www.roomfurnish.com"
65.214.45.130 - - [03/Apr/2008:11:47:43 -0700] "GET /356vincisofa.html HTTP/1.0" 404 275 "-" "Mozilla/5.0 (compatible; Ask Jeeves/Teoma; +http://about.ask.com/en/docs/about/webmasters.shtml)" "www.roomfurnish.com"
65.214.45.130 - - [03/Apr/2008:14:00:38 -0700] "GET /g-1310c.html HTTP/1.0" 404 275 "-" "Mozilla/5.0 (compatible; Ask Jeeves/Teoma; +http://about.ask.com/en/docs/about/webmasters.shtml)" "www.roomfurnish.com"
66.249.70.117 - - [03/Apr/2008:14:22:59 -0700] "GET /robots.txt HTTP/1.1" 404 275 "-" "Mozilla/5.0 (compatible; Googlebot/2.1; +http://www.google.com/bot.html)" "www.roomfurnish.com"
66.249.70.117 - - [03/Apr/2008:14:22:59 -0700] "GET / HTTP/1.1" 304 - "-" "Mozilla/5.0 (compatible; Googlebot/2.1; +http://www.google.com/bot.html)" "www.roomfurnish.com"
193.47.80.40 - - [03/Apr/2008:15:55:46 -0700] "GET /robots.txt HTTP/1.1" 404 275 "-" "Mozilla/5.0 (compatible; Exabot/3.0; +http://www.exabot.com/go/robot)" "roomfurnish.com"
193.47.80.40 - - [03/Apr/2008:15:55:47 -0700] "GET / HTTP/1.1" 304 - "-" "Mozilla/5.0 (compatible; Exabot/3.0; +http://www.exabot.com/go/robot)" "roomfurnish.com"
65.214.45.130 - - [03/Apr/2008:16:01:21 -0700] "GET /robots.txt HTTP/1.0" 404 275 "-" "Mozilla/5.0 (compatible; Ask Jeeves/Teoma; +http://about.ask.com/en/docs/about/webmasters.shtml)" "www.roomfurnish.com"
65.214.45.130 - - [03/Apr/2008:16:01:21 -0700] "GET /g-1629s.html HTTP/1.0" 404 275 "-" "Mozilla/5.0 (compatible; Ask Jeeves/Teoma; +http://about.ask.com/en/docs/about/webmasters.shtml)" "www.roomfurnish.com"
65.214.45.130 - - [03/Apr/2008:18:00:43 -0700] "GET /285anzosofa.html HTTP/1.0" 404 275 "-" "Mozilla/5.0 (compatible; Ask Jeeves/Teoma; +http://about.ask.com/en/docs/about/webmasters.shtml)" "www.roomfurnish.com"
74.6.30.223 - - [03/Apr/2008:18:23:18 -0700] "GET /robots.txt HTTP/1.0" 404 275 "-" "Mozilla/5.0 (compatible; Yahoo! Slurp; http://help.yahoo.com/help/us/ysearch/slurp)" "www.roomfurnish.com"
74.6.31.164 - - [03/Apr/2008:18:23:19 -0700] "GET / HTTP/1.0" 200 1315 "-" "Mozilla/5.0 (compatible; Yahoo! DE Slurp; http://help.yahoo.com/help/us/ysearch/slurp)" "www.roomfurnish.com"
122.152.140.207 - - [03/Apr/2008:19:29:39 -0700] "GET / HTTP/1.1" 304 - "-" "Baiduspider+(+http://www.baidu.com/search/spider_jp.html)" "roomfurnish.com"
66.249.70.117 - - [03/Apr/2008:20:12:44 -0700] "GET / HTTP/1.1" 200 1315 "-" "Mozilla/5.0 (compatible; Googlebot/2.1; +http://www.google.com/bot.html)" "www.roomfurnish.com"
67.152.29.130 - - [03/Apr/2008:21:21:09 -0700] "GET /robots.txt HTTP/1.1" 404 275 "-" "ShopWiki/1.0 ( +http://www.shopwiki.com/wiki/Help:Bot)" "www.roomfurnish.com"
67.152.29.130 - - [03/Apr/2008:21:21:10 -0700] "GET / HTTP/1.1" 200 1315 "-" "ShopWiki/1.0 ( +http://www.shopwiki.com/wiki/Help:Bot)" "www.roomfurnish.com"
67.152.29.130 - - [03/Apr/2008:21:21:11 -0700] "GET /sitemap.html HTTP/1.1" 404 275 "-" "ShopWiki/1.0 ( +http://www.shopwiki.com/wiki/Help:Bot)" "www.roomfurnish.com"
67.152.29.130 - - [03/Apr/2008:21:21:12 -0700] "GET / HTTP/1.1" 200 1315 "-" "ShopWiki/1.0 ( +http://www.shopwiki.com/wiki/Help:Bot)" "www.roomfurnish.com"
65.214.45.130 - - [03/Apr/2008:22:06:02 -0700] "GET /g-1659s.html HTTP/1.0" 404 275 "-" "Mozilla/5.0 (compatible; Ask Jeeves/Teoma; +http://about.ask.com/en/docs/about/webmasters.shtml)" "www.roomfurnish.com"
64.1.215.165 - - [04/Apr/2008:01:32:01 -0700] "GET /robots.txt HTTP/1.0" 404 275 "-" "Mozilla/5.0 (Twiceler-0.9 http://www.cuill.com/twiceler/robot.html)" "roomfurnish.com"
65.214.45.130 - - [04/Apr/2008:03:06:23 -0700] "GET /a16viganosofa.html HTTP/1.0" 404 275 "-" "Mozilla/5.0 (compatible; Ask Jeeves/Teoma; +http://about.ask.com/en/docs/about/webmasters.shtml)" "www.roomfurnish.com"
69.36.158.18 - - [04/Apr/2008:03:59:20 -0700] "GET /robots.txt HTTP/1.1" 404 275 "-" "Mozilla/5.0 (X11; U; Linux i686; en-US; rv:1.7.12; ips-agent) Gecko/20050922 Fedora/1.0.7-1.1.fc4 Firefox/1.0.7" "www.roomfurnish.com"
69.36.158.18 - - [04/Apr/2008:03:59:21 -0700] "GET / HTTP/1.1" 200 1315 "-" "Mozilla/5.0 (X11; U; Linux i686; en-US; rv:1.7.12; ips-agent) Gecko/20050922 Fedora/1.0.7-1.1.fc4 Firefox/1.0.7" "www.roomfurnish.com"
74.6.22.167 - - [04/Apr/2008:04:02:25 -0700] "GET /robots.txt HTTP/1.0" 404 275 "-" "Mozilla/5.0 (compatible; Yahoo! Slurp; http://help.yahoo.com/help/us/ysearch/slurp)" "www.roomfurnish.com"
74.6.21.59 - - [04/Apr/2008:04:02:25 -0700] "GET / HTTP/1.0" 304 - "-" "Mozilla/5.0 (compatible; Yahoo! Slurp; http://help.yahoo.com/help/us/ysearch/slurp)" "www.roomfurnish.com"
64.202.165.133 - - [04/Apr/2008:04:21:52 -0700] "GET /? HTTP/1.0" 200 1315 "-" "Mozilla/4.0 (compatible; MSIE 6.0; Windows NT 5.0)" "roomfurnish.com"
65.214.45.130 - - [04/Apr/2008:05:19:40 -0700] "GET /robots.txt HTTP/1.0" 404 275 "-" "Mozilla/5.0 (compatible; Ask Jeeves/Teoma; +http://about.ask.com/en/docs/about/webmasters.shtml)" "www.roomfurnish.com"
65.214.45.130 - - [04/Apr/2008:05:19:40 -0700] "GET /g-1637s.html HTTP/1.0" 404 275 "-" "Mozilla/5.0 (compatible; Ask Jeeves/Teoma; +http://about.ask.com/en/docs/about/webmasters.shtml)" "www.roomfurnish.com"
65.214.45.130 - - [04/Apr/2008:05:23:55 -0700] "GET /roomfurnish/g-1377c.html HTTP/1.0" 404 275 "-" "Mozilla/5.0 (compatible; Ask Jeeves/Teoma; +http://about.ask.com/en/docs/about/webmasters.shtml)" "www.roomfurnish.com"
65.214.45.130 - - [04/Apr/2008:05:52:58 -0700] "GET /a10paviasofa.html HTTP/1.0" 404 275 "-" "Mozilla/5.0 (compatible; Ask Jeeves/Teoma; +http://about.ask.com/en/docs/about/webmasters.shtml)" "www.roomfurnish.com"
65.214.45.130 - - [04/Apr/2008:06:09:32 -0700] "GET /g-1341s.html HTTP/1.0" 404 275 "-" "Mozilla/5.0 (compatible; Ask Jeeves/Teoma; +http://about.ask.com/en/docs/about/webmasters.shtml)" "www.roomfurnish.com"
65.214.45.130 - - [04/Apr/2008:07:31:09 -0700] "GET /g-1525s.html HTTP/1.0" 404 275 "-" "Mozilla/5.0 (compatible; Ask Jeeves/Teoma; +http://about.ask.com/en/docs/about/webmasters.shtml)" "www.roomfurnish.com"
74.6.30.223 - - [04/Apr/2008:08:48:55 -0700] "GET /robots.txt HTTP/1.0" 404 275 "-" "Mozilla/5.0 (compatible; Yahoo! Slurp; http://help.yahoo.com/help/us/ysearch/slurp)" "www.roomfurnish.com"
67.195.34.92 - - [04/Apr/2008:08:48:56 -0700] "GET / HTTP/1.0" 200 1315 "-" "Mozilla/5.0 (compatible; Yahoo! DE Slurp; http://help.yahoo.com/help/us/ysearch/slurp)" "www.roomfurnish.com"
65.214.45.130 - - [04/Apr/2008:09:39:58 -0700] "GET /roomfurnish/g-1341s.html HTTP/1.0" 404 275 "-" "Mozilla/5.0 (compatible; Ask Jeeves/Teoma; +http://about.ask.com/en/docs/about/webmasters.shtml)" "www.roomfurnish.com"
65.214.45.130 - - [04/Apr/2008:10:20:53 -0700] "GET /robots.txt HTTP/1.0" 404 275 "-" "Mozilla/5.0 (compatible; Ask Jeeves/Teoma; +http://about.ask.com/en/docs/about/webmasters.shtml)" "roomfurnish.com"
65.214.45.130 - - [04/Apr/2008:10:20:53 -0700] "GET /g-1377c.html HTTP/1.0" 404 275 "-" "Mozilla/5.0 (compatible; Ask Jeeves/Teoma; +http://about.ask.com/en/docs/about/webmasters.shtml)" "roomfurnish.com"
70.51.20.179 - - [04/Apr/2008:11:10:54 -0700] "GET / HTTP/1.1" 200 1315 "http://www.synapse.co.in/clients/b2c_yahoostore_homefurnish.shtml" "Mozilla/5.0 (Windows; U; Windows NT 5.1; en-US; rv:1.8.1.13) Gecko/20080311 Firefox/2.0.0.13" "www.roomfurnish.com"
70.51.20.179 - - [04/Apr/2008:11:10:55 -0700] "GET /favicon.ico HTTP/1.1" 404 275 "-" "Mozilla/5.0 (Windows; U; Windows NT 5.1; en-US; rv:1.8.1.13) Gecko/20080311 Firefox/2.0.0.13" "www.roomfurnish.com"
213.29.7.70 - - [04/Apr/2008:12:03:12 -0700] "GET /robots.txt HTTP/1.1" 404 275 "-" "holmes/3.12.2 (http://morfeo.centrum.cz/bot)" "roomfurnish.com"
65.214.45.130 - - [04/Apr/2008:12:52:33 -0700] "GET /g-1502l.html HTTP/1.0" 404 275 "-" "Mozilla/5.0 (compatible; Ask Jeeves/Teoma; +http://about.ask.com/en/docs/about/webmasters.shtml)" "www.roomfurnish.com"
65.214.45.130 - - [04/Apr/2008:12:59:08 -0700] "GET /g-1625l.html HTTP/1.0" 404 275 "-" "Mozilla/5.0 (compatible; Ask Jeeves/Teoma; +http://about.ask.com/en/docs/about/webmasters.shtml)" "www.roomfurnish.com"
65.214.45.130 - - [04/Apr/2008:13:37:14 -0700] "GET /353nuvosofa.html HTTP/1.0" 404 275 "-" "Mozilla/5.0 (compatible; Ask Jeeves/Teoma; +http://about.ask.com/en/docs/about/webmasters.shtml)" "www.roomfurnish.com"
67.152.29.130 - - [04/Apr/2008:14:49:39 -0700] "GET /robots.txt HTTP/1.1" 404 275 "-" "ShopWiki/1.0 ( +http://www.shopwiki.com/wiki/Help:Bot)" "www.roomfurnish.com"
67.152.29.130 - - [04/Apr/2008:14:49:42 -0700] "GET / HTTP/1.1" 200 1315 "-" "ShopWiki/1.0 ( +http://www.shopwiki.com/wiki/Help:Bot)" "www.roomfurnish.com"
67.152.29.130 - - [04/Apr/2008:14:49:43 -0700] "GET / HTTP/1.1" 200 1315 "-" "ShopWiki/1.0 ( +http://www.shopwiki.com/wiki/Help:Bot)" "www.roomfurnish.com"
65.214.45.130 - - [04/Apr/2008:15:45:51 -0700] "GET /roomfurnish/cs.html HTTP/1.0" 404 275 "-" "Mozilla/5.0 (compatible; Ask Jeeves/Teoma; +http://about.ask.com/en/docs/about/webmasters.shtml)" "www.roomfurnish.com"
67.152.29.130 - - [04/Apr/2008:16:07:44 -0700] "GET / HTTP/1.1" 200 1315 "-" "ShopWiki/1.0 ( +http://www.shopwiki.com/wiki/Help:Bot)" "www.roomfurnish.com"
67.152.29.130 - - [04/Apr/2008:16:07:59 -0700] "GET / HTTP/1.1" 200 1315 "-" "ShopWiki/1.0 ( +http://www.shopwiki.com/wiki/Help:Bot)" "www.roomfurnish.com"
67.152.29.130 - - [04/Apr/2008:16:08:00 -0700] "GET / HTTP/1.1" 200 1315 "-" "ShopWiki/1.0 ( +http://www.shopwiki.com/wiki/Help:Bot)" "www.roomfurnish.com"
193.252.149.16 - - [04/Apr/2008:16:24:19 -0700] "GET /robots.txt HTTP/1.1" 404 275 "-" "Mozilla/5.0 (Windows; U; Windows NT 5.1; fr; rv:1.8.1) VoilaBot BETA 1.2 (http://www.voila.com/)" "roomfurnish.com"
193.252.149.16 - - [04/Apr/2008:16:24:37 -0700] "GET / HTTP/1.1" 200 1315 "-" "Mozilla/5.0 (Windows; U; Windows NT 5.1; fr; rv:1.8.1) VoilaBot BETA 1.2 (http://www.voila.com/)" "roomfurnish.com"
65.214.45.130 - - [04/Apr/2008:16:52:49 -0700] "GET /275fionasofa.html HTTP/1.0" 404 275 "-" "Mozilla/5.0 (compatible; Ask Jeeves/Teoma; +http://about.ask.com/en/docs/about/webmasters.shtml)" "www.roomfurnish.com"
74.6.18.234 - - [04/Apr/2008:16:52:52 -0700] "GET /robots.txt HTTP/1.0" 404 275 "-" "Mozilla/5.0 (compatible; Yahoo! Slurp; http://help.yahoo.com/help/us/ysearch/slurp)" "roomfurnish.com"
74.6.26.166 - - [04/Apr/2008:16:52:53 -0700] "GET / HTTP/1.0" 304 - "-" "Mozilla/5.0 (compatible; Yahoo! Slurp; http://help.yahoo.com/help/us/ysearch/slurp)" "roomfurnish.com"
74.6.18.156 - - [04/Apr/2008:18:48:23 -0700] "GET /robots.txt HTTP/1.0" 404 275 "-" "Mozilla/5.0 (compatible; Yahoo! Slurp; http://help.yahoo.com/help/us/ysearch/slurp)" "www.roomfurnish.com"
74.6.31.164 - - [04/Apr/2008:18:48:23 -0700] "GET / HTTP/1.0" 200 1315 "-" "Mozilla/5.0 (compatible; Yahoo! DE Slurp; http://help.yahoo.com/help/us/ysearch/slurp)" "www.roomfurnish.com"
65.214.45.130 - - [04/Apr/2008:21:27:20 -0700] "GET /robots.txt HTTP/1.0" 404 275 "-" "Mozilla/5.0 (compatible; Ask Jeeves/Teoma; +http://about.ask.com/en/docs/about/webmasters.shtml)" "www.roomfurnish.com"
65.214.45.130 - - [04/Apr/2008:21:27:20 -0700] "GET /g-1486c.html HTTP/1.0" 404 275 "-" "Mozilla/5.0 (compatible; Ask Jeeves/Teoma; +http://about.ask.com/en/docs/about/webmasters.shtml)" "www.roomfurnish.com"
213.29.7.12 - - [04/Apr/2008:22:06:11 -0700] "GET / HTTP/1.1" 200 1315 "-" "holmes/3.12.2 (http://morfeo.centrum.cz/bot)" "roomfurnish.com"
63.123.238.8 - - [04/Apr/2008:23:16:24 -0700] "GET /robots.txt HTTP/1.1" 404 275 "-" "Mozilla/2.0 (compatible; Ask Jeeves/Teoma)" "www.roomfurnish.com"
63.123.238.8 - - [04/Apr/2008:23:16:24 -0700] "GET / HTTP/1.1" 200 1315 "-" "Mozilla/2.0 (compatible; Ask Jeeves/Teoma)" "www.roomfurnish.com"
65.214.45.130 - - [04/Apr/2008:23:19:11 -0700] "GET /g-1322s.html HTTP/1.0" 404 275 "-" "Mozilla/5.0 (compatible; Ask Jeeves/Teoma; +http://about.ask.com/en/docs/about/webmasters.shtml)" "www.roomfurnish.com"
202.160.180.184 - - [05/Apr/2008:01:47:04 -0700] "GET /robots.txt HTTP/1.0" 404 275 "-" "Mozilla/5.0 (compatible; Yahoo! Slurp China; http://misc.yahoo.com.cn/help.html)" "roomfurnish.com"
202.160.178.82 - - [05/Apr/2008:01:47:05 -0700] "GET / HTTP/1.0" 200 1315 "-" "Mozilla/5.0 (compatible; Yahoo! Slurp China; http://misc.yahoo.com.cn/help.html)" "roomfurnish.com"
208.80.193.31 - - [05/Apr/2008:02:47:38 -0700] "GET / HTTP/1.1" 200 1315 "-" "Mozilla/4.0 (compatible; MSIE 6.0; Windows NT 5.1; Q312464)" "roomfurnish.com"
208.80.193.31 - - [05/Apr/2008:02:47:38 -0700] "GET / HTTP/1.1" 200 1315 "-" "Mozilla/5.0 (compatible; Konqueror/3.0-rc1; i686 Linux; 20020217)" "www.roomfurnish.com"
65.214.45.130 - - [05/Apr/2008:02:57:51 -0700] "GET /g-1664l.html HTTP/1.0" 404 275 "-" "Mozilla/5.0 (compatible; Ask Jeeves/Teoma; +http://about.ask.com/en/docs/about/webmasters.shtml)" "www.roomfurnish.com"
65.214.45.130 - - [05/Apr/2008:03:25:25 -0700] "GET /274marinasofa.html HTTP/1.0" 404 275 "-" "Mozilla/5.0 (compatible; Ask Jeeves/Teoma; +http://about.ask.com/en/docs/about/webmasters.shtml)" "www.roomfurnish.com"
65.214.45.130 - - [05/Apr/2008:03:27:43 -0700] "GET /b3beso.html HTTP/1.0" 404 275 "-" "Mozilla/5.0 (compatible; Ask Jeeves/Teoma; +http://about.ask.com/en/docs/about/webmasters.shtml)" "www.roomfurnish.com"
65.214.45.130 - - [05/Apr/2008:04:36:01 -0700] "GET /210genoasofa.html HTTP/1.0" 404 275 "-" "Mozilla/5.0 (compatible; Ask Jeeves/Teoma; +http://about.ask.com/en/docs/about/webmasters.shtml)" "www.roomfurnish.com"
99.145.223.119 - - [05/Apr/2008:05:47:25 -0700] "GET /favicon.ico HTTP/1.1" 404 275 "-" "Mozilla/4.0 (compatible; MSIE 7.0; Windows NT 5.1; .NET CLR 1.1.4322; IEMB3; IEMB3)" "www.roomfurnish.com"
67.152.29.130 - - [05/Apr/2008:06:37:34 -0700] "GET /robots.txt HTTP/1.1" 404 275 "-" "ShopWiki/1.0 ( +http://www.shopwiki.com/wiki/Help:Bot)" "www.roomfurnish.com"
67.152.29.130 - - [05/Apr/2008:06:37:34 -0700] "GET /sitemap.html HTTP/1.1" 404 275 "-" "ShopWiki/1.0 ( +http://www.shopwiki.com/wiki/Help:Bot)" "www.roomfurnish.com"
67.152.29.130 - - [05/Apr/2008:06:37:35 -0700] "GET / HTTP/1.1" 200 1315 "-" "ShopWiki/1.0 ( +http://www.shopwiki.com/wiki/Help:Bot)" "www.roomfurnish.com"
65.214.45.130 - - [05/Apr/2008:06:39:11 -0700] "GET /g-1613c.html HTTP/1.0" 404 275 "-" "Mozilla/5.0 (compatible; Ask Jeeves/Teoma; +http://about.ask.com/en/docs/about/webmasters.shtml)" "www.roomfurnish.com"
63.123.238.8 - - [05/Apr/2008:06:44:24 -0700] "GET /robots.txt HTTP/1.1" 404 275 "-" "Mozilla/2.0 (compatible; Ask Jeeves/Teoma)" "roomfurnish.com"
63.123.238.8 - - [05/Apr/2008:06:44:24 -0700] "GET / HTTP/1.1" 200 1315 "-" "Mozilla/2.0 (compatible; Ask Jeeves/Teoma)" "roomfurnish.com"
65.214.45.130 - - [05/Apr/2008:06:53:05 -0700] "GET /c02rezasofa.html HTTP/1.0" 404 275 "-" "Mozilla/5.0 (compatible; Ask Jeeves/Teoma; +http://about.ask.com/en/docs/about/webmasters.shtml)" "www.roomfurnish.com"
67.195.37.119 - - [05/Apr/2008:06:59:00 -0700] "GET /robots.txt HTTP/1.0" 404 275 "-" "Mozilla/5.0 (compatible; Yahoo! Slurp; http://help.yahoo.com/help/us/ysearch/slurp)" "www.roomfurnish.com"
67.195.37.119 - - [05/Apr/2008:06:59:00 -0700] "GET / HTTP/1.0" 200 1315 "-" "Mozilla/5.0 (compatible; Yahoo! Slurp/3.0; http://help.yahoo.com/help/us/ysearch/slurp)" "www.roomfurnish.com"
67.152.29.130 - - [05/Apr/2008:09:10:27 -0700] "GET / HTTP/1.1" 200 1315 "-" "ShopWiki/1.0 ( +http://www.shopwiki.com/wiki/Help:Bot)" "www.roomfurnish.com"
67.152.29.130 - - [05/Apr/2008:09:10:27 -0700] "GET /sitemap.html HTTP/1.1" 404 275 "-" "ShopWiki/1.0 ( +http://www.shopwiki.com/wiki/Help:Bot)" "www.roomfurnish.com"
74.6.31.244 - - [05/Apr/2008:09:37:15 -0700] "GET /robots.txt HTTP/1.0" 404 275 "-" "Mozilla/5.0 (compatible; Yahoo! Slurp; http://help.yahoo.com/help/us/ysearch/slurp)" "www.roomfurnish.com"
67.195.34.92 - - [05/Apr/2008:09:37:15 -0700] "GET / HTTP/1.0" 200 1315 "-" "Mozilla/5.0 (compatible; Yahoo! DE Slurp; http://help.yahoo.com/help/us/ysearch/slurp)" "www.roomfurnish.com"
65.214.45.130 - - [05/Apr/2008:12:23:33 -0700] "GET /robots.txt HTTP/1.0" 404 275 "-" "Mozilla/5.0 (compatible; Ask Jeeves/Teoma; +http://about.ask.com/en/docs/about/webmasters.shtml)" "www.roomfurnish.com"
65.214.45.130 - - [05/Apr/2008:12:23:33 -0700] "GET /g-1399c.html HTTP/1.0" 404 275 "-" "Mozilla/5.0 (compatible; Ask Jeeves/Teoma; +http://about.ask.com/en/docs/about/webmasters.shtml)" "www.roomfurnish.com"
74.6.18.234 - - [05/Apr/2008:13:00:44 -0700] "GET /robots.txt HTTP/1.0" 404 275 "-" "Mozilla/5.0 (compatible; Yahoo! Slurp; http://help.yahoo.com/help/us/ysearch/slurp)" "roomfurnish.com"
74.6.29.117 - - [05/Apr/2008:13:00:45 -0700] "GET / HTTP/1.0" 200 1315 "-" "Mozilla/5.0 (compatible; Yahoo! Slurp; http://help.yahoo.com/help/us/ysearch/slurp)" "roomfurnish.com"
65.214.45.130 - - [05/Apr/2008:13:11:49 -0700] "GET /g-1658u.html HTTP/1.0" 404 275 "-" "Mozilla/5.0 (compatible; Ask Jeeves/Teoma; +http://about.ask.com/en/docs/about/webmasters.shtml)" "www.roomfurnish.com"
65.214.45.130 - - [05/Apr/2008:13:35:13 -0700] "GET /296solanosofa.html HTTP/1.0" 404 275 "-" "Mozilla/5.0 (compatible; Ask Jeeves/Teoma; +http://about.ask.com/en/docs/about/webmasters.shtml)" "www.roomfurnish.com"
65.214.45.130 - - [05/Apr/2008:13:37:28 -0700] "GET /g-1659.html HTTP/1.0" 404 275 "-" "Mozilla/5.0 (compatible; Ask Jeeves/Teoma; +http://about.ask.com/en/docs/about/webmasters.shtml)" "www.roomfurnish.com"
67.152.29.130 - - [05/Apr/2008:14:27:01 -0700] "GET /robots.txt HTTP/1.1" 404 275 "-" "ShopWiki/1.0 ( +http://www.shopwiki.com/wiki/Help:Bot)" "www.roomfurnish.com"
67.152.29.130 - - [05/Apr/2008:14:27:01 -0700] "GET / HTTP/1.1" 200 1315 "-" "ShopWiki/1.0 ( +http://www.shopwiki.com/wiki/Help:Bot)" "www.roomfurnish.com"
67.152.29.130 - - [05/Apr/2008:14:27:02 -0700] "GET /sitemap.html HTTP/1.1" 404 275 "-" "ShopWiki/1.0 ( +http://www.shopwiki.com/wiki/Help:Bot)" "www.roomfurnish.com"
65.214.45.130 - - [05/Apr/2008:15:08:54 -0700] "GET /293taniasofa.html HTTP/1.0" 404 275 "-" "Mozilla/5.0 (compatible; Ask Jeeves/Teoma; +http://about.ask.com/en/docs/about/webmasters.shtml)" "www.roomfurnish.com"
67.152.29.130 - - [05/Apr/2008:16:35:47 -0700] "GET /sitemap.html HTTP/1.1" 404 275 "-" "ShopWiki/1.0 ( +http://www.shopwiki.com/wiki/Help:Bot)" "www.roomfurnish.com"
65.214.45.130 - - [05/Apr/2008:16:41:50 -0700] "GET /g-1502c.html HTTP/1.0" 404 275 "-" "Mozilla/5.0 (compatible; Ask Jeeves/Teoma; +http://about.ask.com/en/docs/about/webmasters.shtml)" "www.roomfurnish.com"
65.214.45.130 - - [05/Apr/2008:16:55:34 -0700] "GET /g-1518s.html HTTP/1.0" 404 275 "-" "Mozilla/5.0 (compatible; Ask Jeeves/Teoma; +http://about.ask.com/en/docs/about/webmasters.shtml)" "www.roomfurnish.com"
65.214.45.130 - - [05/Apr/2008:17:22:20 -0700] "GET /g-1627c.html HTTP/1.0" 404 275 "-" "Mozilla/5.0 (compatible; Ask Jeeves/Teoma; +http://about.ask.com/en/docs/about/webmasters.shtml)" "www.roomfurnish.com"
65.214.45.130 - - [05/Apr/2008:17:32:54 -0700] "GET /robots.txt HTTP/1.0" 404 275 "-" "Mozilla/5.0 (compatible; Ask Jeeves/Teoma; +http://about.ask.com/en/docs/about/webmasters.shtml)" "roomfurnish.com"
65.214.45.130 - - [05/Apr/2008:17:32:54 -0700] "GET / HTTP/1.0" 200 1315 "-" "Mozilla/5.0 (compatible; Ask Jeeves/Teoma; +http://about.ask.com/en/docs/about/webmasters.shtml)" "roomfurnish.com"
67.152.29.130 - - [05/Apr/2008:18:21:15 -0700] "GET /robots.txt HTTP/1.1" 404 275 "-" "ShopWiki/1.0 ( +http://www.shopwiki.com/wiki/Help:Bot)" "www.roomfurnish.com"
67.152.29.130 - - [05/Apr/2008:18:21:15 -0700] "GET / HTTP/1.1" 200 1315 "-" "ShopWiki/1.0 ( +http://www.shopwiki.com/wiki/Help:Bot)" "www.roomfurnish.com"
67.152.29.130 - - [05/Apr/2008:18:21:16 -0700] "GET /sitemap.html HTTP/1.1" 404 275 "-" "ShopWiki/1.0 ( +http://www.shopwiki.com/wiki/Help:Bot)" "www.roomfurnish.com"
65.214.45.130 - - [05/Apr/2008:19:21:45 -0700] "GET /sumacovirofr.html HTTP/1.0" 404 275 "-" "Mozilla/5.0 (compatible; Ask Jeeves/Teoma; +http://about.ask.com/en/docs/about/webmasters.shtml)" "www.roomfurnish.com"
