66.249.67.152 - - [29/Jun/2008:17:17:38 -0700] "GET /robots.txt HTTP/1.1" 404 275 "-" "Mozilla/5.0 (compatible; Googlebot/2.1; +http://www.google.com/bot.html)" "www.roomfurnish.com"
66.249.67.152 - - [29/Jun/2008:17:17:38 -0700] "GET / HTTP/1.1" 200 1315 "-" "Mozilla/5.0 (compatible; Googlebot/2.1; +http://www.google.com/bot.html)" "www.roomfurnish.com"
64.1.215.165 - - [29/Jun/2008:17:38:06 -0700] "GET /robots.txt HTTP/1.0" 404 275 "-" "Mozilla/5.0 (Twiceler-0.9 http://www.cuill.com/twiceler/robot.html)" "roomfurnish.com"
74.6.17.188 - - [29/Jun/2008:17:49:41 -0700] "GET /robots.txt HTTP/1.0" 404 275 "-" "Mozilla/5.0 (compatible; Yahoo! Slurp; http://help.yahoo.com/help/us/ysearch/slurp)" "www.roomfurnish.com"
67.195.98.236 - - [29/Jun/2008:17:49:41 -0700] "GET / HTTP/1.0" 200 1315 "-" "Mozilla/5.0 (compatible; Yahoo! DE Slurp; http://help.yahoo.com/help/us/ysearch/slurp)" "www.roomfurnish.com"
88.131.106.12 - - [29/Jun/2008:18:13:48 -0700] "GET /robots.txt HTTP/1.0" 404 275 "-" "Speedy Spider (http://www.entireweb.com/about/search_tech/speedy_spider/)" "roomfurnish.com"
88.131.106.12 - - [29/Jun/2008:18:13:49 -0700] "GET /b359monzasofa.html HTTP/1.0" 404 275 "-" "Speedy Spider (http://www.entireweb.com/about/search_tech/speedy_spider/)" "roomfurnish.com"
119.63.194.49 - - [29/Jun/2008:18:23:57 -0700] "GET / HTTP/1.1" 304 - "-" "Baiduspider+(+http://help.baidu.jp/system/05.html)" "roomfurnish.com"
66.249.67.146 - - [29/Jun/2008:19:31:54 -0700] "GET /robots.txt HTTP/1.1" 404 275 "-" "Mozilla/5.0 (compatible; Googlebot/2.1; +http://www.google.com/bot.html)" "roomfurnish.com"
66.249.67.146 - - [29/Jun/2008:19:31:54 -0700] "GET /info.html HTTP/1.1" 404 275 "-" "Mozilla/5.0 (compatible; Googlebot/2.1; +http://www.google.com/bot.html)" "roomfurnish.com"
130.203.154.171 - - [29/Jun/2008:19:34:05 -0700] "GET /robots.txt HTTP/1.1" 404 275 "-" "Mozilla+4.0(compatible;+BotSeer/1.0;++http://botseer.ist.psu.edu)" "roomfurnish.com"
216.183.81.221 - - [29/Jun/2008:20:56:14 -0700] "GET / HTTP/1.1" 200 1315 "-" "Wget/1.10.2" "www.roomfurnish.com"
67.152.29.130 - - [29/Jun/2008:21:26:33 -0700] "GET /robots.txt HTTP/1.1" 404 275 "-" "ShopWiki/1.0 ( +http://www.shopwiki.com/wiki/Help:Bot)" "www.roomfurnish.com"
67.152.29.130 - - [29/Jun/2008:21:26:33 -0700] "GET / HTTP/1.1" 200 1315 "-" "ShopWiki/1.0 ( +http://www.shopwiki.com/wiki/Help:Bot)" "www.roomfurnish.com"
67.152.29.130 - - [29/Jun/2008:21:26:34 -0700] "GET /sitemap.html HTTP/1.1" 404 275 "-" "ShopWiki/1.0 ( +http://www.shopwiki.com/wiki/Help:Bot)" "www.roomfurnish.com"
67.152.29.130 - - [29/Jun/2008:21:26:35 -0700] "GET / HTTP/1.1" 200 1315 "-" "ShopWiki/1.0 ( +http://www.shopwiki.com/wiki/Help:Bot)" "www.roomfurnish.com"
124.115.4.213 - - [29/Jun/2008:22:44:50 -0700] "GET / HTTP/1.1" 200 1315 "http://www.roomfurnish.com/" "Mozilla/4.0 (compatible; MSIE 6.0)" "www.roomfurnish.com"
67.152.29.130 - - [29/Jun/2008:23:02:17 -0700] "GET / HTTP/1.1" 200 1315 "-" "ShopWiki/1.0 ( +http://www.shopwiki.com/wiki/Help:Bot)" "www.roomfurnish.com"
67.152.29.130 - - [29/Jun/2008:23:02:17 -0700] "GET / HTTP/1.1" 200 1315 "-" "ShopWiki/1.0 ( +http://www.shopwiki.com/wiki/Help:Bot)" "www.roomfurnish.com"
216.64.169.240 - - [29/Jun/2008:23:38:40 -0700] "GET / HTTP/1.1" 200 1315 "-" "Mozilla/4.0 (compatible; MSIE 6.0; Windows NT 5.0; .NET CLR 1.0.3705; .NET CLR 1.1.4322)" "roomfurnish.com"
193.252.149.16 - - [30/Jun/2008:00:57:54 -0700] "GET http://www.roomfurnish.com:80/robots.txt HTTP/1.1" 404 275 "-" "Mozilla/5.0 (Windows; U; Windows NT 5.1; fr; rv:1.8.1) VoilaBot BETA 1.2 (support.voilabot@orange-ftgroup.com)" "www.roomfurnish.com"
193.252.149.16 - - [30/Jun/2008:00:57:58 -0700] "GET / HTTP/1.1" 200 1315 "-" "Mozilla/5.0 (Windows; U; Windows NT 5.1; fr; rv:1.8.1) VoilaBot BETA 1.2 (support.voilabot@orange-ftgroup.com)" "www.roomfurnish.com"
119.63.193.62 - - [30/Jun/2008:04:42:38 -0700] "GET /robots.txt HTTP/1.1" 404 275 "-" "Baiduspider+(+http://www.baidu.com/search/spider_jp.html)" "roomfurnish.com"
208.80.193.36 - - [30/Jun/2008:05:14:46 -0700] "GET / HTTP/1.0" 200 1315 "-" "Mozilla/4.0 (compatible; MSIE 6.0; Windows NT 5.1; {884AC448-137E-C55D-454D-BB5661EB7157}; InfoPath.1; .NET CLR 1.1.4322; .NET CLR 2.0.50727)" "www.roomfurnish.com"
208.80.193.36 - - [30/Jun/2008:05:14:46 -0700] "GET / HTTP/1.0" 200 1315 "-" "Mozilla/4.0 (compatible; MSIE 7.0; Windows NT 5.1; .NET CLR 1.1.4322; Zango 10.0.253.0)" "roomfurnish.com"
119.63.194.49 - - [30/Jun/2008:05:15:38 -0700] "GET / HTTP/1.1" 304 - "-" "Baiduspider+(+http://help.baidu.jp/system/05.html)" "roomfurnish.com"
88.131.106.12 - - [30/Jun/2008:05:40:44 -0700] "GET /robots.txt HTTP/1.0" 404 275 "-" "Speedy Spider (http://www.entireweb.com/about/search_tech/speedy_spider/)" "roomfurnish.com"
88.131.106.12 - - [30/Jun/2008:05:40:44 -0700] "GET /contactus.html HTTP/1.0" 404 275 "-" "Speedy Spider (http://www.entireweb.com/about/search_tech/speedy_spider/)" "roomfurnish.com"
88.131.106.12 - - [30/Jun/2008:05:47:28 -0700] "GET /s-890.html HTTP/1.0" 404 275 "-" "Speedy Spider (http://www.entireweb.com/about/search_tech/speedy_spider/)" "roomfurnish.com"
38.103.17.165 - - [30/Jun/2008:06:02:21 -0700] "GET /robots.txt HTTP/1.1" 404 275 "-" "-" "roomfurnish.com"
38.103.17.165 - - [30/Jun/2008:06:02:22 -0700] "GET / HTTP/1.1" 200 1315 "-" "CyberPatrol SiteCat Webbot (http://www.cyberpatrol.com/cyberpatrolcrawler.asp)" "roomfurnish.com"
88.131.106.12 - - [30/Jun/2008:10:39:01 -0700] "GET /robots.txt HTTP/1.0" 404 275 "-" "Speedy Spider (http://www.entireweb.com/about/search_tech/speedy_spider/)" "roomfurnish.com"
88.131.106.12 - - [30/Jun/2008:10:39:24 -0700] "GET / HTTP/1.0" 200 1315 "-" "Speedy Spider (http://www.entireweb.com/about/search_tech/speedy_spider/)" "roomfurnish.com"
63.97.213.11 - - [30/Jun/2008:10:42:09 -0700] "GET / HTTP/1.1" 200 1315 "-" "Mozilla/4.0 (compatible; MSIE 6.0; Windows NT 5.1; SV1; .NET CLR 1.1.4322; .NET CLR 2.0.50727; .NET CLR 3.0.04506.30; .NET CLR 3.0.04506.648; InfoPath.1)" "www.roomfurnish.com"
88.131.106.12 - - [30/Jun/2008:11:04:03 -0700] "GET /info.html HTTP/1.0" 404 275 "-" "Speedy Spider (http://www.entireweb.com/about/search_tech/speedy_spider/)" "roomfurnish.com"
88.131.106.12 - - [30/Jun/2008:12:08:51 -0700] "GET /privacypolicy.html HTTP/1.0" 404 275 "-" "Speedy Spider (http://www.entireweb.com/about/search_tech/speedy_spider/)" "roomfurnish.com"
67.195.37.176 - - [30/Jun/2008:12:30:11 -0700] "GET /robots.txt HTTP/1.0" 404 275 "-" "Mozilla/5.0 (compatible; Yahoo! Slurp; http://help.yahoo.com/help/us/ysearch/slurp)" "www.roomfurnish.com"
67.195.37.176 - - [30/Jun/2008:12:32:44 -0700] "GET / HTTP/1.0" 200 1315 "-" "Mozilla/5.0 (compatible; Yahoo! Slurp/3.0; http://help.yahoo.com/help/us/ysearch/slurp)" "www.roomfurnish.com"
119.63.194.49 - - [30/Jun/2008:12:56:11 -0700] "GET / HTTP/1.1" 304 - "-" "Baiduspider+(+http://help.baidu.jp/system/05.html)" "roomfurnish.com"
67.152.29.130 - - [30/Jun/2008:13:36:10 -0700] "GET /robots.txt HTTP/1.1" 404 275 "-" "ShopWiki/1.0 ( +http://www.shopwiki.com/wiki/Help:Bot)" "www.roomfurnish.com"
67.152.29.130 - - [30/Jun/2008:13:36:10 -0700] "GET / HTTP/1.1" 200 1315 "-" "ShopWiki/1.0 ( +http://www.shopwiki.com/wiki/Help:Bot)" "www.roomfurnish.com"
67.152.29.130 - - [30/Jun/2008:13:36:11 -0700] "GET /sitemap.html HTTP/1.1" 404 275 "-" "ShopWiki/1.0 ( +http://www.shopwiki.com/wiki/Help:Bot)" "www.roomfurnish.com"
124.115.4.213 - - [30/Jun/2008:14:14:30 -0700] "GET / HTTP/1.1" 200 1315 "http://www.roomfurnish.com/" "Mozilla/4.0 (compatible; MSIE 6.0)" "www.roomfurnish.com"
193.47.80.40 - - [30/Jun/2008:15:44:51 -0700] "GET /robots.txt HTTP/1.1" 404 275 "-" "Mozilla/5.0 (compatible; Exabot/3.0; +http://www.exabot.com/go/robot)" "roomfurnish.com"
193.47.80.40 - - [30/Jun/2008:15:44:51 -0700] "GET / HTTP/1.1" 304 - "-" "Mozilla/5.0 (compatible; Exabot/3.0; +http://www.exabot.com/go/robot)" "roomfurnish.com"
65.55.209.14 - - [30/Jun/2008:15:50:20 -0700] "GET /robots.txt HTTP/1.1" 404 275 "-" "msnbot/1.1 (+http://search.msn.com/msnbot.htm)" "roomfurnish.com"
65.55.209.14 - - [30/Jun/2008:15:50:22 -0700] "GET / HTTP/1.1" 304 - "-" "msnbot/1.1 (+http://search.msn.com/msnbot.htm)" "roomfurnish.com"
74.6.8.93 - - [30/Jun/2008:16:23:18 -0700] "GET /robots.txt HTTP/1.0" 404 275 "-" "Mozilla/5.0 (compatible; Yahoo! Slurp; http://help.yahoo.com/help/us/ysearch/slurp)" "www.roomfurnish.com"
74.6.31.164 - - [30/Jun/2008:16:23:18 -0700] "GET / HTTP/1.0" 200 1315 "-" "Mozilla/5.0 (compatible; Yahoo! DE Slurp; http://help.yahoo.com/help/us/ysearch/slurp)" "www.roomfurnish.com"
24.173.210.90 - - [30/Jun/2008:16:31:55 -0700] "GET / HTTP/1.1" 200 1315 "-" "Mozilla/4.0 (compatible; MSIE 6.0; Windows NT 5.0)" "roomfurnish.com"
67.195.98.236 - - [30/Jun/2008:18:30:21 -0700] "GET / HTTP/1.0" 200 1315 "-" "Mozilla/5.0 (compatible; Yahoo! DE Slurp; http://help.yahoo.com/help/us/ysearch/slurp)" "www.roomfurnish.com"
88.131.106.12 - - [30/Jun/2008:19:16:10 -0700] "GET /robots.txt HTTP/1.0" 404 275 "-" "Speedy Spider (http://www.entireweb.com/about/search_tech/speedy_spider/)" "roomfurnish.com"
88.131.106.12 - - [30/Jun/2008:19:16:11 -0700] "GET /347licenzasofa.html HTTP/1.0" 404 275 "-" "Speedy Spider (http://www.entireweb.com/about/search_tech/speedy_spider/)" "roomfurnish.com"
71.162.109.50 - - [30/Jun/2008:19:35:14 -0700] "GET /favicon.ico HTTP/1.1" 404 275 "-" "Mozilla/4.0 (compatible; GoogleToolbar 4.0.1601.4978-big; Windows XP 5.1; MSIE 7.0.5730.11)" "roomfurnish.com"
71.162.109.50 - - [30/Jun/2008:19:35:15 -0700] "GET /favicon.gif HTTP/1.1" 404 275 "-" "Mozilla/4.0 (compatible; GoogleToolbar 4.0.1601.4978-big; Windows XP 5.1; MSIE 7.0.5730.11)" "roomfurnish.com"
67.205.96.152 - - [30/Jun/2008:19:51:52 -0700] "GET /? HTTP/1.0" 200 1315 "-" "Mozilla/4.0 (compatible; MSIE 6.0; Windows NT 5.0)" "roomfurnish.com"
74.6.23.51 - - [30/Jun/2008:19:53:23 -0700] "GET /robots.txt HTTP/1.0" 404 275 "-" "Mozilla/5.0 (compatible; Yahoo! Slurp; http://help.yahoo.com/help/us/ysearch/slurp)" "www.roomfurnish.com"
74.6.76.45 - - [30/Jun/2008:19:53:23 -0700] "GET / HTTP/1.0" 200 1315 "-" "Mozilla/5.0 (compatible; Yahoo! DE Slurp; http://help.yahoo.com/help/us/ysearch/slurp)" "www.roomfurnish.com"
88.131.106.12 - - [30/Jun/2008:19:59:27 -0700] "GET /lb-12.html HTTP/1.0" 404 275 "-" "Speedy Spider (http://www.entireweb.com/about/search_tech/speedy_spider/)" "roomfurnish.com"
88.131.106.12 - - [30/Jun/2008:21:02:49 -0700] "GET /sectionalsofa.html HTTP/1.0" 404 275 "-" "Speedy Spider (http://www.entireweb.com/about/search_tech/speedy_spider/)" "roomfurnish.com"
193.252.149.16 - - [30/Jun/2008:22:11:42 -0700] "GET http://roomfurnish.com:80/robots.txt HTTP/1.1" 404 275 "-" "Mozilla/5.0 (Windows; U; Windows NT 5.1; fr; rv:1.8.1) VoilaBot BETA 1.2 (support.voilabot@orange-ftgroup.com)" "roomfurnish.com"
193.252.149.16 - - [30/Jun/2008:22:11:45 -0700] "GET / HTTP/1.1" 200 1315 "-" "Mozilla/5.0 (Windows; U; Windows NT 5.1; fr; rv:1.8.1) VoilaBot BETA 1.2 (support.voilabot@orange-ftgroup.com)" "roomfurnish.com"
64.1.215.165 - - [30/Jun/2008:22:54:16 -0700] "GET / HTTP/1.0" 200 1315 "-" "Mozilla/5.0 (Twiceler-0.9 http://www.cuill.com/twiceler/robot.html)" "roomfurnish.com"
202.159.120.231 - - [01/Jul/2008:01:22:30 -0700] "GET / HTTP/1.1" 200 1315 "-" "Mozilla/4.0 (compatible; MSIE 6.0; Windows NT 5.1; SV1)" "www.roomfurnish.com"
208.36.144.10 - - [01/Jul/2008:03:59:09 -0700] "GET /robots.txt HTTP/1.0" 404 275 "-" "Mozilla/5.0 (Twiceler-0.9 http://www.cuill.com/twiceler/robot.html)" "www.roomfurnish.com"
74.6.17.156 - - [01/Jul/2008:04:49:16 -0700] "GET /robots.txt HTTP/1.0" 404 275 "-" "Mozilla/5.0 (compatible; Yahoo! Slurp; http://help.yahoo.com/help/us/ysearch/slurp)" "www.roomfurnish.com"
74.6.17.156 - - [01/Jul/2008:04:49:16 -0700] "GET / HTTP/1.0" 200 1315 "-" "Mozilla/5.0 (compatible; Yahoo! Slurp; http://help.yahoo.com/help/us/ysearch/slurp)" "www.roomfurnish.com"
77.91.224.6 - - [01/Jul/2008:05:28:55 -0700] "GET /robots.txt HTTP/1.1" 404 275 "-" "WebAlta Crawler/2.0 (http://www.webalta.net/ru/about_webmaster.html) (Windows; U; Windows NT 5.1; ru-RU)" "www.roomfurnish.com"
77.91.224.6 - - [01/Jul/2008:05:28:55 -0700] "GET / HTTP/1.1" 200 1315 "-" "WebAlta Crawler/2.0 (http://www.webalta.net/ru/about_webmaster.html) (Windows; U; Windows NT 5.1; ru-RU)" "www.roomfurnish.com"
64.1.215.165 - - [01/Jul/2008:05:54:06 -0700] "GET /robots.txt HTTP/1.0" 404 275 "-" "Mozilla/5.0 (Twiceler-0.9 http://www.cuill.com/twiceler/robot.html)" "roomfurnish.com"
208.80.193.45 - - [01/Jul/2008:08:36:39 -0700] "GET / HTTP/1.0" 200 1315 "-" "Mozilla/4.0 (compatible; MSIE 7.0; Windows NT 6.0; FunWebProducts; SV1; SLCC1; .NET CLR 2.0.50727; Media Center PC 5.0; .NET CLR 3.0.04506; .NET CLR 1.1.4322; yplus 5.1.04b)" "www.roomfurnish.com"
208.80.193.45 - - [01/Jul/2008:08:36:39 -0700] "GET / HTTP/1.0" 200 1315 "-" "Mozilla/4.0 (compatible; MSIE 6.0; Windows NT 5.1; (R1 1.5); MEGAUPLOAD 1.0)" "roomfurnish.com"
71.178.199.17 - - [01/Jul/2008:11:17:10 -0700] "GET /favicon.ico HTTP/1.1" 404 275 "-" "Mozilla/4.0 (compatible; MSIE 7.0; Windows NT 5.1; FunWebProducts; .NET CLR 2.0.50727; MSN 9.0;MSN 9.1; MSNbVZ02; MSNmen-us; MSNcOTH)" "roomfurnish.com"
202.108.7.202 - - [01/Jul/2008:12:22:02 -0700] "GET /robots.txt HTTP/1.1" 404 275 "-" "Mozilla/5.0 (compatible; YodaoBot/1.0; http://www.yodao.com/help/webmaster/spider/; )" "roomfurnish.com"
202.108.7.202 - - [01/Jul/2008:12:22:02 -0700] "GET / HTTP/1.1" 304 - "-" "Mozilla/5.0 (compatible; YodaoBot/1.0; http://www.yodao.com/help/webmaster/spider/; )" "roomfurnish.com"
88.131.106.12 - - [01/Jul/2008:13:56:12 -0700] "GET /robots.txt HTTP/1.0" 404 275 "-" "Speedy Spider (http://www.entireweb.com/about/search_tech/speedy_spider/)" "roomfurnish.com"
88.131.106.12 - - [01/Jul/2008:13:56:16 -0700] "GET /gourmetfood.html HTTP/1.0" 404 275 "-" "Speedy Spider (http://www.entireweb.com/about/search_tech/speedy_spider/)" "roomfurnish.com"
74.6.8.93 - - [01/Jul/2008:14:16:41 -0700] "GET /robots.txt HTTP/1.0" 404 275 "-" "Mozilla/5.0 (compatible; Yahoo! Slurp; http://help.yahoo.com/help/us/ysearch/slurp)" "www.roomfurnish.com"
67.195.54.57 - - [01/Jul/2008:14:16:57 -0700] "GET / HTTP/1.0" 200 1315 "-" "Mozilla/5.0 (compatible; Yahoo! Slurp; http://help.yahoo.com/help/us/ysearch/slurp)" "www.roomfurnish.com"
202.179.180.45 - - [01/Jul/2008:15:11:20 -0700] "GET /robots.txt HTTP/1.1" 404 275 "-" "Mozilla/4.0 (compatible; NaverBot/1.0; http://help.naver.com/delete_main.asp)" "roomfurnish.com"
202.179.180.45 - - [01/Jul/2008:15:11:24 -0700] "GET / HTTP/1.1" 200 1315 "-" "Mozilla/4.0 (compatible; NaverBot/1.0; http://help.naver.com/delete_main.asp)" "roomfurnish.com"
88.131.106.12 - - [01/Jul/2008:16:41:03 -0700] "GET /trackorder.html HTTP/1.0" 404 275 "-" "Speedy Spider (http://www.entireweb.com/about/search_tech/speedy_spider/)" "roomfurnish.com"
74.6.8.103 - - [01/Jul/2008:17:08:50 -0700] "GET /robots.txt HTTP/1.0" 404 275 "-" "Mozilla/5.0 (compatible; Yahoo! Slurp; http://help.yahoo.com/help/us/ysearch/slurp)" "www.roomfurnish.com"
74.6.31.164 - - [01/Jul/2008:17:08:51 -0700] "GET / HTTP/1.0" 200 1315 "-" "Mozilla/5.0 (compatible; Yahoo! DE Slurp; http://help.yahoo.com/help/us/ysearch/slurp)" "www.roomfurnish.com"
119.63.194.49 - - [01/Jul/2008:18:53:27 -0700] "GET / HTTP/1.1" 304 - "-" "Baiduspider+(+http://help.baidu.jp/system/05.html)" "roomfurnish.com"
67.195.98.236 - - [01/Jul/2008:18:53:54 -0700] "GET / HTTP/1.0" 200 1315 "-" "Mozilla/5.0 (compatible; Yahoo! DE Slurp; http://help.yahoo.com/help/us/ysearch/slurp)" "www.roomfurnish.com"
74.6.24.153 - - [01/Jul/2008:22:49:19 -0700] "GET /robots.txt HTTP/1.0" 404 275 "-" "Mozilla/5.0 (compatible; Yahoo! Slurp; http://help.yahoo.com/help/us/ysearch/slurp)" "www.roomfurnish.com"
74.6.76.45 - - [01/Jul/2008:22:49:19 -0700] "GET / HTTP/1.0" 200 1315 "-" "Mozilla/5.0 (compatible; Yahoo! DE Slurp; http://help.yahoo.com/help/us/ysearch/slurp)" "www.roomfurnish.com"
64.124.148.28 - - [02/Jul/2008:03:35:28 -0700] "GET /robots.txt HTTP/1.1" 404 275 "-" "Mozilla/5.0 (compatible; FatBot 2.0; http://www.thefind.com/crawler)" "roomfurnish.com"
64.124.148.28 - - [02/Jul/2008:03:36:23 -0700] "GET / HTTP/1.1" 200 1315 "-" "Mozilla/5.0 (compatible; FatBot 2.0; http://www.thefind.com/crawler)" "roomfurnish.com"
208.80.193.47 - - [02/Jul/2008:04:18:15 -0700] "GET / HTTP/1.0" 200 1315 "-" "Mozilla/4.0 (compatible; MSIE 6.0; Windows NT 5.1; {73A34BB9-9D5A-6445-9BE6-2302746E3F41})" "roomfurnish.com"
208.80.193.47 - - [02/Jul/2008:04:18:15 -0700] "GET / HTTP/1.0" 200 1315 "-" "Mozilla/4.0 (compatible; MSIE 6.0; AOL 9.0; Windows NT 5.1; SV1; .NET CLR 1.1.4322; .NET CLR 2.0.50727; Zune 2.0)" "www.roomfurnish.com"
81.82.4.55 - - [02/Jul/2008:05:23:07 -0700] "GET / HTTP/1.0" 200 1315 "-" "Mozilla/3.0" "www.roomfurnish.com"
64.1.215.165 - - [02/Jul/2008:06:08:48 -0700] "GET /robots.txt HTTP/1.0" 404 275 "-" "Mozilla/5.0 (Twiceler-0.9 http://www.cuill.com/twiceler/robot.html)" "roomfurnish.com"
67.152.29.130 - - [02/Jul/2008:06:19:16 -0700] "GET /robots.txt HTTP/1.1" 404 275 "-" "ShopWiki/1.0 ( +http://www.shopwiki.com/wiki/Help:Bot)" "www.roomfurnish.com"
67.152.29.130 - - [02/Jul/2008:06:19:21 -0700] "GET / HTTP/1.1" 200 1315 "-" "ShopWiki/1.0 ( +http://www.shopwiki.com/wiki/Help:Bot)" "www.roomfurnish.com"
67.152.29.130 - - [02/Jul/2008:06:19:23 -0700] "GET / HTTP/1.1" 200 1315 "-" "ShopWiki/1.0 ( +http://www.shopwiki.com/wiki/Help:Bot)" "www.roomfurnish.com"
67.195.37.187 - - [02/Jul/2008:07:35:18 -0700] "GET /robots.txt HTTP/1.0" 404 275 "-" "Mozilla/5.0 (compatible; Yahoo! Slurp; http://help.yahoo.com/help/us/ysearch/slurp)" "roomfurnish.com"
67.195.37.187 - - [02/Jul/2008:07:35:37 -0700] "GET / HTTP/1.0" 200 1315 "-" "Mozilla/5.0 (compatible; Yahoo! Slurp/3.0; http://help.yahoo.com/help/us/ysearch/slurp)" "roomfurnish.com"
71.178.199.17 - - [02/Jul/2008:09:00:24 -0700] "GET /favicon.ico HTTP/1.1" 404 275 "-" "Mozilla/4.0 (compatible; MSIE 7.0; Windows NT 5.1; FunWebProducts; .NET CLR 2.0.50727; MSN 9.0;MSN 9.1; MSNbVZ02; MSNmen-us; MSNcOTH)" "roomfurnish.com"
71.178.199.17 - - [02/Jul/2008:09:04:55 -0700] "GET /favicon.ico HTTP/1.1" 404 275 "-" "Mozilla/4.0 (compatible; MSIE 7.0; Windows NT 5.1; FunWebProducts; .NET CLR 2.0.50727; MSN 9.0;MSN 9.1; MSNbVZ02; MSNmen-us; MSNcOTH)" "roomfurnish.com"
74.6.22.155 - - [02/Jul/2008:10:05:22 -0700] "GET /robots.txt HTTP/1.0" 404 275 "-" "Mozilla/5.0 (compatible; Yahoo! Slurp; http://help.yahoo.com/help/us/ysearch/slurp)" "roomfurnish.com"
74.6.22.155 - - [02/Jul/2008:10:05:22 -0700] "GET / HTTP/1.0" 200 1315 "-" "Mozilla/5.0 (compatible; Yahoo! Slurp; http://help.yahoo.com/help/us/ysearch/slurp)" "roomfurnish.com"
88.131.106.12 - - [02/Jul/2008:13:01:31 -0700] "GET /robots.txt HTTP/1.0" 404 275 "-" "Speedy Spider (http://www.entireweb.com/about/search_tech/speedy_spider/)" "roomfurnish.com"
88.131.106.12 - - [02/Jul/2008:13:01:31 -0700] "GET /300briosofa.html HTTP/1.0" 404 275 "-" "Speedy Spider (http://www.entireweb.com/about/search_tech/speedy_spider/)" "roomfurnish.com"
88.131.106.12 - - [02/Jul/2008:13:26:10 -0700] "GET /s-893.html HTTP/1.0" 404 275 "-" "Speedy Spider (http://www.entireweb.com/about/search_tech/speedy_spider/)" "roomfurnish.com"
193.47.80.40 - - [02/Jul/2008:15:26:35 -0700] "GET /robots.txt HTTP/1.1" 404 275 "-" "Mozilla/5.0 (compatible; Exabot/3.0; +http://www.exabot.com/go/robot)" "roomfurnish.com"
193.47.80.40 - - [02/Jul/2008:15:26:36 -0700] "GET / HTTP/1.1" 304 - "-" "Mozilla/5.0 (compatible; Exabot/3.0; +http://www.exabot.com/go/robot)" "roomfurnish.com"
216.183.81.221 - - [02/Jul/2008:15:31:10 -0700] "GET / HTTP/1.1" 200 1315 "-" "Wget/1.8.2" "www.roomfurnish.com"
67.152.29.130 - - [02/Jul/2008:16:32:23 -0700] "GET /robots.txt HTTP/1.1" 404 275 "-" "ShopWiki/1.0 ( +http://www.shopwiki.com/wiki/Help:Bot)" "www.roomfurnish.com"
67.152.29.130 - - [02/Jul/2008:16:32:23 -0700] "GET / HTTP/1.1" 200 1315 "-" "ShopWiki/1.0 ( +http://www.shopwiki.com/wiki/Help:Bot)" "www.roomfurnish.com"
67.152.29.130 - - [02/Jul/2008:16:32:24 -0700] "GET /sitemap.html HTTP/1.1" 404 275 "-" "ShopWiki/1.0 ( +http://www.shopwiki.com/wiki/Help:Bot)" "www.roomfurnish.com"
98.173.26.143 - - [02/Jul/2008:16:38:54 -0700] "GET /robots.txt HTTP/1.0" 404 275 "-" "envolk/1.7 (+http://www.envolk.com/envolkspiderinfo.html)" "roomfurnish.com"
74.6.8.103 - - [02/Jul/2008:17:23:44 -0700] "GET /robots.txt HTTP/1.0" 404 275 "-" "Mozilla/5.0 (compatible; Yahoo! Slurp; http://help.yahoo.com/help/us/ysearch/slurp)" "www.roomfurnish.com"
74.6.31.164 - - [02/Jul/2008:17:23:44 -0700] "GET / HTTP/1.0" 200 1315 "-" "Mozilla/5.0 (compatible; Yahoo! DE Slurp; http://help.yahoo.com/help/us/ysearch/slurp)" "www.roomfurnish.com"
65.55.209.21 - - [02/Jul/2008:18:22:09 -0700] "GET /robots.txt HTTP/1.1" 404 275 "-" "msnbot/1.1 (+http://search.msn.com/msnbot.htm)" "roomfurnish.com"
65.55.209.21 - - [02/Jul/2008:18:22:09 -0700] "GET /index.html HTTP/1.1" 304 - "-" "msnbot/1.1 (+http://search.msn.com/msnbot.htm)" "roomfurnish.com"
119.63.194.49 - - [02/Jul/2008:18:43:25 -0700] "GET / HTTP/1.1" 304 - "-" "Baiduspider+(+http://help.baidu.jp/system/05.html)" "roomfurnish.com"
74.6.8.93 - - [02/Jul/2008:19:03:05 -0700] "GET /robots.txt HTTP/1.0" 404 275 "-" "Mozilla/5.0 (compatible; Yahoo! Slurp; http://help.yahoo.com/help/us/ysearch/slurp)" "www.roomfurnish.com"
67.195.98.236 - - [02/Jul/2008:19:03:06 -0700] "GET / HTTP/1.0" 200 1315 "-" "Mozilla/5.0 (compatible; Yahoo! DE Slurp; http://help.yahoo.com/help/us/ysearch/slurp)" "www.roomfurnish.com"
193.252.149.16 - - [02/Jul/2008:20:02:16 -0700] "GET / HTTP/1.1" 200 1315 "-" "Mozilla/5.0 (Windows; U; Windows NT 5.1; fr; rv:1.8.1) VoilaBot BETA 1.2 (support.voilabot@orange-ftgroup.com)" "www.roomfurnish.com"
60.240.249.198 - - [02/Jul/2008:21:25:41 -0700] "GET // HTTP/1.1" 200 1315 "-" "Mozilla/5.0 (X11; U; Linux i686; en-US; rv:1.8.1.4) Gecko/20070515 Firefox/2.0.0.4" "roomfurnish.com"
193.110.163.10 - - [02/Jul/2008:21:34:48 -0700] "GET / HTTP/1.0" 200 1315 "-" "-" "roomfurnish.com"
88.131.106.12 - - [02/Jul/2008:21:48:21 -0700] "GET /robots.txt HTTP/1.0" 404 275 "-" "Speedy Spider (http://www.entireweb.com/about/search_tech/speedy_spider/)" "roomfurnish.com"
88.131.106.12 - - [02/Jul/2008:21:48:22 -0700] "GET /258rosssofa.html HTTP/1.0" 404 275 "-" "Speedy Spider (http://www.entireweb.com/about/search_tech/speedy_spider/)" "roomfurnish.com"
88.131.106.12 - - [02/Jul/2008:22:02:50 -0700] "GET /351romasofa.html HTTP/1.0" 404 275 "-" "Speedy Spider (http://www.entireweb.com/about/search_tech/speedy_spider/)" "roomfurnish.com"
88.131.106.12 - - [02/Jul/2008:22:09:57 -0700] "GET /212boldsofa.html HTTP/1.0" 404 275 "-" "Speedy Spider (http://www.entireweb.com/about/search_tech/speedy_spider/)" "roomfurnish.com"
64.1.215.165 - - [02/Jul/2008:22:47:14 -0700] "GET / HTTP/1.0" 200 1315 "-" "Mozilla/5.0 (Twiceler-0.9 http://www.cuill.com/twiceler/robot.html)" "roomfurnish.com"
74.6.24.153 - - [03/Jul/2008:00:22:34 -0700] "GET /robots.txt HTTP/1.0" 404 275 "-" "Mozilla/5.0 (compatible; Yahoo! Slurp; http://help.yahoo.com/help/us/ysearch/slurp)" "www.roomfurnish.com"
74.6.76.45 - - [03/Jul/2008:00:22:34 -0700] "GET / HTTP/1.0" 200 1315 "-" "Mozilla/5.0 (compatible; Yahoo! DE Slurp; http://help.yahoo.com/help/us/ysearch/slurp)" "www.roomfurnish.com"
124.115.4.213 - - [03/Jul/2008:01:58:00 -0700] "GET / HTTP/1.1" 200 1315 "http://www.roomfurnish.com/" "Mozilla/4.0 (compatible; MSIE 6.0)" "www.roomfurnish.com"
208.36.144.10 - - [03/Jul/2008:03:55:12 -0700] "GET /robots.txt HTTP/1.0" 404 275 "-" "Mozilla/5.0 (Twiceler-0.9 http://www.cuill.com/twiceler/robot.html)" "www.roomfurnish.com"
124.115.4.213 - - [03/Jul/2008:07:01:11 -0700] "GET / HTTP/1.1" 200 1315 "http://www.roomfurnish.com/" "Mozilla/4.0 (compatible; MSIE 6.0)" "www.roomfurnish.com"
67.152.29.130 - - [03/Jul/2008:07:40:46 -0700] "GET /robots.txt HTTP/1.1" 404 275 "-" "ShopWiki/1.0 ( +http://www.shopwiki.com/wiki/Help:Bot)" "www.roomfurnish.com"
67.152.29.130 - - [03/Jul/2008:07:40:46 -0700] "GET / HTTP/1.1" 200 1315 "-" "ShopWiki/1.0 ( +http://www.shopwiki.com/wiki/Help:Bot)" "www.roomfurnish.com"
67.152.29.130 - - [03/Jul/2008:07:40:47 -0700] "GET /sitemap.html HTTP/1.1" 404 275 "-" "ShopWiki/1.0 ( +http://www.shopwiki.com/wiki/Help:Bot)" "www.roomfurnish.com"
67.152.29.130 - - [03/Jul/2008:07:40:48 -0700] "GET / HTTP/1.1" 200 1315 "-" "ShopWiki/1.0 ( +http://www.shopwiki.com/wiki/Help:Bot)" "www.roomfurnish.com"
208.80.193.45 - - [03/Jul/2008:09:44:00 -0700] "GET / HTTP/1.0" 200 1315 "-" "Mozilla/4.0 (compatible; MSIE 6.0; Windows NT 5.1; SV1; YPC 3.2.0; .NET CLR 1.1.4322; .NET CLR 2.0.50727; .NET CLR 3.0.04506.30; yplus 5.3.03b)" "roomfurnish.com"
208.80.193.45 - - [03/Jul/2008:09:44:00 -0700] "GET / HTTP/1.0" 200 1315 "-" "Mozilla/4.0 (compatible; MSIE 7.0; Windows NT 5.1; SU 2.010; .NET CLR 2.0.50727)" "www.roomfurnish.com"
202.160.180.184 - - [03/Jul/2008:10:20:13 -0700] "GET /robots.txt HTTP/1.0" 404 275 "-" "Mozilla/5.0 (compatible; Yahoo! Slurp China; http://misc.yahoo.com.cn/help.html)" "roomfurnish.com"
202.160.178.82 - - [03/Jul/2008:10:20:22 -0700] "GET / HTTP/1.0" 304 - "-" "Mozilla/5.0 (compatible; Yahoo! Slurp China; http://misc.yahoo.com.cn/help.html)" "roomfurnish.com"
88.131.106.12 - - [03/Jul/2008:12:19:47 -0700] "GET /robots.txt HTTP/1.0" 404 275 "-" "Speedy Spider (http://www.entireweb.com/about/search_tech/speedy_spider/)" "roomfurnish.com"
88.131.106.12 - - [03/Jul/2008:12:19:49 -0700] "GET /swatch.html HTTP/1.0" 404 275 "-" "Speedy Spider (http://www.entireweb.com/about/search_tech/speedy_spider/)" "roomfurnish.com"
216.64.169.240 - - [03/Jul/2008:16:01:42 -0700] "GET / HTTP/1.1" 200 1315 "-" "Mozilla/4.0 (compatible; MSIE 6.0; Windows NT 5.0; .NET CLR 1.0.3705; .NET CLR 1.1.4322)" "roomfurnish.com"
216.183.81.221 - - [03/Jul/2008:16:26:07 -0700] "GET / HTTP/1.1" 200 1315 "-" "Wget/1.8.2" "www.roomfurnish.com"
74.6.8.93 - - [03/Jul/2008:17:29:38 -0700] "GET /robots.txt HTTP/1.0" 404 275 "-" "Mozilla/5.0 (compatible; Yahoo! Slurp; http://help.yahoo.com/help/us/ysearch/slurp)" "www.roomfurnish.com"
74.6.31.164 - - [03/Jul/2008:17:29:39 -0700] "GET / HTTP/1.0" 200 1315 "-" "Mozilla/5.0 (compatible; Yahoo! DE Slurp; http://help.yahoo.com/help/us/ysearch/slurp)" "www.roomfurnish.com"
193.252.149.16 - - [03/Jul/2008:18:18:23 -0700] "GET / HTTP/1.1" 200 1315 "-" "Mozilla/5.0 (Windows; U; Windows NT 5.1; fr; rv:1.8.1) VoilaBot BETA 1.2 (support.voilabot@orange-ftgroup.com)" "roomfurnish.com"
75.144.24.109 - - [03/Jul/2008:18:43:35 -0700] "GET / HTTP/1.1" 200 1315 "-" "Java/1.5.0_04" "www.roomfurnish.com"
216.183.81.221 - - [03/Jul/2008:18:54:39 -0700] "GET / HTTP/1.1" 200 1315 "-" "Wget/1.8.2" "www.roomfurnish.com"
74.6.8.103 - - [03/Jul/2008:19:58:43 -0700] "GET /robots.txt HTTP/1.0" 404 275 "-" "Mozilla/5.0 (compatible; Yahoo! Slurp; http://help.yahoo.com/help/us/ysearch/slurp)" "www.roomfurnish.com"
67.195.98.236 - - [03/Jul/2008:19:58:43 -0700] "GET / HTTP/1.0" 200 1315 "-" "Mozilla/5.0 (compatible; Yahoo! DE Slurp; http://help.yahoo.com/help/us/ysearch/slurp)" "www.roomfurnish.com"
67.152.29.130 - - [03/Jul/2008:20:11:16 -0700] "GET /robots.txt HTTP/1.1" 404 275 "-" "ShopWiki/1.0 ( +http://www.shopwiki.com/wiki/Help:Bot)" "www.roomfurnish.com"
67.152.29.130 - - [03/Jul/2008:20:11:16 -0700] "GET / HTTP/1.1" 200 1315 "-" "ShopWiki/1.0 ( +http://www.shopwiki.com/wiki/Help:Bot)" "www.roomfurnish.com"
67.152.29.130 - - [03/Jul/2008:20:11:35 -0700] "GET / HTTP/1.1" 200 1315 "-" "ShopWiki/1.0 ( +http://www.shopwiki.com/wiki/Help:Bot)" "www.roomfurnish.com"
67.152.29.130 - - [03/Jul/2008:20:58:16 -0700] "GET /sitemap.html HTTP/1.1" 404 275 "-" "ShopWiki/1.0 ( +http://www.shopwiki.com/wiki/Help:Bot)" "www.roomfurnish.com"
67.152.29.130 - - [03/Jul/2008:21:20:01 -0700] "GET / HTTP/1.1" 200 1315 "-" "ShopWiki/1.0 ( +http://www.shopwiki.com/wiki/Help:Bot)" "www.roomfurnish.com"
67.152.29.130 - - [03/Jul/2008:21:20:02 -0700] "GET / HTTP/1.1" 200 1315 "-" "ShopWiki/1.0 ( +http://www.shopwiki.com/wiki/Help:Bot)" "www.roomfurnish.com"
67.205.96.152 - - [03/Jul/2008:21:54:36 -0700] "GET /? HTTP/1.0" 200 1315 "-" "Mozilla/4.0 (compatible; MSIE 6.0; Windows NT 5.0)" "roomfurnish.com"
88.131.106.12 - - [03/Jul/2008:21:59:17 -0700] "GET /robots.txt HTTP/1.0" 404 275 "-" "Speedy Spider (http://www.entireweb.com/about/search_tech/speedy_spider/)" "roomfurnish.com"
88.131.106.12 - - [03/Jul/2008:21:59:18 -0700] "GET /shipping.html HTTP/1.0" 404 275 "-" "Speedy Spider (http://www.entireweb.com/about/search_tech/speedy_spider/)" "roomfurnish.com"
88.131.106.12 - - [04/Jul/2008:03:39:57 -0700] "GET /robots.txt HTTP/1.0" 404 275 "-" "Speedy Spider (http://www.entireweb.com/about/search_tech/speedy_spider/)" "roomfurnish.com"
88.131.106.12 - - [04/Jul/2008:03:39:59 -0700] "GET /299elegantsofa.html HTTP/1.0" 404 275 "-" "Speedy Spider (http://www.entireweb.com/about/search_tech/speedy_spider/)" "roomfurnish.com"
208.109.106.127 - - [04/Jul/2008:04:54:33 -0700] "GET / HTTP/1.0" 200 1315 "-" "EmailSearch" "www.roomfurnish.com"
216.183.81.221 - - [04/Jul/2008:07:45:26 -0700] "GET / HTTP/1.1" 200 1315 "-" "Wget/1.8.2" "www.roomfurnish.com"
124.115.4.213 - - [04/Jul/2008:07:54:08 -0700] "GET / HTTP/1.1" 200 1315 "http://www.roomfurnish.com/" "Mozilla/4.0 (compatible; MSIE 6.0)" "www.roomfurnish.com"
216.183.81.221 - - [04/Jul/2008:08:01:00 -0700] "GET / HTTP/1.1" 200 1315 "-" "Wget/1.8.2" "www.roomfurnish.com"
208.80.193.27 - - [04/Jul/2008:12:54:33 -0700] "GET / HTTP/1.0" 200 1315 "-" "Mozilla/4.0 (compatible; MSIE 7.0; Windows NT 5.1; .NET CLR 1.0.3705; .NET CLR 1.1.4322; Media Center PC 4.0; IEMB3; IEMB3) Netscape/8.0.3.4" "roomfurnish.com"
208.80.193.27 - - [04/Jul/2008:12:54:33 -0700] "GET / HTTP/1.0" 200 1315 "-" "Mozilla/4.0 (compatible; MSIE 7.0; Windows NT 5.1; (R1 1.5); .NET CLR 1.1.4322; Creative ZENcast v1.02.08)" "www.roomfurnish.com"
124.115.4.213 - - [04/Jul/2008:13:12:18 -0700] "GET / HTTP/1.1" 200 1315 "http://www.roomfurnish.com/" "Mozilla/4.0 (compatible; MSIE 6.0)" "www.roomfurnish.com"
129.241.50.33 - - [04/Jul/2008:13:27:10 -0700] "GET / HTTP/1.1" 200 1315 "-" "boitho.com-dc/0.86 ( http://www.boitho.com/dcbot.html )" "roomfurnish.com"
74.6.8.93 - - [04/Jul/2008:17:40:44 -0700] "GET /robots.txt HTTP/1.0" 404 275 "-" "Mozilla/5.0 (compatible; Yahoo! Slurp; http://help.yahoo.com/help/us/ysearch/slurp)" "www.roomfurnish.com"
74.6.31.164 - - [04/Jul/2008:17:40:45 -0700] "GET / HTTP/1.0" 200 1315 "-" "Mozilla/5.0 (compatible; Yahoo! DE Slurp; http://help.yahoo.com/help/us/ysearch/slurp)" "www.roomfurnish.com"
216.183.81.221 - - [04/Jul/2008:17:49:21 -0700] "GET / HTTP/1.1" 200 1315 "-" "Wget/1.8.2" "www.roomfurnish.com"
74.6.17.54 - - [04/Jul/2008:18:20:34 -0700] "GET /robots.txt HTTP/1.0" 404 275 "-" "Mozilla/5.0 (compatible; Yahoo! Slurp; http://help.yahoo.com/help/us/ysearch/slurp)" "www.roomfurnish.com"
74.6.76.45 - - [04/Jul/2008:18:20:35 -0700] "GET / HTTP/1.0" 200 1315 "-" "Mozilla/5.0 (compatible; Yahoo! DE Slurp; http://help.yahoo.com/help/us/ysearch/slurp)" "www.roomfurnish.com"
88.131.106.12 - - [04/Jul/2008:18:37:00 -0700] "GET /robots.txt HTTP/1.0" 404 275 "-" "Speedy Spider (http://www.entireweb.com/about/search_tech/speedy_spider/)" "roomfurnish.com"
88.131.106.12 - - [04/Jul/2008:18:37:01 -0700] "GET /lb-15.html HTTP/1.0" 404 275 "-" "Speedy Spider (http://www.entireweb.com/about/search_tech/speedy_spider/)" "roomfurnish.com"
119.63.194.49 - - [04/Jul/2008:18:38:04 -0700] "GET / HTTP/1.1" 304 - "-" "Baiduspider+(+http://help.baidu.jp/system/05.html)" "roomfurnish.com"
67.195.37.176 - - [04/Jul/2008:19:54:51 -0700] "GET /robots.txt HTTP/1.0" 404 275 "-" "Mozilla/5.0 (compatible; Yahoo! Slurp; http://help.yahoo.com/help/us/ysearch/slurp)" "www.roomfurnish.com"
67.195.37.176 - - [04/Jul/2008:19:54:51 -0700] "GET / HTTP/1.0" 200 1315 "-" "Mozilla/5.0 (compatible; Yahoo! Slurp/3.0; http://help.yahoo.com/help/us/ysearch/slurp)" "www.roomfurnish.com"
67.195.98.236 - - [04/Jul/2008:20:18:23 -0700] "GET / HTTP/1.0" 200 1315 "-" "Mozilla/5.0 (compatible; Yahoo! DE Slurp; http://help.yahoo.com/help/us/ysearch/slurp)" "www.roomfurnish.com"
216.183.81.221 - - [05/Jul/2008:01:05:43 -0700] "GET / HTTP/1.1" 200 1315 "-" "Wget/1.8.2" "www.roomfurnish.com"
64.62.142.170 - - [05/Jul/2008:03:57:01 -0700] "GET / HTTP/1.1" 200 1315 "-" "Mozilla/4.0 (compatible; MSIE 5.5; Windows NT 5.0)" "roomfurnish.com"
208.36.144.10 - - [05/Jul/2008:06:31:14 -0700] "GET /robots.txt HTTP/1.0" 404 275 "-" "Mozilla/5.0 (Twiceler-0.9 http://www.cuill.com/twiceler/robot.html)" "www.roomfurnish.com"
64.1.215.165 - - [05/Jul/2008:08:42:20 -0700] "GET /robots.txt HTTP/1.0" 404 275 "-" "Mozilla/5.0 (Twiceler-0.9 http://www.cuill.com/twiceler/robot.html)" "roomfurnish.com"
88.131.106.12 - - [05/Jul/2008:11:06:57 -0700] "GET /robots.txt HTTP/1.0" 404 275 "-" "Speedy Spider (http://www.entireweb.com/about/search_tech/speedy_spider/)" "roomfurnish.com"
88.131.106.12 - - [05/Jul/2008:11:06:57 -0700] "GET /lb-16.html HTTP/1.0" 404 275 "-" "Speedy Spider (http://www.entireweb.com/about/search_tech/speedy_spider/)" "roomfurnish.com"
216.183.81.221 - - [05/Jul/2008:15:04:49 -0700] "GET / HTTP/1.1" 200 1315 "-" "Wget/1.8.2" "www.roomfurnish.com"
77.91.224.6 - - [05/Jul/2008:15:49:36 -0700] "GET /robots.txt HTTP/1.1" 404 275 "-" "WebAlta Crawler/2.0 (http://www.webalta.net/ru/about_webmaster.html) (Windows; U; Windows NT 5.1; ru-RU)" "www.roomfurnish.com"
77.91.224.6 - - [05/Jul/2008:15:49:37 -0700] "GET / HTTP/1.1" 200 1315 "-" "WebAlta Crawler/2.0 (http://www.webalta.net/ru/about_webmaster.html) (Windows; U; Windows NT 5.1; ru-RU)" "www.roomfurnish.com"
208.80.193.37 - - [05/Jul/2008:16:26:11 -0700] "GET / HTTP/1.0" 200 1315 "-" "Mozilla/4.0 (compatible; MSIE 6.0; Windows NT 5.1; {32180D6D-A308-BBF6-6DA4-3C361CD13E94}; .NET CLR 1.1.4322; SpamBlockerUtility 4.7.5)" "www.roomfurnish.com"
208.80.193.37 - - [05/Jul/2008:16:26:11 -0700] "GET / HTTP/1.0" 200 1315 "-" "Mozilla/4.0 (compatible; MSIE 7.0; Windows NT 5.1; (R1 1.5); .NET CLR 1.0.3705; Media Center PC 3.1; .NET CLR 1.1.4322)" "roomfurnish.com"
69.58.178.39 - - [05/Jul/2008:18:03:33 -0700] "GET /robots.txt HTTP/1.1" 404 275 "-" "Mozilla/5.0 (X11; U; Linux i686; en-US; rv:1.7.12; ips-agent) Gecko/20050922 Fedora/1.0.7-1.1.fc4 Firefox/1.0.7" "www.roomfurnish.com"
69.58.178.39 - - [05/Jul/2008:18:03:34 -0700] "GET / HTTP/1.1" 200 1315 "-" "Mozilla/5.0 (X11; U; Linux i686; en-US; rv:1.7.12; ips-agent) Gecko/20050922 Fedora/1.0.7-1.1.fc4 Firefox/1.0.7" "www.roomfurnish.com"
71.179.248.125 - - [05/Jul/2008:18:26:03 -0700] "GET / HTTP/1.1" 200 1315 "-" "Mozilla/4.0 (compatible; MSIE 7.0; Windows NT 5.1; .NET CLR 1.1.4322)" "www.roomfurnish.com"
71.179.248.125 - - [05/Jul/2008:18:26:03 -0700] "GET /favicon.ico HTTP/1.1" 404 275 "-" "Mozilla/4.0 (compatible; MSIE 7.0; Windows NT 5.1; .NET CLR 1.1.4322)" "www.roomfurnish.com"
71.179.248.125 - - [05/Jul/2008:18:26:04 -0700] "GET /favicon.ico HTTP/1.1" 404 275 "-" "Mozilla/5.0 (compatible; Google Desktop)" "www.roomfurnish.com"
74.6.17.185 - - [05/Jul/2008:18:40:34 -0700] "GET /robots.txt HTTP/1.0" 404 275 "-" "Mozilla/5.0 (compatible; Yahoo! Slurp; http://help.yahoo.com/help/us/ysearch/slurp)" "www.roomfurnish.com"
74.6.31.164 - - [05/Jul/2008:18:40:34 -0700] "GET / HTTP/1.0" 200 1315 "-" "Mozilla/5.0 (compatible; Yahoo! DE Slurp; http://help.yahoo.com/help/us/ysearch/slurp)" "www.roomfurnish.com"
67.215.230.17 - - [05/Jul/2008:18:55:10 -0700] "GET /robots.txt HTTP/1.0" 404 275 "-" "OOZBOT/0.17 (--; http://www.setooz.com/oozbot.html; pvvpr at iiit dot ac dot in)" "www.roomfurnish.com"
67.215.230.17 - - [05/Jul/2008:18:55:10 -0700] "GET / HTTP/1.0" 200 1315 "-" "OOZBOT/0.17 (--; http://www.setooz.com/oozbot.html; pvvpr at iiit dot ac dot in)" "www.roomfurnish.com"
74.6.20.59 - - [05/Jul/2008:19:26:30 -0700] "GET /robots.txt HTTP/1.0" 404 275 "-" "Mozilla/5.0 (compatible; Yahoo! Slurp; http://help.yahoo.com/help/us/ysearch/slurp)" "www.roomfurnish.com"
74.6.76.45 - - [05/Jul/2008:19:26:31 -0700] "GET / HTTP/1.0" 200 1315 "-" "Mozilla/5.0 (compatible; Yahoo! DE Slurp; http://help.yahoo.com/help/us/ysearch/slurp)" "www.roomfurnish.com"
208.109.88.156 - - [05/Jul/2008:19:56:30 -0700] "GET / HTTP/1.1" 200 1315 "-" "-" "roomfurnish.com"
74.6.8.93 - - [05/Jul/2008:20:34:05 -0700] "GET /robots.txt HTTP/1.0" 404 275 "-" "Mozilla/5.0 (compatible; Yahoo! Slurp; http://help.yahoo.com/help/us/ysearch/slurp)" "www.roomfurnish.com"
67.195.98.236 - - [05/Jul/2008:20:34:05 -0700] "GET / HTTP/1.0" 200 1315 "-" "Mozilla/5.0 (compatible; Yahoo! DE Slurp; http://help.yahoo.com/help/us/ysearch/slurp)" "www.roomfurnish.com"
193.252.149.16 - - [05/Jul/2008:21:32:01 -0700] "GET / HTTP/1.1" 200 1315 "-" "Mozilla/5.0 (Windows; U; Windows NT 5.1; fr; rv:1.8.1) VoilaBot BETA 1.2 (support.voilabot@orange-ftgroup.com)" "www.roomfurnish.com"
91.76.1.49 - - [06/Jul/2008:00:41:55 -0700] "GET http://www.roomfurnish.com/ HTTP/1.0" 200 1315 "-" "Mozilla/5.0" "www.roomfurnish.com"
38.103.63.16 - - [06/Jul/2008:05:54:15 -0700] "GET /robots.txt HTTP/1.1" 404 275 "-" "CCBot/1.0 (+http://www.commoncrawl.org/bot.html)" "roomfurnish.com"
38.103.63.16 - - [06/Jul/2008:05:54:23 -0700] "GET / HTTP/1.1" 200 1315 "-" "CCBot/1.0 (+http://www.commoncrawl.org/bot.html)" "roomfurnish.com"
67.152.29.130 - - [06/Jul/2008:10:09:23 -0700] "GET /robots.txt HTTP/1.1" 404 275 "-" "ShopWiki/1.0 ( +http://www.shopwiki.com/wiki/Help:Bot)" "www.roomfurnish.com"
67.152.29.130 - - [06/Jul/2008:10:09:23 -0700] "GET / HTTP/1.1" 200 1315 "-" "ShopWiki/1.0 ( +http://www.shopwiki.com/wiki/Help:Bot)" "www.roomfurnish.com"
67.152.29.130 - - [06/Jul/2008:10:09:24 -0700] "GET /sitemap.html HTTP/1.1" 404 275 "-" "ShopWiki/1.0 ( +http://www.shopwiki.com/wiki/Help:Bot)" "www.roomfurnish.com"
67.152.29.130 - - [06/Jul/2008:10:09:25 -0700] "GET / HTTP/1.1" 200 1315 "-" "ShopWiki/1.0 ( +http://www.shopwiki.com/wiki/Help:Bot)" "www.roomfurnish.com"
119.63.193.55 - - [06/Jul/2008:11:13:13 -0700] "GET / HTTP/1.1" 200 1315 "-" "Baiduspider+(+http://www.baidu.com/search/spider_jp.html)" "roomfurnish.com"
216.183.81.221 - - [06/Jul/2008:13:58:40 -0700] "GET / HTTP/1.1" 200 1315 "-" "Wget/1.8.2" "www.roomfurnish.com"
193.252.149.16 - - [06/Jul/2008:15:29:30 -0700] "GET / HTTP/1.1" 200 1315 "-" "Mozilla/5.0 (Windows; U; Windows NT 5.1; fr; rv:1.8.1) VoilaBot BETA 1.2 (support.voilabot@orange-ftgroup.com)" "roomfurnish.com"
119.63.194.49 - - [06/Jul/2008:19:00:07 -0700] "GET / HTTP/1.1" 304 - "-" "Baiduspider+(+http://help.baidu.jp/system/05.html)" "roomfurnish.com"
74.6.8.93 - - [06/Jul/2008:19:24:49 -0700] "GET /robots.txt HTTP/1.0" 404 275 "-" "Mozilla/5.0 (compatible; Yahoo! Slurp; http://help.yahoo.com/help/us/ysearch/slurp)" "www.roomfurnish.com"
74.6.31.164 - - [06/Jul/2008:19:24:49 -0700] "GET / HTTP/1.0" 200 1315 "-" "Mozilla/5.0 (compatible; Yahoo! DE Slurp; http://help.yahoo.com/help/us/ysearch/slurp)" "www.roomfurnish.com"
216.183.81.221 - - [06/Jul/2008:19:25:00 -0700] "GET / HTTP/1.1" 200 1315 "-" "Wget/1.8.2" "www.roomfurnish.com"
208.80.193.40 - - [06/Jul/2008:20:12:41 -0700] "GET / HTTP/1.0" 200 1315 "-" "Mozilla/4.0 (compatible; MSIE 6.0; AOL 9.0; Windows NT 5.1; SV1; (R1 1.5); .NET CLR 2.0.50727)" "www.roomfurnish.com"
208.80.193.40 - - [06/Jul/2008:20:12:41 -0700] "GET / HTTP/1.0" 200 1315 "-" "Mozilla/4.0 (compatible; MSIE 7.0; Windows NT 5.1; {B07E2C7E-94BF-C668-7070-89EE0BA4D2A5}; .NET CLR 1.1.4322)" "roomfurnish.com"
67.195.98.236 - - [06/Jul/2008:21:30:32 -0700] "GET / HTTP/1.0" 200 1315 "-" "Mozilla/5.0 (compatible; Yahoo! DE Slurp; http://help.yahoo.com/help/us/ysearch/slurp)" "www.roomfurnish.com"
74.6.26.219 - - [06/Jul/2008:21:59:37 -0700] "GET /robots.txt HTTP/1.0" 404 275 "-" "Mozilla/5.0 (compatible; Yahoo! Slurp; http://help.yahoo.com/help/us/ysearch/slurp)" "www.roomfurnish.com"
74.6.76.45 - - [06/Jul/2008:21:59:38 -0700] "GET / HTTP/1.0" 200 1315 "-" "Mozilla/5.0 (compatible; Yahoo! DE Slurp; http://help.yahoo.com/help/us/ysearch/slurp)" "www.roomfurnish.com"
216.183.81.221 - - [06/Jul/2008:22:36:04 -0700] "GET / HTTP/1.1" 200 1315 "-" "Wget/1.8.2" "www.roomfurnish.com"
64.124.148.28 - - [07/Jul/2008:04:19:19 -0700] "GET /robots.txt HTTP/1.1" 404 275 "-" "Mozilla/5.0 (compatible; FatBot 2.0; http://www.thefind.com/crawler)" "roomfurnish.com"
64.124.148.28 - - [07/Jul/2008:04:20:39 -0700] "GET / HTTP/1.1" 200 1315 "-" "Mozilla/5.0 (compatible; FatBot 2.0; http://www.thefind.com/crawler)" "roomfurnish.com"
67.205.96.152 - - [07/Jul/2008:05:00:12 -0700] "GET /? HTTP/1.0" 200 1315 "-" "Mozilla/4.0 (compatible; MSIE 6.0; Windows NT 5.0)" "roomfurnish.com"
208.36.144.10 - - [07/Jul/2008:05:16:53 -0700] "GET /robots.txt HTTP/1.0" 404 275 "-" "Mozilla/5.0 (Twiceler-0.9 http://www.cuill.com/twiceler/robot.html)" "www.roomfurnish.com"
64.1.215.165 - - [07/Jul/2008:07:13:11 -0700] "GET /robots.txt HTTP/1.0" 404 275 "-" "Mozilla/5.0 (Twiceler-0.9 http://www.cuill.com/twiceler/robot.html)" "roomfurnish.com"
216.64.169.240 - - [07/Jul/2008:09:15:50 -0700] "GET / HTTP/1.1" 200 1315 "-" "Mozilla/4.0 (compatible; MSIE 6.0; Windows NT 5.0; .NET CLR 1.0.3705; .NET CLR 1.1.4322)" "roomfurnish.com"
38.100.41.107 - - [07/Jul/2008:10:24:32 -0700] "GET / HTTP/1.1" 200 1315 "-" "Mozilla/4.0 (compatible; MSIE 7.0; Windows NT 5.2)" "www.roomfurnish.com"
66.231.188.30 - - [07/Jul/2008:12:35:43 -0700] "GET /robots.txt HTTP/1.0" 404 275 "-" "Gigabot/3.0 (http://www.gigablast.com/spider.html)" "roomfurnish.com"
74.6.22.172 - - [07/Jul/2008:19:38:35 -0700] "GET /robots.txt HTTP/1.0" 404 275 "-" "Mozilla/5.0 (compatible; Yahoo! Slurp; http://help.yahoo.com/help/us/ysearch/slurp)" "www.roomfurnish.com"
74.6.31.164 - - [07/Jul/2008:19:38:36 -0700] "GET / HTTP/1.0" 200 1315 "-" "Mozilla/5.0 (compatible; Yahoo! DE Slurp; http://help.yahoo.com/help/us/ysearch/slurp)" "www.roomfurnish.com"
216.183.81.221 - - [07/Jul/2008:21:15:44 -0700] "GET / HTTP/1.1" 200 1315 "-" "Wget/1.8.2" "www.roomfurnish.com"
74.6.22.183 - - [07/Jul/2008:22:32:44 -0700] "GET /robots.txt HTTP/1.0" 404 275 "-" "Mozilla/5.0 (compatible; Yahoo! Slurp; http://help.yahoo.com/help/us/ysearch/slurp)" "www.roomfurnish.com"
67.195.98.236 - - [07/Jul/2008:22:32:45 -0700] "GET / HTTP/1.0" 200 1315 "-" "Mozilla/5.0 (compatible; Yahoo! DE Slurp; http://help.yahoo.com/help/us/ysearch/slurp)" "www.roomfurnish.com"
216.183.81.221 - - [08/Jul/2008:00:08:17 -0700] "GET / HTTP/1.1" 200 1315 "-" "Wget/1.8.2" "www.roomfurnish.com"
208.80.193.30 - - [08/Jul/2008:00:32:00 -0700] "GET / HTTP/1.0" 200 1315 "-" "Mozilla/4.0 (compatible; MSIE 6.0; Windows NT 5.1; SV1; .NET CLR 1.0.3705; Media Center PC 2.8; MSN 9.0;MSN 9.1; MSNbVZ02; MSNmen-us; MSNcOTH)" "roomfurnish.com"
208.80.193.30 - - [08/Jul/2008:00:32:00 -0700] "GET / HTTP/1.0" 200 1315 "-" "Mozilla/4.0 (compatible; MSIE 6.0; Windows NT 5.1; SV1; SIMBAR Enabled; SIMBAR=0; SIMBAR={12DE0A7B-DD56-489b-9CE2-8B8ED985F58A}; InfoPath.1)" "www.roomfurnish.com"
216.183.81.221 - - [08/Jul/2008:01:38:48 -0700] "GET / HTTP/1.1" 200 1315 "-" "Wget/1.8.2" "www.roomfurnish.com"
74.6.28.156 - - [08/Jul/2008:02:42:01 -0700] "GET /robots.txt HTTP/1.0" 404 275 "-" "Mozilla/5.0 (compatible; Yahoo! Slurp; http://help.yahoo.com/help/us/ysearch/slurp)" "www.roomfurnish.com"
74.6.76.45 - - [08/Jul/2008:02:42:01 -0700] "GET / HTTP/1.0" 200 1315 "-" "Mozilla/5.0 (compatible; Yahoo! DE Slurp; http://help.yahoo.com/help/us/ysearch/slurp)" "www.roomfurnish.com"
216.183.81.221 - - [08/Jul/2008:09:56:27 -0700] "GET / HTTP/1.1" 200 1315 "-" "Wget/1.8.2" "www.roomfurnish.com"
74.6.8.88 - - [08/Jul/2008:14:16:59 -0700] "GET /robots.txt HTTP/1.0" 404 275 "-" "Mozilla/5.0 (compatible; Yahoo! Slurp; http://help.yahoo.com/help/us/ysearch/slurp)" "www.roomfurnish.com"
67.195.54.57 - - [08/Jul/2008:14:17:05 -0700] "GET / HTTP/1.0" 200 1315 "-" "Mozilla/5.0 (compatible; Yahoo! Slurp; http://help.yahoo.com/help/us/ysearch/slurp)" "www.roomfurnish.com"
202.179.180.45 - - [08/Jul/2008:14:35:53 -0700] "GET /robots.txt HTTP/1.1" 404 275 "-" "Mozilla/4.0 (compatible; NaverBot/1.0; http://help.naver.com/delete_main.asp)" "roomfurnish.com"
202.179.180.45 - - [08/Jul/2008:14:35:58 -0700] "GET / HTTP/1.1" 200 1315 "-" "Mozilla/4.0 (compatible; NaverBot/1.0; http://help.naver.com/delete_main.asp)" "roomfurnish.com"
67.152.29.130 - - [08/Jul/2008:16:25:37 -0700] "GET /robots.txt HTTP/1.1" 404 275 "-" "ShopWiki/1.0 ( +http://www.shopwiki.com/wiki/Help:Bot)" "www.roomfurnish.com"
67.152.29.130 - - [08/Jul/2008:16:25:37 -0700] "GET / HTTP/1.1" 200 1315 "-" "ShopWiki/1.0 ( +http://www.shopwiki.com/wiki/Help:Bot)" "www.roomfurnish.com"
67.152.29.130 - - [08/Jul/2008:16:25:38 -0700] "GET /sitemap.html HTTP/1.1" 404 275 "-" "ShopWiki/1.0 ( +http://www.shopwiki.com/wiki/Help:Bot)" "www.roomfurnish.com"
67.152.29.130 - - [08/Jul/2008:16:25:39 -0700] "GET / HTTP/1.1" 200 1315 "-" "ShopWiki/1.0 ( +http://www.shopwiki.com/wiki/Help:Bot)" "www.roomfurnish.com"
216.183.81.221 - - [08/Jul/2008:16:53:43 -0700] "GET / HTTP/1.1" 200 1315 "-" "Wget/1.8.2" "www.roomfurnish.com"
205.188.116.140 - - [08/Jul/2008:17:38:34 -0700] "GET / HTTP/1.1" 200 1315 "-" "Mozilla/4.0 (compatible; MSIE 7.0; AOL 9.0; Windows NT 5.1; FunWebProducts; .NET CLR 2.0.50727)" "www.roomfurnish.com"
74.6.8.97 - - [08/Jul/2008:19:31:23 -0700] "GET /robots.txt HTTP/1.0" 404 275 "-" "Mozilla/5.0 (compatible; Yahoo! Slurp; http://help.yahoo.com/help/us/ysearch/slurp)" "roomfurnish.com"
74.6.8.97 - - [08/Jul/2008:19:31:25 -0700] "GET / HTTP/1.0" 200 1315 "-" "Mozilla/5.0 (compatible; Yahoo! Slurp; http://help.yahoo.com/help/us/ysearch/slurp)" "roomfurnish.com"
74.6.18.243 - - [08/Jul/2008:20:09:06 -0700] "GET /robots.txt HTTP/1.0" 404 275 "-" "Mozilla/5.0 (compatible; Yahoo! Slurp; http://help.yahoo.com/help/us/ysearch/slurp)" "www.roomfurnish.com"
74.6.31.164 - - [08/Jul/2008:20:09:07 -0700] "GET / HTTP/1.0" 200 1315 "-" "Mozilla/5.0 (compatible; Yahoo! DE Slurp; http://help.yahoo.com/help/us/ysearch/slurp)" "www.roomfurnish.com"
193.252.149.16 - - [08/Jul/2008:20:43:06 -0700] "GET http://www.roomfurnish.com:80/robots.txt HTTP/1.1" 404 275 "-" "Mozilla/5.0 (Windows; U; Windows NT 5.1; fr; rv:1.8.1) VoilaBot BETA 1.2 (support.voilabot@orange-ftgroup.com)" "www.roomfurnish.com"
193.252.149.16 - - [08/Jul/2008:20:43:15 -0700] "GET / HTTP/1.1" 200 1315 "-" "Mozilla/5.0 (Windows; U; Windows NT 5.1; fr; rv:1.8.1) VoilaBot BETA 1.2 (support.voilabot@orange-ftgroup.com)" "www.roomfurnish.com"
67.152.29.130 - - [08/Jul/2008:21:36:07 -0700] "GET /robots.txt HTTP/1.1" 404 275 "-" "ShopWiki/1.0 ( +http://www.shopwiki.com/wiki/Help:Bot)" "www.roomfurnish.com"
67.152.29.130 - - [08/Jul/2008:21:36:08 -0700] "GET / HTTP/1.1" 200 1315 "-" "ShopWiki/1.0 ( +http://www.shopwiki.com/wiki/Help:Bot)" "www.roomfurnish.com"
67.152.29.130 - - [08/Jul/2008:21:36:09 -0700] "GET /sitemap.html HTTP/1.1" 404 275 "-" "ShopWiki/1.0 ( +http://www.shopwiki.com/wiki/Help:Bot)" "www.roomfurnish.com"
61.16.156.170 - - [08/Jul/2008:22:34:48 -0700] "HEAD / HTTP/1.0" 200 0 "-" "Xenu Link Sleuth 1.2i" "www.roomfurnish.com"
61.16.156.170 - - [08/Jul/2008:22:37:11 -0700] "GET / HTTP/1.0" 200 1315 "-" "Xenu Link Sleuth 1.2i" "www.roomfurnish.com"
74.6.8.99 - - [08/Jul/2008:23:55:01 -0700] "GET /robots.txt HTTP/1.0" 404 275 "-" "Mozilla/5.0 (compatible; Yahoo! Slurp; http://help.yahoo.com/help/us/ysearch/slurp)" "www.roomfurnish.com"
67.195.98.236 - - [08/Jul/2008:23:55:01 -0700] "GET / HTTP/1.0" 200 1315 "-" "Mozilla/5.0 (compatible; Yahoo! DE Slurp; http://help.yahoo.com/help/us/ysearch/slurp)" "www.roomfurnish.com"
24.173.210.90 - - [09/Jul/2008:01:03:33 -0700] "GET / HTTP/1.1" 200 1315 "-" "Mozilla/4.0 (compatible; MSIE 6.0; Windows NT 5.0)" "roomfurnish.com"
208.36.144.10 - - [09/Jul/2008:04:10:51 -0700] "GET /robots.txt HTTP/1.0" 404 275 "-" "Mozilla/5.0 (Twiceler-0.9 http://www.cuill.com/twiceler/robot.html)" "www.roomfurnish.com"
64.1.215.165 - - [09/Jul/2008:06:13:35 -0700] "GET /robots.txt HTTP/1.0" 404 275 "-" "Mozilla/5.0 (Twiceler-0.9 http://www.cuill.com/twiceler/robot.html)" "roomfurnish.com"
208.80.193.31 - - [09/Jul/2008:06:56:31 -0700] "GET / HTTP/1.0" 200 1315 "-" "Mozilla/4.0 (compatible; MSIE 6.0; Windows NT 5.1; SV1; YPC 3.2.0; .NET CLR 1.1.4322; PeoplePal 3.0; Comcast)" "roomfurnish.com"
208.80.193.31 - - [09/Jul/2008:06:56:31 -0700] "GET / HTTP/1.0" 200 1315 "-" "Mozilla/4.0 (compatible; MSIE 7.0; Windows NT 5.1; SIMBAR={3CB9D45E-352D-4831-8383-80AEE20BAD6B}; .NET CLR 1.1.4322; .NET CLR 2.0.50727; Qwest 1.0; Qwest 1.0)" "www.roomfurnish.com"
88.131.106.12 - - [09/Jul/2008:08:45:54 -0700] "GET /robots.txt HTTP/1.0" 404 275 "-" "Speedy Spider (http://www.entireweb.com/about/search_tech/speedy_spider/)" "roomfurnish.com"
88.131.106.12 - - [09/Jul/2008:08:45:55 -0700] "GET /luseso.html HTTP/1.0" 404 275 "-" "Speedy Spider (http://www.entireweb.com/about/search_tech/speedy_spider/)" "roomfurnish.com"
216.183.81.221 - - [09/Jul/2008:08:50:03 -0700] "GET / HTTP/1.1" 200 1315 "-" "Wget/1.8.2" "www.roomfurnish.com"
88.131.106.12 - - [09/Jul/2008:08:51:32 -0700] "GET /clleso.html HTTP/1.0" 404 275 "-" "Speedy Spider (http://www.entireweb.com/about/search_tech/speedy_spider/)" "roomfurnish.com"
88.131.106.12 - - [09/Jul/2008:08:56:02 -0700] "GET /b3trso.html HTTP/1.0" 404 275 "-" "Speedy Spider (http://www.entireweb.com/about/search_tech/speedy_spider/)" "roomfurnish.com"
88.131.106.12 - - [09/Jul/2008:08:56:03 -0700] "GET /b3riso.html HTTP/1.0" 404 275 "-" "Speedy Spider (http://www.entireweb.com/about/search_tech/speedy_spider/)" "roomfurnish.com"
88.131.106.12 - - [09/Jul/2008:08:56:05 -0700] "GET /b3maso.html HTTP/1.0" 404 275 "-" "Speedy Spider (http://www.entireweb.com/about/search_tech/speedy_spider/)" "roomfurnish.com"
216.183.81.221 - - [09/Jul/2008:10:25:23 -0700] "GET / HTTP/1.1" 304 - "-" "Wget/1.8.2" "www.roomfurnish.com"
71.6.217.13 - - [09/Jul/2008:10:27:30 -0700] "GET /robots.txt HTTP/1.1" 404 275 "-" "-" "roomfurnish.com"
