67.152.29.130 - - [15/Jul/2008:19:12:24 -0700] "GET /robots.txt HTTP/1.1" 404 275 "-" "ShopWiki/1.0 ( +http://www.shopwiki.com/wiki/Help:Bot)" "www.roomfurnish.com"
67.152.29.130 - - [15/Jul/2008:19:12:24 -0700] "GET / HTTP/1.1" 200 1315 "-" "ShopWiki/1.0 ( +http://www.shopwiki.com/wiki/Help:Bot)" "www.roomfurnish.com"
67.152.29.130 - - [15/Jul/2008:19:12:49 -0700] "GET / HTTP/1.1" 200 1315 "-" "ShopWiki/1.0 ( +http://www.shopwiki.com/wiki/Help:Bot)" "www.roomfurnish.com"
67.152.29.130 - - [15/Jul/2008:19:12:50 -0700] "GET / HTTP/1.1" 200 1315 "-" "ShopWiki/1.0 ( +http://www.shopwiki.com/wiki/Help:Bot)" "www.roomfurnish.com"
74.6.8.103 - - [15/Jul/2008:23:51:27 -0700] "GET /robots.txt HTTP/1.0" 404 275 "-" "Mozilla/5.0 (compatible; Yahoo! Slurp; http://help.yahoo.com/help/us/ysearch/slurp)" "www.roomfurnish.com"
74.6.31.164 - - [15/Jul/2008:23:51:28 -0700] "GET / HTTP/1.0" 200 1315 "-" "Mozilla/5.0 (compatible; Yahoo! DE Slurp; http://help.yahoo.com/help/us/ysearch/slurp)" "www.roomfurnish.com"
74.6.28.120 - - [16/Jul/2008:03:37:41 -0700] "GET /robots.txt HTTP/1.0" 404 275 "-" "Mozilla/5.0 (compatible; Yahoo! Slurp; http://help.yahoo.com/help/us/ysearch/slurp)" "www.roomfurnish.com"
74.6.76.45 - - [16/Jul/2008:03:37:41 -0700] "GET / HTTP/1.0" 200 1315 "-" "Mozilla/5.0 (compatible; Yahoo! DE Slurp; http://help.yahoo.com/help/us/ysearch/slurp)" "www.roomfurnish.com"
208.36.144.10 - - [16/Jul/2008:04:31:55 -0700] "GET /robots.txt HTTP/1.0" 404 275 "-" "Mozilla/5.0 (Twiceler-0.9 http://www.cuill.com/twiceler/robot.html)" "www.roomfurnish.com"
74.6.8.125 - - [16/Jul/2008:04:42:11 -0700] "GET /robots.txt HTTP/1.0" 404 275 "-" "Mozilla/5.0 (compatible; Yahoo! Slurp; http://help.yahoo.com/help/us/ysearch/slurp)" "www.roomfurnish.com"
67.195.98.236 - - [16/Jul/2008:04:42:11 -0700] "GET / HTTP/1.0" 200 1315 "-" "Mozilla/5.0 (compatible; Yahoo! DE Slurp; http://help.yahoo.com/help/us/ysearch/slurp)" "www.roomfurnish.com"
64.1.215.165 - - [16/Jul/2008:05:56:02 -0700] "GET /robots.txt HTTP/1.0" 404 275 "-" "Mozilla/5.0 (Twiceler-0.9 http://www.cuill.com/twiceler/robot.html)" "roomfurnish.com"
74.6.18.235 - - [16/Jul/2008:06:06:05 -0700] "GET /robots.txt HTTP/1.0" 404 275 "-" "Mozilla/5.0 (compatible; Yahoo! Slurp; http://help.yahoo.com/help/us/ysearch/slurp)" "roomfurnish.com"
74.6.18.235 - - [16/Jul/2008:06:06:06 -0700] "GET /a50.html HTTP/1.0" 404 275 "-" "Mozilla/5.0 (compatible; Yahoo! Slurp; http://help.yahoo.com/help/us/ysearch/slurp)" "roomfurnish.com"
88.131.106.12 - - [16/Jul/2008:07:36:02 -0700] "GET /robots.txt HTTP/1.0" 404 275 "-" "Speedy Spider (http://www.entireweb.com/about/search_tech/speedy_spider/)" "roomfurnish.com"
88.131.106.12 - - [16/Jul/2008:07:36:03 -0700] "GET /361fuziosofa.html HTTP/1.0" 404 275 "-" "Speedy Spider (http://www.entireweb.com/about/search_tech/speedy_spider/)" "roomfurnish.com"
67.152.29.130 - - [16/Jul/2008:08:09:43 -0700] "GET /robots.txt HTTP/1.1" 404 275 "-" "ShopWiki/1.0 ( +http://www.shopwiki.com/wiki/Help:Bot)" "www.roomfurnish.com"
67.152.29.130 - - [16/Jul/2008:08:09:49 -0700] "GET /sitemap.html HTTP/1.1" 404 275 "-" "ShopWiki/1.0 ( +http://www.shopwiki.com/wiki/Help:Bot)" "www.roomfurnish.com"
67.152.29.130 - - [16/Jul/2008:08:09:50 -0700] "GET / HTTP/1.1" 200 1315 "-" "ShopWiki/1.0 ( +http://www.shopwiki.com/wiki/Help:Bot)" "www.roomfurnish.com"
88.131.106.12 - - [16/Jul/2008:08:33:43 -0700] "GET /c12hollandsofa.html HTTP/1.0" 404 275 "-" "Speedy Spider (http://www.entireweb.com/about/search_tech/speedy_spider/)" "roomfurnish.com"
90.183.39.17 - - [16/Jul/2008:09:24:37 -0700] "GET /robots.txt HTTP/1.1" 404 275 "-" "holmes/3.12.4 (http://morfeo.centrum.cz/bot)" "roomfurnish.com"
67.195.37.187 - - [16/Jul/2008:12:47:56 -0700] "GET /robots.txt HTTP/1.0" 404 275 "-" "Mozilla/5.0 (compatible; Yahoo! Slurp; http://help.yahoo.com/help/us/ysearch/slurp)" "www.roomfurnish.com"
67.195.37.187 - - [16/Jul/2008:12:47:56 -0700] "GET / HTTP/1.0" 200 1315 "-" "Mozilla/5.0 (compatible; Yahoo! Slurp; http://help.yahoo.com/help/us/ysearch/slurp)" "www.roomfurnish.com"
67.152.29.130 - - [16/Jul/2008:13:13:00 -0700] "GET /robots.txt HTTP/1.1" 404 275 "-" "ShopWiki/1.0 ( +http://www.shopwiki.com/wiki/Help:Bot)" "www.roomfurnish.com"
67.152.29.130 - - [16/Jul/2008:13:13:00 -0700] "GET / HTTP/1.1" 200 1315 "-" "ShopWiki/1.0 ( +http://www.shopwiki.com/wiki/Help:Bot)" "www.roomfurnish.com"
67.152.29.130 - - [16/Jul/2008:13:13:31 -0700] "GET / HTTP/1.1" 200 1315 "-" "ShopWiki/1.0 ( +http://www.shopwiki.com/wiki/Help:Bot)" "www.roomfurnish.com"
67.152.29.130 - - [16/Jul/2008:13:13:32 -0700] "GET / HTTP/1.1" 200 1315 "-" "ShopWiki/1.0 ( +http://www.shopwiki.com/wiki/Help:Bot)" "www.roomfurnish.com"
170.22.76.10 - - [16/Jul/2008:13:56:48 -0700] "GET /favicon.ico HTTP/1.1" 404 275 "-" "Mozilla/4.0 (compatible; GoogleToolbar 4.0.1601.4978-big; Windows 2000 5.0; MSIE 6.0.2800.1106)" "roomfurnish.com"
170.22.76.10 - - [16/Jul/2008:13:56:48 -0700] "GET /favicon.gif HTTP/1.1" 404 275 "-" "Mozilla/4.0 (compatible; GoogleToolbar 4.0.1601.4978-big; Windows 2000 5.0; MSIE 6.0.2800.1106)" "roomfurnish.com"
170.22.76.10 - - [16/Jul/2008:13:56:50 -0700] "GET /favicon.ico HTTP/1.1" 404 275 "-" "Mozilla/4.0 (compatible; GoogleToolbar 4.0.1601.4978-big; Windows 2000 5.0; MSIE 6.0.2800.1106)" "roomfurnish.com"
170.22.76.10 - - [16/Jul/2008:13:56:50 -0700] "GET /favicon.gif HTTP/1.1" 404 275 "-" "Mozilla/4.0 (compatible; GoogleToolbar 4.0.1601.4978-big; Windows 2000 5.0; MSIE 6.0.2800.1106)" "roomfurnish.com"
88.131.106.12 - - [16/Jul/2008:15:20:35 -0700] "GET /robots.txt HTTP/1.0" 404 275 "-" "Speedy Spider (http://www.entireweb.com/about/search_tech/speedy_spider/)" "roomfurnish.com"
88.131.106.12 - - [16/Jul/2008:15:20:36 -0700] "GET /s-872.html HTTP/1.0" 404 275 "-" "Speedy Spider (http://www.entireweb.com/about/search_tech/speedy_spider/)" "roomfurnish.com"
88.131.106.12 - - [16/Jul/2008:15:36:15 -0700] "GET /origincoffee.html HTTP/1.0" 404 275 "-" "Speedy Spider (http://www.entireweb.com/about/search_tech/speedy_spider/)" "roomfurnish.com"
208.80.193.39 - - [16/Jul/2008:15:47:27 -0700] "GET / HTTP/1.0" 200 1315 "-" "Mozilla/4.0 (compatible; MSIE 6.0; Windows NT 5.1; ADOS; SV1; PeoplePal 3.0)" "roomfurnish.com"
208.80.193.39 - - [16/Jul/2008:15:47:27 -0700] "GET / HTTP/1.0" 200 1315 "-" "Mozilla/4.0 (compatible; MSIE 6.0; Windows NT 5.1; SV1; SpamBlockerUtility 4.6.1; ZangoToolbar 4.8.2)" "www.roomfurnish.com"
88.131.106.12 - - [16/Jul/2008:16:51:13 -0700] "GET /lb-11.html HTTP/1.0" 404 275 "-" "Speedy Spider (http://www.entireweb.com/about/search_tech/speedy_spider/)" "roomfurnish.com"
88.131.106.12 - - [16/Jul/2008:16:52:41 -0700] "GET /s-891.html HTTP/1.0" 404 275 "-" "Speedy Spider (http://www.entireweb.com/about/search_tech/speedy_spider/)" "roomfurnish.com"
90.183.39.17 - - [16/Jul/2008:17:42:49 -0700] "GET / HTTP/1.1" 200 1315 "-" "holmes/3.12.4 (http://morfeo.centrum.cz/bot)" "roomfurnish.com"
119.63.194.49 - - [16/Jul/2008:18:37:12 -0700] "GET / HTTP/1.1" 304 - "-" "Baiduspider+(+http://help.baidu.jp/system/05.html)" "roomfurnish.com"
67.152.29.130 - - [16/Jul/2008:19:13:10 -0700] "GET /robots.txt HTTP/1.1" 404 275 "-" "ShopWiki/1.0 ( +http://www.shopwiki.com/wiki/Help:Bot)" "www.roomfurnish.com"
67.152.29.130 - - [16/Jul/2008:19:13:10 -0700] "GET / HTTP/1.1" 200 1315 "-" "ShopWiki/1.0 ( +http://www.shopwiki.com/wiki/Help:Bot)" "www.roomfurnish.com"
67.152.29.130 - - [16/Jul/2008:19:13:11 -0700] "GET /sitemap.html HTTP/1.1" 404 275 "-" "ShopWiki/1.0 ( +http://www.shopwiki.com/wiki/Help:Bot)" "www.roomfurnish.com"
88.131.106.12 - - [16/Jul/2008:23:02:26 -0700] "GET /robots.txt HTTP/1.0" 404 275 "-" "Speedy Spider (http://www.entireweb.com/about/search_tech/speedy_spider/)" "roomfurnish.com"
88.131.106.12 - - [16/Jul/2008:23:02:26 -0700] "GET /terms.html HTTP/1.0" 404 275 "-" "Speedy Spider (http://www.entireweb.com/about/search_tech/speedy_spider/)" "roomfurnish.com"
74.52.245.146 - - [16/Jul/2008:23:18:53 -0700] "GET / HTTP/1.0" 200 1315 "-" "Mozilla/5.0 (X11; U; Linux i686; en-US; rv:1.7.5) Gecko/20041107 Firefox/1.0" "www.roomfurnish.com"
74.6.8.125 - - [17/Jul/2008:00:59:15 -0700] "GET /robots.txt HTTP/1.0" 404 275 "-" "Mozilla/5.0 (compatible; Yahoo! Slurp; http://help.yahoo.com/help/us/ysearch/slurp)" "www.roomfurnish.com"
74.6.31.164 - - [17/Jul/2008:00:59:15 -0700] "GET / HTTP/1.0" 200 1315 "-" "Mozilla/5.0 (compatible; Yahoo! DE Slurp; http://help.yahoo.com/help/us/ysearch/slurp)" "www.roomfurnish.com"
88.131.106.12 - - [17/Jul/2008:01:11:53 -0700] "GET /s-878.html HTTP/1.0" 404 275 "-" "Speedy Spider (http://www.entireweb.com/about/search_tech/speedy_spider/)" "roomfurnish.com"
206.74.10.235 - - [17/Jul/2008:03:21:40 -0700] "GET /robots.txt HTTP/1.0" 404 275 "http://majestic12.co.uk/bot.php?I=4A34247DBB6DBD6E466FA6E10F2F7FFD-D6B58BA9039A7653-56EDC80E5B8994A3-roomfurnish.com" "Mozilla/5.0 (compatible; MJ12bot/v1.2.1; http://www.majestic12.co.uk/bot.php?+)" "roomfurnish.com"
206.74.10.235 - - [17/Jul/2008:03:21:41 -0700] "GET /2004style.html HTTP/1.1" 404 275 "-" "Mozilla/5.0 (compatible; MJ12bot/v1.2.1; http://www.majestic12.co.uk/bot.php?+)" "roomfurnish.com"
206.74.10.235 - - [17/Jul/2008:03:21:43 -0700] "GET /2005style.html HTTP/1.1" 404 275 "-" "Mozilla/5.0 (compatible; MJ12bot/v1.2.1; http://www.majestic12.co.uk/bot.php?+)" "roomfurnish.com"
206.74.10.235 - - [17/Jul/2008:03:21:45 -0700] "GET /221almosofa.html HTTP/1.1" 404 275 "-" "Mozilla/5.0 (compatible; MJ12bot/v1.2.1; http://www.majestic12.co.uk/bot.php?+)" "roomfurnish.com"
206.74.10.235 - - [17/Jul/2008:03:21:47 -0700] "GET /236caso.html HTTP/1.1" 404 275 "-" "Mozilla/5.0 (compatible; MJ12bot/v1.2.1; http://www.majestic12.co.uk/bot.php?+)" "roomfurnish.com"
206.74.10.235 - - [17/Jul/2008:03:21:48 -0700] "GET /239grandesofa.html HTTP/1.1" 404 275 "-" "Mozilla/5.0 (compatible; MJ12bot/v1.2.1; http://www.majestic12.co.uk/bot.php?+)" "roomfurnish.com"
206.74.10.235 - - [17/Jul/2008:03:21:50 -0700] "GET /258rosssofa.html HTTP/1.1" 404 275 "-" "Mozilla/5.0 (compatible; MJ12bot/v1.2.1; http://www.majestic12.co.uk/bot.php?+)" "roomfurnish.com"
206.74.10.235 - - [17/Jul/2008:03:21:52 -0700] "GET /297cabriosofa.html HTTP/1.1" 404 275 "-" "Mozilla/5.0 (compatible; MJ12bot/v1.2.1; http://www.majestic12.co.uk/bot.php?+)" "roomfurnish.com"
206.74.10.235 - - [17/Jul/2008:03:21:54 -0700] "GET /298vaso.html HTTP/1.1" 404 275 "-" "Mozilla/5.0 (compatible; MJ12bot/v1.2.1; http://www.majestic12.co.uk/bot.php?+)" "roomfurnish.com"
206.74.10.235 - - [17/Jul/2008:03:21:56 -0700] "GET /299elegantsofa.html HTTP/1.1" 404 275 "-" "Mozilla/5.0 (compatible; MJ12bot/v1.2.1; http://www.majestic12.co.uk/bot.php?+)" "roomfurnish.com"
206.74.10.235 - - [17/Jul/2008:03:21:58 -0700] "GET /300briosofa.html HTTP/1.1" 404 275 "-" "Mozilla/5.0 (compatible; MJ12bot/v1.2.1; http://www.majestic12.co.uk/bot.php?+)" "roomfurnish.com"
206.74.10.235 - - [17/Jul/2008:03:21:59 -0700] "GET /309marinosofa.html HTTP/1.1" 404 275 "-" "Mozilla/5.0 (compatible; MJ12bot/v1.2.1; http://www.majestic12.co.uk/bot.php?+)" "roomfurnish.com"
206.74.10.235 - - [17/Jul/2008:03:22:01 -0700] "GET /336brso.html HTTP/1.1" 404 275 "-" "Mozilla/5.0 (compatible; MJ12bot/v1.2.1; http://www.majestic12.co.uk/bot.php?+)" "roomfurnish.com"
206.74.10.235 - - [17/Jul/2008:03:22:03 -0700] "GET /338caso.html HTTP/1.1" 404 275 "-" "Mozilla/5.0 (compatible; MJ12bot/v1.2.1; http://www.majestic12.co.uk/bot.php?+)" "roomfurnish.com"
206.74.10.235 - - [17/Jul/2008:03:22:04 -0700] "GET /347licenzasofa.html HTTP/1.1" 404 275 "-" "Mozilla/5.0 (compatible; MJ12bot/v1.2.1; http://www.majestic12.co.uk/bot.php?+)" "roomfurnish.com"
206.74.10.235 - - [17/Jul/2008:03:22:06 -0700] "GET /351romasofa.html HTTP/1.1" 404 275 "-" "Mozilla/5.0 (compatible; MJ12bot/v1.2.1; http://www.majestic12.co.uk/bot.php?+)" "roomfurnish.com"
206.74.10.235 - - [17/Jul/2008:03:22:08 -0700] "GET /352lovesofa.html HTTP/1.1" 404 275 "-" "Mozilla/5.0 (compatible; MJ12bot/v1.2.1; http://www.majestic12.co.uk/bot.php?+)" "roomfurnish.com"
206.74.10.235 - - [17/Jul/2008:03:22:10 -0700] "GET /358miniatosofa.html HTTP/1.1" 404 275 "-" "Mozilla/5.0 (compatible; MJ12bot/v1.2.1; http://www.majestic12.co.uk/bot.php?+)" "roomfurnish.com"
206.74.10.235 - - [17/Jul/2008:03:22:12 -0700] "GET /372pisasofa.html HTTP/1.1" 404 275 "-" "Mozilla/5.0 (compatible; MJ12bot/v1.2.1; http://www.majestic12.co.uk/bot.php?+)" "roomfurnish.com"
206.74.10.235 - - [17/Jul/2008:03:22:14 -0700] "GET /373cascinasofa.html HTTP/1.1" 404 275 "-" "Mozilla/5.0 (compatible; MJ12bot/v1.2.1; http://www.majestic12.co.uk/bot.php?+)" "roomfurnish.com"
206.74.10.235 - - [17/Jul/2008:03:22:16 -0700] "GET /950imso.html HTTP/1.1" 404 275 "-" "Mozilla/5.0 (compatible; MJ12bot/v1.2.1; http://www.majestic12.co.uk/bot.php?+)" "roomfurnish.com"
206.74.10.235 - - [17/Jul/2008:03:22:17 -0700] "GET /a08furiosofa.html HTTP/1.1" 404 275 "-" "Mozilla/5.0 (compatible; MJ12bot/v1.2.1; http://www.majestic12.co.uk/bot.php?+)" "roomfurnish.com"
206.74.10.235 - - [17/Jul/2008:03:22:19 -0700] "GET /a50disl.html HTTP/1.1" 404 275 "-" "Mozilla/5.0 (compatible; MJ12bot/v1.2.1; http://www.majestic12.co.uk/bot.php?+)" "roomfurnish.com"
206.74.10.235 - - [17/Jul/2008:03:22:21 -0700] "GET /a51ottosofa.html HTTP/1.1" 404 275 "-" "Mozilla/5.0 (compatible; MJ12bot/v1.2.1; http://www.majestic12.co.uk/bot.php?+)" "roomfurnish.com"
206.74.10.235 - - [17/Jul/2008:03:22:23 -0700] "GET /aboutus.html HTTP/1.1" 404 275 "-" "Mozilla/5.0 (compatible; MJ12bot/v1.2.1; http://www.majestic12.co.uk/bot.php?+)" "roomfurnish.com"
206.74.10.235 - - [17/Jul/2008:03:22:24 -0700] "GET /b384sera.html HTTP/1.1" 404 275 "-" "Mozilla/5.0 (compatible; MJ12bot/v1.2.1; http://www.majestic12.co.uk/bot.php?+)" "roomfurnish.com"
206.74.10.235 - - [17/Jul/2008:03:22:26 -0700] "GET /b3riso.html HTTP/1.1" 404 275 "-" "Mozilla/5.0 (compatible; MJ12bot/v1.2.1; http://www.majestic12.co.uk/bot.php?+)" "roomfurnish.com"
206.74.10.235 - - [17/Jul/2008:03:22:28 -0700] "GET /b3trso.html HTTP/1.1" 404 275 "-" "Mozilla/5.0 (compatible; MJ12bot/v1.2.1; http://www.majestic12.co.uk/bot.php?+)" "roomfurnish.com"
206.74.10.235 - - [17/Jul/2008:03:22:30 -0700] "GET /c12hollandsofa.html HTTP/1.1" 404 275 "-" "Mozilla/5.0 (compatible; MJ12bot/v1.2.1; http://www.majestic12.co.uk/bot.php?+)" "roomfurnish.com"
206.74.10.235 - - [17/Jul/2008:03:22:31 -0700] "GET /cs.html HTTP/1.1" 404 275 "-" "Mozilla/5.0 (compatible; MJ12bot/v1.2.1; http://www.majestic12.co.uk/bot.php?+)" "roomfurnish.com"
206.74.10.235 - - [17/Jul/2008:03:22:33 -0700] "GET /faq.html HTTP/1.1" 404 275 "-" "Mozilla/5.0 (compatible; MJ12bot/v1.2.1; http://www.majestic12.co.uk/bot.php?+)" "roomfurnish.com"
206.74.10.235 - - [17/Jul/2008:03:22:35 -0700] "GET /lews.html HTTP/1.1" 404 275 "-" "Mozilla/5.0 (compatible; MJ12bot/v1.2.1; http://www.majestic12.co.uk/bot.php?+)" "roomfurnish.com"
206.74.10.235 - - [17/Jul/2008:03:22:36 -0700] "GET /shipping.html HTTP/1.1" 404 275 "-" "Mozilla/5.0 (compatible; MJ12bot/v1.2.1; http://www.majestic12.co.uk/bot.php?+)" "roomfurnish.com"
206.74.10.235 - - [17/Jul/2008:03:22:38 -0700] "GET /terms.html HTTP/1.1" 404 275 "-" "Mozilla/5.0 (compatible; MJ12bot/v1.2.1; http://www.majestic12.co.uk/bot.php?+)" "roomfurnish.com"
206.74.10.235 - - [17/Jul/2008:03:22:40 -0700] "GET /trackorder.html HTTP/1.1" 404 275 "-" "Mozilla/5.0 (compatible; MJ12bot/v1.2.1; http://www.majestic12.co.uk/bot.php?+)" "roomfurnish.com"
206.74.10.235 - - [17/Jul/2008:03:22:41 -0700] "GET /robots.txt HTTP/1.0" 404 275 "http://majestic12.co.uk/bot.php?I=4A34247DBB6DBD6E466FA6E10F2F7FFD-D6B58BA9039A7653-56EDC80E5B8994A3-www.roomfurnish.com" "Mozilla/5.0 (compatible; MJ12bot/v1.2.1; http://www.majestic12.co.uk/bot.php?+)" "www.roomfurnish.com"
206.74.10.235 - - [17/Jul/2008:03:22:42 -0700] "GET /2004style.html HTTP/1.1" 404 275 "-" "Mozilla/5.0 (compatible; MJ12bot/v1.2.1; http://www.majestic12.co.uk/bot.php?+)" "www.roomfurnish.com"
206.74.10.235 - - [17/Jul/2008:03:22:44 -0700] "GET /2005style.html HTTP/1.1" 404 275 "-" "Mozilla/5.0 (compatible; MJ12bot/v1.2.1; http://www.majestic12.co.uk/bot.php?+)" "www.roomfurnish.com"
206.74.10.235 - - [17/Jul/2008:03:22:48 -0700] "GET /239grandesofa.html HTTP/1.1" 404 275 "-" "Mozilla/5.0 (compatible; MJ12bot/v1.2.1; http://www.majestic12.co.uk/bot.php?+)" "www.roomfurnish.com"
206.74.10.235 - - [17/Jul/2008:03:22:50 -0700] "GET /300briosofa.html HTTP/1.1" 404 275 "-" "Mozilla/5.0 (compatible; MJ12bot/v1.2.1; http://www.majestic12.co.uk/bot.php?+)" "www.roomfurnish.com"
206.74.10.235 - - [17/Jul/2008:03:22:52 -0700] "GET /309marinosofa.html HTTP/1.1" 404 275 "-" "Mozilla/5.0 (compatible; MJ12bot/v1.2.1; http://www.majestic12.co.uk/bot.php?+)" "www.roomfurnish.com"
206.74.10.235 - - [17/Jul/2008:03:22:54 -0700] "GET /338caso.html HTTP/1.1" 404 275 "-" "Mozilla/5.0 (compatible; MJ12bot/v1.2.1; http://www.majestic12.co.uk/bot.php?+)" "www.roomfurnish.com"
206.74.10.235 - - [17/Jul/2008:03:22:58 -0700] "GET /a08furiosofa.html HTTP/1.1" 404 275 "-" "Mozilla/5.0 (compatible; MJ12bot/v1.2.1; http://www.majestic12.co.uk/bot.php?+)" "www.roomfurnish.com"
206.74.10.235 - - [17/Jul/2008:03:23:00 -0700] "GET /aboutus.html HTTP/1.1" 404 275 "-" "Mozilla/5.0 (compatible; MJ12bot/v1.2.1; http://www.majestic12.co.uk/bot.php?+)" "www.roomfurnish.com"
206.74.10.235 - - [17/Jul/2008:03:23:02 -0700] "GET /cs.html HTTP/1.1" 404 275 "-" "Mozilla/5.0 (compatible; MJ12bot/v1.2.1; http://www.majestic12.co.uk/bot.php?+)" "www.roomfurnish.com"
206.74.10.235 - - [17/Jul/2008:03:23:03 -0700] "GET /eusogr.html HTTP/1.1" 404 275 "-" "Mozilla/5.0 (compatible; MJ12bot/v1.2.1; http://www.majestic12.co.uk/bot.php?+)" "www.roomfurnish.com"
206.74.10.235 - - [17/Jul/2008:03:23:05 -0700] "GET /faq.html HTTP/1.1" 404 275 "-" "Mozilla/5.0 (compatible; MJ12bot/v1.2.1; http://www.majestic12.co.uk/bot.php?+)" "www.roomfurnish.com"
206.74.10.235 - - [17/Jul/2008:03:23:07 -0700] "GET /ind.html HTTP/1.1" 404 275 "-" "Mozilla/5.0 (compatible; MJ12bot/v1.2.1; http://www.majestic12.co.uk/bot.php?+)" "www.roomfurnish.com"
206.74.10.235 - - [17/Jul/2008:03:23:09 -0700] "GET /index.html HTTP/1.1" 200 1315 "-" "Mozilla/5.0 (compatible; MJ12bot/v1.2.1; http://www.majestic12.co.uk/bot.php?+)" "www.roomfurnish.com"
206.74.10.235 - - [17/Jul/2008:03:23:11 -0700] "GET /lews.html HTTP/1.1" 404 275 "-" "Mozilla/5.0 (compatible; MJ12bot/v1.2.1; http://www.majestic12.co.uk/bot.php?+)" "www.roomfurnish.com"
206.74.10.235 - - [17/Jul/2008:03:23:13 -0700] "GET /romasofagroup.html HTTP/1.1" 404 275 "-" "Mozilla/5.0 (compatible; MJ12bot/v1.2.1; http://www.majestic12.co.uk/bot.php?+)" "www.roomfurnish.com"
206.74.10.235 - - [17/Jul/2008:03:23:15 -0700] "GET /shipping.html HTTP/1.1" 404 275 "-" "Mozilla/5.0 (compatible; MJ12bot/v1.2.1; http://www.majestic12.co.uk/bot.php?+)" "www.roomfurnish.com"
206.74.10.235 - - [17/Jul/2008:03:23:16 -0700] "GET /swatch.html HTTP/1.1" 404 275 "-" "Mozilla/5.0 (compatible; MJ12bot/v1.2.1; http://www.majestic12.co.uk/bot.php?+)" "www.roomfurnish.com"
206.74.10.235 - - [17/Jul/2008:03:23:18 -0700] "GET /terms.html HTTP/1.1" 404 275 "-" "Mozilla/5.0 (compatible; MJ12bot/v1.2.1; http://www.majestic12.co.uk/bot.php?+)" "www.roomfurnish.com"
206.74.10.235 - - [17/Jul/2008:03:23:20 -0700] "GET /trackorder.html HTTP/1.1" 404 275 "-" "Mozilla/5.0 (compatible; MJ12bot/v1.2.1; http://www.majestic12.co.uk/bot.php?+)" "www.roomfurnish.com"
218.47.84.165 - - [17/Jul/2008:04:34:35 -0700] "GET / HTTP/1.0" 200 1315 "http://roomfurnish.com" "Mozilla/4.0 (compatible; MSIE 6.0; Win32)" "roomfurnish.com"
64.124.148.28 - - [17/Jul/2008:05:03:01 -0700] "GET /robots.txt HTTP/1.1" 404 275 "-" "Mozilla/5.0 (compatible; FatBot 2.0; http://www.thefind.com/crawler)" "roomfurnish.com"
64.124.148.28 - - [17/Jul/2008:05:03:53 -0700] "GET / HTTP/1.1" 200 1315 "-" "Mozilla/5.0 (compatible; FatBot 2.0; http://www.thefind.com/crawler)" "roomfurnish.com"
74.6.8.92 - - [17/Jul/2008:05:13:10 -0700] "GET /robots.txt HTTP/1.0" 404 275 "-" "Mozilla/5.0 (compatible; Yahoo! Slurp; http://help.yahoo.com/help/us/ysearch/slurp)" "www.roomfurnish.com"
67.195.98.236 - - [17/Jul/2008:05:13:10 -0700] "GET / HTTP/1.0" 200 1315 "-" "Mozilla/5.0 (compatible; Yahoo! DE Slurp; http://help.yahoo.com/help/us/ysearch/slurp)" "www.roomfurnish.com"
88.131.106.12 - - [17/Jul/2008:05:20:30 -0700] "GET /robots.txt HTTP/1.0" 404 275 "-" "Speedy Spider (http://www.entireweb.com/about/search_tech/speedy_spider/)" "roomfurnish.com"
88.131.106.12 - - [17/Jul/2008:05:20:30 -0700] "GET /a30.html HTTP/1.0" 404 275 "-" "Speedy Spider (http://www.entireweb.com/about/search_tech/speedy_spider/)" "roomfurnish.com"
88.131.106.12 - - [17/Jul/2008:05:21:11 -0700] "GET /g-2031.html HTTP/1.0" 404 275 "-" "Speedy Spider (http://www.entireweb.com/about/search_tech/speedy_spider/)" "roomfurnish.com"
88.131.106.12 - - [17/Jul/2008:05:21:13 -0700] "GET /g-2131.html HTTP/1.0" 404 275 "-" "Speedy Spider (http://www.entireweb.com/about/search_tech/speedy_spider/)" "roomfurnish.com"
88.131.106.12 - - [17/Jul/2008:05:21:14 -0700] "GET /g-1931.html HTTP/1.0" 404 275 "-" "Speedy Spider (http://www.entireweb.com/about/search_tech/speedy_spider/)" "roomfurnish.com"
78.131.36.39 - - [17/Jul/2008:05:52:49 -0700] "GET /robots.txt HTTP/1.1" 404 275 "-" "boitho.com-dc/0.82 ( http://www.boitho.com/dcbot.html )" "roomfurnish.com"
74.6.24.172 - - [17/Jul/2008:07:40:42 -0700] "GET /robots.txt HTTP/1.0" 404 275 "-" "Mozilla/5.0 (compatible; Yahoo! Slurp; http://help.yahoo.com/help/us/ysearch/slurp)" "www.roomfurnish.com"
74.6.76.45 - - [17/Jul/2008:07:40:43 -0700] "GET / HTTP/1.0" 200 1315 "-" "Mozilla/5.0 (compatible; Yahoo! DE Slurp; http://help.yahoo.com/help/us/ysearch/slurp)" "www.roomfurnish.com"
202.160.180.184 - - [17/Jul/2008:11:34:52 -0700] "GET /robots.txt HTTP/1.0" 404 275 "-" "Mozilla/5.0 (compatible; Yahoo! Slurp China; http://misc.yahoo.com.cn/help.html)" "roomfurnish.com"
202.160.178.82 - - [17/Jul/2008:11:34:53 -0700] "GET / HTTP/1.0" 304 - "-" "Mozilla/5.0 (compatible; Yahoo! Slurp China; http://misc.yahoo.com.cn/help.html)" "roomfurnish.com"
194.153.113.20 - - [17/Jul/2008:14:19:46 -0700] "GET /robots.txt HTTP/1.1" 404 275 "-" "Mozilla/4.0 (compatible; MSIE 5.5; Windows NT 4.0; obot)" "www.roomfurnish.com"
194.153.113.20 - - [17/Jul/2008:14:19:46 -0700] "GET /organiccoffee.html HTTP/1.1" 404 275 "-" "Mozilla/4.0 (compatible; MSIE 5.5; Windows NT 4.0; obot)" "www.roomfurnish.com"
194.153.113.20 - - [17/Jul/2008:14:19:47 -0700] "GET /a08furiosofa.html HTTP/1.1" 404 275 "-" "Mozilla/4.0 (compatible; MSIE 5.5; Windows NT 4.0; obot)" "www.roomfurnish.com"
194.153.113.20 - - [17/Jul/2008:14:19:47 -0700] "GET /300briosofa.html HTTP/1.1" 404 275 "-" "Mozilla/4.0 (compatible; MSIE 5.5; Windows NT 4.0; obot)" "www.roomfurnish.com"
194.153.113.20 - - [17/Jul/2008:14:19:48 -0700] "GET /shipping.html HTTP/1.1" 404 275 "-" "Mozilla/4.0 (compatible; MSIE 5.5; Windows NT 4.0; obot)" "www.roomfurnish.com"
194.153.113.20 - - [17/Jul/2008:14:19:48 -0700] "GET /2004style.html HTTP/1.1" 404 275 "-" "Mozilla/4.0 (compatible; MSIE 5.5; Windows NT 4.0; obot)" "www.roomfurnish.com"
194.153.113.20 - - [17/Jul/2008:14:19:49 -0700] "GET /aboutus.html HTTP/1.1" 404 275 "-" "Mozilla/4.0 (compatible; MSIE 5.5; Windows NT 4.0; obot)" "www.roomfurnish.com"
194.153.113.20 - - [17/Jul/2008:14:19:50 -0700] "GET / HTTP/1.1" 200 1315 "-" "Mozilla/4.0 (compatible; MSIE 5.5; Windows NT 4.0; obot)" "www.roomfurnish.com"
194.153.113.20 - - [17/Jul/2008:14:19:51 -0700] "GET /295soso.html HTTP/1.1" 404 275 "-" "Mozilla/4.0 (compatible; MSIE 5.5; Windows NT 4.0; obot)" "www.roomfurnish.com"
194.153.113.20 - - [17/Jul/2008:14:19:54 -0700] "GET /302bariasofa.html HTTP/1.1" 404 275 "-" "Mozilla/4.0 (compatible; MSIE 5.5; Windows NT 4.0; obot)" "www.roomfurnish.com"
194.153.113.20 - - [17/Jul/2008:14:19:55 -0700] "GET /301barlettsofa.html HTTP/1.1" 404 275 "-" "Mozilla/4.0 (compatible; MSIE 5.5; Windows NT 4.0; obot)" "www.roomfurnish.com"
194.153.113.20 - - [17/Jul/2008:14:19:55 -0700] "GET /cs.html HTTP/1.1" 404 275 "-" "Mozilla/4.0 (compatible; MSIE 5.5; Windows NT 4.0; obot)" "www.roomfurnish.com"
194.153.113.20 - - [17/Jul/2008:14:19:56 -0700] "GET /g17mach.html HTTP/1.1" 404 275 "-" "Mozilla/4.0 (compatible; MSIE 5.5; Windows NT 4.0; obot)" "www.roomfurnish.com"
194.153.113.20 - - [17/Jul/2008:14:19:56 -0700] "GET /239grandesofa.html HTTP/1.1" 404 275 "-" "Mozilla/4.0 (compatible; MSIE 5.5; Windows NT 4.0; obot)" "www.roomfurnish.com"
194.153.113.20 - - [17/Jul/2008:14:19:57 -0700] "GET /a28.html HTTP/1.1" 404 275 "-" "Mozilla/4.0 (compatible; MSIE 5.5; Windows NT 4.0; obot)" "www.roomfurnish.com"
194.153.113.20 - - [17/Jul/2008:14:19:57 -0700] "GET /trackorder.html HTTP/1.1" 404 275 "-" "Mozilla/4.0 (compatible; MSIE 5.5; Windows NT 4.0; obot)" "www.roomfurnish.com"
194.153.113.20 - - [17/Jul/2008:14:19:58 -0700] "GET /faq.html HTTP/1.1" 404 275 "-" "Mozilla/4.0 (compatible; MSIE 5.5; Windows NT 4.0; obot)" "www.roomfurnish.com"
194.153.113.20 - - [17/Jul/2008:14:19:58 -0700] "GET /eusogr.html HTTP/1.1" 404 275 "-" "Mozilla/4.0 (compatible; MSIE 5.5; Windows NT 4.0; obot)" "www.roomfurnish.com"
194.153.113.20 - - [17/Jul/2008:14:19:59 -0700] "GET /369cortonasofa.html HTTP/1.1" 404 275 "-" "Mozilla/4.0 (compatible; MSIE 5.5; Windows NT 4.0; obot)" "www.roomfurnish.com"
194.153.113.20 - - [17/Jul/2008:14:19:59 -0700] "GET /372pisasofa.html HTTP/1.1" 404 275 "-" "Mozilla/4.0 (compatible; MSIE 5.5; Windows NT 4.0; obot)" "www.roomfurnish.com"
194.153.113.20 - - [17/Jul/2008:14:19:59 -0700] "GET /a50disl.html HTTP/1.1" 404 275 "-" "Mozilla/4.0 (compatible; MSIE 5.5; Windows NT 4.0; obot)" "www.roomfurnish.com"
194.153.113.20 - - [17/Jul/2008:14:20:00 -0700] "GET /322nicollesofa.html HTTP/1.1" 404 275 "-" "Mozilla/4.0 (compatible; MSIE 5.5; Windows NT 4.0; obot)" "www.roomfurnish.com"
194.153.113.20 - - [17/Jul/2008:14:20:01 -0700] "GET /306poso.html HTTP/1.1" 404 275 "-" "Mozilla/4.0 (compatible; MSIE 5.5; Windows NT 4.0; obot)" "www.roomfurnish.com"
194.153.113.20 - - [17/Jul/2008:14:20:01 -0700] "GET /361fuziosofa.html HTTP/1.1" 404 275 "-" "Mozilla/4.0 (compatible; MSIE 5.5; Windows NT 4.0; obot)" "www.roomfurnish.com"
194.153.113.20 - - [17/Jul/2008:14:20:01 -0700] "GET /roomfurnish HTTP/1.1" 404 275 "-" "Mozilla/4.0 (compatible; MSIE 5.5; Windows NT 4.0; obot)" "www.roomfurnish.com"
194.153.113.20 - - [17/Jul/2008:14:20:02 -0700] "GET /sectionalgroup.html HTTP/1.1" 404 275 "-" "Mozilla/4.0 (compatible; MSIE 5.5; Windows NT 4.0; obot)" "www.roomfurnish.com"
194.153.113.20 - - [17/Jul/2008:14:20:02 -0700] "GET /c12hollandsofa.html HTTP/1.1" 404 275 "-" "Mozilla/4.0 (compatible; MSIE 5.5; Windows NT 4.0; obot)" "www.roomfurnish.com"
194.153.113.20 - - [17/Jul/2008:14:20:03 -0700] "GET /338caso.html HTTP/1.1" 404 275 "-" "Mozilla/4.0 (compatible; MSIE 5.5; Windows NT 4.0; obot)" "www.roomfurnish.com"
194.153.113.20 - - [17/Jul/2008:14:20:04 -0700] "GET /gourmetcoffee.html HTTP/1.1" 404 275 "-" "Mozilla/4.0 (compatible; MSIE 5.5; Windows NT 4.0; obot)" "www.roomfurnish.com"
194.153.113.20 - - [17/Jul/2008:14:20:04 -0700] "GET /terms.html HTTP/1.1" 404 275 "-" "Mozilla/4.0 (compatible; MSIE 5.5; Windows NT 4.0; obot)" "www.roomfurnish.com"
194.153.113.20 - - [17/Jul/2008:14:20:05 -0700] "GET /287minitasofa.html HTTP/1.1" 404 275 "-" "Mozilla/4.0 (compatible; MSIE 5.5; Windows NT 4.0; obot)" "www.roomfurnish.com"
194.153.113.20 - - [17/Jul/2008:14:20:05 -0700] "GET /352lovesofa.html HTTP/1.1" 404 275 "-" "Mozilla/4.0 (compatible; MSIE 5.5; Windows NT 4.0; obot)" "www.roomfurnish.com"
194.153.113.20 - - [17/Jul/2008:14:20:06 -0700] "GET /a50.html HTTP/1.1" 404 275 "-" "Mozilla/4.0 (compatible; MSIE 5.5; Windows NT 4.0; obot)" "www.roomfurnish.com"
194.153.113.20 - - [17/Jul/2008:14:20:06 -0700] "GET /b3trso.html HTTP/1.1" 404 275 "-" "Mozilla/4.0 (compatible; MSIE 5.5; Windows NT 4.0; obot)" "www.roomfurnish.com"
194.153.113.20 - - [17/Jul/2008:14:20:07 -0700] "GET /sitemap.html HTTP/1.1" 404 275 "-" "Mozilla/4.0 (compatible; MSIE 5.5; Windows NT 4.0; obot)" "www.roomfurnish.com"
194.153.113.20 - - [17/Jul/2008:14:20:07 -0700] "GET /privacypolicy.html HTTP/1.1" 404 275 "-" "Mozilla/4.0 (compatible; MSIE 5.5; Windows NT 4.0; obot)" "www.roomfurnish.com"
194.153.113.20 - - [17/Jul/2008:14:20:08 -0700] "GET /212boldsofa.html HTTP/1.1" 404 275 "-" "Mozilla/4.0 (compatible; MSIE 5.5; Windows NT 4.0; obot)" "www.roomfurnish.com"
194.153.113.20 - - [17/Jul/2008:14:20:08 -0700] "GET /358miniatosofa.html HTTP/1.1" 404 275 "-" "Mozilla/4.0 (compatible; MSIE 5.5; Windows NT 4.0; obot)" "www.roomfurnish.com"
194.153.113.20 - - [17/Jul/2008:14:20:09 -0700] "GET /a41cach.html HTTP/1.1" 404 275 "-" "Mozilla/4.0 (compatible; MSIE 5.5; Windows NT 4.0; obot)" "www.roomfurnish.com"
194.153.113.20 - - [17/Jul/2008:14:20:09 -0700] "GET /a46.html HTTP/1.1" 404 275 "-" "Mozilla/4.0 (compatible; MSIE 5.5; Windows NT 4.0; obot)" "www.roomfurnish.com"
194.153.113.20 - - [17/Jul/2008:14:20:10 -0700] "GET /sisogr.html HTTP/1.1" 404 275 "-" "Mozilla/4.0 (compatible; MSIE 5.5; Windows NT 4.0; obot)" "www.roomfurnish.com"
194.153.113.20 - - [17/Jul/2008:14:20:10 -0700] "GET /a41.html HTTP/1.1" 404 275 "-" "Mozilla/4.0 (compatible; MSIE 5.5; Windows NT 4.0; obot)" "www.roomfurnish.com"
194.153.113.20 - - [17/Jul/2008:14:20:10 -0700] "GET /origincoffee.html HTTP/1.1" 404 275 "-" "Mozilla/4.0 (compatible; MSIE 5.5; Windows NT 4.0; obot)" "www.roomfurnish.com"
194.153.113.20 - - [17/Jul/2008:14:20:11 -0700] "GET /269riggiosofa.html HTTP/1.1" 404 275 "-" "Mozilla/4.0 (compatible; MSIE 5.5; Windows NT 4.0; obot)" "www.roomfurnish.com"
194.153.113.20 - - [17/Jul/2008:14:20:11 -0700] "GET /309marinosofa.html HTTP/1.1" 404 275 "-" "Mozilla/4.0 (compatible; MSIE 5.5; Windows NT 4.0; obot)" "www.roomfurnish.com"
194.153.113.20 - - [17/Jul/2008:14:20:12 -0700] "GET /ind.html HTTP/1.1" 404 275 "-" "Mozilla/4.0 (compatible; MSIE 5.5; Windows NT 4.0; obot)" "www.roomfurnish.com"
194.153.113.20 - - [17/Jul/2008:14:20:13 -0700] "GET /a30.html HTTP/1.1" 404 275 "-" "Mozilla/4.0 (compatible; MSIE 5.5; Windows NT 4.0; obot)" "www.roomfurnish.com"
194.153.113.20 - - [17/Jul/2008:14:20:13 -0700] "GET /chlogr.html HTTP/1.1" 404 275 "-" "Mozilla/4.0 (compatible; MSIE 5.5; Windows NT 4.0; obot)" "www.roomfurnish.com"
194.153.113.20 - - [17/Jul/2008:14:20:13 -0700] "GET /boldsofagroup.html HTTP/1.1" 404 275 "-" "Mozilla/4.0 (compatible; MSIE 5.5; Windows NT 4.0; obot)" "www.roomfurnish.com"
194.153.113.20 - - [17/Jul/2008:14:20:14 -0700] "GET /290colanosofa.html HTTP/1.1" 404 275 "-" "Mozilla/4.0 (compatible; MSIE 5.5; Windows NT 4.0; obot)" "www.roomfurnish.com"
194.153.113.20 - - [17/Jul/2008:14:20:14 -0700] "GET /299elegantsofa.html HTTP/1.1" 404 275 "-" "Mozilla/4.0 (compatible; MSIE 5.5; Windows NT 4.0; obot)" "www.roomfurnish.com"
194.153.113.20 - - [17/Jul/2008:14:20:15 -0700] "GET /b3riso.html HTTP/1.1" 404 275 "-" "Mozilla/4.0 (compatible; MSIE 5.5; Windows NT 4.0; obot)" "www.roomfurnish.com"
194.153.113.20 - - [17/Jul/2008:14:20:15 -0700] "GET /212giso.html HTTP/1.1" 404 275 "-" "Mozilla/4.0 (compatible; MSIE 5.5; Windows NT 4.0; obot)" "www.roomfurnish.com"
194.153.113.20 - - [17/Jul/2008:14:20:16 -0700] "GET /a55.html HTTP/1.1" 404 275 "-" "Mozilla/4.0 (compatible; MSIE 5.5; Windows NT 4.0; obot)" "www.roomfurnish.com"
194.153.113.20 - - [17/Jul/2008:14:20:16 -0700] "GET /a52.html HTTP/1.1" 404 275 "-" "Mozilla/4.0 (compatible; MSIE 5.5; Windows NT 4.0; obot)" "www.roomfurnish.com"
194.153.113.20 - - [17/Jul/2008:14:20:17 -0700] "GET /a48.html HTTP/1.1" 404 275 "-" "Mozilla/4.0 (compatible; MSIE 5.5; Windows NT 4.0; obot)" "www.roomfurnish.com"
194.153.113.20 - - [17/Jul/2008:14:20:17 -0700] "GET /comfysofagroup.html HTTP/1.1" 404 275 "-" "Mozilla/4.0 (compatible; MSIE 5.5; Windows NT 4.0; obot)" "www.roomfurnish.com"
194.153.113.20 - - [17/Jul/2008:14:20:18 -0700] "GET /info.html HTTP/1.1" 404 275 "-" "Mozilla/4.0 (compatible; MSIE 5.5; Windows NT 4.0; obot)" "www.roomfurnish.com"
194.153.113.20 - - [17/Jul/2008:14:20:19 -0700] "GET /a39.html HTTP/1.1" 404 275 "-" "Mozilla/4.0 (compatible; MSIE 5.5; Windows NT 4.0; obot)" "www.roomfurnish.com"
194.153.113.20 - - [17/Jul/2008:14:20:19 -0700] "GET /312terrasofa.html HTTP/1.1" 404 275 "-" "Mozilla/4.0 (compatible; MSIE 5.5; Windows NT 4.0; obot)" "www.roomfurnish.com"
194.153.113.20 - - [17/Jul/2008:14:20:20 -0700] "GET /b359monzasofa.html HTTP/1.1" 404 275 "-" "Mozilla/4.0 (compatible; MSIE 5.5; Windows NT 4.0; obot)" "www.roomfurnish.com"
194.153.113.20 - - [17/Jul/2008:14:20:20 -0700] "GET /2005style.html HTTP/1.1" 404 275 "-" "Mozilla/4.0 (compatible; MSIE 5.5; Windows NT 4.0; obot)" "www.roomfurnish.com"
194.153.113.20 - - [17/Jul/2008:14:20:21 -0700] "GET /contactus.html HTTP/1.1" 404 275 "-" "Mozilla/4.0 (compatible; MSIE 5.5; Windows NT 4.0; obot)" "www.roomfurnish.com"
208.80.193.37 - - [17/Jul/2008:19:17:56 -0700] "GET / HTTP/1.0" 200 1315 "-" "Mozilla/4.0 (compatible; MSIE 6.0; Windows NT 5.1; SV1; MEGAUPLOAD 1.0; HbTools 4.8.4)" "www.roomfurnish.com"
208.80.193.37 - - [17/Jul/2008:19:17:56 -0700] "GET / HTTP/1.0" 200 1315 "-" "Mozilla/4.0 (compatible; MSIE 6.0; Windows NT 5.1; SV1; LocalNet3; .NET CLR 1.0.3705; .NET CLR 1.1.4322; Media Center PC 4.0; .NET CLR 2.0.50727)" "roomfurnish.com"
67.152.29.130 - - [17/Jul/2008:20:10:47 -0700] "GET /robots.txt HTTP/1.1" 404 275 "-" "ShopWiki/1.0 ( +http://www.shopwiki.com/wiki/Help:Bot)" "www.roomfurnish.com"
67.152.29.130 - - [17/Jul/2008:20:10:47 -0700] "GET / HTTP/1.1" 200 1315 "-" "ShopWiki/1.0 ( +http://www.shopwiki.com/wiki/Help:Bot)" "www.roomfurnish.com"
67.152.29.130 - - [17/Jul/2008:20:11:46 -0700] "GET / HTTP/1.1" 200 1315 "-" "ShopWiki/1.0 ( +http://www.shopwiki.com/wiki/Help:Bot)" "www.roomfurnish.com"
67.152.29.130 - - [17/Jul/2008:20:11:47 -0700] "GET / HTTP/1.1" 200 1315 "-" "ShopWiki/1.0 ( +http://www.shopwiki.com/wiki/Help:Bot)" "www.roomfurnish.com"
66.235.112.5 - - [17/Jul/2008:22:20:39 -0700] "GET /robots.txt HTTP/1.0" 404 275 "-" "Mozilla/5.0 (compatible; Ask Jeeves/Teoma; +http://about.ask.com/en/docs/about/webmasters.shtml)" "www.roomfurnish.com"
66.235.112.5 - - [17/Jul/2008:22:20:39 -0700] "GET /361fuziosofa.html HTTP/1.0" 404 275 "-" "Mozilla/5.0 (compatible; Ask Jeeves/Teoma; +http://about.ask.com/en/docs/about/webmasters.shtml)" "www.roomfurnish.com"
88.131.106.12 - - [17/Jul/2008:22:34:17 -0700] "GET /robots.txt HTTP/1.0" 404 275 "-" "Speedy Spider (http://www.entireweb.com/about/search_tech/speedy_spider/)" "roomfurnish.com"
88.131.106.12 - - [17/Jul/2008:22:34:18 -0700] "GET /2005style.html HTTP/1.0" 404 275 "-" "Speedy Spider (http://www.entireweb.com/about/search_tech/speedy_spider/)" "roomfurnish.com"
88.131.106.12 - - [17/Jul/2008:22:38:24 -0700] "GET /2004style.html HTTP/1.0" 404 275 "-" "Speedy Spider (http://www.entireweb.com/about/search_tech/speedy_spider/)" "roomfurnish.com"
88.131.106.12 - - [17/Jul/2008:23:30:01 -0700] "GET /a41cach.html HTTP/1.0" 404 275 "-" "Speedy Spider (http://www.entireweb.com/about/search_tech/speedy_spider/)" "roomfurnish.com"
74.6.8.103 - - [18/Jul/2008:01:36:55 -0700] "GET /robots.txt HTTP/1.0" 404 275 "-" "Mozilla/5.0 (compatible; Yahoo! Slurp; http://help.yahoo.com/help/us/ysearch/slurp)" "www.roomfurnish.com"
74.6.31.164 - - [18/Jul/2008:01:36:56 -0700] "GET / HTTP/1.0" 200 1315 "-" "Mozilla/5.0 (compatible; Yahoo! DE Slurp; http://help.yahoo.com/help/us/ysearch/slurp)" "www.roomfurnish.com"
66.235.112.5 - - [18/Jul/2008:02:05:30 -0700] "GET /a38.html HTTP/1.0" 404 275 "-" "Mozilla/5.0 (compatible; Ask Jeeves/Teoma; +http://about.ask.com/en/docs/about/webmasters.shtml)" "www.roomfurnish.com"
67.205.96.152 - - [18/Jul/2008:02:49:09 -0700] "GET /? HTTP/1.0" 200 1315 "-" "Mozilla/4.0 (compatible; MSIE 6.0; Windows NT 5.0)" "roomfurnish.com"
72.249.60.74 - - [18/Jul/2008:03:49:53 -0700] "GET /robots.txt HTTP/1.0" 404 275 "-" "VisBot/2.0 (Visvo.com Crawler; http://www.visvo.com/bot.html; bot@visvo.com)" "roomfurnish.com"
72.249.60.74 - - [18/Jul/2008:03:49:53 -0700] "GET / HTTP/1.0" 200 1315 "-" "VisBot/2.0 (Visvo.com Crawler; http://www.visvo.com/bot.html; bot@visvo.com)" "roomfurnish.com"
67.195.98.236 - - [18/Jul/2008:06:01:41 -0700] "GET / HTTP/1.0" 200 1315 "-" "Mozilla/5.0 (compatible; Yahoo! DE Slurp; http://help.yahoo.com/help/us/ysearch/slurp)" "www.roomfurnish.com"
66.88.181.178 - - [18/Jul/2008:06:41:15 -0700] "GET /leathersofa.html?OVRAW=Contemporary%20furniture&OVKEY=contemporary%20furniture&OVMTC=standard HTTP/1.1" 404 275 "-" "Mozilla/4.0 (compatible; MSIE 7.0; Windows NT 5.1; .NET CLR 2.0.50727; InfoPath.1; .NET CLR 1.1.4322)" "www.roomfurnish.com"
88.131.106.12 - - [18/Jul/2008:07:01:58 -0700] "GET /robots.txt HTTP/1.0" 404 275 "-" "Speedy Spider (http://www.entireweb.com/about/search_tech/speedy_spider/)" "roomfurnish.com"
88.131.106.12 - - [18/Jul/2008:07:01:58 -0700] "GET /lesw.html HTTP/1.0" 404 275 "-" "Speedy Spider (http://www.entireweb.com/about/search_tech/speedy_spider/)" "roomfurnish.com"
64.1.215.165 - - [18/Jul/2008:07:27:01 -0700] "GET /robots.txt HTTP/1.0" 404 275 "-" "Mozilla/5.0 (Twiceler-0.9 http://www.cuill.com/twiceler/robot.html)" "roomfurnish.com"
67.152.29.130 - - [18/Jul/2008:10:17:57 -0700] "GET /robots.txt HTTP/1.1" 404 275 "-" "ShopWiki/1.0 ( +http://www.shopwiki.com/wiki/Help:Bot)" "www.roomfurnish.com"
67.152.29.130 - - [18/Jul/2008:10:17:58 -0700] "GET / HTTP/1.1" 200 1315 "-" "ShopWiki/1.0 ( +http://www.shopwiki.com/wiki/Help:Bot)" "www.roomfurnish.com"
67.152.29.130 - - [18/Jul/2008:10:18:15 -0700] "GET / HTTP/1.1" 200 1315 "-" "ShopWiki/1.0 ( +http://www.shopwiki.com/wiki/Help:Bot)" "www.roomfurnish.com"
67.152.29.130 - - [18/Jul/2008:10:18:16 -0700] "GET / HTTP/1.1" 200 1315 "-" "ShopWiki/1.0 ( +http://www.shopwiki.com/wiki/Help:Bot)" "www.roomfurnish.com"
74.6.25.114 - - [18/Jul/2008:10:45:38 -0700] "GET /robots.txt HTTP/1.0" 404 275 "-" "Mozilla/5.0 (compatible; Yahoo! Slurp; http://help.yahoo.com/help/us/ysearch/slurp)" "www.roomfurnish.com"
74.6.76.45 - - [18/Jul/2008:10:45:39 -0700] "GET / HTTP/1.0" 200 1315 "-" "Mozilla/5.0 (compatible; Yahoo! DE Slurp; http://help.yahoo.com/help/us/ysearch/slurp)" "www.roomfurnish.com"
193.252.149.16 - - [18/Jul/2008:10:59:46 -0700] "GET / HTTP/1.1" 200 1315 "-" "Mozilla/5.0 (Windows; U; Windows NT 5.1; fr; rv:1.8.1) VoilaBot BETA 1.2 (support.voilabot@orange-ftgroup.com)" "www.roomfurnish.com"
67.152.29.130 - - [18/Jul/2008:11:50:07 -0700] "GET / HTTP/1.1" 200 1315 "-" "ShopWiki/1.0 ( +http://www.shopwiki.com/wiki/Help:Bot)" "www.roomfurnish.com"
67.152.29.130 - - [18/Jul/2008:11:50:07 -0700] "GET / HTTP/1.1" 200 1315 "-" "ShopWiki/1.0 ( +http://www.shopwiki.com/wiki/Help:Bot)" "www.roomfurnish.com"
88.131.106.12 - - [18/Jul/2008:12:49:22 -0700] "GET /robots.txt HTTP/1.0" 404 275 "-" "Speedy Spider (http://www.entireweb.com/about/search_tech/speedy_spider/)" "www.roomfurnish.com"
88.131.106.12 - - [18/Jul/2008:12:49:22 -0700] "GET /336brso.html HTTP/1.0" 404 275 "-" "Speedy Spider (http://www.entireweb.com/about/search_tech/speedy_spider/)" "www.roomfurnish.com"
88.131.106.12 - - [18/Jul/2008:12:53:49 -0700] "GET /robots.txt HTTP/1.0" 404 275 "-" "Speedy Spider (http://www.entireweb.com/about/search_tech/speedy_spider/)" "roomfurnish.com"
88.131.106.12 - - [18/Jul/2008:12:53:56 -0700] "GET /306poso.html HTTP/1.0" 404 275 "-" "Speedy Spider (http://www.entireweb.com/about/search_tech/speedy_spider/)" "roomfurnish.com"
88.131.106.12 - - [18/Jul/2008:13:03:59 -0700] "GET /236caso.html HTTP/1.0" 404 275 "-" "Speedy Spider (http://www.entireweb.com/about/search_tech/speedy_spider/)" "roomfurnish.com"
88.131.106.12 - - [18/Jul/2008:13:04:40 -0700] "GET /298vaso.html HTTP/1.0" 404 275 "-" "Speedy Spider (http://www.entireweb.com/about/search_tech/speedy_spider/)" "roomfurnish.com"
88.131.106.12 - - [18/Jul/2008:13:04:42 -0700] "GET /295soso.html HTTP/1.0" 404 275 "-" "Speedy Spider (http://www.entireweb.com/about/search_tech/speedy_spider/)" "roomfurnish.com"
88.131.106.12 - - [18/Jul/2008:13:07:31 -0700] "GET /212giso.html HTTP/1.0" 404 275 "-" "Speedy Spider (http://www.entireweb.com/about/search_tech/speedy_spider/)" "roomfurnish.com"
67.152.29.130 - - [18/Jul/2008:16:08:04 -0700] "GET /robots.txt HTTP/1.1" 404 275 "-" "ShopWiki/1.0 ( +http://www.shopwiki.com/wiki/Help:Bot)" "www.roomfurnish.com"
67.152.29.130 - - [18/Jul/2008:16:08:49 -0700] "GET / HTTP/1.1" 200 1315 "-" "ShopWiki/1.0 ( +http://www.shopwiki.com/wiki/Help:Bot)" "www.roomfurnish.com"
67.152.29.130 - - [18/Jul/2008:16:08:50 -0700] "GET / HTTP/1.1" 200 1315 "-" "ShopWiki/1.0 ( +http://www.shopwiki.com/wiki/Help:Bot)" "www.roomfurnish.com"
88.131.106.12 - - [18/Jul/2008:18:03:57 -0700] "GET /robots.txt HTTP/1.0" 404 275 "-" "Speedy Spider (http://www.entireweb.com/about/search_tech/speedy_spider/)" "roomfurnish.com"
88.131.106.12 - - [18/Jul/2008:18:03:57 -0700] "GET /355florence.html HTTP/1.0" 404 275 "-" "Speedy Spider (http://www.entireweb.com/about/search_tech/speedy_spider/)" "roomfurnish.com"
12.179.64.134 - - [18/Jul/2008:18:45:18 -0700] "GET / HTTP/1.1" 200 1315 "-" "Mozilla/5.0 (Windows; U; Windows NT 5.1; en-US; rv:1.8.1.15) Gecko/20080623 Firefox/2.0.0.15" "www.roomfurnish.com"
71.180.23.64 - - [18/Jul/2008:18:45:18 -0700] "GET / HTTP/1.1" 200 1315 "-" "Mozilla/5.0 (X11; U; Linux i686; en-US; rv:1.8.1.15) Gecko/20080612 Iceweasel/2.0.0.15 (Debian-2.0.0.15-0etch1)" "www.roomfurnish.com"
157.82.233.232 - - [18/Jul/2008:18:45:18 -0700] "GET / HTTP/1.0" 200 1315 "http://random.yahoo.com/fast/ryl" "webcollage/1.117" "www.roomfurnish.com"
88.131.106.12 - - [18/Jul/2008:19:12:10 -0700] "GET /358miniatosofa.html HTTP/1.0" 404 275 "-" "Speedy Spider (http://www.entireweb.com/about/search_tech/speedy_spider/)" "roomfurnish.com"
88.131.106.12 - - [18/Jul/2008:19:14:04 -0700] "GET /365masianosofa.html HTTP/1.0" 404 275 "-" "Speedy Spider (http://www.entireweb.com/about/search_tech/speedy_spider/)" "roomfurnish.com"
67.152.29.130 - - [18/Jul/2008:19:16:11 -0700] "GET /robots.txt HTTP/1.1" 404 275 "-" "ShopWiki/1.0 ( +http://www.shopwiki.com/wiki/Help:Bot)" "www.roomfurnish.com"
67.152.29.130 - - [18/Jul/2008:19:16:11 -0700] "GET / HTTP/1.1" 200 1315 "-" "ShopWiki/1.0 ( +http://www.shopwiki.com/wiki/Help:Bot)" "www.roomfurnish.com"
67.152.29.130 - - [18/Jul/2008:19:16:13 -0700] "GET / HTTP/1.1" 200 1315 "-" "ShopWiki/1.0 ( +http://www.shopwiki.com/wiki/Help:Bot)" "www.roomfurnish.com"
67.152.29.130 - - [18/Jul/2008:19:16:14 -0700] "GET / HTTP/1.1" 200 1315 "-" "ShopWiki/1.0 ( +http://www.shopwiki.com/wiki/Help:Bot)" "www.roomfurnish.com"
98.173.26.143 - - [18/Jul/2008:19:55:51 -0700] "GET /robots.txt HTTP/1.0" 404 275 "-" "envolk/1.7 (+http://www.envolk.com/envolkspiderinfo.html)" "roomfurnish.com"
88.131.106.12 - - [18/Jul/2008:20:03:47 -0700] "GET /950imso.html HTTP/1.0" 404 275 "-" "Speedy Spider (http://www.entireweb.com/about/search_tech/speedy_spider/)" "roomfurnish.com"
88.131.106.12 - - [18/Jul/2008:20:09:22 -0700] "GET /comfysofagroup.html HTTP/1.0" 404 275 "-" "Speedy Spider (http://www.entireweb.com/about/search_tech/speedy_spider/)" "roomfurnish.com"
88.131.106.12 - - [18/Jul/2008:20:11:51 -0700] "GET /g-2130.html HTTP/1.0" 404 275 "-" "Speedy Spider (http://www.entireweb.com/about/search_tech/speedy_spider/)" "roomfurnish.com"
88.131.106.12 - - [18/Jul/2008:20:11:53 -0700] "GET /g-1930.html HTTP/1.0" 404 275 "-" "Speedy Spider (http://www.entireweb.com/about/search_tech/speedy_spider/)" "roomfurnish.com"
88.131.106.12 - - [18/Jul/2008:20:17:23 -0700] "GET /g-2033.html HTTP/1.0" 404 275 "-" "Speedy Spider (http://www.entireweb.com/about/search_tech/speedy_spider/)" "roomfurnish.com"
88.131.106.12 - - [18/Jul/2008:20:17:24 -0700] "GET /g-1933.html HTTP/1.0" 404 275 "-" "Speedy Spider (http://www.entireweb.com/about/search_tech/speedy_spider/)" "roomfurnish.com"
208.80.193.33 - - [18/Jul/2008:22:45:28 -0700] "GET / HTTP/1.0" 200 1315 "-" "Mozilla/4.0 (compatible; MSIE 6.0; Windows NT 5.1; FunWebProducts; SV1; MSN 6.1; MSNbMSFT; MSNmen-gb; MSNc0z; MSNc00)" "roomfurnish.com"
208.80.193.33 - - [18/Jul/2008:22:45:28 -0700] "GET / HTTP/1.0" 200 1315 "-" "Mozilla/4.0 (compatible; MSIE 7.0; Windows NT 5.1; SIMBAR={6DAFCAF3-EB72-495f-934E-F9A97C0A64C5}; .NET CLR 1.1.4322; InfoPath.1)" "www.roomfurnish.com"
216.64.169.240 - - [19/Jul/2008:01:50:21 -0700] "GET / HTTP/1.1" 200 1315 "-" "Mozilla/4.0 (compatible; MSIE 6.0; Windows NT 5.0; .NET CLR 1.0.3705; .NET CLR 1.1.4322)" "roomfurnish.com"
88.131.106.12 - - [19/Jul/2008:02:40:29 -0700] "GET /robots.txt HTTP/1.0" 404 275 "-" "Speedy Spider (http://www.entireweb.com/about/search_tech/speedy_spider/)" "roomfurnish.com"
88.131.106.12 - - [19/Jul/2008:02:40:29 -0700] "GET /b359monzasofa.html HTTP/1.0" 404 275 "-" "Speedy Spider (http://www.entireweb.com/about/search_tech/speedy_spider/)" "roomfurnish.com"
74.6.8.103 - - [19/Jul/2008:02:46:44 -0700] "GET /robots.txt HTTP/1.0" 404 275 "-" "Mozilla/5.0 (compatible; Yahoo! Slurp; http://help.yahoo.com/help/us/ysearch/slurp)" "www.roomfurnish.com"
74.6.31.164 - - [19/Jul/2008:02:46:44 -0700] "GET / HTTP/1.0" 200 1315 "-" "Mozilla/5.0 (compatible; Yahoo! DE Slurp; http://help.yahoo.com/help/us/ysearch/slurp)" "www.roomfurnish.com"
193.252.149.16 - - [19/Jul/2008:03:59:36 -0700] "GET / HTTP/1.1" 200 1315 "-" "Mozilla/5.0 (Windows; U; Windows NT 5.1; fr; rv:1.8.1) VoilaBot BETA 1.2 (support.voilabot@orange-ftgroup.com)" "roomfurnish.com"
208.36.144.10 - - [19/Jul/2008:04:57:51 -0700] "GET /robots.txt HTTP/1.0" 404 275 "-" "Mozilla/5.0 (Twiceler-0.9 http://www.cuill.com/twiceler/robot.html)" "www.roomfurnish.com"
74.6.8.125 - - [19/Jul/2008:06:31:12 -0700] "GET /robots.txt HTTP/1.0" 404 275 "-" "Mozilla/5.0 (compatible; Yahoo! Slurp; http://help.yahoo.com/help/us/ysearch/slurp)" "www.roomfurnish.com"
67.195.98.236 - - [19/Jul/2008:06:31:12 -0700] "GET / HTTP/1.0" 200 1315 "-" "Mozilla/5.0 (compatible; Yahoo! DE Slurp; http://help.yahoo.com/help/us/ysearch/slurp)" "www.roomfurnish.com"
64.1.215.165 - - [19/Jul/2008:06:45:45 -0700] "GET /robots.txt HTTP/1.0" 404 275 "-" "Mozilla/5.0 (Twiceler-0.9 http://www.cuill.com/twiceler/robot.html)" "roomfurnish.com"
74.6.22.151 - - [19/Jul/2008:07:57:28 -0700] "GET /robots.txt HTTP/1.0" 404 275 "-" "Mozilla/5.0 (compatible; Yahoo! Slurp; http://help.yahoo.com/help/us/ysearch/slurp)" "roomfurnish.com"
74.6.22.151 - - [19/Jul/2008:07:57:28 -0700] "GET / HTTP/1.0" 200 1315 "-" "Mozilla/5.0 (compatible; Yahoo! Slurp; http://help.yahoo.com/help/us/ysearch/slurp)" "roomfurnish.com"
67.152.29.130 - - [19/Jul/2008:08:09:28 -0700] "GET /robots.txt HTTP/1.1" 404 275 "-" "ShopWiki/1.0 ( +http://www.shopwiki.com/wiki/Help:Bot)" "www.roomfurnish.com"
67.152.29.130 - - [19/Jul/2008:08:09:28 -0700] "GET / HTTP/1.1" 200 1315 "-" "ShopWiki/1.0 ( +http://www.shopwiki.com/wiki/Help:Bot)" "www.roomfurnish.com"
67.152.29.130 - - [19/Jul/2008:08:10:18 -0700] "GET / HTTP/1.1" 200 1315 "-" "ShopWiki/1.0 ( +http://www.shopwiki.com/wiki/Help:Bot)" "www.roomfurnish.com"
67.152.29.130 - - [19/Jul/2008:08:10:19 -0700] "GET / HTTP/1.1" 200 1315 "-" "ShopWiki/1.0 ( +http://www.shopwiki.com/wiki/Help:Bot)" "www.roomfurnish.com"
88.131.106.12 - - [19/Jul/2008:08:26:06 -0700] "GET /robots.txt HTTP/1.0" 404 275 "-" "Speedy Spider (http://www.entireweb.com/about/search_tech/speedy_spider/)" "roomfurnish.com"
88.131.106.12 - - [19/Jul/2008:08:26:06 -0700] "GET /b396lonatosofa.html HTTP/1.0" 404 275 "-" "Speedy Spider (http://www.entireweb.com/about/search_tech/speedy_spider/)" "roomfurnish.com"
88.131.106.12 - - [19/Jul/2008:08:36:52 -0700] "GET /faq.html HTTP/1.0" 404 275 "-" "Speedy Spider (http://www.entireweb.com/about/search_tech/speedy_spider/)" "roomfurnish.com"
88.131.106.12 - - [19/Jul/2008:08:37:30 -0700] "GET /g-2032.html HTTP/1.0" 404 275 "-" "Speedy Spider (http://www.entireweb.com/about/search_tech/speedy_spider/)" "roomfurnish.com"
88.131.106.12 - - [19/Jul/2008:09:30:10 -0700] "GET /g-2035.html HTTP/1.0" 404 275 "-" "Speedy Spider (http://www.entireweb.com/about/search_tech/speedy_spider/)" "roomfurnish.com"
88.131.106.12 - - [19/Jul/2008:09:30:11 -0700] "GET /g-1935.html HTTP/1.0" 404 275 "-" "Speedy Spider (http://www.entireweb.com/about/search_tech/speedy_spider/)" "roomfurnish.com"
88.131.106.12 - - [19/Jul/2008:09:52:24 -0700] "GET /g17mach.html HTTP/1.0" 404 275 "-" "Speedy Spider (http://www.entireweb.com/about/search_tech/speedy_spider/)" "roomfurnish.com"
88.131.106.12 - - [19/Jul/2008:11:43:46 -0700] "GET /contactus.html HTTP/1.0" 404 275 "-" "Speedy Spider (http://www.entireweb.com/about/search_tech/speedy_spider/)" "roomfurnish.com"
88.131.106.12 - - [19/Jul/2008:11:50:06 -0700] "GET /s-890.html HTTP/1.0" 404 275 "-" "Speedy Spider (http://www.entireweb.com/about/search_tech/speedy_spider/)" "roomfurnish.com"
67.152.29.130 - - [19/Jul/2008:11:56:43 -0700] "GET /robots.txt HTTP/1.1" 404 275 "-" "ShopWiki/1.0 ( +http://www.shopwiki.com/wiki/Help:Bot)" "www.roomfurnish.com"
67.152.29.130 - - [19/Jul/2008:11:56:43 -0700] "GET / HTTP/1.1" 200 1315 "-" "ShopWiki/1.0 ( +http://www.shopwiki.com/wiki/Help:Bot)" "www.roomfurnish.com"
67.152.29.130 - - [19/Jul/2008:11:57:52 -0700] "GET / HTTP/1.1" 200 1315 "-" "ShopWiki/1.0 ( +http://www.shopwiki.com/wiki/Help:Bot)" "www.roomfurnish.com"
67.152.29.130 - - [19/Jul/2008:11:57:53 -0700] "GET / HTTP/1.1" 200 1315 "-" "ShopWiki/1.0 ( +http://www.shopwiki.com/wiki/Help:Bot)" "www.roomfurnish.com"
67.152.29.130 - - [19/Jul/2008:13:49:08 -0700] "GET / HTTP/1.1" 200 1315 "-" "ShopWiki/1.0 ( +http://www.shopwiki.com/wiki/Help:Bot)" "www.roomfurnish.com"
67.152.29.130 - - [19/Jul/2008:13:49:59 -0700] "GET / HTTP/1.1" 200 1315 "-" "ShopWiki/1.0 ( +http://www.shopwiki.com/wiki/Help:Bot)" "www.roomfurnish.com"
67.152.29.130 - - [19/Jul/2008:13:50:00 -0700] "GET / HTTP/1.1" 200 1315 "-" "ShopWiki/1.0 ( +http://www.shopwiki.com/wiki/Help:Bot)" "www.roomfurnish.com"
