71.6.217.13 - - [09/Jul/2008:10:27:31 -0700] "GET / HTTP/1.1" 200 1315 "-" "CyberPatrol SiteCat Webbot (http://www.cyberpatrol.com/cyberpatrolcrawler.asp)" "roomfurnish.com"
67.152.29.130 - - [09/Jul/2008:11:30:27 -0700] "GET /robots.txt HTTP/1.1" 404 275 "-" "ShopWiki/1.0 ( +http://www.shopwiki.com/wiki/Help:Bot)" "www.roomfurnish.com"
67.152.29.130 - - [09/Jul/2008:11:30:28 -0700] "GET / HTTP/1.1" 200 1315 "-" "ShopWiki/1.0 ( +http://www.shopwiki.com/wiki/Help:Bot)" "www.roomfurnish.com"
67.152.29.130 - - [09/Jul/2008:11:30:33 -0700] "GET /sitemap.html HTTP/1.1" 404 275 "-" "ShopWiki/1.0 ( +http://www.shopwiki.com/wiki/Help:Bot)" "www.roomfurnish.com"
67.152.29.130 - - [09/Jul/2008:13:38:46 -0700] "GET / HTTP/1.1" 200 1315 "-" "ShopWiki/1.0 ( +http://www.shopwiki.com/wiki/Help:Bot)" "www.roomfurnish.com"
67.152.29.130 - - [09/Jul/2008:13:38:46 -0700] "GET /sitemap.html HTTP/1.1" 404 275 "-" "ShopWiki/1.0 ( +http://www.shopwiki.com/wiki/Help:Bot)" "www.roomfurnish.com"
74.6.18.103 - - [09/Jul/2008:13:41:30 -0700] "GET /robots.txt HTTP/1.0" 404 275 "-" "Mozilla/5.0 (compatible; Yahoo! Slurp; http://help.yahoo.com/help/us/ysearch/slurp)" "www.roomfurnish.com"
74.6.76.45 - - [09/Jul/2008:13:41:31 -0700] "GET / HTTP/1.0" 200 1315 "-" "Mozilla/5.0 (compatible; Yahoo! DE Slurp; http://help.yahoo.com/help/us/ysearch/slurp)" "www.roomfurnish.com"
202.160.180.184 - - [09/Jul/2008:14:17:23 -0700] "GET /robots.txt HTTP/1.0" 404 275 "-" "Mozilla/5.0 (compatible; Yahoo! Slurp China; http://misc.yahoo.com.cn/help.html)" "roomfurnish.com"
202.160.178.82 - - [09/Jul/2008:14:17:24 -0700] "GET / HTTP/1.0" 200 1315 "-" "Mozilla/5.0 (compatible; Yahoo! Slurp China; http://misc.yahoo.com.cn/help.html)" "roomfurnish.com"
67.152.29.130 - - [09/Jul/2008:19:19:59 -0700] "GET /robots.txt HTTP/1.1" 404 275 "-" "ShopWiki/1.0 ( +http://www.shopwiki.com/wiki/Help:Bot)" "www.roomfurnish.com"
67.152.29.130 - - [09/Jul/2008:19:19:59 -0700] "GET / HTTP/1.1" 200 1315 "-" "ShopWiki/1.0 ( +http://www.shopwiki.com/wiki/Help:Bot)" "www.roomfurnish.com"
67.152.29.130 - - [09/Jul/2008:19:20:00 -0700] "GET /sitemap.html HTTP/1.1" 404 275 "-" "ShopWiki/1.0 ( +http://www.shopwiki.com/wiki/Help:Bot)" "www.roomfurnish.com"
67.152.29.130 - - [09/Jul/2008:19:20:01 -0700] "GET / HTTP/1.1" 200 1315 "-" "ShopWiki/1.0 ( +http://www.shopwiki.com/wiki/Help:Bot)" "www.roomfurnish.com"
119.63.194.49 - - [09/Jul/2008:19:43:05 -0700] "GET / HTTP/1.1" 304 - "-" "Baiduspider+(+http://help.baidu.jp/system/05.html)" "roomfurnish.com"
193.252.149.16 - - [09/Jul/2008:20:19:56 -0700] "GET http://roomfurnish.com:80/robots.txt HTTP/1.1" 404 275 "-" "Mozilla/5.0 (Windows; U; Windows NT 5.1; fr; rv:1.8.1) VoilaBot BETA 1.2 (support.voilabot@orange-ftgroup.com)" "roomfurnish.com"
193.252.149.16 - - [09/Jul/2008:20:19:58 -0700] "GET / HTTP/1.1" 200 1315 "-" "Mozilla/5.0 (Windows; U; Windows NT 5.1; fr; rv:1.8.1) VoilaBot BETA 1.2 (support.voilabot@orange-ftgroup.com)" "roomfurnish.com"
74.6.8.96 - - [09/Jul/2008:20:36:44 -0700] "GET /robots.txt HTTP/1.0" 404 275 "-" "Mozilla/5.0 (compatible; Yahoo! Slurp; http://help.yahoo.com/help/us/ysearch/slurp)" "www.roomfurnish.com"
74.6.31.164 - - [09/Jul/2008:20:36:44 -0700] "GET / HTTP/1.0" 200 1315 "-" "Mozilla/5.0 (compatible; Yahoo! DE Slurp; http://help.yahoo.com/help/us/ysearch/slurp)" "www.roomfurnish.com"
74.6.8.91 - - [10/Jul/2008:00:03:45 -0700] "GET /robots.txt HTTP/1.0" 404 275 "-" "Mozilla/5.0 (compatible; Yahoo! Slurp; http://help.yahoo.com/help/us/ysearch/slurp)" "roomfurnish.com"
67.195.51.247 - - [10/Jul/2008:00:03:45 -0700] "GET / HTTP/1.0" 200 1315 "-" "Mozilla/5.0 (compatible; Yahoo! Slurp; http://help.yahoo.com/help/us/ysearch/slurp)" "roomfurnish.com"
119.63.194.49 - - [10/Jul/2008:00:59:50 -0700] "GET / HTTP/1.1" 304 - "-" "Baiduspider+(+http://help.baidu.jp/system/05.html)" "roomfurnish.com"
74.6.8.99 - - [10/Jul/2008:01:03:35 -0700] "GET /robots.txt HTTP/1.0" 404 275 "-" "Mozilla/5.0 (compatible; Yahoo! Slurp; http://help.yahoo.com/help/us/ysearch/slurp)" "www.roomfurnish.com"
67.195.98.236 - - [10/Jul/2008:01:03:35 -0700] "GET / HTTP/1.0" 200 1315 "-" "Mozilla/5.0 (compatible; Yahoo! DE Slurp; http://help.yahoo.com/help/us/ysearch/slurp)" "www.roomfurnish.com"
216.183.81.221 - - [10/Jul/2008:01:07:45 -0700] "GET / HTTP/1.1" 304 - "-" "Wget/1.8.2" "www.roomfurnish.com"
88.131.106.12 - - [10/Jul/2008:01:36:16 -0700] "GET /robots.txt HTTP/1.0" 404 275 "-" "Speedy Spider (http://www.entireweb.com/about/search_tech/speedy_spider/)" "www.roomfurnish.com"
88.131.106.12 - - [10/Jul/2008:01:36:16 -0700] "GET /a50.html HTTP/1.0" 404 275 "-" "Speedy Spider (http://www.entireweb.com/about/search_tech/speedy_spider/)" "www.roomfurnish.com"
88.131.106.12 - - [10/Jul/2008:01:39:28 -0700] "GET /robots.txt HTTP/1.0" 404 275 "-" "Speedy Spider (http://www.entireweb.com/about/search_tech/speedy_spider/)" "roomfurnish.com"
88.131.106.12 - - [10/Jul/2008:01:39:28 -0700] "GET /g-2011.html HTTP/1.0" 404 275 "-" "Speedy Spider (http://www.entireweb.com/about/search_tech/speedy_spider/)" "roomfurnish.com"
88.131.106.12 - - [10/Jul/2008:01:39:30 -0700] "GET /g-1911.html HTTP/1.0" 404 275 "-" "Speedy Spider (http://www.entireweb.com/about/search_tech/speedy_spider/)" "roomfurnish.com"
216.183.81.221 - - [10/Jul/2008:01:42:17 -0700] "GET / HTTP/1.1" 304 - "-" "Wget/1.8.2" "www.roomfurnish.com"
216.183.81.221 - - [10/Jul/2008:02:58:03 -0700] "GET / HTTP/1.1" 304 - "-" "Wget/1.8.2" "www.roomfurnish.com"
207.126.224.241 - - [10/Jul/2008:03:02:04 -0700] "GET / HTTP/1.0" 200 1315 "-" "Mozilla/4.05 [en]" "www.roomfurnish.com"
208.36.144.10 - - [10/Jul/2008:04:00:09 -0700] "GET /robots.txt HTTP/1.0" 404 275 "-" "Mozilla/5.0 (Twiceler-0.9 http://www.cuill.com/twiceler/robot.html)" "www.roomfurnish.com"
216.183.81.221 - - [10/Jul/2008:04:16:09 -0700] "GET / HTTP/1.1" 304 - "-" "Wget/1.8.2" "www.roomfurnish.com"
64.1.215.165 - - [10/Jul/2008:06:01:41 -0700] "GET /robots.txt HTTP/1.0" 404 275 "-" "Mozilla/5.0 (Twiceler-0.9 http://www.cuill.com/twiceler/robot.html)" "roomfurnish.com"
216.183.81.221 - - [10/Jul/2008:06:13:39 -0700] "GET / HTTP/1.1" 304 - "-" "Wget/1.8.2" "www.roomfurnish.com"
67.152.29.130 - - [10/Jul/2008:07:35:16 -0700] "GET /robots.txt HTTP/1.1" 404 275 "-" "ShopWiki/1.0 ( +http://www.shopwiki.com/wiki/Help:Bot)" "www.roomfurnish.com"
67.152.29.130 - - [10/Jul/2008:07:35:18 -0700] "GET / HTTP/1.1" 200 1315 "-" "ShopWiki/1.0 ( +http://www.shopwiki.com/wiki/Help:Bot)" "www.roomfurnish.com"
67.152.29.130 - - [10/Jul/2008:07:35:20 -0700] "GET / HTTP/1.1" 200 1315 "-" "ShopWiki/1.0 ( +http://www.shopwiki.com/wiki/Help:Bot)" "www.roomfurnish.com"
119.63.193.62 - - [10/Jul/2008:08:30:51 -0700] "GET /robots.txt HTTP/1.1" 404 275 "-" "Baiduspider+(+http://www.baidu.com/search/spider_jp.html)" "roomfurnish.com"
119.63.194.49 - - [10/Jul/2008:09:12:20 -0700] "GET / HTTP/1.1" 304 - "-" "Baiduspider+(+http://help.baidu.jp/system/05.html)" "roomfurnish.com"
208.80.193.53 - - [10/Jul/2008:13:32:29 -0700] "GET / HTTP/1.0" 200 1315 "-" "Mozilla/4.0 (compatible; MSIE 6.0; Windows NT 5.1; BTOW; SV1; .NET CLR 1.1.4322)" "www.roomfurnish.com"
208.80.193.53 - - [10/Jul/2008:13:32:29 -0700] "GET / HTTP/1.0" 200 1315 "-" "Mozilla/4.0 (compatible; MSIE 7.0; Windows NT 5.1; YPC 3.2.0; .NET CLR 1.1.4322; IEMB3; yplus 5.1.04b)" "roomfurnish.com"
67.152.29.130 - - [10/Jul/2008:14:00:44 -0700] "GET /robots.txt HTTP/1.1" 404 275 "-" "ShopWiki/1.0 ( +http://www.shopwiki.com/wiki/Help:Bot)" "www.roomfurnish.com"
67.152.29.130 - - [10/Jul/2008:14:00:45 -0700] "GET / HTTP/1.1" 200 1315 "-" "ShopWiki/1.0 ( +http://www.shopwiki.com/wiki/Help:Bot)" "www.roomfurnish.com"
67.152.29.130 - - [10/Jul/2008:14:00:46 -0700] "GET / HTTP/1.1" 200 1315 "-" "ShopWiki/1.0 ( +http://www.shopwiki.com/wiki/Help:Bot)" "www.roomfurnish.com"
74.6.17.106 - - [10/Jul/2008:15:48:34 -0700] "GET /robots.txt HTTP/1.0" 404 275 "-" "Mozilla/5.0 (compatible; Yahoo! Slurp; http://help.yahoo.com/help/us/ysearch/slurp)" "www.roomfurnish.com"
74.6.76.45 - - [10/Jul/2008:15:48:35 -0700] "GET / HTTP/1.0" 200 1315 "-" "Mozilla/5.0 (compatible; Yahoo! DE Slurp; http://help.yahoo.com/help/us/ysearch/slurp)" "www.roomfurnish.com"
88.131.106.12 - - [10/Jul/2008:16:21:25 -0700] "GET /robots.txt HTTP/1.0" 404 275 "-" "Speedy Spider (http://www.entireweb.com/about/search_tech/speedy_spider/)" "roomfurnish.com"
88.131.106.12 - - [10/Jul/2008:16:21:25 -0700] "GET /367fortesofa.html HTTP/1.0" 404 275 "-" "Speedy Spider (http://www.entireweb.com/about/search_tech/speedy_spider/)" "roomfurnish.com"
66.249.70.52 - - [10/Jul/2008:17:43:28 -0700] "GET /robots.txt HTTP/1.1" 404 275 "-" "Mozilla/5.0 (compatible; Googlebot/2.1; +http://www.google.com/bot.html)" "www.roomfurnish.com"
66.249.70.52 - - [10/Jul/2008:17:43:28 -0700] "GET / HTTP/1.1" 200 1315 "-" "Mozilla/5.0 (compatible; Googlebot/2.1; +http://www.google.com/bot.html)" "www.roomfurnish.com"
99.176.33.94 - - [10/Jul/2008:17:44:33 -0700] "GET / HTTP/1.1" 200 1315 "http://www.synapse.co.in/clients/b2c_yahoostore_homefurnish.shtml" "Mozilla/5.0 (Windows; U; Windows NT 5.1; en-US; rv:1.8.1.15) Gecko/20080623 Firefox/2.0.0.15" "www.roomfurnish.com"
99.176.33.94 - - [10/Jul/2008:17:44:33 -0700] "GET /favicon.ico HTTP/1.1" 404 275 "-" "Mozilla/5.0 (compatible; Google Desktop)" "www.roomfurnish.com"
99.176.33.94 - - [10/Jul/2008:17:44:34 -0700] "GET /favicon.ico HTTP/1.1" 404 275 "-" "Mozilla/5.0 (Windows; U; Windows NT 5.1; en-US; rv:1.8.1.15) Gecko/20080623 Firefox/2.0.0.15" "www.roomfurnish.com"
88.131.106.12 - - [10/Jul/2008:18:09:37 -0700] "GET /g-2010.html HTTP/1.0" 404 275 "-" "Speedy Spider (http://www.entireweb.com/about/search_tech/speedy_spider/)" "roomfurnish.com"
88.131.106.12 - - [10/Jul/2008:18:09:38 -0700] "GET /g-1910.html HTTP/1.0" 404 275 "-" "Speedy Spider (http://www.entireweb.com/about/search_tech/speedy_spider/)" "roomfurnish.com"
193.47.80.77 - - [10/Jul/2008:18:17:00 -0700] "GET / HTTP/1.1" 200 1315 "-" "Mozilla/5.0 (compatible; Exabot/3.0; +http://www.exabot.com/go/robot)" "roomfurnish.com"
65.55.209.14 - - [10/Jul/2008:18:23:08 -0700] "GET /robots.txt HTTP/1.1" 404 275 "-" "msnbot/1.1 (+http://search.msn.com/msnbot.htm)" "roomfurnish.com"
65.55.209.14 - - [10/Jul/2008:18:23:10 -0700] "GET / HTTP/1.1" 304 - "-" "msnbot/1.1 (+http://search.msn.com/msnbot.htm)" "roomfurnish.com"
202.108.7.216 - - [10/Jul/2008:18:30:02 -0700] "GET /robots.txt HTTP/1.1" 404 275 "-" "Mozilla/5.0 (compatible; YodaoBot/1.0; http://www.yodao.com/help/webmaster/spider/; )" "roomfurnish.com"
202.108.7.216 - - [10/Jul/2008:18:30:03 -0700] "GET / HTTP/1.1" 304 - "-" "Mozilla/5.0 (compatible; YodaoBot/1.0; http://www.yodao.com/help/webmaster/spider/; )" "roomfurnish.com"
65.55.110.92 - - [10/Jul/2008:18:30:14 -0700] "GET / HTTP/1.0" 200 1315 "http://search.live.com/results.aspx?q=under&form=QBHP" "Mozilla/4.0 (compatible; MSIE 7.0; Windows NT 5.2; .NET CLR 1.1.4322)" "roomfurnish.com"
119.63.194.49 - - [10/Jul/2008:20:12:55 -0700] "GET / HTTP/1.1" 304 - "-" "Baiduspider+(+http://help.baidu.jp/system/05.html)" "roomfurnish.com"
66.249.70.52 - - [10/Jul/2008:20:46:10 -0700] "GET /robots.txt HTTP/1.1" 404 275 "-" "Mozilla/5.0 (compatible; Googlebot/2.1; +http://www.google.com/bot.html)" "roomfurnish.com"
66.249.70.52 - - [10/Jul/2008:20:46:10 -0700] "GET / HTTP/1.1" 200 1315 "-" "Mozilla/5.0 (compatible; Googlebot/2.1; +http://www.google.com/bot.html)" "roomfurnish.com"
74.6.8.103 - - [10/Jul/2008:21:04:21 -0700] "GET /robots.txt HTTP/1.0" 404 275 "-" "Mozilla/5.0 (compatible; Yahoo! Slurp; http://help.yahoo.com/help/us/ysearch/slurp)" "www.roomfurnish.com"
74.6.31.164 - - [10/Jul/2008:21:04:21 -0700] "GET / HTTP/1.0" 200 1315 "-" "Mozilla/5.0 (compatible; Yahoo! DE Slurp; http://help.yahoo.com/help/us/ysearch/slurp)" "www.roomfurnish.com"
216.183.81.221 - - [10/Jul/2008:21:05:24 -0700] "GET / HTTP/1.1" 200 1315 "-" "Wget/1.8.2" "www.roomfurnish.com"
88.131.106.12 - - [10/Jul/2008:23:11:28 -0700] "GET /robots.txt HTTP/1.0" 404 275 "-" "Speedy Spider (http://www.entireweb.com/about/search_tech/speedy_spider/)" "roomfurnish.com"
88.131.106.12 - - [10/Jul/2008:23:11:28 -0700] "GET /g-2015.html HTTP/1.0" 404 275 "-" "Speedy Spider (http://www.entireweb.com/about/search_tech/speedy_spider/)" "roomfurnish.com"
88.131.106.12 - - [10/Jul/2008:23:11:30 -0700] "GET /g-1915.html HTTP/1.0" 404 275 "-" "Speedy Spider (http://www.entireweb.com/about/search_tech/speedy_spider/)" "roomfurnish.com"
88.131.106.12 - - [10/Jul/2008:23:11:31 -0700] "GET /g-1795.html HTTP/1.0" 404 275 "-" "Speedy Spider (http://www.entireweb.com/about/search_tech/speedy_spider/)" "roomfurnish.com"
88.131.106.12 - - [10/Jul/2008:23:31:35 -0700] "GET /cs.html HTTP/1.0" 404 275 "-" "Speedy Spider (http://www.entireweb.com/about/search_tech/speedy_spider/)" "roomfurnish.com"
216.183.81.221 - - [11/Jul/2008:00:19:22 -0700] "GET / HTTP/1.1" 200 1315 "-" "Wget/1.8.2" "www.roomfurnish.com"
74.6.8.103 - - [11/Jul/2008:01:41:40 -0700] "GET /robots.txt HTTP/1.0" 404 275 "-" "Mozilla/5.0 (compatible; Yahoo! Slurp; http://help.yahoo.com/help/us/ysearch/slurp)" "www.roomfurnish.com"
67.195.98.236 - - [11/Jul/2008:01:41:40 -0700] "GET / HTTP/1.0" 200 1315 "-" "Mozilla/5.0 (compatible; Yahoo! DE Slurp; http://help.yahoo.com/help/us/ysearch/slurp)" "www.roomfurnish.com"
66.249.70.52 - - [11/Jul/2008:01:44:08 -0700] "GET / HTTP/1.1" 200 1315 "-" "Mozilla/5.0 (compatible; Googlebot/2.1; +http://www.google.com/bot.html)" "www.roomfurnish.com"
216.64.169.240 - - [11/Jul/2008:04:49:01 -0700] "GET / HTTP/1.1" 200 1315 "-" "Mozilla/4.0 (compatible; MSIE 6.0; Windows NT 5.0; .NET CLR 1.0.3705; .NET CLR 1.1.4322)" "roomfurnish.com"
216.183.81.221 - - [11/Jul/2008:05:21:20 -0700] "GET / HTTP/1.1" 200 1315 "-" "Wget/1.8.2" "www.roomfurnish.com"
216.183.81.221 - - [11/Jul/2008:05:30:44 -0700] "GET / HTTP/1.1" 200 1315 "-" "Wget/1.8.2" "www.roomfurnish.com"
208.109.119.86 - - [11/Jul/2008:05:38:44 -0700] "GET / HTTP/1.0" 200 1315 "-" "EmailSearch" "www.roomfurnish.com"
208.80.193.41 - - [11/Jul/2008:07:11:50 -0700] "GET / HTTP/1.0" 200 1315 "-" "Mozilla/4.0 (compatible; MSIE 6.0; Windows NT 5.1; {70CE9F97-D1DE-4C0C-A13C-C4985B92B4BE}; SV1; FunWebProducts; .NET CLR 1.1.4322)" "roomfurnish.com"
208.80.193.41 - - [11/Jul/2008:07:11:50 -0700] "GET / HTTP/1.0" 200 1315 "-" "Mozilla/4.0 (compatible; MSIE 6.0; Windows NT 5.1; {A698DE5F-353B-54DF-F3C7-1033B6FB6D93}; ADVPLUGIN|K114|04|S-1133534006|dialno; snprtz|dialno)" "www.roomfurnish.com"
98.173.26.143 - - [11/Jul/2008:07:48:05 -0700] "GET /robots.txt HTTP/1.0" 404 275 "-" "envolk/1.7 (+http://www.envolk.com/envolkspiderinfo.html)" "roomfurnish.com"
208.36.144.10 - - [11/Jul/2008:08:32:55 -0700] "GET /robots.txt HTTP/1.0" 404 275 "-" "Mozilla/5.0 (Twiceler-0.9 http://www.cuill.com/twiceler/robot.html)" "www.roomfurnish.com"
88.131.106.12 - - [11/Jul/2008:10:18:03 -0700] "GET /robots.txt HTTP/1.0" 404 275 "-" "Speedy Spider (http://www.entireweb.com/about/search_tech/speedy_spider/)" "roomfurnish.com"
88.131.106.12 - - [11/Jul/2008:10:18:04 -0700] "GET /371poppisofa.html HTTP/1.0" 404 275 "-" "Speedy Spider (http://www.entireweb.com/about/search_tech/speedy_spider/)" "roomfurnish.com"
64.1.215.165 - - [11/Jul/2008:10:35:21 -0700] "GET /robots.txt HTTP/1.0" 404 275 "-" "Mozilla/5.0 (Twiceler-0.9 http://www.cuill.com/twiceler/robot.html)" "roomfurnish.com"
88.131.106.12 - - [11/Jul/2008:12:36:04 -0700] "GET /a55.html HTTP/1.0" 404 275 "-" "Speedy Spider (http://www.entireweb.com/about/search_tech/speedy_spider/)" "roomfurnish.com"
88.131.106.12 - - [11/Jul/2008:12:36:43 -0700] "GET /g-1816.html HTTP/1.0" 404 275 "-" "Speedy Spider (http://www.entireweb.com/about/search_tech/speedy_spider/)" "roomfurnish.com"
88.131.106.12 - - [11/Jul/2008:12:36:45 -0700] "GET /g-1756.html HTTP/1.0" 404 275 "-" "Speedy Spider (http://www.entireweb.com/about/search_tech/speedy_spider/)" "roomfurnish.com"
88.131.106.12 - - [11/Jul/2008:13:37:01 -0700] "GET /g-1819.html HTTP/1.0" 404 275 "-" "Speedy Spider (http://www.entireweb.com/about/search_tech/speedy_spider/)" "roomfurnish.com"
88.131.106.12 - - [11/Jul/2008:13:37:02 -0700] "GET /g-1919.html HTTP/1.0" 404 275 "-" "Speedy Spider (http://www.entireweb.com/about/search_tech/speedy_spider/)" "roomfurnish.com"
88.131.106.12 - - [11/Jul/2008:13:37:04 -0700] "GET /g-1759.html HTTP/1.0" 404 275 "-" "Speedy Spider (http://www.entireweb.com/about/search_tech/speedy_spider/)" "roomfurnish.com"
88.131.106.12 - - [11/Jul/2008:13:50:42 -0700] "GET /gourmetcoffee.html HTTP/1.0" 404 275 "-" "Speedy Spider (http://www.entireweb.com/about/search_tech/speedy_spider/)" "roomfurnish.com"
74.6.21.24 - - [11/Jul/2008:17:23:21 -0700] "GET /robots.txt HTTP/1.0" 404 275 "-" "Mozilla/5.0 (compatible; Yahoo! Slurp; http://help.yahoo.com/help/us/ysearch/slurp)" "www.roomfurnish.com"
74.6.76.45 - - [11/Jul/2008:17:23:22 -0700] "GET / HTTP/1.0" 200 1315 "-" "Mozilla/5.0 (compatible; Yahoo! DE Slurp; http://help.yahoo.com/help/us/ysearch/slurp)" "www.roomfurnish.com"
87.118.100.27 - - [11/Jul/2008:19:43:34 -0700] "GET / HTTP/1.0" 200 1315 "-" "Snoopy v1.2" "www.roomfurnish.com"
61.247.221.45 - - [11/Jul/2008:19:51:41 -0700] "GET /robots.txt HTTP/1.1" 404 275 "-" "Yeti/1.0 (+http://help.naver.com/robots/)" "roomfurnish.com"
61.247.221.45 - - [11/Jul/2008:19:51:41 -0700] "GET / HTTP/1.1" 200 1315 "-" "Yeti/1.0 (+http://help.naver.com/robots/)" "roomfurnish.com"
67.195.37.176 - - [11/Jul/2008:19:56:00 -0700] "GET /robots.txt HTTP/1.0" 404 275 "-" "Mozilla/5.0 (compatible; Yahoo! Slurp; http://help.yahoo.com/help/us/ysearch/slurp)" "www.roomfurnish.com"
67.195.37.176 - - [11/Jul/2008:19:56:08 -0700] "GET / HTTP/1.0" 200 1315 "-" "Mozilla/5.0 (compatible; Yahoo! Slurp/3.0; http://help.yahoo.com/help/us/ysearch/slurp)" "www.roomfurnish.com"
88.131.106.12 - - [11/Jul/2008:21:01:49 -0700] "GET /robots.txt HTTP/1.0" 404 275 "-" "Speedy Spider (http://www.entireweb.com/about/search_tech/speedy_spider/)" "roomfurnish.com"
88.131.106.12 - - [11/Jul/2008:21:01:50 -0700] "GET /239grandesofa.html HTTP/1.0" 404 275 "-" "Speedy Spider (http://www.entireweb.com/about/search_tech/speedy_spider/)" "roomfurnish.com"
88.131.106.12 - - [11/Jul/2008:21:51:51 -0700] "GET /robots.txt HTTP/1.0" 404 275 "-" "Speedy Spider (http://www.entireweb.com/about/search_tech/speedy_spider/)" "www.roomfurnish.com"
88.131.106.12 - - [11/Jul/2008:21:51:52 -0700] "GET /a52.html HTTP/1.0" 404 275 "-" "Speedy Spider (http://www.entireweb.com/about/search_tech/speedy_spider/)" "www.roomfurnish.com"
74.6.17.185 - - [11/Jul/2008:21:52:51 -0700] "GET /robots.txt HTTP/1.0" 404 275 "-" "Mozilla/5.0 (compatible; Yahoo! Slurp; http://help.yahoo.com/help/us/ysearch/slurp)" "www.roomfurnish.com"
74.6.31.164 - - [11/Jul/2008:21:52:51 -0700] "GET / HTTP/1.0" 200 1315 "-" "Mozilla/5.0 (compatible; Yahoo! DE Slurp; http://help.yahoo.com/help/us/ysearch/slurp)" "www.roomfurnish.com"
88.131.106.12 - - [11/Jul/2008:21:54:24 -0700] "GET /g-2013.html HTTP/1.0" 404 275 "-" "Speedy Spider (http://www.entireweb.com/about/search_tech/speedy_spider/)" "roomfurnish.com"
88.131.106.12 - - [11/Jul/2008:21:54:26 -0700] "GET /g-1913.html HTTP/1.0" 404 275 "-" "Speedy Spider (http://www.entireweb.com/about/search_tech/speedy_spider/)" "roomfurnish.com"
119.63.194.49 - - [12/Jul/2008:01:45:20 -0700] "GET / HTTP/1.1" 304 - "-" "Baiduspider+(+http://help.baidu.jp/system/05.html)" "roomfurnish.com"
74.6.8.103 - - [12/Jul/2008:02:01:20 -0700] "GET /robots.txt HTTP/1.0" 404 275 "-" "Mozilla/5.0 (compatible; Yahoo! Slurp; http://help.yahoo.com/help/us/ysearch/slurp)" "www.roomfurnish.com"
67.195.98.236 - - [12/Jul/2008:02:01:20 -0700] "GET / HTTP/1.0" 200 1315 "-" "Mozilla/5.0 (compatible; Yahoo! DE Slurp; http://help.yahoo.com/help/us/ysearch/slurp)" "www.roomfurnish.com"
59.98.64.11 - - [12/Jul/2008:02:15:15 -0700] "GET / HTTP/1.1" 200 1315 "http://www.synapse.co.in/clients/b2c_yahoostore_homefurnish.shtml" "Mozilla/4.0 (compatible; MSIE 6.0; Windows NT 5.1; SV1; .NET CLR 2.0.50727)" "www.roomfurnish.com"
59.98.64.11 - - [12/Jul/2008:02:16:11 -0700] "GET / HTTP/1.1" 304 - "http://www.synapse.co.in/clients/b2c_yahoostore_homefurnish.shtml" "Mozilla/4.0 (compatible; MSIE 6.0; Windows NT 5.1; SV1; .NET CLR 2.0.50727)" "www.roomfurnish.com"
67.152.29.130 - - [12/Jul/2008:04:07:00 -0700] "GET /robots.txt HTTP/1.1" 404 275 "-" "ShopWiki/1.0 ( +http://www.shopwiki.com/wiki/Help:Bot)" "www.roomfurnish.com"
67.152.29.130 - - [12/Jul/2008:04:07:00 -0700] "GET / HTTP/1.1" 200 1315 "-" "ShopWiki/1.0 ( +http://www.shopwiki.com/wiki/Help:Bot)" "www.roomfurnish.com"
67.152.29.130 - - [12/Jul/2008:04:10:41 -0700] "GET / HTTP/1.1" 200 1315 "-" "ShopWiki/1.0 ( +http://www.shopwiki.com/wiki/Help:Bot)" "www.roomfurnish.com"
67.152.29.130 - - [12/Jul/2008:04:10:42 -0700] "GET / HTTP/1.1" 200 1315 "-" "ShopWiki/1.0 ( +http://www.shopwiki.com/wiki/Help:Bot)" "www.roomfurnish.com"
193.252.149.16 - - [12/Jul/2008:04:32:44 -0700] "GET http://www.roomfurnish.com:80/robots.txt HTTP/1.1" 404 275 "-" "Mozilla/5.0 (Windows; U; Windows NT 5.1; fr; rv:1.8.1) VoilaBot BETA 1.2 (support.voilabot@orange-ftgroup.com)" "www.roomfurnish.com"
193.252.149.16 - - [12/Jul/2008:04:33:00 -0700] "GET / HTTP/1.1" 200 1315 "-" "Mozilla/5.0 (Windows; U; Windows NT 5.1; fr; rv:1.8.1) VoilaBot BETA 1.2 (support.voilabot@orange-ftgroup.com)" "www.roomfurnish.com"
64.124.148.28 - - [12/Jul/2008:04:46:50 -0700] "GET /robots.txt HTTP/1.1" 404 275 "-" "Mozilla/5.0 (compatible; FatBot 2.0; http://www.thefind.com/crawler)" "roomfurnish.com"
64.124.148.28 - - [12/Jul/2008:04:48:22 -0700] "GET / HTTP/1.1" 200 1315 "-" "Mozilla/5.0 (compatible; FatBot 2.0; http://www.thefind.com/crawler)" "roomfurnish.com"
88.131.106.12 - - [12/Jul/2008:05:15:22 -0700] "GET /robots.txt HTTP/1.0" 404 275 "-" "Speedy Spider (http://www.entireweb.com/about/search_tech/speedy_spider/)" "roomfurnish.com"
88.131.106.12 - - [12/Jul/2008:05:15:23 -0700] "GET /chocolate.html HTTP/1.0" 404 275 "-" "Speedy Spider (http://www.entireweb.com/about/search_tech/speedy_spider/)" "roomfurnish.com"
208.80.193.42 - - [12/Jul/2008:05:54:38 -0700] "GET / HTTP/1.0" 200 1315 "-" "Mozilla/4.0 (compatible; MSIE 6.0; Windows NT 5.1; sbcydsl 3.12; YPC 3.0.3; .NET CLR 1.0.3705; yplus 4.1.00b)" "roomfurnish.com"
208.80.193.42 - - [12/Jul/2008:05:54:38 -0700] "GET / HTTP/1.0" 200 1315 "-" "Mozilla/4.0 (compatible; MSIE 7.0; Windows NT 5.1; .NET CLR 1.1.4322; IEMB3; Windows-Media-Player/10.00.00.3990; IEMB3; yplus 5.1.04b)" "www.roomfurnish.com"
67.152.29.130 - - [12/Jul/2008:06:26:49 -0700] "GET / HTTP/1.1" 200 1315 "-" "ShopWiki/1.0 ( +http://www.shopwiki.com/wiki/Help:Bot)" "www.roomfurnish.com"
67.152.29.130 - - [12/Jul/2008:06:26:49 -0700] "GET /sitemap.html HTTP/1.1" 404 275 "-" "ShopWiki/1.0 ( +http://www.shopwiki.com/wiki/Help:Bot)" "www.roomfurnish.com"
67.152.29.130 - - [12/Jul/2008:06:26:50 -0700] "GET / HTTP/1.1" 200 1315 "-" "ShopWiki/1.0 ( +http://www.shopwiki.com/wiki/Help:Bot)" "www.roomfurnish.com"
208.36.144.10 - - [12/Jul/2008:06:48:39 -0700] "GET /robots.txt HTTP/1.0" 404 275 "-" "Mozilla/5.0 (Twiceler-0.9 http://www.cuill.com/twiceler/robot.html)" "www.roomfurnish.com"
67.205.96.152 - - [12/Jul/2008:07:08:40 -0700] "GET /? HTTP/1.0" 200 1315 "-" "Mozilla/4.0 (compatible; MSIE 6.0; Windows NT 5.0)" "roomfurnish.com"
122.161.149.91 - - [12/Jul/2008:07:25:49 -0700] "GET / HTTP/1.1" 200 1315 "http://www.synapse.co.in/clients/b2c_yahoostore_homefurnish.shtml" "Mozilla/4.0 (compatible; MSIE 6.0; Windows NT 5.1; SV1)" "www.roomfurnish.com"
64.1.215.165 - - [12/Jul/2008:08:41:11 -0700] "GET /robots.txt HTTP/1.0" 404 275 "-" "Mozilla/5.0 (Twiceler-0.9 http://www.cuill.com/twiceler/robot.html)" "roomfurnish.com"
209.167.50.27 - - [12/Jul/2008:08:50:43 -0700] "GET /robots.txt HTTP/1.1" 404 275 "www.seventwentyfour.com/" "LinkWalker/2.0" "www.roomfurnish.com"
209.167.50.27 - - [12/Jul/2008:08:50:43 -0700] "GET / HTTP/1.1" 304 - "http://www.synapseco.com/clients/b2c_yahoostore_homefurnish.shtml" "LinkWalker/2.0" "www.roomfurnish.com"
88.131.106.12 - - [12/Jul/2008:12:26:25 -0700] "GET /robots.txt HTTP/1.0" 404 275 "-" "Speedy Spider (http://www.entireweb.com/about/search_tech/speedy_spider/)" "roomfurnish.com"
88.131.106.12 - - [12/Jul/2008:12:26:25 -0700] "GET /aboutus.html HTTP/1.0" 404 275 "-" "Speedy Spider (http://www.entireweb.com/about/search_tech/speedy_spider/)" "roomfurnish.com"
88.131.106.12 - - [12/Jul/2008:12:38:52 -0700] "GET /373cascinasofa.html HTTP/1.0" 404 275 "-" "Speedy Spider (http://www.entireweb.com/about/search_tech/speedy_spider/)" "roomfurnish.com"
65.55.212.94 - - [12/Jul/2008:14:03:05 -0700] "GET /robots.txt HTTP/1.0" 404 275 "-" "msnbot-media/1.0 (+http://search.msn.com/msnbot.htm)" "roomfurnish.com"
65.55.212.94 - - [12/Jul/2008:14:03:06 -0700] "GET / HTTP/1.0" 200 1315 "-" "msnbot-media/1.0 (+http://search.msn.com/msnbot.htm)" "roomfurnish.com"
88.131.106.12 - - [12/Jul/2008:14:39:30 -0700] "GET /301barlettsofa.html HTTP/1.0" 404 275 "-" "Speedy Spider (http://www.entireweb.com/about/search_tech/speedy_spider/)" "roomfurnish.com"
69.84.207.37 - - [12/Jul/2008:16:41:37 -0700] "GET / HTTP/1.1" 200 1315 "-" "Mozilla/4.0 (compatible; MSIE 7.0;Windows NT 5.1;.NET CLR 1.1.4322;.NET CLR 2.0.50727;.NET CLR 3.0.04506.30)" "www.roomfurnish.com"
69.84.207.37 - - [12/Jul/2008:16:41:37 -0700] "GET / HTTP/1.1" 200 1315 "-" "Mozilla/4.0 (compatible; MSIE 7.0;Windows NT 5.1;.NET CLR 1.1.4322;.NET CLR 2.0.50727;.NET CLR 3.0.04506.30)" "roomfurnish.com"
88.131.106.12 - - [12/Jul/2008:19:28:17 -0700] "GET /robots.txt HTTP/1.0" 404 275 "-" "Speedy Spider (http://www.entireweb.com/about/search_tech/speedy_spider/)" "roomfurnish.com"
88.131.106.12 - - [12/Jul/2008:19:28:17 -0700] "GET /leathersofa.html HTTP/1.0" 404 275 "-" "Speedy Spider (http://www.entireweb.com/about/search_tech/speedy_spider/)" "roomfurnish.com"
88.131.106.12 - - [12/Jul/2008:19:36:15 -0700] "GET /sisogr.html HTTP/1.0" 404 275 "-" "Speedy Spider (http://www.entireweb.com/about/search_tech/speedy_spider/)" "roomfurnish.com"
88.131.106.12 - - [12/Jul/2008:19:36:28 -0700] "GET /stsogr.html HTTP/1.0" 404 275 "-" "Speedy Spider (http://www.entireweb.com/about/search_tech/speedy_spider/)" "roomfurnish.com"
88.131.106.12 - - [12/Jul/2008:19:38:10 -0700] "GET /wisogr.html HTTP/1.0" 404 275 "-" "Speedy Spider (http://www.entireweb.com/about/search_tech/speedy_spider/)" "roomfurnish.com"
88.131.106.12 - - [12/Jul/2008:19:44:25 -0700] "GET /chlogr.html HTTP/1.0" 404 275 "-" "Speedy Spider (http://www.entireweb.com/about/search_tech/speedy_spider/)" "roomfurnish.com"
88.131.106.12 - - [12/Jul/2008:19:44:33 -0700] "GET /casogr.html HTTP/1.0" 404 275 "-" "Speedy Spider (http://www.entireweb.com/about/search_tech/speedy_spider/)" "roomfurnish.com"
88.131.106.12 - - [12/Jul/2008:19:47:29 -0700] "GET /g-2012.html HTTP/1.0" 404 275 "-" "Speedy Spider (http://www.entireweb.com/about/search_tech/speedy_spider/)" "roomfurnish.com"
88.131.106.12 - - [12/Jul/2008:19:47:31 -0700] "GET /g-1852.html HTTP/1.0" 404 275 "-" "Speedy Spider (http://www.entireweb.com/about/search_tech/speedy_spider/)" "roomfurnish.com"
88.131.106.12 - - [12/Jul/2008:19:47:32 -0700] "GET /g-1912.html HTTP/1.0" 404 275 "-" "Speedy Spider (http://www.entireweb.com/about/search_tech/speedy_spider/)" "roomfurnish.com"
88.131.106.12 - - [12/Jul/2008:19:47:33 -0700] "GET /elsogr.html HTTP/1.0" 404 275 "-" "Speedy Spider (http://www.entireweb.com/about/search_tech/speedy_spider/)" "roomfurnish.com"
88.131.106.12 - - [12/Jul/2008:19:47:47 -0700] "GET /eusogr.html HTTP/1.0" 404 275 "-" "Speedy Spider (http://www.entireweb.com/about/search_tech/speedy_spider/)" "roomfurnish.com"
74.6.26.170 - - [12/Jul/2008:20:02:30 -0700] "GET /robots.txt HTTP/1.0" 404 275 "-" "Mozilla/5.0 (compatible; Yahoo! Slurp; http://help.yahoo.com/help/us/ysearch/slurp)" "www.roomfurnish.com"
74.6.76.45 - - [12/Jul/2008:20:02:31 -0700] "GET / HTTP/1.0" 200 1315 "-" "Mozilla/5.0 (compatible; Yahoo! DE Slurp; http://help.yahoo.com/help/us/ysearch/slurp)" "www.roomfurnish.com"
88.131.106.12 - - [12/Jul/2008:20:17:32 -0700] "GET /321sopranosofa.html HTTP/1.0" 404 275 "-" "Speedy Spider (http://www.entireweb.com/about/search_tech/speedy_spider/)" "roomfurnish.com"
88.131.106.12 - - [12/Jul/2008:20:19:20 -0700] "GET /robots.txt HTTP/1.0" 404 275 "-" "Speedy Spider (http://www.entireweb.com/about/search_tech/speedy_spider/)" "www.roomfurnish.com"
88.131.106.12 - - [12/Jul/2008:20:19:32 -0700] "GET /a53.html HTTP/1.0" 404 275 "-" "Speedy Spider (http://www.entireweb.com/about/search_tech/speedy_spider/)" "www.roomfurnish.com"
88.131.106.12 - - [12/Jul/2008:20:19:55 -0700] "GET /g-2014.html HTTP/1.0" 404 275 "-" "Speedy Spider (http://www.entireweb.com/about/search_tech/speedy_spider/)" "roomfurnish.com"
88.131.106.12 - - [12/Jul/2008:20:19:57 -0700] "GET /g-1914.html HTTP/1.0" 404 275 "-" "Speedy Spider (http://www.entireweb.com/about/search_tech/speedy_spider/)" "roomfurnish.com"
88.131.106.12 - - [12/Jul/2008:20:19:58 -0700] "GET /g-1754.html HTTP/1.0" 404 275 "-" "Speedy Spider (http://www.entireweb.com/about/search_tech/speedy_spider/)" "roomfurnish.com"
64.237.57.194 - - [12/Jul/2008:21:28:27 -0700] "GET / HTTP/1.1" 200 1315 "-" "Mozilla/5.0 (MrCarlito-0.1 http://www.mrcarlito.com/spider.html)" "roomfurnish.com"
67.152.29.130 - - [12/Jul/2008:22:03:36 -0700] "GET /robots.txt HTTP/1.1" 404 275 "-" "ShopWiki/1.0 ( +http://www.shopwiki.com/wiki/Help:Bot)" "www.roomfurnish.com"
67.152.29.130 - - [12/Jul/2008:22:03:37 -0700] "GET /sitemap.html HTTP/1.1" 404 275 "-" "ShopWiki/1.0 ( +http://www.shopwiki.com/wiki/Help:Bot)" "www.roomfurnish.com"
74.6.8.103 - - [12/Jul/2008:22:33:32 -0700] "GET /robots.txt HTTP/1.0" 404 275 "-" "Mozilla/5.0 (compatible; Yahoo! Slurp; http://help.yahoo.com/help/us/ysearch/slurp)" "www.roomfurnish.com"
74.6.31.164 - - [12/Jul/2008:22:33:32 -0700] "GET / HTTP/1.0" 200 1315 "-" "Mozilla/5.0 (compatible; Yahoo! DE Slurp; http://help.yahoo.com/help/us/ysearch/slurp)" "www.roomfurnish.com"
61.247.222.54 - - [12/Jul/2008:23:24:55 -0700] "GET /robots.txt HTTP/1.1" 404 275 "-" "Yeti/1.0 (+http://help.naver.com/robots/)" "roomfurnish.com"
61.247.222.54 - - [12/Jul/2008:23:24:56 -0700] "GET / HTTP/1.1" 200 1315 "-" "Yeti/1.0 (+http://help.naver.com/robots/)" "roomfurnish.com"
122.36.215.138 - - [13/Jul/2008:00:03:53 -0700] "GET /sitemap.html HTTP/1.1" 404 275 "http://search.naver.com/search.naver?sm=tab_hty&where=nexearch&query=sorrento+sofa" "Mozilla/4.0 (compatible; MSIE 6.0; Windows NT 5.1; SV1)" "roomfurnish.com"
122.36.215.138 - - [13/Jul/2008:00:04:06 -0700] "GET / HTTP/1.1" 200 1315 "-" "Mozilla/4.0 (compatible; MSIE 6.0; Windows NT 5.1; SV1)" "www.roomfurnish.com"
66.249.16.212 - - [13/Jul/2008:00:51:08 -0700] "GET / HTTP/1.1" 200 1315 "http://whois.domaintools.com/roomfurnish.com" "Mozilla/5.0 (compatible; Ask Jeeves/Teoma; +http://about.ask.com/en/docs/about/webmasters.shtml)" "www.roomfurnish.com"
193.252.149.16 - - [13/Jul/2008:01:06:00 -0700] "GET http://roomfurnish.com:80/robots.txt HTTP/1.1" 404 275 "-" "Mozilla/5.0 (Windows; U; Windows NT 5.1; fr; rv:1.8.1) VoilaBot BETA 1.2 (support.voilabot@orange-ftgroup.com)" "roomfurnish.com"
193.252.149.16 - - [13/Jul/2008:01:06:02 -0700] "GET / HTTP/1.1" 200 1315 "-" "Mozilla/5.0 (Windows; U; Windows NT 5.1; fr; rv:1.8.1) VoilaBot BETA 1.2 (support.voilabot@orange-ftgroup.com)" "roomfurnish.com"
99.239.116.97 - - [13/Jul/2008:02:44:26 -0700] "GET / HTTP/1.0" 200 1315 "http://tags2dir.com/directory/" "tags2dir.com/0.8 (+http://tags2dir.com/directory/)" "www.roomfurnish.com"
74.6.17.185 - - [13/Jul/2008:02:54:05 -0700] "GET /robots.txt HTTP/1.0" 404 275 "-" "Mozilla/5.0 (compatible; Yahoo! Slurp; http://help.yahoo.com/help/us/ysearch/slurp)" "www.roomfurnish.com"
67.195.98.236 - - [13/Jul/2008:02:54:05 -0700] "GET / HTTP/1.0" 200 1315 "-" "Mozilla/5.0 (compatible; Yahoo! DE Slurp; http://help.yahoo.com/help/us/ysearch/slurp)" "www.roomfurnish.com"
88.131.106.12 - - [13/Jul/2008:03:46:58 -0700] "GET /robots.txt HTTP/1.0" 404 275 "-" "Speedy Spider (http://www.entireweb.com/about/search_tech/speedy_spider/)" "roomfurnish.com"
88.131.106.12 - - [13/Jul/2008:03:46:58 -0700] "GET /g-1817.html HTTP/1.0" 404 275 "-" "Speedy Spider (http://www.entireweb.com/about/search_tech/speedy_spider/)" "roomfurnish.com"
88.131.106.12 - - [13/Jul/2008:03:47:00 -0700] "GET /g-1917.html HTTP/1.0" 404 275 "-" "Speedy Spider (http://www.entireweb.com/about/search_tech/speedy_spider/)" "roomfurnish.com"
88.131.106.12 - - [13/Jul/2008:03:47:01 -0700] "GET /g-1757.html HTTP/1.0" 404 275 "-" "Speedy Spider (http://www.entireweb.com/about/search_tech/speedy_spider/)" "roomfurnish.com"
88.131.106.12 - - [13/Jul/2008:04:08:11 -0700] "GET /b384sera.html HTTP/1.0" 404 275 "-" "Speedy Spider (http://www.entireweb.com/about/search_tech/speedy_spider/)" "roomfurnish.com"
88.131.106.12 - - [13/Jul/2008:04:27:58 -0700] "GET /297cabriosofa.html HTTP/1.0" 404 275 "-" "Speedy Spider (http://www.entireweb.com/about/search_tech/speedy_spider/)" "roomfurnish.com"
88.131.106.12 - - [13/Jul/2008:04:38:21 -0700] "GET /g-1818.html HTTP/1.0" 404 275 "-" "Speedy Spider (http://www.entireweb.com/about/search_tech/speedy_spider/)" "roomfurnish.com"
88.131.106.12 - - [13/Jul/2008:04:38:23 -0700] "GET /g-1758.html HTTP/1.0" 404 275 "-" "Speedy Spider (http://www.entireweb.com/about/search_tech/speedy_spider/)" "roomfurnish.com"
202.160.180.184 - - [13/Jul/2008:05:07:34 -0700] "GET /robots.txt HTTP/1.0" 404 275 "-" "Mozilla/5.0 (compatible; Yahoo! Slurp China; http://misc.yahoo.com.cn/help.html)" "roomfurnish.com"
202.160.178.82 - - [13/Jul/2008:05:07:38 -0700] "GET / HTTP/1.0" 304 - "-" "Mozilla/5.0 (compatible; Yahoo! Slurp China; http://misc.yahoo.com.cn/help.html)" "roomfurnish.com"
88.131.106.12 - - [13/Jul/2008:06:23:04 -0700] "GET /s-06.html HTTP/1.0" 404 275 "-" "Speedy Spider (http://www.entireweb.com/about/search_tech/speedy_spider/)" "roomfurnish.com"
88.131.106.12 - - [13/Jul/2008:06:53:30 -0700] "GET /sectionalgroup.html HTTP/1.0" 404 275 "-" "Speedy Spider (http://www.entireweb.com/about/search_tech/speedy_spider/)" "roomfurnish.com"
208.80.193.33 - - [13/Jul/2008:09:33:31 -0700] "GET / HTTP/1.0" 200 1315 "-" "Mozilla/4.0 (compatible; MSIE 6.0; Windows NT 5.1; {CSC}; snprtz|S26715400000881; .NET CLR 1.1.4322)" "roomfurnish.com"
208.80.193.33 - - [13/Jul/2008:09:33:31 -0700] "GET / HTTP/1.0" 200 1315 "-" "Mozilla/4.0 (compatible; MSIE 6.0; Windows NT 5.1; SV1; LocalNet; FunWebProducts; (R1 1.5))" "www.roomfurnish.com"
206.123.89.47 - - [13/Jul/2008:13:51:15 -0700] "GET / HTTP/1.1" 200 1315 "-" "Mozilla/5.0 (Macintosh; U; Intel Mac OS X; en-US; rv:1.8.1.14) Gecko/20080404 Firefox/2.0.0.14" "www.roomfurnish.com"
67.152.29.130 - - [13/Jul/2008:14:03:06 -0700] "GET /robots.txt HTTP/1.1" 404 275 "-" "ShopWiki/1.0 ( +http://www.shopwiki.com/wiki/Help:Bot)" "www.roomfurnish.com"
67.152.29.130 - - [13/Jul/2008:14:03:06 -0700] "GET / HTTP/1.1" 200 1315 "-" "ShopWiki/1.0 ( +http://www.shopwiki.com/wiki/Help:Bot)" "www.roomfurnish.com"
67.152.29.130 - - [13/Jul/2008:14:03:09 -0700] "GET /sitemap.html HTTP/1.1" 404 275 "-" "ShopWiki/1.0 ( +http://www.shopwiki.com/wiki/Help:Bot)" "www.roomfurnish.com"
67.152.29.130 - - [13/Jul/2008:14:03:10 -0700] "GET / HTTP/1.1" 200 1315 "-" "ShopWiki/1.0 ( +http://www.shopwiki.com/wiki/Help:Bot)" "www.roomfurnish.com"
88.131.106.12 - - [13/Jul/2008:14:15:47 -0700] "GET /robots.txt HTTP/1.0" 404 275 "-" "Speedy Spider (http://www.entireweb.com/about/search_tech/speedy_spider/)" "roomfurnish.com"
88.131.106.12 - - [13/Jul/2008:14:16:09 -0700] "GET /s-886.html HTTP/1.0" 404 275 "-" "Speedy Spider (http://www.entireweb.com/about/search_tech/speedy_spider/)" "roomfurnish.com"
64.1.215.165 - - [14/Jul/2008:06:22:08 -0700] "GET /robots.txt HTTP/1.0" 404 275 "-" "Mozilla/5.0 (Twiceler-0.9 http://www.cuill.com/twiceler/robot.html)" "roomfurnish.com"
67.152.29.130 - - [14/Jul/2008:06:54:37 -0700] "GET /sitemap.html HTTP/1.1" 404 275 "-" "ShopWiki/1.0 ( +http://www.shopwiki.com/wiki/Help:Bot)" "www.roomfurnish.com"
88.131.106.12 - - [14/Jul/2008:07:44:20 -0700] "GET /a51ottosofa.html HTTP/1.0" 404 275 "-" "Speedy Spider (http://www.entireweb.com/about/search_tech/speedy_spider/)" "roomfurnish.com"
88.131.106.12 - - [14/Jul/2008:08:09:20 -0700] "GET /g-2040.html HTTP/1.0" 404 275 "-" "Speedy Spider (http://www.entireweb.com/about/search_tech/speedy_spider/)" "roomfurnish.com"
88.131.106.12 - - [14/Jul/2008:08:09:21 -0700] "GET /g-1940.html HTTP/1.0" 404 275 "-" "Speedy Spider (http://www.entireweb.com/about/search_tech/speedy_spider/)" "roomfurnish.com"
88.131.106.12 - - [14/Jul/2008:08:09:23 -0700] "GET /g-1980.html HTTP/1.0" 404 275 "-" "Speedy Spider (http://www.entireweb.com/about/search_tech/speedy_spider/)" "roomfurnish.com"
88.131.106.12 - - [14/Jul/2008:08:26:49 -0700] "GET /291pompeisofa.html HTTP/1.0" 404 275 "-" "Speedy Spider (http://www.entireweb.com/about/search_tech/speedy_spider/)" "roomfurnish.com"
208.80.193.33 - - [14/Jul/2008:08:37:51 -0700] "GET / HTTP/1.0" 200 1315 "-" "Mozilla/4.0 (compatible; MSIE 6.0; Windows NT 5.1; {2F6931CE-CD6C-3000-ABB9-04ED69121156}; yplus 4.1.00b)" "roomfurnish.com"
208.80.193.33 - - [14/Jul/2008:08:37:51 -0700] "GET / HTTP/1.0" 200 1315 "-" "Mozilla/4.0 (compatible; MSIE 7.0; Windows NT 5.1; ADVPLUGIN|K114|03|S1816442624|dial; snprtz|S21943600000224; .NET CLR 1.1.4322)" "www.roomfurnish.com"
88.131.106.12 - - [14/Jul/2008:13:35:30 -0700] "GET /robots.txt HTTP/1.0" 404 275 "-" "Speedy Spider (http://www.entireweb.com/about/search_tech/speedy_spider/)" "www.roomfurnish.com"
88.131.106.12 - - [14/Jul/2008:13:35:30 -0700] "GET /a41.html HTTP/1.0" 404 275 "-" "Speedy Spider (http://www.entireweb.com/about/search_tech/speedy_spider/)" "www.roomfurnish.com"
88.131.106.12 - - [14/Jul/2008:13:36:23 -0700] "GET /robots.txt HTTP/1.0" 404 275 "-" "Speedy Spider (http://www.entireweb.com/about/search_tech/speedy_spider/)" "roomfurnish.com"
88.131.106.12 - - [14/Jul/2008:13:36:23 -0700] "GET /g-1942.html HTTP/1.0" 404 275 "-" "Speedy Spider (http://www.entireweb.com/about/search_tech/speedy_spider/)" "roomfurnish.com"
88.131.106.12 - - [14/Jul/2008:13:36:24 -0700] "GET /g-1982.html HTTP/1.0" 404 275 "-" "Speedy Spider (http://www.entireweb.com/about/search_tech/speedy_spider/)" "roomfurnish.com"
88.131.106.12 - - [14/Jul/2008:14:30:07 -0700] "GET /342elenasofa.html HTTP/1.0" 404 275 "-" "Speedy Spider (http://www.entireweb.com/about/search_tech/speedy_spider/)" "roomfurnish.com"
88.131.106.12 - - [14/Jul/2008:14:35:15 -0700] "GET /a44.html HTTP/1.0" 404 275 "-" "Speedy Spider (http://www.entireweb.com/about/search_tech/speedy_spider/)" "www.roomfurnish.com"
88.131.106.12 - - [14/Jul/2008:14:35:44 -0700] "GET /g-1885.html HTTP/1.0" 404 275 "-" "Speedy Spider (http://www.entireweb.com/about/search_tech/speedy_spider/)" "roomfurnish.com"
88.131.106.12 - - [14/Jul/2008:14:35:46 -0700] "GET /g-1785.html HTTP/1.0" 404 275 "-" "Speedy Spider (http://www.entireweb.com/about/search_tech/speedy_spider/)" "roomfurnish.com"
88.131.106.12 - - [14/Jul/2008:16:13:59 -0700] "GET /287minitasofa.html HTTP/1.0" 404 275 "-" "Speedy Spider (http://www.entireweb.com/about/search_tech/speedy_spider/)" "roomfurnish.com"
67.152.29.130 - - [14/Jul/2008:19:24:54 -0700] "GET /robots.txt HTTP/1.1" 404 275 "-" "ShopWiki/1.0 ( +http://www.shopwiki.com/wiki/Help:Bot)" "www.roomfurnish.com"
67.152.29.130 - - [14/Jul/2008:19:24:55 -0700] "GET / HTTP/1.1" 200 1315 "-" "ShopWiki/1.0 ( +http://www.shopwiki.com/wiki/Help:Bot)" "www.roomfurnish.com"
67.152.29.130 - - [14/Jul/2008:19:25:03 -0700] "GET / HTTP/1.1" 200 1315 "-" "ShopWiki/1.0 ( +http://www.shopwiki.com/wiki/Help:Bot)" "www.roomfurnish.com"
67.152.29.130 - - [14/Jul/2008:19:25:04 -0700] "GET / HTTP/1.1" 200 1315 "-" "ShopWiki/1.0 ( +http://www.shopwiki.com/wiki/Help:Bot)" "www.roomfurnish.com"
67.152.29.130 - - [14/Jul/2008:19:25:05 -0700] "GET / HTTP/1.1" 200 1315 "http://www.roomfurnish.com/" "ShopWiki/1.0 ( +http://www.shopwiki.com/wiki/Help:Bot)" "www.roomfurnish.com"
67.152.29.130 - - [14/Jul/2008:19:25:06 -0700] "GET / HTTP/1.1" 200 1315 "http://www.roomfurnish.com/" "ShopWiki/1.0 ( +http://www.shopwiki.com/wiki/Help:Bot)" "www.roomfurnish.com"
67.152.29.130 - - [14/Jul/2008:19:25:08 -0700] "GET / HTTP/1.1" 200 1315 "-" "ShopWiki/1.0 ( +http://www.shopwiki.com/wiki/Help:Bot)" "www.roomfurnish.com"
67.152.29.130 - - [14/Jul/2008:19:25:09 -0700] "GET / HTTP/1.1" 200 1315 "-" "ShopWiki/1.0 ( +http://www.shopwiki.com/wiki/Help:Bot)" "www.roomfurnish.com"
88.131.106.12 - - [14/Jul/2008:22:03:53 -0700] "GET /robots.txt HTTP/1.0" 404 275 "-" "Speedy Spider (http://www.entireweb.com/about/search_tech/speedy_spider/)" "roomfurnish.com"
88.131.106.12 - - [14/Jul/2008:22:03:53 -0700] "GET /boldsofagroup.html HTTP/1.0" 404 275 "-" "Speedy Spider (http://www.entireweb.com/about/search_tech/speedy_spider/)" "roomfurnish.com"
88.131.106.12 - - [14/Jul/2008:22:19:38 -0700] "GET /g-2043.html HTTP/1.0" 404 275 "-" "Speedy Spider (http://www.entireweb.com/about/search_tech/speedy_spider/)" "roomfurnish.com"
88.131.106.12 - - [14/Jul/2008:22:19:39 -0700] "GET /g-1883.html HTTP/1.0" 404 275 "-" "Speedy Spider (http://www.entireweb.com/about/search_tech/speedy_spider/)" "roomfurnish.com"
88.131.106.12 - - [14/Jul/2008:22:19:41 -0700] "GET /g-1943.html HTTP/1.0" 404 275 "-" "Speedy Spider (http://www.entireweb.com/about/search_tech/speedy_spider/)" "roomfurnish.com"
88.131.106.12 - - [14/Jul/2008:22:19:42 -0700] "GET /g-1983.html HTTP/1.0" 404 275 "-" "Speedy Spider (http://www.entireweb.com/about/search_tech/speedy_spider/)" "roomfurnish.com"
88.131.106.12 - - [14/Jul/2008:22:37:08 -0700] "GET /323pisasofa.html HTTP/1.0" 404 275 "-" "Speedy Spider (http://www.entireweb.com/about/search_tech/speedy_spider/)" "roomfurnish.com"
88.131.106.12 - - [14/Jul/2008:22:37:10 -0700] "GET /372pisasofa.html HTTP/1.0" 404 275 "-" "Speedy Spider (http://www.entireweb.com/about/search_tech/speedy_spider/)" "roomfurnish.com"
88.131.106.12 - - [14/Jul/2008:23:18:38 -0700] "GET /g-1844.html HTTP/1.0" 404 275 "-" "Speedy Spider (http://www.entireweb.com/about/search_tech/speedy_spider/)" "roomfurnish.com"
88.131.106.12 - - [14/Jul/2008:23:18:40 -0700] "GET /g-1884.html HTTP/1.0" 404 275 "-" "Speedy Spider (http://www.entireweb.com/about/search_tech/speedy_spider/)" "roomfurnish.com"
88.131.106.12 - - [14/Jul/2008:23:18:41 -0700] "GET /g-1944.html HTTP/1.0" 404 275 "-" "Speedy Spider (http://www.entireweb.com/about/search_tech/speedy_spider/)" "roomfurnish.com"
88.131.106.12 - - [14/Jul/2008:23:18:43 -0700] "GET /g-1984.html HTTP/1.0" 404 275 "-" "Speedy Spider (http://www.entireweb.com/about/search_tech/speedy_spider/)" "roomfurnish.com"
74.6.8.103 - - [14/Jul/2008:23:26:27 -0700] "GET /robots.txt HTTP/1.0" 404 275 "-" "Mozilla/5.0 (compatible; Yahoo! Slurp; http://help.yahoo.com/help/us/ysearch/slurp)" "www.roomfurnish.com"
74.6.31.164 - - [14/Jul/2008:23:26:27 -0700] "GET / HTTP/1.0" 200 1315 "-" "Mozilla/5.0 (compatible; Yahoo! DE Slurp; http://help.yahoo.com/help/us/ysearch/slurp)" "www.roomfurnish.com"
88.131.106.12 - - [14/Jul/2008:23:47:43 -0700] "GET /robots.txt HTTP/1.0" 404 275 "-" "Speedy Spider (http://www.entireweb.com/about/search_tech/speedy_spider/)" "www.roomfurnish.com"
88.131.106.12 - - [14/Jul/2008:23:47:43 -0700] "GET /a45.html HTTP/1.0" 404 275 "-" "Speedy Spider (http://www.entireweb.com/about/search_tech/speedy_spider/)" "www.roomfurnish.com"
88.131.106.12 - - [14/Jul/2008:23:48:05 -0700] "GET /g-1886.html HTTP/1.0" 404 275 "-" "Speedy Spider (http://www.entireweb.com/about/search_tech/speedy_spider/)" "roomfurnish.com"
88.131.106.12 - - [14/Jul/2008:23:48:06 -0700] "GET /g-1946.html HTTP/1.0" 404 275 "-" "Speedy Spider (http://www.entireweb.com/about/search_tech/speedy_spider/)" "roomfurnish.com"
74.6.22.234 - - [14/Jul/2008:23:53:19 -0700] "GET /robots.txt HTTP/1.0" 404 275 "-" "Mozilla/5.0 (compatible; Yahoo! Slurp; http://help.yahoo.com/help/us/ysearch/slurp)" "www.roomfurnish.com"
74.6.76.45 - - [14/Jul/2008:23:53:20 -0700] "GET / HTTP/1.0" 200 1315 "-" "Mozilla/5.0 (compatible; Yahoo! DE Slurp; http://help.yahoo.com/help/us/ysearch/slurp)" "www.roomfurnish.com"
119.63.194.49 - - [15/Jul/2008:01:04:04 -0700] "GET / HTTP/1.1" 304 - "-" "Baiduspider+(+http://help.baidu.jp/system/05.html)" "roomfurnish.com"
216.64.169.240 - - [15/Jul/2008:01:37:48 -0700] "GET / HTTP/1.1" 200 1315 "-" "Mozilla/4.0 (compatible; MSIE 6.0; Windows NT 5.0; .NET CLR 1.0.3705; .NET CLR 1.1.4322)" "roomfurnish.com"
208.36.144.10 - - [15/Jul/2008:03:15:51 -0700] "GET /robots.txt HTTP/1.0" 404 275 "-" "Mozilla/5.0 (Twiceler-0.9 http://www.cuill.com/twiceler/robot.html)" "www.roomfurnish.com"
67.195.98.236 - - [15/Jul/2008:04:03:52 -0700] "GET / HTTP/1.0" 200 1315 "-" "Mozilla/5.0 (compatible; Yahoo! DE Slurp; http://help.yahoo.com/help/us/ysearch/slurp)" "www.roomfurnish.com"
193.252.149.16 - - [15/Jul/2008:06:12:45 -0700] "GET / HTTP/1.1" 200 1315 "-" "Mozilla/5.0 (Windows; U; Windows NT 5.1; fr; rv:1.8.1) VoilaBot BETA 1.2 (support.voilabot@orange-ftgroup.com)" "www.roomfurnish.com"
88.131.106.12 - - [15/Jul/2008:06:39:10 -0700] "GET /robots.txt HTTP/1.0" 404 275 "-" "Speedy Spider (http://www.entireweb.com/about/search_tech/speedy_spider/)" "www.roomfurnish.com"
88.131.106.12 - - [15/Jul/2008:06:39:13 -0700] "GET /a46.html HTTP/1.0" 404 275 "-" "Speedy Spider (http://www.entireweb.com/about/search_tech/speedy_spider/)" "www.roomfurnish.com"
88.131.106.12 - - [15/Jul/2008:06:39:50 -0700] "GET /robots.txt HTTP/1.0" 404 275 "-" "Speedy Spider (http://www.entireweb.com/about/search_tech/speedy_spider/)" "roomfurnish.com"
88.131.106.12 - - [15/Jul/2008:06:39:50 -0700] "GET /g-1847.html HTTP/1.0" 404 275 "-" "Speedy Spider (http://www.entireweb.com/about/search_tech/speedy_spider/)" "roomfurnish.com"
88.131.106.12 - - [15/Jul/2008:06:39:52 -0700] "GET /g-1887.html HTTP/1.0" 404 275 "-" "Speedy Spider (http://www.entireweb.com/about/search_tech/speedy_spider/)" "roomfurnish.com"
88.131.106.12 - - [15/Jul/2008:06:39:53 -0700] "GET /g-1947.html HTTP/1.0" 404 275 "-" "Speedy Spider (http://www.entireweb.com/about/search_tech/speedy_spider/)" "roomfurnish.com"
88.131.106.12 - - [15/Jul/2008:06:39:54 -0700] "GET /g-1747.html HTTP/1.0" 404 275 "-" "Speedy Spider (http://www.entireweb.com/about/search_tech/speedy_spider/)" "roomfurnish.com"
88.131.106.12 - - [15/Jul/2008:07:14:18 -0700] "GET /a48.html HTTP/1.0" 404 275 "-" "Speedy Spider (http://www.entireweb.com/about/search_tech/speedy_spider/)" "www.roomfurnish.com"
88.131.106.12 - - [15/Jul/2008:07:14:52 -0700] "GET /g-1849.html HTTP/1.0" 404 275 "-" "Speedy Spider (http://www.entireweb.com/about/search_tech/speedy_spider/)" "roomfurnish.com"
88.131.106.12 - - [15/Jul/2008:07:14:53 -0700] "GET /g-1889.html HTTP/1.0" 404 275 "-" "Speedy Spider (http://www.entireweb.com/about/search_tech/speedy_spider/)" "roomfurnish.com"
88.131.106.12 - - [15/Jul/2008:07:14:59 -0700] "GET /g-1949.html HTTP/1.0" 404 275 "-" "Speedy Spider (http://www.entireweb.com/about/search_tech/speedy_spider/)" "roomfurnish.com"
88.131.106.12 - - [15/Jul/2008:09:47:12 -0700] "GET /221almosofa.html HTTP/1.0" 404 275 "-" "Speedy Spider (http://www.entireweb.com/about/search_tech/speedy_spider/)" "roomfurnish.com"
208.80.193.37 - - [15/Jul/2008:12:01:15 -0700] "GET / HTTP/1.0" 200 1315 "-" "Mozilla/4.0 (compatible; MSIE 7.0; Windows NT 5.1; SIMBAR={E8CDB979-895C-44a7-A7AA-94716DF46442}; .NET CLR 1.0.3705; .NET CLR 1.1.4322; Media Center PC 4.0; .NET CLR 2.0.50727)" "roomfurnish.com"
208.80.193.37 - - [15/Jul/2008:12:01:15 -0700] "GET / HTTP/1.0" 200 1315 "-" "Mozilla/4.0 (compatible; MSIE 6.0; Windows NT 5.0; Katiesoft 7; InfoPath.1; .NET CLR 1.1.4322; .NET CLR 2.0.50727)" "www.roomfurnish.com"
88.131.106.12 - - [15/Jul/2008:13:52:39 -0700] "GET /robots.txt HTTP/1.0" 404 275 "-" "Speedy Spider (http://www.entireweb.com/about/search_tech/speedy_spider/)" "roomfurnish.com"
88.131.106.12 - - [15/Jul/2008:13:52:39 -0700] "GET /g-1848.html HTTP/1.0" 404 275 "-" "Speedy Spider (http://www.entireweb.com/about/search_tech/speedy_spider/)" "roomfurnish.com"
88.131.106.12 - - [15/Jul/2008:13:52:41 -0700] "GET /g-1888.html HTTP/1.0" 404 275 "-" "Speedy Spider (http://www.entireweb.com/about/search_tech/speedy_spider/)" "roomfurnish.com"
88.131.106.12 - - [15/Jul/2008:13:52:45 -0700] "GET /g-1948.html HTTP/1.0" 404 275 "-" "Speedy Spider (http://www.entireweb.com/about/search_tech/speedy_spider/)" "roomfurnish.com"
202.179.180.45 - - [15/Jul/2008:15:01:52 -0700] "GET /robots.txt HTTP/1.1" 404 275 "-" "Mozilla/4.0 (compatible; NaverBot/1.0; http://help.naver.com/delete_main.asp)" "roomfurnish.com"
202.179.180.45 - - [15/Jul/2008:15:01:58 -0700] "GET / HTTP/1.1" 200 1315 "-" "Mozilla/4.0 (compatible; NaverBot/1.0; http://help.naver.com/delete_main.asp)" "roomfurnish.com"
193.252.149.16 - - [15/Jul/2008:15:52:22 -0700] "GET / HTTP/1.1" 200 1315 "-" "Mozilla/5.0 (Windows; U; Windows NT 5.1; fr; rv:1.8.1) VoilaBot BETA 1.2 (support.voilabot@orange-ftgroup.com)" "roomfurnish.com"
88.131.106.12 - - [15/Jul/2008:16:04:03 -0700] "GET /322nicollesofa.html HTTP/1.0" 404 275 "-" "Speedy Spider (http://www.entireweb.com/about/search_tech/speedy_spider/)" "roomfurnish.com"
64.79.219.54 - - [15/Jul/2008:16:53:41 -0700] "HEAD / HTTP/1.0" 200 0 "http://www.sitidi.net" "Mozilla/4.0 (compatible; MSIE 6.0; Windows NT 5.1; SV1)" "roomfurnish.com"
64.79.219.54 - - [15/Jul/2008:16:53:41 -0700] "HEAD / HTTP/1.0" 200 0 "http://www.sitidi.net" "Mozilla/4.0 (compatible; MSIE 6.0; Windows NT 5.1; SV1)" "roomfurnish.com"
64.79.219.54 - - [15/Jul/2008:16:53:41 -0700] "HEAD / HTTP/1.0" 200 0 "http://www.sitidi.net" "Mozilla/4.0 (compatible; MSIE 6.0; Windows NT 5.1; SV1)" "roomfurnish.com"
64.79.219.54 - - [15/Jul/2008:16:53:41 -0700] "HEAD / HTTP/1.0" 200 0 "http://www.sitidi.net" "Mozilla/4.0 (compatible; MSIE 6.0; Windows NT 5.1; SV1)" "roomfurnish.com"
