88.131.106.12 - - [29/Aug/2008:17:10:38 -0700] "GET /358miniatosofa.html HTTP/1.0" 404 275 "-" "Speedy Spider (http://www.entireweb.com/about/search_tech/speedy_spider/)" "roomfurnish.com"
88.131.106.12 - - [29/Aug/2008:17:12:46 -0700] "GET /365masianosofa.html HTTP/1.0" 404 275 "-" "Speedy Spider (http://www.entireweb.com/about/search_tech/speedy_spider/)" "roomfurnish.com"
74.6.8.24 - - [29/Aug/2008:17:33:42 -0700] "GET /robots.txt HTTP/1.0" 404 275 "-" "Mozilla/5.0 (compatible; Yahoo! Slurp; http://help.yahoo.com/help/us/ysearch/slurp)" "www.roomfurnish.com"
74.6.76.45 - - [29/Aug/2008:17:33:44 -0700] "GET / HTTP/1.0" 200 1315 "-" "Mozilla/5.0 (compatible; Yahoo! DE Slurp; http://help.yahoo.com/help/us/ysearch/slurp)" "www.roomfurnish.com"
88.131.106.12 - - [29/Aug/2008:17:35:47 -0700] "GET /2005style.html HTTP/1.0" 404 275 "-" "Speedy Spider (http://www.entireweb.com/about/search_tech/speedy_spider/)" "roomfurnish.com"
88.131.106.12 - - [29/Aug/2008:17:39:57 -0700] "GET /2004style.html HTTP/1.0" 404 275 "-" "Speedy Spider (http://www.entireweb.com/about/search_tech/speedy_spider/)" "roomfurnish.com"
220.181.61.227 - - [29/Aug/2008:17:55:04 -0700] "GET /robots.txt HTTP/1.1" 404 275 "-" "-" "roomfurnish.com"
77.91.224.5 - - [29/Aug/2008:18:09:45 -0700] "GET /robots.txt HTTP/1.1" 404 275 "-" "WebAlta Crawler/2.0 (http://www.webalta.net/ru/about_webmaster.html) (Windows; U; Windows NT 5.1; ru-RU)" "www.roomfurnish.com"
208.66.193.165 - - [29/Aug/2008:18:09:45 -0700] "GET / HTTP/1.1" 200 1315 "-" "WebAlta Crawler/2.0 (http://www.webalta.net/ru/about_webmaster.html) (Windows; U; Windows NT 5.1; ru-RU)" "www.roomfurnish.com"
208.80.193.44 - - [29/Aug/2008:18:50:47 -0700] "GET / HTTP/1.0" 200 1315 "-" "Mozilla/4.0 (compatible; MSIE 6.0; Windows NT 5.1; SV1; YPC 3.0.0; .NET CLR 1.1.4322; yplus 4.1.00b)" "roomfurnish.com"
208.80.193.44 - - [29/Aug/2008:18:50:47 -0700] "GET / HTTP/1.0" 200 1315 "-" "Mozilla/4.0 (compatible; MSIE 7.0; Windows NT 5.1; Alcohol Search; IEMB3; IEMB3)" "www.roomfurnish.com"
220.181.61.227 - - [29/Aug/2008:19:33:50 -0700] "GET / HTTP/1.1" 200 1315 "-" "Sogou web spider/4.0(+http://www.sogou.com/docs/help/webmasters.htm#07)" "roomfurnish.com"
88.131.106.12 - - [29/Aug/2008:22:16:22 -0700] "GET /robots.txt HTTP/1.0" 404 275 "-" "Speedy Spider (http://www.entireweb.com/about/search_tech/speedy_spider/)" "roomfurnish.com"
88.131.106.12 - - [29/Aug/2008:22:16:22 -0700] "GET /contactus.html HTTP/1.0" 404 275 "-" "Speedy Spider (http://www.entireweb.com/about/search_tech/speedy_spider/)" "roomfurnish.com"
88.131.106.12 - - [29/Aug/2008:22:23:55 -0700] "GET /s-890.html HTTP/1.0" 404 275 "-" "Speedy Spider (http://www.entireweb.com/about/search_tech/speedy_spider/)" "roomfurnish.com"
208.111.154.15 - - [29/Aug/2008:23:17:51 -0700] "GET /robots.txt HTTP/1.0" 404 275 "-" "Mozilla/5.0 (compatible; Charlotte/1.1; http://www.searchme.com/support/)" "www.roomfurnish.com"
208.111.154.15 - - [29/Aug/2008:23:17:51 -0700] "GET / HTTP/1.1" 200 1315 "-" "Mozilla/5.0 (compatible; Charlotte/1.1; http://www.searchme.com/support/)" "www.roomfurnish.com"
88.131.106.12 - - [30/Aug/2008:00:29:12 -0700] "GET /robots.txt HTTP/1.0" 404 275 "-" "Speedy Spider (http://www.entireweb.com/about/search_tech/speedy_spider/)" "www.roomfurnish.com"
88.131.106.12 - - [30/Aug/2008:00:29:13 -0700] "GET /336brso.html HTTP/1.0" 404 275 "-" "Speedy Spider (http://www.entireweb.com/about/search_tech/speedy_spider/)" "www.roomfurnish.com"
88.131.106.12 - - [30/Aug/2008:00:34:04 -0700] "GET /306poso.html HTTP/1.0" 404 275 "-" "Speedy Spider (http://www.entireweb.com/about/search_tech/speedy_spider/)" "roomfurnish.com"
88.131.106.12 - - [30/Aug/2008:00:44:20 -0700] "GET /236caso.html HTTP/1.0" 404 275 "-" "Speedy Spider (http://www.entireweb.com/about/search_tech/speedy_spider/)" "roomfurnish.com"
88.131.106.12 - - [30/Aug/2008:00:45:08 -0700] "GET /298vaso.html HTTP/1.0" 404 275 "-" "Speedy Spider (http://www.entireweb.com/about/search_tech/speedy_spider/)" "roomfurnish.com"
88.131.106.12 - - [30/Aug/2008:00:45:10 -0700] "GET /295soso.html HTTP/1.0" 404 275 "-" "Speedy Spider (http://www.entireweb.com/about/search_tech/speedy_spider/)" "roomfurnish.com"
88.131.106.12 - - [30/Aug/2008:00:48:34 -0700] "GET /212giso.html HTTP/1.0" 404 275 "-" "Speedy Spider (http://www.entireweb.com/about/search_tech/speedy_spider/)" "roomfurnish.com"
88.131.106.12 - - [30/Aug/2008:02:07:07 -0700] "GET /a30.html HTTP/1.0" 404 275 "-" "Speedy Spider (http://www.entireweb.com/about/search_tech/speedy_spider/)" "roomfurnish.com"
88.131.106.12 - - [30/Aug/2008:02:07:56 -0700] "GET /g-2031.html HTTP/1.0" 404 275 "-" "Speedy Spider (http://www.entireweb.com/about/search_tech/speedy_spider/)" "roomfurnish.com"
88.131.106.12 - - [30/Aug/2008:02:07:58 -0700] "GET /g-2131.html HTTP/1.0" 404 275 "-" "Speedy Spider (http://www.entireweb.com/about/search_tech/speedy_spider/)" "roomfurnish.com"
88.131.106.12 - - [30/Aug/2008:02:07:59 -0700] "GET /g-1931.html HTTP/1.0" 404 275 "-" "Speedy Spider (http://www.entireweb.com/about/search_tech/speedy_spider/)" "roomfurnish.com"
62.141.58.48 - - [30/Aug/2008:02:27:52 -0700] "GET / HTTP/1.0" 200 1315 "-" "Snoopy v1.2" "www.roomfurnish.com"
67.205.96.152 - - [30/Aug/2008:07:20:21 -0700] "GET /? HTTP/1.0" 200 1315 "-" "Mozilla/4.0 (compatible; MSIE 6.0; Windows NT 5.0)" "roomfurnish.com"
208.80.193.35 - - [30/Aug/2008:12:25:43 -0700] "GET / HTTP/1.0" 200 1315 "-" "Mozilla/4.0 (compatible; MSIE 6.0; Windows NT 5.1; {70CE9F97-D1DE-4C0C-A13C-C4985B92B4BE}; SV1; FunWebProducts; .NET CLR 1.1.4322)" "www.roomfurnish.com"
208.80.193.35 - - [30/Aug/2008:12:25:43 -0700] "GET / HTTP/1.0" 200 1315 "-" "Mozilla/4.0 (compatible; MSIE 7.0; Windows NT 5.1; SIMBAR Enabled; SIMBAR={8F36CAE7-A501-4364-B134-16BBEFBC3A06}; .NET CLR 2.0.50727)" "roomfurnish.com"
88.131.106.12 - - [30/Aug/2008:12:52:11 -0700] "GET /robots.txt HTTP/1.0" 404 275 "-" "Speedy Spider (http://www.entireweb.com/about/search_tech/speedy_spider/)" "roomfurnish.com"
88.131.106.12 - - [30/Aug/2008:12:52:11 -0700] "GET /lb-12.html HTTP/1.0" 404 275 "-" "Speedy Spider (http://www.entireweb.com/about/search_tech/speedy_spider/)" "roomfurnish.com"
88.131.106.12 - - [30/Aug/2008:13:51:15 -0700] "GET /sectionalsofa.html HTTP/1.0" 404 275 "-" "Speedy Spider (http://www.entireweb.com/about/search_tech/speedy_spider/)" "roomfurnish.com"
74.6.22.121 - - [30/Aug/2008:14:51:43 -0700] "GET /robots.txt HTTP/1.0" 404 275 "-" "Mozilla/5.0 (compatible; Yahoo! Slurp; http://help.yahoo.com/help/us/ysearch/slurp)" "www.roomfurnish.com"
67.195.98.236 - - [30/Aug/2008:14:51:43 -0700] "GET / HTTP/1.0" 200 1315 "-" "Mozilla/5.0 (compatible; Yahoo! DE Slurp; http://help.yahoo.com/help/us/ysearch/slurp)" "www.roomfurnish.com"
193.252.149.16 - - [30/Aug/2008:15:30:34 -0700] "GET / HTTP/1.1" 200 1315 "-" "Mozilla/5.0 (Windows; U; Windows NT 5.1; fr; rv:1.8.1) VoilaBot BETA 1.2 (support.voilabot@orange-ftgroup.com)" "www.roomfurnish.com"
88.131.106.12 - - [30/Aug/2008:16:20:33 -0700] "GET /950imso.html HTTP/1.0" 404 275 "-" "Speedy Spider (http://www.entireweb.com/about/search_tech/speedy_spider/)" "roomfurnish.com"
67.152.29.130 - - [30/Aug/2008:16:22:39 -0700] "GET /robots.txt HTTP/1.1" 404 275 "-" "ShopWiki/1.0 ( +http://www.shopwiki.com/wiki/Help:Bot)" "www.roomfurnish.com"
67.152.29.130 - - [30/Aug/2008:16:22:40 -0700] "GET /sitemap.html HTTP/1.1" 404 275 "-" "ShopWiki/1.0 ( +http://www.shopwiki.com/wiki/Help:Bot)" "www.roomfurnish.com"
67.152.29.130 - - [30/Aug/2008:16:22:41 -0700] "GET / HTTP/1.1" 200 1315 "-" "ShopWiki/1.0 ( +http://www.shopwiki.com/wiki/Help:Bot)" "www.roomfurnish.com"
88.131.106.12 - - [30/Aug/2008:16:27:09 -0700] "GET /comfysofagroup.html HTTP/1.0" 404 275 "-" "Speedy Spider (http://www.entireweb.com/about/search_tech/speedy_spider/)" "roomfurnish.com"
88.131.106.12 - - [30/Aug/2008:16:30:08 -0700] "GET /g-2130.html HTTP/1.0" 404 275 "-" "Speedy Spider (http://www.entireweb.com/about/search_tech/speedy_spider/)" "roomfurnish.com"
88.131.106.12 - - [30/Aug/2008:16:30:09 -0700] "GET /g-1930.html HTTP/1.0" 404 275 "-" "Speedy Spider (http://www.entireweb.com/about/search_tech/speedy_spider/)" "roomfurnish.com"
88.131.106.12 - - [30/Aug/2008:17:26:06 -0700] "GET /a41cach.html HTTP/1.0" 404 275 "-" "Speedy Spider (http://www.entireweb.com/about/search_tech/speedy_spider/)" "roomfurnish.com"
88.131.106.12 - - [30/Aug/2008:17:36:08 -0700] "GET /g-2033.html HTTP/1.0" 404 275 "-" "Speedy Spider (http://www.entireweb.com/about/search_tech/speedy_spider/)" "roomfurnish.com"
88.131.106.12 - - [30/Aug/2008:17:36:22 -0700] "GET /g-1933.html HTTP/1.0" 404 275 "-" "Speedy Spider (http://www.entireweb.com/about/search_tech/speedy_spider/)" "roomfurnish.com"
74.6.20.108 - - [30/Aug/2008:20:01:51 -0700] "GET /robots.txt HTTP/1.0" 404 275 "-" "Mozilla/5.0 (compatible; Yahoo! Slurp; http://help.yahoo.com/help/us/ysearch/slurp)" "www.roomfurnish.com"
74.6.76.45 - - [30/Aug/2008:20:01:51 -0700] "GET / HTTP/1.0" 200 1315 "-" "Mozilla/5.0 (compatible; Yahoo! DE Slurp; http://help.yahoo.com/help/us/ysearch/slurp)" "www.roomfurnish.com"
202.108.7.217 - - [30/Aug/2008:20:02:11 -0700] "GET /robots.txt HTTP/1.1" 404 275 "-" "Mozilla/5.0 (compatible; YodaoBot/1.0; http://www.yodao.com/help/webmaster/spider/; )" "roomfurnish.com"
202.108.7.217 - - [30/Aug/2008:20:02:11 -0700] "GET / HTTP/1.1" 304 - "-" "Mozilla/5.0 (compatible; YodaoBot/1.0; http://www.yodao.com/help/webmaster/spider/; )" "roomfurnish.com"
88.131.106.12 - - [30/Aug/2008:23:30:57 -0700] "GET /robots.txt HTTP/1.0" 404 275 "-" "Speedy Spider (http://www.entireweb.com/about/search_tech/speedy_spider/)" "roomfurnish.com"
88.131.106.12 - - [30/Aug/2008:23:30:57 -0700] "GET /b396lonatosofa.html HTTP/1.0" 404 275 "-" "Speedy Spider (http://www.entireweb.com/about/search_tech/speedy_spider/)" "roomfurnish.com"
88.131.106.12 - - [30/Aug/2008:23:42:14 -0700] "GET /faq.html HTTP/1.0" 404 275 "-" "Speedy Spider (http://www.entireweb.com/about/search_tech/speedy_spider/)" "roomfurnish.com"
88.131.106.12 - - [30/Aug/2008:23:42:46 -0700] "GET /g-2032.html HTTP/1.0" 404 275 "-" "Speedy Spider (http://www.entireweb.com/about/search_tech/speedy_spider/)" "roomfurnish.com"
88.131.106.12 - - [31/Aug/2008:00:50:52 -0700] "GET /g-2035.html HTTP/1.0" 404 275 "-" "Speedy Spider (http://www.entireweb.com/about/search_tech/speedy_spider/)" "roomfurnish.com"
88.131.106.12 - - [31/Aug/2008:00:50:54 -0700] "GET /g-1935.html HTTP/1.0" 404 275 "-" "Speedy Spider (http://www.entireweb.com/about/search_tech/speedy_spider/)" "roomfurnish.com"
88.131.106.12 - - [31/Aug/2008:01:17:55 -0700] "GET /g17mach.html HTTP/1.0" 404 275 "-" "Speedy Spider (http://www.entireweb.com/about/search_tech/speedy_spider/)" "roomfurnish.com"
88.131.106.12 - - [31/Aug/2008:01:43:23 -0700] "GET /352lovesofa.html HTTP/1.0" 404 275 "-" "Speedy Spider (http://www.entireweb.com/about/search_tech/speedy_spider/)" "roomfurnish.com"
88.131.106.12 - - [31/Aug/2008:01:53:16 -0700] "GET /g-2034.html HTTP/1.0" 404 275 "-" "Speedy Spider (http://www.entireweb.com/about/search_tech/speedy_spider/)" "roomfurnish.com"
88.131.106.12 - - [31/Aug/2008:01:53:18 -0700] "GET /g-1934.html HTTP/1.0" 404 275 "-" "Speedy Spider (http://www.entireweb.com/about/search_tech/speedy_spider/)" "roomfurnish.com"
98.173.26.143 - - [31/Aug/2008:03:15:38 -0700] "GET /robots.txt HTTP/1.0" 404 275 "-" "envolk/1.7 (+http://www.envolk.com/envolkspiderinfo.html)" "roomfurnish.com"
64.79.219.54 - - [31/Aug/2008:05:28:13 -0700] "HEAD / HTTP/1.0" 200 0 "http://www.sitidi.net" "Mozilla/4.0 (compatible; MSIE 6.0; Windows NT 5.1; SV1)" "roomfurnish.com"
64.79.219.54 - - [31/Aug/2008:05:28:13 -0700] "HEAD / HTTP/1.0" 200 0 "http://www.sitidi.net" "Mozilla/4.0 (compatible; MSIE 6.0; Windows NT 5.1; SV1)" "roomfurnish.com"
64.79.219.54 - - [31/Aug/2008:05:28:13 -0700] "HEAD / HTTP/1.0" 200 0 "http://www.sitidi.net" "Mozilla/4.0 (compatible; MSIE 6.0; Windows NT 5.1; SV1)" "roomfurnish.com"
64.79.219.54 - - [31/Aug/2008:05:28:13 -0700] "HEAD / HTTP/1.0" 200 0 "http://www.sitidi.net" "Mozilla/4.0 (compatible; MSIE 6.0; Windows NT 5.1; SV1)" "roomfurnish.com"
64.124.148.28 - - [31/Aug/2008:07:57:49 -0700] "GET /robots.txt HTTP/1.1" 404 275 "-" "Mozilla/5.0 (compatible; FatBot 2.0; http://www.thefind.com/crawler)" "roomfurnish.com"
64.124.148.28 - - [31/Aug/2008:07:59:02 -0700] "GET / HTTP/1.1" 200 1315 "-" "Mozilla/5.0 (compatible; FatBot 2.0; http://www.thefind.com/crawler)" "roomfurnish.com"
88.131.106.12 - - [31/Aug/2008:10:05:58 -0700] "GET /robots.txt HTTP/1.0" 404 275 "-" "Speedy Spider (http://www.entireweb.com/about/search_tech/speedy_spider/)" "roomfurnish.com"
88.131.106.12 - - [31/Aug/2008:10:05:58 -0700] "GET /a50qusl.html HTTP/1.0" 404 275 "-" "Speedy Spider (http://www.entireweb.com/about/search_tech/speedy_spider/)" "roomfurnish.com"
88.131.106.12 - - [31/Aug/2008:10:05:59 -0700] "GET /a50disl.html HTTP/1.0" 404 275 "-" "Speedy Spider (http://www.entireweb.com/about/search_tech/speedy_spider/)" "roomfurnish.com"
88.131.106.12 - - [31/Aug/2008:10:19:09 -0700] "GET /g-1837.html HTTP/1.0" 404 275 "-" "Speedy Spider (http://www.entireweb.com/about/search_tech/speedy_spider/)" "roomfurnish.com"
88.131.106.12 - - [31/Aug/2008:14:31:10 -0700] "GET /robots.txt HTTP/1.0" 404 275 "-" "Speedy Spider (http://www.entireweb.com/about/search_tech/speedy_spider/)" "roomfurnish.com"
88.131.106.12 - - [31/Aug/2008:14:31:10 -0700] "GET /300briosofa.html HTTP/1.0" 404 275 "-" "Speedy Spider (http://www.entireweb.com/about/search_tech/speedy_spider/)" "roomfurnish.com"
74.6.18.252 - - [31/Aug/2008:14:54:39 -0700] "GET /robots.txt HTTP/1.0" 404 275 "-" "Mozilla/5.0 (compatible; Yahoo! Slurp; http://help.yahoo.com/help/us/ysearch/slurp)" "www.roomfurnish.com"
67.195.98.236 - - [31/Aug/2008:14:54:39 -0700] "GET / HTTP/1.0" 200 1315 "-" "Mozilla/5.0 (compatible; Yahoo! DE Slurp; http://help.yahoo.com/help/us/ysearch/slurp)" "www.roomfurnish.com"
88.131.106.12 - - [31/Aug/2008:15:49:22 -0700] "GET /g-2036.html HTTP/1.0" 404 275 "-" "Speedy Spider (http://www.entireweb.com/about/search_tech/speedy_spider/)" "roomfurnish.com"
207.126.224.241 - - [31/Aug/2008:20:07:05 -0700] "GET / HTTP/1.0" 200 1315 "-" "Mozilla/4.05 [en]" "www.roomfurnish.com"
74.6.23.56 - - [31/Aug/2008:22:08:18 -0700] "GET /robots.txt HTTP/1.0" 404 275 "-" "Mozilla/5.0 (compatible; Yahoo! Slurp; http://help.yahoo.com/help/us/ysearch/slurp)" "www.roomfurnish.com"
74.6.76.45 - - [31/Aug/2008:22:08:19 -0700] "GET / HTTP/1.0" 200 1315 "-" "Mozilla/5.0 (compatible; Yahoo! DE Slurp; http://help.yahoo.com/help/us/ysearch/slurp)" "www.roomfurnish.com"
88.131.106.12 - - [31/Aug/2008:22:16:03 -0700] "GET /robots.txt HTTP/1.0" 404 275 "-" "Speedy Spider (http://www.entireweb.com/about/search_tech/speedy_spider/)" "roomfurnish.com"
88.131.106.12 - - [31/Aug/2008:22:16:04 -0700] "GET /trackorder.html HTTP/1.0" 404 275 "-" "Speedy Spider (http://www.entireweb.com/about/search_tech/speedy_spider/)" "roomfurnish.com"
208.80.193.40 - - [31/Aug/2008:23:26:37 -0700] "GET / HTTP/1.0" 200 1315 "-" "Mozilla/4.0 (compatible; MSIE 6.0; America Online Browser 1.1; Windows NT 5.1; {4C347F62-1823-E8BD-DCAD-6DADA18F3041})" "www.roomfurnish.com"
208.80.193.40 - - [31/Aug/2008:23:26:37 -0700] "GET / HTTP/1.0" 200 1315 "-" "Mozilla/4.0 (compatible; MSIE 6.0; Windows NT 5.1; SV1; FunWebProducts; .NET CLR 1.1.4322; Zango 10.0.290.0)" "roomfurnish.com"
88.131.106.12 - - [01/Sep/2008:00:39:02 -0700] "GET / HTTP/1.0" 200 1315 "-" "Speedy Spider (http://www.entireweb.com/about/search_tech/speedy_spider/)" "roomfurnish.com"
88.131.106.12 - - [01/Sep/2008:01:03:50 -0700] "GET /info.html HTTP/1.0" 404 275 "-" "Speedy Spider (http://www.entireweb.com/about/search_tech/speedy_spider/)" "roomfurnish.com"
88.131.106.12 - - [01/Sep/2008:04:35:06 -0700] "GET /robots.txt HTTP/1.0" 404 275 "-" "Speedy Spider (http://www.entireweb.com/about/search_tech/speedy_spider/)" "roomfurnish.com"
88.131.106.12 - - [01/Sep/2008:04:35:08 -0700] "GET /s-893.html HTTP/1.0" 404 275 "-" "Speedy Spider (http://www.entireweb.com/about/search_tech/speedy_spider/)" "roomfurnish.com"
67.195.37.123 - - [01/Sep/2008:06:45:30 -0700] "GET /robots.txt HTTP/1.0" 404 275 "-" "Mozilla/5.0 (compatible; Yahoo! Slurp; http://help.yahoo.com/help/us/ysearch/slurp)" "www.roomfurnish.com"
67.195.37.123 - - [01/Sep/2008:06:45:30 -0700] "GET / HTTP/1.0" 200 1315 "-" "Mozilla/5.0 (compatible; Yahoo! Slurp; http://help.yahoo.com/help/us/ysearch/slurp)" "www.roomfurnish.com"
203.209.252.73 - - [01/Sep/2008:07:25:30 -0700] "GET /robots.txt HTTP/1.0" 404 275 "-" "Mozilla/5.0 (compatible; Yahoo! Slurp China; http://misc.yahoo.com.cn/help.html)" "roomfurnish.com"
202.160.178.82 - - [01/Sep/2008:07:25:30 -0700] "GET / HTTP/1.0" 304 - "-" "Mozilla/5.0 (compatible; Yahoo! Slurp China; http://misc.yahoo.com.cn/help.html)" "roomfurnish.com"
65.55.209.22 - - [01/Sep/2008:08:48:13 -0700] "GET /robots.txt HTTP/1.1" 404 275 "-" "msnbot/1.1 (+http://search.msn.com/msnbot.htm)" "roomfurnish.com"
65.55.209.22 - - [01/Sep/2008:08:48:14 -0700] "GET / HTTP/1.1" 304 - "-" "msnbot/1.1 (+http://search.msn.com/msnbot.htm)" "roomfurnish.com"
66.249.67.208 - - [01/Sep/2008:09:55:23 -0700] "GET /robots.txt HTTP/1.1" 404 275 "-" "Mozilla/5.0 (compatible; Googlebot/2.1; +http://www.google.com/bot.html)" "roomfurnish.com"
66.249.67.208 - - [01/Sep/2008:09:55:23 -0700] "GET / HTTP/1.1" 200 1315 "-" "Mozilla/5.0 (compatible; Googlebot/2.1; +http://www.google.com/bot.html)" "roomfurnish.com"
216.64.169.240 - - [01/Sep/2008:13:14:20 -0700] "GET / HTTP/1.1" 200 1315 "-" "Mozilla/4.0 (compatible; MSIE 6.0; Windows NT 5.0; .NET CLR 1.0.3705; .NET CLR 1.1.4322)" "roomfurnish.com"
88.131.106.12 - - [01/Sep/2008:14:41:49 -0700] "GET /robots.txt HTTP/1.0" 404 275 "-" "Speedy Spider (http://www.entireweb.com/about/search_tech/speedy_spider/)" "roomfurnish.com"
88.131.106.12 - - [01/Sep/2008:14:41:49 -0700] "GET /privacypolicy.html HTTP/1.0" 404 275 "-" "Speedy Spider (http://www.entireweb.com/about/search_tech/speedy_spider/)" "roomfurnish.com"
74.6.18.252 - - [01/Sep/2008:15:33:28 -0700] "GET /robots.txt HTTP/1.0" 404 275 "-" "Mozilla/5.0 (compatible; Yahoo! Slurp; http://help.yahoo.com/help/us/ysearch/slurp)" "www.roomfurnish.com"
67.195.98.236 - - [01/Sep/2008:15:33:29 -0700] "GET / HTTP/1.0" 200 1315 "-" "Mozilla/5.0 (compatible; Yahoo! DE Slurp; http://help.yahoo.com/help/us/ysearch/slurp)" "www.roomfurnish.com"
208.80.193.35 - - [01/Sep/2008:16:07:33 -0700] "GET / HTTP/1.0" 200 1315 "-" "Mozilla/4.0 (compatible; MSIE 7.0; Windows NT 5.1; {81BD4359-D732-E67B-7916-8B701093524A})" "www.roomfurnish.com"
208.80.193.35 - - [01/Sep/2008:16:07:33 -0700] "GET / HTTP/1.0" 200 1315 "-" "Mozilla/4.0 (compatible; MSIE 6.0; America Online Browser 1.1; Windows NT 5.1; FunWebProducts; SV1; .NET CLR 1.0.3705)" "roomfurnish.com"
66.249.73.59 - - [01/Sep/2008:18:02:01 -0700] "GET /robots.txt HTTP/1.1" 404 275 "-" "Mozilla/5.0 (compatible; Googlebot/2.1; +http://www.google.com/bot.html)" "www.roomfurnish.com"
66.249.73.59 - - [01/Sep/2008:18:02:02 -0700] "GET / HTTP/1.1" 200 1315 "-" "Mozilla/5.0 (compatible; Googlebot/2.1; +http://www.google.com/bot.html)" "www.roomfurnish.com"
124.115.0.19 - - [01/Sep/2008:18:18:45 -0700] "GET /robots.txt HTTP/1.1" 404 275 "http://www.roomfurnish.com/robots.txt" "Sosospider+(+http://help.soso.com/webspider.htm)" "www.roomfurnish.com"
88.131.106.12 - - [01/Sep/2008:20:34:12 -0700] "GET /robots.txt HTTP/1.0" 404 275 "-" "Speedy Spider (http://www.entireweb.com/about/search_tech/speedy_spider/)" "roomfurnish.com"
88.131.106.12 - - [01/Sep/2008:20:34:16 -0700] "GET /258rosssofa.html HTTP/1.0" 404 275 "-" "Speedy Spider (http://www.entireweb.com/about/search_tech/speedy_spider/)" "roomfurnish.com"
119.63.194.49 - - [02/Sep/2008:00:17:30 -0700] "GET / HTTP/1.1" 304 - "-" "Baiduspider+(+http://help.baidu.jp/system/05.html)" "roomfurnish.com"
74.6.20.108 - - [02/Sep/2008:00:22:58 -0700] "GET /robots.txt HTTP/1.0" 404 275 "-" "Mozilla/5.0 (compatible; Yahoo! Slurp; http://help.yahoo.com/help/us/ysearch/slurp)" "www.roomfurnish.com"
74.6.76.45 - - [02/Sep/2008:00:22:59 -0700] "GET / HTTP/1.0" 200 1315 "-" "Mozilla/5.0 (compatible; Yahoo! DE Slurp; http://help.yahoo.com/help/us/ysearch/slurp)" "www.roomfurnish.com"
88.131.106.12 - - [02/Sep/2008:04:39:12 -0700] "GET /robots.txt HTTP/1.0" 404 275 "-" "Speedy Spider (http://www.entireweb.com/about/search_tech/speedy_spider/)" "roomfurnish.com"
88.131.106.12 - - [02/Sep/2008:04:39:13 -0700] "GET /351romasofa.html HTTP/1.0" 404 275 "-" "Speedy Spider (http://www.entireweb.com/about/search_tech/speedy_spider/)" "roomfurnish.com"
88.131.106.12 - - [02/Sep/2008:04:46:47 -0700] "GET /212boldsofa.html HTTP/1.0" 404 275 "-" "Speedy Spider (http://www.entireweb.com/about/search_tech/speedy_spider/)" "roomfurnish.com"
119.63.194.49 - - [02/Sep/2008:06:38:51 -0700] "GET / HTTP/1.1" 304 - "-" "Baiduspider+(+http://help.baidu.jp/system/05.html)" "roomfurnish.com"
165.193.254.24 - - [02/Sep/2008:12:18:01 -0700] "GET / HTTP/1.0" 200 1315 "-" "Mozilla/5.0 (X11; U; Linux i686 (x86_64); en-US; rv:1.8.1.11) Gecko/20080109 (Charlotte/0.9t; http://www.searchme.com/support/)" "www.roomfurnish.com"
165.193.254.20 - - [02/Sep/2008:12:18:01 -0700] "GET /favicon.ico HTTP/1.0" 404 275 "-" "Mozilla/5.0 (X11; U; Linux i686 (x86_64); en-US; rv:1.8.1.11) Gecko/20080109 (Charlotte/0.9t; http://www.searchme.com/support/)" "www.roomfurnish.com"
66.118.65.1 - - [02/Sep/2008:13:04:50 -0700] "GET /gourmetfood.html HTTP/1.1" 404 275 "-" "Mozilla/5.0 (Macintosh; U; Intel Mac OS X 10_5_4; en-us) AppleWebKit/525.18 (KHTML, like Gecko) Version/3.1.2 Safari/525.20.1" "www.roomfurnish.com"
66.118.65.1 - - [02/Sep/2008:13:04:50 -0700] "GET /favicon.ico HTTP/1.1" 404 275 "http://www.roomfurnish.com/gourmetfood.html" "Mozilla/5.0 (Macintosh; U; Intel Mac OS X 10_5_4; en-us) AppleWebKit/525.18 (KHTML, like Gecko) Version/3.1.2 Safari/525.20.1" "www.roomfurnish.com"
67.152.29.130 - - [02/Sep/2008:15:35:56 -0700] "GET /robots.txt HTTP/1.1" 404 275 "-" "ShopWiki/1.0 ( +http://www.shopwiki.com/wiki/Help:Bot)" "www.roomfurnish.com"
67.152.29.130 - - [02/Sep/2008:15:35:56 -0700] "GET / HTTP/1.1" 200 1315 "-" "ShopWiki/1.0 ( +http://www.shopwiki.com/wiki/Help:Bot)" "www.roomfurnish.com"
67.152.29.130 - - [02/Sep/2008:15:35:57 -0700] "GET /sitemap.html HTTP/1.1" 404 275 "-" "ShopWiki/1.0 ( +http://www.shopwiki.com/wiki/Help:Bot)" "www.roomfurnish.com"
67.152.29.130 - - [02/Sep/2008:15:35:58 -0700] "GET / HTTP/1.1" 200 1315 "-" "ShopWiki/1.0 ( +http://www.shopwiki.com/wiki/Help:Bot)" "www.roomfurnish.com"
74.6.18.249 - - [02/Sep/2008:15:36:58 -0700] "GET /robots.txt HTTP/1.0" 404 275 "-" "Mozilla/5.0 (compatible; Yahoo! Slurp; http://help.yahoo.com/help/us/ysearch/slurp)" "www.roomfurnish.com"
67.195.98.236 - - [02/Sep/2008:15:36:58 -0700] "GET / HTTP/1.0" 200 1315 "-" "Mozilla/5.0 (compatible; Yahoo! DE Slurp; http://help.yahoo.com/help/us/ysearch/slurp)" "www.roomfurnish.com"
88.131.106.12 - - [02/Sep/2008:15:48:55 -0700] "GET /robots.txt HTTP/1.0" 404 275 "-" "Speedy Spider (http://www.entireweb.com/about/search_tech/speedy_spider/)" "roomfurnish.com"
88.131.106.12 - - [02/Sep/2008:15:48:56 -0700] "GET /gourmetfood.html HTTP/1.0" 404 275 "-" "Speedy Spider (http://www.entireweb.com/about/search_tech/speedy_spider/)" "roomfurnish.com"
74.6.30.119 - - [02/Sep/2008:16:05:10 -0700] "GET / HTTP/1.0" 200 1315 "-" "Mozilla/5.0 (compatible; Yahoo! DE Slurp; http://help.yahoo.com/help/us/ysearch/slurp)" "www.roomfurnish.com"
91.193.166.178 - - [02/Sep/2008:17:31:49 -0700] "HEAD / HTTP/1.0" 200 0 "-" "Mozilla/5.0 (compatible; DBLBot/1.0; +http://www.dontbuylists.com/)" "www.roomfurnish.com"
91.193.166.178 - - [02/Sep/2008:17:31:50 -0700] "GET / HTTP/1.0" 200 1315 "-" "Mozilla/5.0 (compatible; DBLBot/1.0; +http://www.dontbuylists.com/)" "www.roomfurnish.com"
119.63.193.62 - - [02/Sep/2008:18:08:23 -0700] "GET /robots.txt HTTP/1.1" 404 275 "-" "Baiduspider+(+http://www.baidu.com/search/spider_jp.html)" "roomfurnish.com"
193.252.149.16 - - [02/Sep/2008:19:03:46 -0700] "GET http://www.roomfurnish.com:80/robots.txt HTTP/1.1" 404 275 "-" "Mozilla/5.0 (Windows; U; Windows NT 5.1; fr; rv:1.8.1) VoilaBot BETA 1.2 (support.voilabot@orange-ftgroup.com)" "www.roomfurnish.com"
193.252.149.16 - - [02/Sep/2008:19:03:48 -0700] "GET / HTTP/1.1" 200 1315 "-" "Mozilla/5.0 (Windows; U; Windows NT 5.1; fr; rv:1.8.1) VoilaBot BETA 1.2 (support.voilabot@orange-ftgroup.com)" "www.roomfurnish.com"
119.63.194.49 - - [02/Sep/2008:19:34:14 -0700] "GET / HTTP/1.1" 304 - "-" "Baiduspider+(+http://help.baidu.jp/system/05.html)" "roomfurnish.com"
88.131.106.12 - - [02/Sep/2008:22:03:45 -0700] "GET /robots.txt HTTP/1.0" 404 275 "-" "Speedy Spider (http://www.entireweb.com/about/search_tech/speedy_spider/)" "roomfurnish.com"
88.131.106.12 - - [02/Sep/2008:22:03:45 -0700] "GET /swatch.html HTTP/1.0" 404 275 "-" "Speedy Spider (http://www.entireweb.com/about/search_tech/speedy_spider/)" "roomfurnish.com"
74.6.8.24 - - [03/Sep/2008:03:30:22 -0700] "GET /robots.txt HTTP/1.0" 404 275 "-" "Mozilla/5.0 (compatible; Yahoo! Slurp; http://help.yahoo.com/help/us/ysearch/slurp)" "www.roomfurnish.com"
74.6.76.45 - - [03/Sep/2008:03:30:22 -0700] "GET / HTTP/1.0" 200 1315 "-" "Mozilla/5.0 (compatible; Yahoo! DE Slurp; http://help.yahoo.com/help/us/ysearch/slurp)" "www.roomfurnish.com"
88.131.106.12 - - [03/Sep/2008:05:12:12 -0700] "GET /robots.txt HTTP/1.0" 404 275 "-" "Speedy Spider (http://www.entireweb.com/about/search_tech/speedy_spider/)" "roomfurnish.com"
88.131.106.12 - - [03/Sep/2008:05:12:12 -0700] "GET /347licenzasofa.html HTTP/1.0" 404 275 "-" "Speedy Spider (http://www.entireweb.com/about/search_tech/speedy_spider/)" "roomfurnish.com"
208.36.144.10 - - [03/Sep/2008:06:46:55 -0700] "GET /robots.txt HTTP/1.0" 404 275 "-" "Mozilla/5.0 (Twiceler-0.9 http://www.cuil.com/twiceler/robot.html)" "www.roomfurnish.com"
64.1.215.165 - - [03/Sep/2008:08:59:49 -0700] "GET /robots.txt HTTP/1.0" 404 275 "-" "Mozilla/5.0 (Twiceler-0.9 http://www.cuil.com/twiceler/robot.html)" "roomfurnish.com"
216.183.81.221 - - [03/Sep/2008:09:24:51 -0700] "GET / HTTP/1.0" 200 1315 "-" "unknown/1.0 (CP/M; 8-bit)" "www.roomfurnish.com"
208.80.194.46 - - [03/Sep/2008:09:25:27 -0700] "GET / HTTP/1.0" 200 1315 "-" "Mozilla/4.0 (compatible; MSIE 6.0; Windows NT 5.1; SV1; ga=MDAwZDYwZWQ0MjZh; .NET CLR 2.0.50727)" "www.roomfurnish.com"
208.80.194.46 - - [03/Sep/2008:09:25:27 -0700] "GET / HTTP/1.0" 200 1315 "-" "Mozilla/4.0 (compatible; MSIE 7.0; Windows NT 5.1; .NET CLR 1.0.3705; .NET CLR 1.1.4322; Media Center PC 4.0; InfoPath.1; IEMB3; .NET CLR 2.0.50727; .NET CLR 3.0.04506.30; IEMB3)" "roomfurnish.com"
216.183.81.221 - - [03/Sep/2008:09:35:40 -0700] "GET / HTTP/1.0" 200 1315 "-" "unknown/1.0 (CP/M; 8-bit)" "www.roomfurnish.com"
216.183.81.221 - - [03/Sep/2008:09:43:17 -0700] "GET / HTTP/1.0" 200 1315 "-" "unknown/1.0 (CP/M; 8-bit)" "www.roomfurnish.com"
216.183.81.221 - - [03/Sep/2008:10:08:30 -0700] "GET / HTTP/1.0" 200 1315 "-" "unknown/1.0 (CP/M; 8-bit)" "www.roomfurnish.com"
67.152.29.130 - - [03/Sep/2008:10:10:46 -0700] "GET /robots.txt HTTP/1.1" 404 275 "-" "ShopWiki/1.0 ( +http://www.shopwiki.com/wiki/Help:Bot)" "www.roomfurnish.com"
67.152.29.130 - - [03/Sep/2008:10:10:46 -0700] "GET / HTTP/1.1" 200 1315 "-" "ShopWiki/1.0 ( +http://www.shopwiki.com/wiki/Help:Bot)" "www.roomfurnish.com"
67.152.29.130 - - [03/Sep/2008:10:12:25 -0700] "GET / HTTP/1.1" 200 1315 "-" "ShopWiki/1.0 ( +http://www.shopwiki.com/wiki/Help:Bot)" "www.roomfurnish.com"
67.152.29.130 - - [03/Sep/2008:10:12:26 -0700] "GET / HTTP/1.1" 200 1315 "-" "ShopWiki/1.0 ( +http://www.shopwiki.com/wiki/Help:Bot)" "www.roomfurnish.com"
216.183.81.221 - - [03/Sep/2008:10:21:45 -0700] "GET / HTTP/1.0" 200 1315 "-" "unknown/1.0 (CP/M; 8-bit)" "www.roomfurnish.com"
216.183.81.221 - - [03/Sep/2008:13:18:01 -0700] "GET / HTTP/1.0" 200 1315 "-" "unknown/1.0 (CP/M; 8-bit)" "www.roomfurnish.com"
216.183.81.221 - - [03/Sep/2008:13:23:07 -0700] "GET / HTTP/1.0" 200 1315 "-" "unknown/1.0 (CP/M; 8-bit)" "www.roomfurnish.com"
74.6.18.220 - - [03/Sep/2008:13:23:38 -0700] "GET /robots.txt HTTP/1.0" 404 275 "-" "Mozilla/5.0 (compatible; Yahoo! Slurp; http://help.yahoo.com/help/us/ysearch/slurp)" "www.roomfurnish.com"
74.6.18.220 - - [03/Sep/2008:13:23:38 -0700] "GET / HTTP/1.0" 200 1315 "-" "Mozilla/5.0 (compatible; Yahoo! Slurp; http://help.yahoo.com/help/us/ysearch/slurp)" "www.roomfurnish.com"
216.183.81.221 - - [03/Sep/2008:14:24:56 -0700] "GET / HTTP/1.0" 200 1315 "-" "unknown/1.0 (CP/M; 8-bit)" "www.roomfurnish.com"
202.179.180.45 - - [03/Sep/2008:15:48:44 -0700] "GET /robots.txt HTTP/1.1" 404 275 "-" "Mozilla/4.0 (compatible; NaverBot/1.0; http://help.naver.com/delete_main.asp)" "roomfurnish.com"
202.179.180.45 - - [03/Sep/2008:15:48:48 -0700] "GET / HTTP/1.1" 200 1315 "-" "Mozilla/4.0 (compatible; NaverBot/1.0; http://help.naver.com/delete_main.asp)" "roomfurnish.com"
193.252.149.16 - - [03/Sep/2008:15:56:00 -0700] "GET http://roomfurnish.com:80/robots.txt HTTP/1.1" 404 275 "-" "Mozilla/5.0 (Windows; U; Windows NT 5.1; fr; rv:1.8.1) VoilaBot BETA 1.2 (support.voilabot@orange-ftgroup.com)" "roomfurnish.com"
193.252.149.16 - - [03/Sep/2008:15:56:12 -0700] "GET / HTTP/1.1" 200 1315 "-" "Mozilla/5.0 (Windows; U; Windows NT 5.1; fr; rv:1.8.1) VoilaBot BETA 1.2 (support.voilabot@orange-ftgroup.com)" "roomfurnish.com"
216.183.81.221 - - [03/Sep/2008:16:24:05 -0700] "GET / HTTP/1.0" 200 1315 "-" "unknown/1.0 (CP/M; 8-bit)" "www.roomfurnish.com"
74.6.18.254 - - [03/Sep/2008:16:46:44 -0700] "GET /robots.txt HTTP/1.0" 404 275 "-" "Mozilla/5.0 (compatible; Yahoo! Slurp; http://help.yahoo.com/help/us/ysearch/slurp)" "www.roomfurnish.com"
67.195.98.236 - - [03/Sep/2008:16:46:44 -0700] "GET / HTTP/1.0" 200 1315 "-" "Mozilla/5.0 (compatible; Yahoo! DE Slurp; http://help.yahoo.com/help/us/ysearch/slurp)" "www.roomfurnish.com"
74.6.30.119 - - [03/Sep/2008:16:52:30 -0700] "GET / HTTP/1.0" 200 1315 "-" "Mozilla/5.0 (compatible; Yahoo! DE Slurp; http://help.yahoo.com/help/us/ysearch/slurp)" "www.roomfurnish.com"
216.183.81.221 - - [03/Sep/2008:18:40:57 -0700] "GET / HTTP/1.0" 200 1315 "-" "unknown/1.0 (CP/M; 8-bit)" "www.roomfurnish.com"
216.183.81.221 - - [03/Sep/2008:19:02:22 -0700] "GET / HTTP/1.0" 200 1315 "-" "unknown/1.0 (CP/M; 8-bit)" "www.roomfurnish.com"
88.131.106.12 - - [03/Sep/2008:20:48:14 -0700] "GET /robots.txt HTTP/1.0" 404 275 "-" "Speedy Spider (http://www.entireweb.com/about/search_tech/speedy_spider/)" "roomfurnish.com"
88.131.106.12 - - [03/Sep/2008:20:48:14 -0700] "GET /lb-15.html HTTP/1.0" 404 275 "-" "Speedy Spider (http://www.entireweb.com/about/search_tech/speedy_spider/)" "roomfurnish.com"
216.183.81.221 - - [03/Sep/2008:22:40:04 -0700] "GET / HTTP/1.0" 200 1315 "-" "unknown/1.0 (CP/M; 8-bit)" "www.roomfurnish.com"
207.126.224.241 - - [03/Sep/2008:22:56:34 -0700] "GET / HTTP/1.0" 200 1315 "-" "Mozilla/4.05 [en]" "www.roomfurnish.com"
216.183.81.221 - - [03/Sep/2008:23:13:22 -0700] "GET / HTTP/1.0" 200 1315 "-" "unknown/1.0 (CP/M; 8-bit)" "www.roomfurnish.com"
208.111.154.16 - - [03/Sep/2008:23:30:24 -0700] "GET /robots.txt HTTP/1.1" 404 275 "-" "Mozilla/5.0 (compatible; Charlotte/1.1; http://www.searchme.com/support/)" "roomfurnish.com"
208.111.154.16 - - [03/Sep/2008:23:30:24 -0700] "GET / HTTP/1.1" 200 1315 "-" "Mozilla/5.0 (compatible; Charlotte/1.1; http://www.searchme.com/support/)" "roomfurnish.com"
65.55.209.27 - - [04/Sep/2008:00:17:17 -0700] "GET /robots.txt HTTP/1.1" 404 275 "-" "msnbot/1.1 (+http://search.msn.com/msnbot.htm)" "roomfurnish.com"
65.55.209.27 - - [04/Sep/2008:00:17:17 -0700] "GET /index.html HTTP/1.1" 304 - "-" "msnbot/1.1 (+http://search.msn.com/msnbot.htm)" "roomfurnish.com"
216.183.81.221 - - [04/Sep/2008:00:52:18 -0700] "GET / HTTP/1.0" 200 1315 "-" "unknown/1.0 (CP/M; 8-bit)" "www.roomfurnish.com"
216.183.81.221 - - [04/Sep/2008:01:43:24 -0700] "GET / HTTP/1.0" 200 1315 "-" "unknown/1.0 (CP/M; 8-bit)" "www.roomfurnish.com"
216.183.81.221 - - [04/Sep/2008:02:47:29 -0700] "GET / HTTP/1.0" 200 1315 "-" "unknown/1.0 (CP/M; 8-bit)" "www.roomfurnish.com"
67.152.29.130 - - [04/Sep/2008:04:25:38 -0700] "GET /robots.txt HTTP/1.1" 404 275 "-" "ShopWiki/1.0 ( +http://www.shopwiki.com/wiki/Help:Bot)" "www.roomfurnish.com"
67.152.29.130 - - [04/Sep/2008:04:25:38 -0700] "GET / HTTP/1.1" 200 1315 "-" "ShopWiki/1.0 ( +http://www.shopwiki.com/wiki/Help:Bot)" "www.roomfurnish.com"
67.152.29.130 - - [04/Sep/2008:04:25:39 -0700] "GET /sitemap.html HTTP/1.1" 404 275 "-" "ShopWiki/1.0 ( +http://www.shopwiki.com/wiki/Help:Bot)" "www.roomfurnish.com"
67.152.29.130 - - [04/Sep/2008:04:25:40 -0700] "GET / HTTP/1.1" 200 1315 "-" "ShopWiki/1.0 ( +http://www.shopwiki.com/wiki/Help:Bot)" "www.roomfurnish.com"
216.183.81.221 - - [04/Sep/2008:05:09:44 -0700] "GET / HTTP/1.0" 200 1315 "-" "unknown/1.0 (CP/M; 8-bit)" "www.roomfurnish.com"
74.6.28.104 - - [04/Sep/2008:06:09:23 -0700] "GET /robots.txt HTTP/1.0" 404 275 "-" "Mozilla/5.0 (compatible; Yahoo! Slurp; http://help.yahoo.com/help/us/ysearch/slurp)" "www.roomfurnish.com"
74.6.76.45 - - [04/Sep/2008:06:09:24 -0700] "GET / HTTP/1.0" 200 1315 "-" "Mozilla/5.0 (compatible; Yahoo! DE Slurp; http://help.yahoo.com/help/us/ysearch/slurp)" "www.roomfurnish.com"
216.183.81.221 - - [04/Sep/2008:08:31:42 -0700] "GET / HTTP/1.0" 200 1315 "-" "unknown/1.0 (CP/M; 8-bit)" "www.roomfurnish.com"
216.183.81.221 - - [04/Sep/2008:09:50:11 -0700] "GET / HTTP/1.0" 200 1315 "-" "unknown/1.0 (CP/M; 8-bit)" "www.roomfurnish.com"
216.183.81.221 - - [04/Sep/2008:10:08:16 -0700] "GET / HTTP/1.0" 200 1315 "-" "unknown/1.0 (CP/M; 8-bit)" "www.roomfurnish.com"
208.80.194.36 - - [05/Sep/2008:07:41:00 -0700] "GET / HTTP/1.0" 200 1315 "-" "Mozilla/4.0 (compatible; MSIE 7.0; Windows NT 5.1; Comcast Install 1.0; .NET CLR 1.0.3705; .NET CLR 1.1.4322; Media Center PC 4.0; .NET CLR 2.0.50727; .NET CLR 3.0.04506.30)" "www.roomfurnish.com"
208.80.194.36 - - [05/Sep/2008:07:41:01 -0700] "GET / HTTP/1.0" 200 1315 "-" "Mozilla/4.0 (compatible; MSIE 6.0; Windows NT 5.1; Creative; .NET CLR 1.1.4322; .NET CLR 2.0.50727)" "roomfurnish.com"
216.183.81.221 - - [05/Sep/2008:08:35:47 -0700] "GET / HTTP/1.0" 200 1315 "-" "unknown/1.0 (CP/M; 8-bit)" "www.roomfurnish.com"
74.6.11.233 - - [05/Sep/2008:08:41:07 -0700] "GET /robots.txt HTTP/1.0" 404 275 "-" "Mozilla/5.0 (compatible; Yahoo! Slurp; http://help.yahoo.com/help/us/ysearch/slurp)" "www.roomfurnish.com"
74.6.76.45 - - [05/Sep/2008:08:41:08 -0700] "GET / HTTP/1.0" 200 1315 "-" "Mozilla/5.0 (compatible; Yahoo! DE Slurp; http://help.yahoo.com/help/us/ysearch/slurp)" "www.roomfurnish.com"
64.124.148.28 - - [05/Sep/2008:09:25:55 -0700] "GET /robots.txt HTTP/1.1" 404 275 "-" "Mozilla/5.0 (compatible; FatBot 2.0; http://www.thefind.com/crawler)" "roomfurnish.com"
64.124.148.28 - - [05/Sep/2008:09:27:37 -0700] "GET / HTTP/1.1" 200 1315 "-" "Mozilla/5.0 (compatible; FatBot 2.0; http://www.thefind.com/crawler)" "roomfurnish.com"
216.183.81.221 - - [05/Sep/2008:11:37:36 -0700] "GET / HTTP/1.0" 200 1315 "-" "unknown/1.0 (CP/M; 8-bit)" "www.roomfurnish.com"
216.183.81.221 - - [05/Sep/2008:11:45:34 -0700] "GET / HTTP/1.0" 200 1315 "-" "unknown/1.0 (CP/M; 8-bit)" "www.roomfurnish.com"
65.55.212.94 - - [05/Sep/2008:12:23:38 -0700] "GET /robots.txt HTTP/1.0" 404 275 "-" "msnbot-media/1.0 (+http://search.msn.com/msnbot.htm)" "roomfurnish.com"
65.55.212.94 - - [05/Sep/2008:12:23:38 -0700] "GET / HTTP/1.0" 200 1315 "-" "msnbot-media/1.0 (+http://search.msn.com/msnbot.htm)" "roomfurnish.com"
88.131.106.12 - - [05/Sep/2008:13:40:35 -0700] "GET /robots.txt HTTP/1.0" 404 275 "-" "Speedy Spider (http://www.entireweb.com/about/search_tech/speedy_spider/)" "roomfurnish.com"
88.131.106.12 - - [05/Sep/2008:13:40:36 -0700] "GET /lb-16.html HTTP/1.0" 404 275 "-" "Speedy Spider (http://www.entireweb.com/about/search_tech/speedy_spider/)" "roomfurnish.com"
216.183.81.221 - - [05/Sep/2008:16:13:21 -0700] "GET / HTTP/1.0" 200 1315 "-" "unknown/1.0 (CP/M; 8-bit)" "www.roomfurnish.com"
74.6.18.253 - - [05/Sep/2008:17:40:01 -0700] "GET /robots.txt HTTP/1.0" 404 275 "-" "Mozilla/5.0 (compatible; Yahoo! Slurp; http://help.yahoo.com/help/us/ysearch/slurp)" "www.roomfurnish.com"
74.6.30.119 - - [05/Sep/2008:17:40:01 -0700] "GET / HTTP/1.0" 200 1315 "-" "Mozilla/5.0 (compatible; Yahoo! DE Slurp; http://help.yahoo.com/help/us/ysearch/slurp)" "www.roomfurnish.com"
193.252.149.16 - - [05/Sep/2008:18:07:39 -0700] "GET / HTTP/1.1" 200 1315 "-" "Mozilla/5.0 (Windows; U; Windows NT 5.1; fr; rv:1.8.1) VoilaBot BETA 1.2 (support.voilabot@orange-ftgroup.com)" "www.roomfurnish.com"
67.195.98.236 - - [05/Sep/2008:19:08:47 -0700] "GET / HTTP/1.0" 200 1315 "-" "Mozilla/5.0 (compatible; Yahoo! DE Slurp; http://help.yahoo.com/help/us/ysearch/slurp)" "www.roomfurnish.com"
216.183.81.221 - - [05/Sep/2008:20:04:09 -0700] "GET / HTTP/1.0" 200 1315 "-" "unknown/1.0 (CP/M; 8-bit)" "www.roomfurnish.com"
216.183.81.221 - - [05/Sep/2008:20:41:13 -0700] "GET / HTTP/1.0" 200 1315 "-" "unknown/1.0 (CP/M; 8-bit)" "www.roomfurnish.com"
216.183.81.221 - - [05/Sep/2008:21:55:05 -0700] "GET / HTTP/1.0" 200 1315 "-" "unknown/1.0 (CP/M; 8-bit)" "www.roomfurnish.com"
216.183.81.221 - - [05/Sep/2008:23:08:05 -0700] "GET / HTTP/1.0" 200 1315 "-" "unknown/1.0 (CP/M; 8-bit)" "www.roomfurnish.com"
216.183.81.221 - - [06/Sep/2008:03:19:31 -0700] "GET / HTTP/1.0" 200 1315 "-" "unknown/1.0 (CP/M; 8-bit)" "www.roomfurnish.com"
216.183.81.221 - - [06/Sep/2008:03:23:47 -0700] "GET / HTTP/1.0" 200 1315 "-" "unknown/1.0 (CP/M; 8-bit)" "www.roomfurnish.com"
67.152.29.130 - - [06/Sep/2008:04:53:10 -0700] "GET /robots.txt HTTP/1.1" 404 275 "-" "ShopWiki/1.0 ( +http://www.shopwiki.com/wiki/Help:Bot)" "www.roomfurnish.com"
67.152.29.130 - - [06/Sep/2008:04:53:20 -0700] "GET / HTTP/1.1" 200 1315 "-" "ShopWiki/1.0 ( +http://www.shopwiki.com/wiki/Help:Bot)" "www.roomfurnish.com"
67.152.29.130 - - [06/Sep/2008:04:53:21 -0700] "GET / HTTP/1.1" 200 1315 "-" "ShopWiki/1.0 ( +http://www.shopwiki.com/wiki/Help:Bot)" "www.roomfurnish.com"
216.183.81.221 - - [06/Sep/2008:05:15:43 -0700] "GET / HTTP/1.0" 200 1315 "-" "unknown/1.0 (CP/M; 8-bit)" "www.roomfurnish.com"
216.183.81.221 - - [06/Sep/2008:05:41:12 -0700] "GET / HTTP/1.0" 200 1315 "-" "unknown/1.0 (CP/M; 8-bit)" "www.roomfurnish.com"
118.110.49.254 - - [06/Sep/2008:06:31:07 -0700] "GET / HTTP/1.1" 200 1315 "-" "-" "www.roomfurnish.com"
216.183.81.221 - - [06/Sep/2008:06:33:32 -0700] "GET / HTTP/1.0" 200 1315 "-" "unknown/1.0 (CP/M; 8-bit)" "www.roomfurnish.com"
216.183.81.221 - - [06/Sep/2008:06:52:39 -0700] "GET / HTTP/1.0" 200 1315 "-" "unknown/1.0 (CP/M; 8-bit)" "www.roomfurnish.com"
216.183.81.221 - - [06/Sep/2008:08:58:49 -0700] "GET / HTTP/1.0" 200 1315 "-" "unknown/1.0 (CP/M; 8-bit)" "www.roomfurnish.com"
216.183.81.221 - - [06/Sep/2008:11:04:05 -0700] "GET / HTTP/1.0" 200 1315 "-" "unknown/1.0 (CP/M; 8-bit)" "www.roomfurnish.com"
74.6.7.162 - - [06/Sep/2008:11:05:09 -0700] "GET /robots.txt HTTP/1.0" 404 275 "-" "Mozilla/5.0 (compatible; Yahoo! Slurp; http://help.yahoo.com/help/us/ysearch/slurp)" "www.roomfurnish.com"
74.6.76.45 - - [06/Sep/2008:11:05:09 -0700] "GET / HTTP/1.0" 200 1315 "-" "Mozilla/5.0 (compatible; Yahoo! DE Slurp; http://help.yahoo.com/help/us/ysearch/slurp)" "www.roomfurnish.com"
203.73.108.65 - - [06/Sep/2008:11:30:59 -0700] "GET /robots.txt HTTP/1.0" 404 275 "-" "Gaisbot/3.0+(robot06@gais.cs.ccu.edu.tw;+http://gais.cs.ccu.edu.tw/robot.php)" "www.roomfurnish.com"
38.100.41.107 - - [06/Sep/2008:11:41:29 -0700] "GET / HTTP/1.1" 200 1315 "-" "Mozilla/4.0 (compatible; MSIE 7.0; Windows NT 5.2)" "www.roomfurnish.com"
88.131.106.12 - - [06/Sep/2008:12:17:17 -0700] "GET /robots.txt HTTP/1.0" 404 275 "-" "Speedy Spider (http://www.entireweb.com/about/search_tech/speedy_spider/)" "roomfurnish.com"
88.131.106.12 - - [06/Sep/2008:12:17:18 -0700] "GET /shipping.html HTTP/1.0" 404 275 "-" "Speedy Spider (http://www.entireweb.com/about/search_tech/speedy_spider/)" "roomfurnish.com"
216.183.81.221 - - [06/Sep/2008:12:35:30 -0700] "GET / HTTP/1.0" 200 1315 "-" "unknown/1.0 (CP/M; 8-bit)" "www.roomfurnish.com"
216.183.81.221 - - [06/Sep/2008:12:42:24 -0700] "GET / HTTP/1.0" 200 1315 "-" "unknown/1.0 (CP/M; 8-bit)" "www.roomfurnish.com"
216.183.81.221 - - [06/Sep/2008:12:59:35 -0700] "GET / HTTP/1.0" 200 1315 "-" "unknown/1.0 (CP/M; 8-bit)" "www.roomfurnish.com"
203.73.108.65 - - [06/Sep/2008:14:07:14 -0700] "GET / HTTP/1.0" 200 1315 "-" "Gaisbot/3.0+(robot06@gais.cs.ccu.edu.tw;+http://gais.cs.ccu.edu.tw/robot.php)" "www.roomfurnish.com"
216.183.81.221 - - [06/Sep/2008:14:17:15 -0700] "GET / HTTP/1.0" 200 1315 "-" "unknown/1.0 (CP/M; 8-bit)" "www.roomfurnish.com"
216.183.81.221 - - [06/Sep/2008:15:18:32 -0700] "GET / HTTP/1.0" 200 1315 "-" "unknown/1.0 (CP/M; 8-bit)" "www.roomfurnish.com"
208.80.194.48 - - [06/Sep/2008:15:31:13 -0700] "GET / HTTP/1.0" 200 1315 "-" "Mozilla/4.0 (compatible; MSIE 6.0; Windows NT 5.1; SV1; .NET CLR 1.1.4322; ImageShack Toolbar 4.0.7)" "www.roomfurnish.com"
208.80.194.48 - - [06/Sep/2008:15:31:13 -0700] "GET / HTTP/1.0" 200 1315 "-" "Mozilla/4.0 (compatible; MSIE 6.0; Windows NT 5.1; YPC 3.2.0; yplus 5.3.02b)" "roomfurnish.com"
193.252.149.16 - - [06/Sep/2008:15:44:07 -0700] "GET / HTTP/1.1" 200 1315 "-" "Mozilla/5.0 (Windows; U; Windows NT 5.1; fr; rv:1.8.1) VoilaBot BETA 1.2 (support.voilabot@orange-ftgroup.com)" "roomfurnish.com"
216.183.81.221 - - [06/Sep/2008:16:04:24 -0700] "GET / HTTP/1.0" 200 1315 "-" "unknown/1.0 (CP/M; 8-bit)" "www.roomfurnish.com"
216.183.81.221 - - [06/Sep/2008:16:52:36 -0700] "GET / HTTP/1.0" 200 1315 "-" "unknown/1.0 (CP/M; 8-bit)" "www.roomfurnish.com"
216.183.81.221 - - [06/Sep/2008:16:53:09 -0700] "GET / HTTP/1.0" 200 1315 "-" "unknown/1.0 (CP/M; 8-bit)" "www.roomfurnish.com"
216.183.81.221 - - [06/Sep/2008:17:59:15 -0700] "GET / HTTP/1.0" 200 1315 "-" "unknown/1.0 (CP/M; 8-bit)" "www.roomfurnish.com"
74.6.18.253 - - [06/Sep/2008:18:28:40 -0700] "GET /robots.txt HTTP/1.0" 404 275 "-" "Mozilla/5.0 (compatible; Yahoo! Slurp; http://help.yahoo.com/help/us/ysearch/slurp)" "www.roomfurnish.com"
74.6.30.119 - - [06/Sep/2008:18:28:40 -0700] "GET / HTTP/1.0" 200 1315 "-" "Mozilla/5.0 (compatible; Yahoo! DE Slurp; http://help.yahoo.com/help/us/ysearch/slurp)" "www.roomfurnish.com"
67.195.98.236 - - [06/Sep/2008:20:10:59 -0700] "GET / HTTP/1.0" 200 1315 "-" "Mozilla/5.0 (compatible; Yahoo! DE Slurp; http://help.yahoo.com/help/us/ysearch/slurp)" "www.roomfurnish.com"
71.162.99.79 - - [06/Sep/2008:20:17:48 -0700] "GET /favicon.ico HTTP/1.1" 404 275 "-" "Mozilla/4.0 (compatible; GoogleToolbar 4.0.1602.35650-big; Windows XP 5.1; MSIE 6.0.2900.5512)" "roomfurnish.com"
71.162.99.79 - - [06/Sep/2008:20:17:48 -0700] "GET /favicon.gif HTTP/1.1" 404 275 "-" "Mozilla/4.0 (compatible; GoogleToolbar 4.0.1602.35650-big; Windows XP 5.1; MSIE 6.0.2900.5512)" "roomfurnish.com"
216.183.81.221 - - [06/Sep/2008:21:07:59 -0700] "GET / HTTP/1.0" 200 1315 "-" "unknown/1.0 (CP/M; 8-bit)" "www.roomfurnish.com"
66.249.73.150 - - [07/Sep/2008:01:24:28 -0700] "GET /robots.txt HTTP/1.1" 404 275 "-" "Mozilla/5.0 (compatible; Googlebot/2.1; +http://www.google.com/bot.html)" "www.roomfurnish.com"
66.249.73.150 - - [07/Sep/2008:01:24:28 -0700] "GET / HTTP/1.1" 200 1315 "-" "Mozilla/5.0 (compatible; Googlebot/2.1; +http://www.google.com/bot.html)" "www.roomfurnish.com"
71.162.99.79 - - [07/Sep/2008:01:34:05 -0700] "GET /favicon.ico HTTP/1.1" 404 275 "-" "Mozilla/4.0 (compatible; GoogleToolbar 4.0.1602.35650-big; Windows XP 5.1; MSIE 6.0.2900.5512)" "roomfurnish.com"
71.162.99.79 - - [07/Sep/2008:01:34:05 -0700] "GET /favicon.gif HTTP/1.1" 404 275 "-" "Mozilla/4.0 (compatible; GoogleToolbar 4.0.1602.35650-big; Windows XP 5.1; MSIE 6.0.2900.5512)" "roomfurnish.com"
216.183.81.221 - - [07/Sep/2008:01:49:31 -0700] "GET / HTTP/1.0" 200 1315 "-" "unknown/1.0 (CP/M; 8-bit)" "www.roomfurnish.com"
66.249.73.150 - - [07/Sep/2008:02:42:02 -0700] "GET /a38.html HTTP/1.1" 404 275 "-" "Mozilla/5.0 (compatible; Googlebot/2.1; +http://www.google.com/bot.html)" "www.roomfurnish.com"
216.183.81.221 - - [07/Sep/2008:04:34:04 -0700] "GET / HTTP/1.0" 200 1315 "-" "unknown/1.0 (CP/M; 8-bit)" "www.roomfurnish.com"
216.183.81.221 - - [07/Sep/2008:05:44:55 -0700] "GET / HTTP/1.0" 200 1315 "-" "unknown/1.0 (CP/M; 8-bit)" "www.roomfurnish.com"
216.183.81.221 - - [07/Sep/2008:06:08:45 -0700] "GET / HTTP/1.0" 200 1315 "-" "unknown/1.0 (CP/M; 8-bit)" "www.roomfurnish.com"
98.173.26.143 - - [07/Sep/2008:08:55:26 -0700] "GET /robots.txt HTTP/1.0" 404 275 "-" "envolk/1.7 (+http://www.envolk.com/envolkspiderinfo.html)" "roomfurnish.com"
216.183.81.221 - - [07/Sep/2008:09:07:53 -0700] "GET / HTTP/1.0" 200 1315 "-" "unknown/1.0 (CP/M; 8-bit)" "www.roomfurnish.com"
216.183.81.221 - - [07/Sep/2008:10:15:28 -0700] "GET / HTTP/1.0" 200 1315 "-" "unknown/1.0 (CP/M; 8-bit)" "www.roomfurnish.com"
203.187.238.251 - - [07/Sep/2008:11:04:11 -0700] "GET / HTTP/1.1" 200 1315 "http://www.synapse.co.in/clients/b2c_yahoostore_homefurnish.shtml" "Mozilla/4.0 (compatible; MSIE 7.0; Windows NT 5.1; .NET CLR 1.1.4322; .NET CLR 2.0.50727)" "www.roomfurnish.com"
203.187.238.251 - - [07/Sep/2008:11:04:13 -0700] "GET /favicon.ico HTTP/1.1" 404 275 "-" "Mozilla/4.0 (compatible; MSIE 7.0; Windows NT 5.1; .NET CLR 1.1.4322; .NET CLR 2.0.50727)" "www.roomfurnish.com"
203.187.238.251 - - [07/Sep/2008:11:04:14 -0700] "GET /favicon.ico HTTP/1.1" 404 275 "-" "Mozilla/5.0 (compatible; Google Desktop)" "www.roomfurnish.com"
216.183.81.221 - - [07/Sep/2008:11:16:54 -0700] "GET / HTTP/1.0" 200 1315 "-" "unknown/1.0 (CP/M; 8-bit)" "www.roomfurnish.com"
74.6.25.175 - - [07/Sep/2008:13:25:42 -0700] "GET /robots.txt HTTP/1.0" 404 275 "-" "Mozilla/5.0 (compatible; Yahoo! Slurp; http://help.yahoo.com/help/us/ysearch/slurp)" "www.roomfurnish.com"
74.6.76.45 - - [07/Sep/2008:13:25:42 -0700] "GET / HTTP/1.0" 200 1315 "-" "Mozilla/5.0 (compatible; Yahoo! DE Slurp; http://help.yahoo.com/help/us/ysearch/slurp)" "www.roomfurnish.com"
216.183.81.221 - - [07/Sep/2008:13:32:32 -0700] "GET / HTTP/1.0" 200 1315 "-" "unknown/1.0 (CP/M; 8-bit)" "www.roomfurnish.com"
216.183.81.221 - - [07/Sep/2008:15:51:03 -0700] "GET / HTTP/1.0" 200 1315 "-" "unknown/1.0 (CP/M; 8-bit)" "www.roomfurnish.com"
216.183.81.221 - - [07/Sep/2008:17:08:17 -0700] "GET / HTTP/1.0" 200 1315 "-" "unknown/1.0 (CP/M; 8-bit)" "www.roomfurnish.com"
208.80.194.28 - - [07/Sep/2008:17:44:25 -0700] "GET / HTTP/1.0" 200 1315 "-" "Mozilla/4.0 (compatible; MSIE 6.0; America Online Browser 1.1; Windows NT 5.1; SV1; YPC 3.0.1; .NET CLR 1.1.4322; SpamBlockerUtility 4.8.0)" "www.roomfurnish.com"
208.80.194.28 - - [07/Sep/2008:17:44:25 -0700] "GET / HTTP/1.0" 200 1315 "-" "Mozilla/4.0 (compatible; MSIE 7.0; Windows NT 5.1; {A8E69B50-7B0D-48E3-5383-13A5DE8FB739})" "roomfurnish.com"
216.183.81.221 - - [07/Sep/2008:18:38:23 -0700] "GET / HTTP/1.0" 200 1315 "-" "unknown/1.0 (CP/M; 8-bit)" "www.roomfurnish.com"
74.6.18.232 - - [07/Sep/2008:18:59:59 -0700] "GET /robots.txt HTTP/1.0" 404 275 "-" "Mozilla/5.0 (compatible; Yahoo! Slurp; http://help.yahoo.com/help/us/ysearch/slurp)" "www.roomfurnish.com"
74.6.30.119 - - [07/Sep/2008:19:00:00 -0700] "GET / HTTP/1.0" 200 1315 "-" "Mozilla/5.0 (compatible; Yahoo! DE Slurp; http://help.yahoo.com/help/us/ysearch/slurp)" "www.roomfurnish.com"
216.183.81.221 - - [07/Sep/2008:20:39:12 -0700] "GET / HTTP/1.0" 200 1315 "-" "unknown/1.0 (CP/M; 8-bit)" "www.roomfurnish.com"
74.6.18.230 - - [07/Sep/2008:21:54:39 -0700] "GET /robots.txt HTTP/1.0" 404 275 "-" "Mozilla/5.0 (compatible; Yahoo! Slurp; http://help.yahoo.com/help/us/ysearch/slurp)" "www.roomfurnish.com"
67.195.98.236 - - [07/Sep/2008:21:54:39 -0700] "GET / HTTP/1.0" 200 1315 "-" "Mozilla/5.0 (compatible; Yahoo! DE Slurp; http://help.yahoo.com/help/us/ysearch/slurp)" "www.roomfurnish.com"
88.131.106.12 - - [07/Sep/2008:22:14:18 -0700] "GET /robots.txt HTTP/1.0" 404 275 "-" "Speedy Spider (http://www.entireweb.com/about/search_tech/speedy_spider/)" "roomfurnish.com"
88.131.106.12 - - [07/Sep/2008:22:14:19 -0700] "GET /299elegantsofa.html HTTP/1.0" 404 275 "-" "Speedy Spider (http://www.entireweb.com/about/search_tech/speedy_spider/)" "roomfurnish.com"
69.58.178.31 - - [07/Sep/2008:22:20:19 -0700] "GET /robots.txt HTTP/1.1" 404 275 "-" "Mozilla/5.0 (X11; U; Linux i686; en-US; rv:1.7.12; ips-agent) Gecko/20050922 Fedora/1.0.7-1.1.fc4 Firefox/1.0.7" "www.roomfurnish.com"
69.58.178.31 - - [07/Sep/2008:22:20:20 -0700] "GET / HTTP/1.1" 200 1315 "-" "Mozilla/5.0 (X11; U; Linux i686; en-US; rv:1.7.12; ips-agent) Gecko/20050922 Fedora/1.0.7-1.1.fc4 Firefox/1.0.7" "www.roomfurnish.com"
216.183.81.221 - - [07/Sep/2008:22:25:27 -0700] "GET / HTTP/1.0" 200 1315 "-" "unknown/1.0 (CP/M; 8-bit)" "www.roomfurnish.com"
216.183.81.221 - - [07/Sep/2008:23:46:18 -0700] "GET / HTTP/1.0" 200 1315 "-" "unknown/1.0 (CP/M; 8-bit)" "www.roomfurnish.com"
216.183.81.221 - - [08/Sep/2008:00:29:56 -0700] "GET / HTTP/1.0" 200 1315 "-" "unknown/1.0 (CP/M; 8-bit)" "www.roomfurnish.com"
67.152.29.130 - - [08/Sep/2008:01:19:16 -0700] "GET /robots.txt HTTP/1.1" 404 275 "-" "ShopWiki/1.0 ( +http://www.shopwiki.com/wiki/Help:Bot)" "www.roomfurnish.com"
67.152.29.130 - - [08/Sep/2008:01:19:16 -0700] "GET / HTTP/1.1" 200 1315 "-" "ShopWiki/1.0 ( +http://www.shopwiki.com/wiki/Help:Bot)" "www.roomfurnish.com"
67.152.29.130 - - [08/Sep/2008:01:19:43 -0700] "GET / HTTP/1.1" 200 1315 "-" "ShopWiki/1.0 ( +http://www.shopwiki.com/wiki/Help:Bot)" "www.roomfurnish.com"
67.152.29.130 - - [08/Sep/2008:01:19:44 -0700] "GET / HTTP/1.1" 200 1315 "-" "ShopWiki/1.0 ( +http://www.shopwiki.com/wiki/Help:Bot)" "www.roomfurnish.com"
216.183.81.221 - - [08/Sep/2008:01:25:08 -0700] "GET / HTTP/1.0" 200 1315 "-" "unknown/1.0 (CP/M; 8-bit)" "www.roomfurnish.com"
61.247.221.45 - - [08/Sep/2008:03:48:58 -0700] "GET /robots.txt HTTP/1.1" 404 275 "-" "Yeti/1.0 (NHN Corp.; http://help.naver.com/robots/)" "roomfurnish.com"
