74.6.76.45 - - [14/Sep/2008:01:14:13 -0700] "GET / HTTP/1.0" 200 1315 "-" "Mozilla/5.0 (compatible; Yahoo! DE Slurp; http://help.yahoo.com/help/us/ysearch/slurp)" "www.roomfurnish.com"
88.131.106.12 - - [14/Sep/2008:01:54:40 -0700] "GET /robots.txt HTTP/1.0" 404 275 "-" "Speedy Spider (http://www.entireweb.com/about/search_tech/speedy_spider/)" "roomfurnish.com"
88.131.106.12 - - [14/Sep/2008:01:54:41 -0700] "GET /aboutus.html HTTP/1.0" 404 275 "-" "Speedy Spider (http://www.entireweb.com/about/search_tech/speedy_spider/)" "roomfurnish.com"
216.183.81.221 - - [14/Sep/2008:02:01:48 -0700] "GET / HTTP/1.0" 200 1315 "-" "unknown/1.0 (CP/M; 8-bit)" "www.roomfurnish.com"
88.131.106.12 - - [14/Sep/2008:02:14:36 -0700] "GET /373cascinasofa.html HTTP/1.0" 404 275 "-" "Speedy Spider (http://www.entireweb.com/about/search_tech/speedy_spider/)" "roomfurnish.com"
74.6.18.253 - - [14/Sep/2008:03:55:59 -0700] "GET /robots.txt HTTP/1.0" 404 275 "-" "Mozilla/5.0 (compatible; Yahoo! Slurp; http://help.yahoo.com/help/us/ysearch/slurp)" "www.roomfurnish.com"
67.195.98.236 - - [14/Sep/2008:03:55:59 -0700] "GET / HTTP/1.0" 200 1315 "-" "Mozilla/5.0 (compatible; Yahoo! DE Slurp; http://help.yahoo.com/help/us/ysearch/slurp)" "www.roomfurnish.com"
77.91.224.5 - - [14/Sep/2008:05:41:32 -0700] "GET /robots.txt HTTP/1.1" 404 275 "-" "Yanga WorldSearch Bot v1.1/beta (http://www.yanga.co.uk/)" "www.roomfurnish.com"
208.66.193.165 - - [14/Sep/2008:05:41:32 -0700] "GET / HTTP/1.1" 200 1315 "-" "Yanga WorldSearch Bot v1.1/beta (http://www.yanga.co.uk/)" "www.roomfurnish.com"
88.131.106.12 - - [14/Sep/2008:09:53:05 -0700] "GET /robots.txt HTTP/1.0" 404 275 "-" "Speedy Spider (http://www.entireweb.com/about/search_tech/speedy_spider/)" "roomfurnish.com"
88.131.106.12 - - [14/Sep/2008:09:53:05 -0700] "GET /302bariasofa.html HTTP/1.0" 404 275 "-" "Speedy Spider (http://www.entireweb.com/about/search_tech/speedy_spider/)" "roomfurnish.com"
88.131.106.12 - - [14/Sep/2008:10:11:09 -0700] "GET /sitemap.html HTTP/1.0" 404 275 "-" "Speedy Spider (http://www.entireweb.com/about/search_tech/speedy_spider/)" "roomfurnish.com"
98.173.26.143 - - [14/Sep/2008:14:47:51 -0700] "GET /robots.txt HTTP/1.0" 404 275 "-" "envolk/1.7 (+http://www.envolk.com/envolkspiderinfo.html)" "roomfurnish.com"
208.80.194.26 - - [14/Sep/2008:15:16:28 -0700] "GET / HTTP/1.0" 200 1315 "-" "Mozilla/4.0 (compatible; MSIE 7.0; Windows NT 5.1; Charter B1; .NET CLR 1.1.4322; IEMB3; IEMB3)" "roomfurnish.com"
208.80.194.26 - - [14/Sep/2008:15:16:28 -0700] "GET / HTTP/1.0" 200 1315 "-" "Mozilla/4.0 (compatible; MSIE 6.0; Windows NT 5.1; Alexa Toolbar; mxie; SV1)" "www.roomfurnish.com"
77.91.224.5 - - [14/Sep/2008:17:05:18 -0700] "GET /robots.txt HTTP/1.1" 404 275 "-" "Yanga WorldSearch Bot v1.1/beta (http://www.yanga.co.uk/)" "www.roomfurnish.com"
208.66.193.165 - - [14/Sep/2008:17:05:19 -0700] "GET / HTTP/1.1" 200 1315 "-" "Yanga WorldSearch Bot v1.1/beta (http://www.yanga.co.uk/)" "www.roomfurnish.com"
66.249.73.17 - - [14/Sep/2008:19:17:15 -0700] "GET /robots.txt HTTP/1.1" 404 275 "-" "Mozilla/5.0 (compatible; Googlebot/2.1; +http://www.google.com/bot.html)" "www.roomfurnish.com"
66.249.73.17 - - [14/Sep/2008:19:17:15 -0700] "GET /a44.html HTTP/1.1" 404 275 "-" "Mozilla/5.0 (compatible; Googlebot/2.1; +http://www.google.com/bot.html)" "www.roomfurnish.com"
207.126.224.241 - - [14/Sep/2008:20:01:02 -0700] "GET / HTTP/1.0" 200 1315 "-" "Mozilla/4.05 [en]" "www.roomfurnish.com"
88.131.106.12 - - [14/Sep/2008:21:14:01 -0700] "GET /robots.txt HTTP/1.0" 404 275 "-" "Speedy Spider (http://www.entireweb.com/about/search_tech/speedy_spider/)" "roomfurnish.com"
88.131.106.12 - - [14/Sep/2008:21:14:02 -0700] "GET /301barlettsofa.html HTTP/1.0" 404 275 "-" "Speedy Spider (http://www.entireweb.com/about/search_tech/speedy_spider/)" "roomfurnish.com"
208.96.54.71 - - [14/Sep/2008:21:18:35 -0700] "GET /robots.txt HTTP/1.1" 404 275 "-" "Mozilla/5.0 (compatible; discobot/1.0; +http://discoveryengine.com/discobot.html)" "roomfurnish.com"
216.240.139.9 - - [14/Sep/2008:21:45:37 -0700] "GET / HTTP/1.1" 200 1315 "-" "Mozilla/4.0 (compatible ; MSIE 6.0; Windows NT 5.1)" "roomfurnish.com"
216.240.139.9 - - [14/Sep/2008:21:46:34 -0700] "GET / HTTP/1.1" 200 1315 "-" "Mozilla/4.0 (compatible ; MSIE 6.0; Windows NT 5.1)" "roomfurnish.com"
74.6.18.253 - - [14/Sep/2008:22:22:40 -0700] "GET /robots.txt HTTP/1.0" 404 275 "-" "Mozilla/5.0 (compatible; Yahoo! Slurp; http://help.yahoo.com/help/us/ysearch/slurp)" "www.roomfurnish.com"
74.6.30.119 - - [14/Sep/2008:22:22:40 -0700] "GET / HTTP/1.0" 200 1315 "-" "Mozilla/5.0 (compatible; Yahoo! DE Slurp; http://help.yahoo.com/help/us/ysearch/slurp)" "www.roomfurnish.com"
66.249.73.17 - - [15/Sep/2008:00:38:54 -0700] "GET /a50.html HTTP/1.1" 404 275 "-" "Mozilla/5.0 (compatible; Googlebot/2.1; +http://www.google.com/bot.html)" "www.roomfurnish.com"
88.131.106.12 - - [15/Sep/2008:01:57:00 -0700] "GET /robots.txt HTTP/1.0" 404 275 "-" "Speedy Spider (http://www.entireweb.com/about/search_tech/speedy_spider/)" "roomfurnish.com"
88.131.106.12 - - [15/Sep/2008:01:57:00 -0700] "GET /290colanosofa.html HTTP/1.0" 404 275 "-" "Speedy Spider (http://www.entireweb.com/about/search_tech/speedy_spider/)" "roomfurnish.com"
88.131.106.12 - - [15/Sep/2008:03:02:42 -0700] "GET /s-06.html HTTP/1.0" 404 275 "-" "Speedy Spider (http://www.entireweb.com/about/search_tech/speedy_spider/)" "roomfurnish.com"
77.91.224.5 - - [15/Sep/2008:03:05:30 -0700] "GET /robots.txt HTTP/1.1" 404 275 "-" "Yanga WorldSearch Bot v1.1/beta (http://www.yanga.co.uk/)" "www.roomfurnish.com"
208.66.193.165 - - [15/Sep/2008:03:05:31 -0700] "GET / HTTP/1.1" 200 1315 "-" "Yanga WorldSearch Bot v1.1/beta (http://www.yanga.co.uk/)" "www.roomfurnish.com"
88.131.106.12 - - [15/Sep/2008:04:11:17 -0700] "GET /sectionalgroup.html HTTP/1.0" 404 275 "-" "Speedy Spider (http://www.entireweb.com/about/search_tech/speedy_spider/)" "roomfurnish.com"
74.6.19.151 - - [15/Sep/2008:04:45:09 -0700] "GET /robots.txt HTTP/1.0" 404 275 "-" "Mozilla/5.0 (compatible; Yahoo! Slurp; http://help.yahoo.com/help/us/ysearch/slurp)" "www.roomfurnish.com"
74.6.76.45 - - [15/Sep/2008:04:45:09 -0700] "GET / HTTP/1.0" 200 1315 "-" "Mozilla/5.0 (compatible; Yahoo! DE Slurp; http://help.yahoo.com/help/us/ysearch/slurp)" "www.roomfurnish.com"
74.6.18.229 - - [15/Sep/2008:05:37:14 -0700] "GET /robots.txt HTTP/1.0" 404 275 "-" "Mozilla/5.0 (compatible; Yahoo! Slurp; http://help.yahoo.com/help/us/ysearch/slurp)" "www.roomfurnish.com"
67.195.98.236 - - [15/Sep/2008:05:37:15 -0700] "GET / HTTP/1.0" 200 1315 "-" "Mozilla/5.0 (compatible; Yahoo! DE Slurp; http://help.yahoo.com/help/us/ysearch/slurp)" "www.roomfurnish.com"
88.131.106.12 - - [15/Sep/2008:12:06:38 -0700] "GET /robots.txt HTTP/1.0" 404 275 "-" "Speedy Spider (http://www.entireweb.com/about/search_tech/speedy_spider/)" "roomfurnish.com"
88.131.106.12 - - [15/Sep/2008:12:06:38 -0700] "GET /s-886.html HTTP/1.0" 404 275 "-" "Speedy Spider (http://www.entireweb.com/about/search_tech/speedy_spider/)" "roomfurnish.com"
64.124.148.28 - - [15/Sep/2008:12:17:47 -0700] "GET /robots.txt HTTP/1.1" 404 275 "-" "Mozilla/5.0 (compatible; FatBot 2.0; http://www.thefind.com/crawler)" "roomfurnish.com"
64.124.148.28 - - [15/Sep/2008:12:19:36 -0700] "GET / HTTP/1.1" 200 1315 "-" "Mozilla/5.0 (compatible; FatBot 2.0; http://www.thefind.com/crawler)" "roomfurnish.com"
77.91.224.5 - - [15/Sep/2008:13:05:41 -0700] "GET /robots.txt HTTP/1.1" 404 275 "-" "Yanga WorldSearch Bot v1.1/beta (http://www.yanga.co.uk/)" "www.roomfurnish.com"
208.66.193.165 - - [15/Sep/2008:13:05:41 -0700] "GET / HTTP/1.1" 200 1315 "-" "Yanga WorldSearch Bot v1.1/beta (http://www.yanga.co.uk/)" "www.roomfurnish.com"
208.111.154.249 - - [15/Sep/2008:13:50:19 -0700] "GET / HTTP/1.0" 200 1315 "-" "Mozilla/5.0 (X11; U; Linux i686 (x86_64); en-US; rv:1.8.1.11) Gecko/20080109 (Charlotte/0.9t; http://www.searchme.com/support/)" "roomfurnish.com"
208.111.154.249 - - [15/Sep/2008:13:50:19 -0700] "GET /favicon.ico HTTP/1.0" 404 275 "-" "Mozilla/5.0 (X11; U; Linux i686 (x86_64); en-US; rv:1.8.1.11) Gecko/20080109 (Charlotte/0.9t; http://www.searchme.com/support/)" "roomfurnish.com"
216.183.81.221 - - [15/Sep/2008:14:47:54 -0700] "GET / HTTP/1.0" 200 1315 "-" "Wget/1.10.2" "www.roomfurnish.com"
216.183.81.221 - - [15/Sep/2008:14:50:56 -0700] "GET / HTTP/1.0" 200 1315 "-" "Wget/1.10.2" "www.roomfurnish.com"
208.80.194.43 - - [15/Sep/2008:14:55:16 -0700] "GET / HTTP/1.0" 200 1315 "-" "Mozilla/4.0 (compatible; MSIE 6.0; Windows NT 5.1; SV1; Sorum kommune; .NET CLR 1.1.4322; .NET CLR 2.0.50727)" "roomfurnish.com"
208.80.194.43 - - [15/Sep/2008:14:55:16 -0700] "GET / HTTP/1.0" 200 1315 "-" "Mozilla/4.0 (compatible; MSIE 6.0; Windows NT 5.1; SV1; SIMBAR={ED852896-9625-4d90-9620-253B08BA5B29})" "www.roomfurnish.com"
216.183.81.221 - - [15/Sep/2008:15:38:53 -0700] "GET / HTTP/1.0" 200 1315 "-" "unknown/1.0 (CP/M; 8-bit)" "www.roomfurnish.com"
67.152.29.130 - - [15/Sep/2008:17:22:35 -0700] "GET /robots.txt HTTP/1.1" 404 275 "-" "ShopWiki/1.0 ( +http://www.shopwiki.com/wiki/Help:Bot)" "www.roomfurnish.com"
67.152.29.130 - - [15/Sep/2008:17:22:35 -0700] "GET / HTTP/1.1" 200 1315 "-" "ShopWiki/1.0 ( +http://www.shopwiki.com/wiki/Help:Bot)" "www.roomfurnish.com"
67.152.29.130 - - [15/Sep/2008:17:22:36 -0700] "GET /sitemap.html HTTP/1.1" 404 275 "-" "ShopWiki/1.0 ( +http://www.shopwiki.com/wiki/Help:Bot)" "www.roomfurnish.com"
67.152.29.130 - - [15/Sep/2008:17:22:37 -0700] "GET / HTTP/1.1" 200 1315 "-" "ShopWiki/1.0 ( +http://www.shopwiki.com/wiki/Help:Bot)" "www.roomfurnish.com"
88.131.106.12 - - [15/Sep/2008:17:28:53 -0700] "GET /robots.txt HTTP/1.0" 404 275 "-" "Speedy Spider (http://www.entireweb.com/about/search_tech/speedy_spider/)" "roomfurnish.com"
88.131.106.12 - - [15/Sep/2008:17:28:53 -0700] "GET /lb-08.html HTTP/1.0" 404 275 "-" "Speedy Spider (http://www.entireweb.com/about/search_tech/speedy_spider/)" "roomfurnish.com"
216.183.81.221 - - [15/Sep/2008:18:24:38 -0700] "GET / HTTP/1.0" 200 1315 "-" "Wget/1.10.2" "www.roomfurnish.com"
216.183.81.221 - - [15/Sep/2008:19:08:56 -0700] "GET / HTTP/1.0" 200 1315 "-" "Wget/1.10.2" "www.roomfurnish.com"
119.63.194.49 - - [15/Sep/2008:19:09:51 -0700] "GET / HTTP/1.1" 304 - "-" "Baiduspider+(+http://help.baidu.jp/system/05.html)" "roomfurnish.com"
74.6.17.152 - - [15/Sep/2008:20:05:47 -0700] "GET /robots.txt HTTP/1.0" 404 275 "-" "Mozilla/5.0 (compatible; Yahoo! Slurp; http://help.yahoo.com/help/us/ysearch/slurp)" "roomfurnish.com"
72.30.215.90 - - [15/Sep/2008:20:05:58 -0700] "GET / HTTP/1.0" 200 1315 "-" "Mozilla/5.0 (compatible; Yahoo! Slurp; http://help.yahoo.com/help/us/ysearch/slurp)" "roomfurnish.com"
67.152.29.130 - - [15/Sep/2008:20:10:17 -0700] "GET / HTTP/1.1" 200 1315 "-" "ShopWiki/1.0 ( +http://www.shopwiki.com/wiki/Help:Bot)" "www.roomfurnish.com"
67.152.29.130 - - [15/Sep/2008:20:10:24 -0700] "GET / HTTP/1.1" 200 1315 "-" "ShopWiki/1.0 ( +http://www.shopwiki.com/wiki/Help:Bot)" "www.roomfurnish.com"
67.152.29.130 - - [15/Sep/2008:20:10:25 -0700] "GET / HTTP/1.1" 200 1315 "-" "ShopWiki/1.0 ( +http://www.shopwiki.com/wiki/Help:Bot)" "www.roomfurnish.com"
67.152.29.130 - - [15/Sep/2008:20:10:29 -0700] "GET / HTTP/1.1" 200 1315 "-" "ShopWiki/1.0 ( +http://www.shopwiki.com/wiki/Help:Bot)" "www.roomfurnish.com"
74.6.18.252 - - [15/Sep/2008:22:28:13 -0700] "GET /robots.txt HTTP/1.0" 404 275 "-" "Mozilla/5.0 (compatible; Yahoo! Slurp; http://help.yahoo.com/help/us/ysearch/slurp)" "www.roomfurnish.com"
74.6.30.119 - - [15/Sep/2008:22:28:14 -0700] "GET / HTTP/1.0" 200 1315 "-" "Mozilla/5.0 (compatible; Yahoo! DE Slurp; http://help.yahoo.com/help/us/ysearch/slurp)" "www.roomfurnish.com"
77.91.224.5 - - [15/Sep/2008:23:05:52 -0700] "GET /robots.txt HTTP/1.1" 404 275 "-" "Yanga WorldSearch Bot v1.1/beta (http://www.yanga.co.uk/)" "www.roomfurnish.com"
208.66.193.165 - - [15/Sep/2008:23:05:53 -0700] "GET / HTTP/1.1" 200 1315 "-" "Yanga WorldSearch Bot v1.1/beta (http://www.yanga.co.uk/)" "www.roomfurnish.com"
216.183.81.221 - - [15/Sep/2008:23:09:04 -0700] "GET / HTTP/1.0" 200 1315 "-" "Wget/1.10.2" "www.roomfurnish.com"
193.252.149.16 - - [15/Sep/2008:23:27:21 -0700] "GET http://www.roomfurnish.com:80/robots.txt HTTP/1.1" 404 275 "-" "Mozilla/5.0 (Windows; U; Windows NT 5.1; fr; rv:1.8.1) VoilaBot BETA 1.2 (support.voilabot@orange-ftgroup.com)" "www.roomfurnish.com"
193.252.149.16 - - [15/Sep/2008:23:27:32 -0700] "GET / HTTP/1.1" 200 1315 "-" "Mozilla/5.0 (Windows; U; Windows NT 5.1; fr; rv:1.8.1) VoilaBot BETA 1.2 (support.voilabot@orange-ftgroup.com)" "www.roomfurnish.com"
216.183.81.221 - - [15/Sep/2008:23:31:34 -0700] "GET / HTTP/1.0" 200 1315 "-" "Wget/1.10.2" "www.roomfurnish.com"
88.131.106.12 - - [16/Sep/2008:00:39:12 -0700] "GET /robots.txt HTTP/1.0" 404 275 "-" "Speedy Spider (http://www.entireweb.com/about/search_tech/speedy_spider/)" "roomfurnish.com"
88.131.106.12 - - [16/Sep/2008:00:39:13 -0700] "GET /310camarosofa.html HTTP/1.0" 404 275 "-" "Speedy Spider (http://www.entireweb.com/about/search_tech/speedy_spider/)" "roomfurnish.com"
38.108.180.18 - - [16/Sep/2008:01:51:06 -0700] "GET /robots.txt HTTP/1.1" 404 275 "-" "Mozilla/5.0 (compatible; ScoutJet; +http://www.scoutjet.com/)" "roomfurnish.com"
38.108.180.18 - - [16/Sep/2008:01:51:21 -0700] "GET / HTTP/1.1" 200 1315 "-" "Mozilla/5.0 (compatible; ScoutJet; +http://www.scoutjet.com/)" "roomfurnish.com"
38.108.180.18 - - [16/Sep/2008:01:51:37 -0700] "GET /favicon.ico HTTP/1.1" 404 275 "-" "Mozilla/5.0 (compatible; ScoutJet; +http://www.scoutjet.com/)" "roomfurnish.com"
88.131.106.12 - - [16/Sep/2008:03:35:59 -0700] "GET /a51ottosofa.html HTTP/1.0" 404 275 "-" "Speedy Spider (http://www.entireweb.com/about/search_tech/speedy_spider/)" "roomfurnish.com"
216.183.81.221 - - [16/Sep/2008:03:55:14 -0700] "GET / HTTP/1.0" 200 1315 "-" "Wget/1.10.2" "www.roomfurnish.com"
193.252.149.16 - - [16/Sep/2008:03:56:46 -0700] "GET http://roomfurnish.com:80/robots.txt HTTP/1.1" 404 275 "-" "Mozilla/5.0 (Windows; U; Windows NT 5.1; fr; rv:1.8.1) VoilaBot BETA 1.2 (support.voilabot@orange-ftgroup.com)" "roomfurnish.com"
193.252.149.16 - - [16/Sep/2008:03:57:19 -0700] "GET / HTTP/1.1" 200 1315 "-" "Mozilla/5.0 (Windows; U; Windows NT 5.1; fr; rv:1.8.1) VoilaBot BETA 1.2 (support.voilabot@orange-ftgroup.com)" "roomfurnish.com"
216.183.81.221 - - [16/Sep/2008:04:02:58 -0700] "GET / HTTP/1.0" 200 1315 "-" "Wget/1.10.2" "www.roomfurnish.com"
88.131.106.12 - - [16/Sep/2008:04:03:05 -0700] "GET /robots.txt HTTP/1.0" 404 275 "-" "Speedy Spider (http://www.entireweb.com/about/search_tech/speedy_spider/)" "www.roomfurnish.com"
88.131.106.12 - - [16/Sep/2008:04:03:05 -0700] "GET /a40.html HTTP/1.0" 404 275 "-" "Speedy Spider (http://www.entireweb.com/about/search_tech/speedy_spider/)" "www.roomfurnish.com"
88.131.106.12 - - [16/Sep/2008:04:03:42 -0700] "GET /g-2041.html HTTP/1.0" 404 275 "-" "Speedy Spider (http://www.entireweb.com/about/search_tech/speedy_spider/)" "roomfurnish.com"
88.131.106.12 - - [16/Sep/2008:04:03:43 -0700] "GET /g-1881.html HTTP/1.0" 404 275 "-" "Speedy Spider (http://www.entireweb.com/about/search_tech/speedy_spider/)" "roomfurnish.com"
88.131.106.12 - - [16/Sep/2008:04:03:45 -0700] "GET /g-1941.html HTTP/1.0" 404 275 "-" "Speedy Spider (http://www.entireweb.com/about/search_tech/speedy_spider/)" "roomfurnish.com"
88.131.106.12 - - [16/Sep/2008:04:48:33 -0700] "GET /romasofagroup.html HTTP/1.0" 404 275 "-" "Speedy Spider (http://www.entireweb.com/about/search_tech/speedy_spider/)" "roomfurnish.com"
88.131.106.12 - - [16/Sep/2008:05:04:19 -0700] "GET /g-2040.html HTTP/1.0" 404 275 "-" "Speedy Spider (http://www.entireweb.com/about/search_tech/speedy_spider/)" "roomfurnish.com"
88.131.106.12 - - [16/Sep/2008:05:04:21 -0700] "GET /g-1940.html HTTP/1.0" 404 275 "-" "Speedy Spider (http://www.entireweb.com/about/search_tech/speedy_spider/)" "roomfurnish.com"
88.131.106.12 - - [16/Sep/2008:05:04:22 -0700] "GET /g-1980.html HTTP/1.0" 404 275 "-" "Speedy Spider (http://www.entireweb.com/about/search_tech/speedy_spider/)" "roomfurnish.com"
66.249.73.23 - - [16/Sep/2008:05:40:17 -0700] "GET /robots.txt HTTP/1.1" 404 275 "-" "Mozilla/5.0 (compatible; Googlebot/2.1; +http://www.google.com/bot.html)" "www.roomfurnish.com"
66.249.73.23 - - [16/Sep/2008:05:40:17 -0700] "GET /a52.html HTTP/1.1" 404 275 "-" "Mozilla/5.0 (compatible; Googlebot/2.1; +http://www.google.com/bot.html)" "www.roomfurnish.com"
74.6.21.41 - - [16/Sep/2008:06:30:42 -0700] "GET /robots.txt HTTP/1.0" 404 275 "-" "Mozilla/5.0 (compatible; Yahoo! Slurp; http://help.yahoo.com/help/us/ysearch/slurp)" "www.roomfurnish.com"
74.6.76.45 - - [16/Sep/2008:06:30:43 -0700] "GET / HTTP/1.0" 200 1315 "-" "Mozilla/5.0 (compatible; Yahoo! DE Slurp; http://help.yahoo.com/help/us/ysearch/slurp)" "www.roomfurnish.com"
216.183.81.221 - - [16/Sep/2008:07:00:56 -0700] "GET / HTTP/1.0" 200 1315 "-" "Wget/1.10.2" "www.roomfurnish.com"
202.108.7.221 - - [16/Sep/2008:07:16:19 -0700] "GET /robots.txt HTTP/1.1" 404 275 "-" "Mozilla/5.0 (compatible; YodaoBot/1.0; http://www.yodao.com/help/webmaster/spider/; )" "roomfurnish.com"
202.108.7.221 - - [16/Sep/2008:07:16:19 -0700] "GET / HTTP/1.1" 200 1315 "-" "Mozilla/5.0 (compatible; YodaoBot/1.0; http://www.yodao.com/help/webmaster/spider/; )" "roomfurnish.com"
74.6.18.252 - - [16/Sep/2008:07:18:57 -0700] "GET /robots.txt HTTP/1.0" 404 275 "-" "Mozilla/5.0 (compatible; Yahoo! Slurp; http://help.yahoo.com/help/us/ysearch/slurp)" "www.roomfurnish.com"
67.195.98.236 - - [16/Sep/2008:07:18:57 -0700] "GET / HTTP/1.0" 200 1315 "-" "Mozilla/5.0 (compatible; Yahoo! DE Slurp; http://help.yahoo.com/help/us/ysearch/slurp)" "www.roomfurnish.com"
119.63.193.130 - - [16/Sep/2008:07:55:37 -0700] "GET /robots.txt HTTP/1.1" 404 275 "-" "Baiduspider+(+http://www.baidu.com/search/spider_jp.html)" "roomfurnish.com"
216.183.81.221 - - [16/Sep/2008:09:39:01 -0700] "GET / HTTP/1.0" 200 1315 "-" "Wget/1.10.2" "www.roomfurnish.com"
74.6.17.152 - - [16/Sep/2008:11:16:23 -0700] "GET /robots.txt HTTP/1.0" 404 275 "-" "Mozilla/5.0 (compatible; Yahoo! Slurp; http://help.yahoo.com/help/us/ysearch/slurp)" "roomfurnish.com"
72.30.215.87 - - [16/Sep/2008:11:16:23 -0700] "GET /SlurpConfirm404/Main/wso_roster/koube.htm HTTP/1.0" 404 275 "-" "Mozilla/5.0 (compatible; Yahoo! Slurp; http://help.yahoo.com/help/us/ysearch/slurp)" "roomfurnish.com"
67.152.29.130 - - [16/Sep/2008:11:34:58 -0700] "GET /robots.txt HTTP/1.1" 404 275 "-" "ShopWiki/1.0 ( +http://www.shopwiki.com/wiki/Help:Bot)" "www.roomfurnish.com"
67.152.29.130 - - [16/Sep/2008:11:34:58 -0700] "GET / HTTP/1.1" 200 1315 "-" "ShopWiki/1.0 ( +http://www.shopwiki.com/wiki/Help:Bot)" "www.roomfurnish.com"
67.152.29.130 - - [16/Sep/2008:11:34:59 -0700] "GET /sitemap.html HTTP/1.1" 404 275 "-" "ShopWiki/1.0 ( +http://www.shopwiki.com/wiki/Help:Bot)" "www.roomfurnish.com"
72.30.215.103 - - [16/Sep/2008:11:48:37 -0700] "GET /SlurpConfirm404/saywhen.htm HTTP/1.0" 404 275 "-" "Mozilla/5.0 (compatible; Yahoo! Slurp; http://help.yahoo.com/help/us/ysearch/slurp)" "roomfurnish.com"
72.30.215.24 - - [16/Sep/2008:12:08:56 -0700] "GET /SlurpConfirm404/postscript/nicholas.goodwin/yukawa.htm HTTP/1.0" 404 275 "-" "Mozilla/5.0 (compatible; Yahoo! Slurp; http://help.yahoo.com/help/us/ysearch/slurp)" "roomfurnish.com"
72.30.215.90 - - [16/Sep/2008:12:12:32 -0700] "GET /SlurpConfirm404/special_report.corporat2a.htm HTTP/1.0" 404 275 "-" "Mozilla/5.0 (compatible; Yahoo! Slurp; http://help.yahoo.com/help/us/ysearch/slurp)" "roomfurnish.com"
72.30.215.52 - - [16/Sep/2008:12:17:14 -0700] "GET /SlurpConfirm404.htm HTTP/1.0" 404 275 "-" "Mozilla/5.0 (compatible; Yahoo! Slurp; http://help.yahoo.com/help/us/ysearch/slurp)" "roomfurnish.com"
72.30.215.47 - - [16/Sep/2008:12:28:21 -0700] "GET /SlurpConfirm404/grantsum.htm HTTP/1.0" 404 275 "-" "Mozilla/5.0 (compatible; Yahoo! Slurp; http://help.yahoo.com/help/us/ysearch/slurp)" "roomfurnish.com"
216.183.81.221 - - [16/Sep/2008:12:38:07 -0700] "GET / HTTP/1.0" 200 1315 "-" "Wget/1.10.2" "www.roomfurnish.com"
72.30.215.24 - - [16/Sep/2008:12:57:13 -0700] "GET /SlurpConfirm404/hugo/ENSBA/ourdan.htm HTTP/1.0" 404 275 "-" "Mozilla/5.0 (compatible; Yahoo! Slurp; http://help.yahoo.com/help/us/ysearch/slurp)" "roomfurnish.com"
216.183.81.221 - - [16/Sep/2008:13:00:31 -0700] "GET / HTTP/1.0" 200 1315 "-" "Wget/1.10.2" "www.roomfurnish.com"
216.64.169.240 - - [16/Sep/2008:13:25:05 -0700] "GET / HTTP/1.1" 200 1315 "-" "Mozilla/4.0 (compatible; MSIE 6.0; Windows NT 5.0; .NET CLR 1.0.3705; .NET CLR 1.1.4322)" "roomfurnish.com"
72.30.215.50 - - [16/Sep/2008:13:29:14 -0700] "GET /SlurpConfirm404/kidstown/gunscabbard.htm HTTP/1.0" 404 275 "-" "Mozilla/5.0 (compatible; Yahoo! Slurp; http://help.yahoo.com/help/us/ysearch/slurp)" "roomfurnish.com"
66.249.67.135 - - [16/Sep/2008:14:08:52 -0700] "GET /a48.html HTTP/1.1" 404 275 "-" "Mozilla/5.0 (compatible; Googlebot/2.1; +http://www.google.com/bot.html)" "www.roomfurnish.com"
72.30.215.98 - - [16/Sep/2008:14:20:32 -0700] "GET /SlurpConfirm404/kpyehi/edgarcayce.htm HTTP/1.0" 404 275 "-" "Mozilla/5.0 (compatible; Yahoo! Slurp; http://help.yahoo.com/help/us/ysearch/slurp)" "roomfurnish.com"
72.30.215.114 - - [16/Sep/2008:14:25:34 -0700] "GET /SlurpConfirm404/qc-course/aeo.htm HTTP/1.0" 404 275 "-" "Mozilla/5.0 (compatible; Yahoo! Slurp; http://help.yahoo.com/help/us/ysearch/slurp)" "roomfurnish.com"
67.152.29.130 - - [16/Sep/2008:15:17:57 -0700] "GET /robots.txt HTTP/1.1" 404 275 "-" "ShopWiki/1.0 ( +http://www.shopwiki.com/wiki/Help:Bot)" "www.roomfurnish.com"
67.152.29.130 - - [16/Sep/2008:15:17:57 -0700] "GET / HTTP/1.1" 200 1315 "-" "ShopWiki/1.0 ( +http://www.shopwiki.com/wiki/Help:Bot)" "www.roomfurnish.com"
67.152.29.130 - - [16/Sep/2008:15:18:08 -0700] "GET / HTTP/1.1" 200 1315 "-" "ShopWiki/1.0 ( +http://www.shopwiki.com/wiki/Help:Bot)" "www.roomfurnish.com"
67.152.29.130 - - [16/Sep/2008:15:18:09 -0700] "GET / HTTP/1.1" 200 1315 "-" "ShopWiki/1.0 ( +http://www.shopwiki.com/wiki/Help:Bot)" "www.roomfurnish.com"
216.183.81.221 - - [16/Sep/2008:16:31:06 -0700] "GET / HTTP/1.0" 200 1315 "-" "Wget/1.10.2" "www.roomfurnish.com"
216.183.81.221 - - [16/Sep/2008:17:29:09 -0700] "GET / HTTP/1.0" 200 1315 "-" "Wget/1.10.2" "www.roomfurnish.com"
216.183.81.221 - - [16/Sep/2008:18:05:15 -0700] "GET / HTTP/1.0" 200 1315 "-" "Wget/1.10.2" "www.roomfurnish.com"
208.80.194.42 - - [16/Sep/2008:19:34:13 -0700] "GET / HTTP/1.0" 200 1315 "-" "Mozilla/4.0 (compatible; MSIE 7.0; Windows NT 5.1; SIMBAR={7FE5EC40-7FB6-43ea-ABD2-871EC2F957B7}; Sky Broadband; .NET CLR 1.1.4322; Sky Broadband; InfoPath.1; Zango 10.0.261.0; Sky Broadband)" "roomfurnish.com"
208.80.194.42 - - [16/Sep/2008:19:34:13 -0700] "GET / HTTP/1.0" 200 1315 "-" "Mozilla/4.0 (compatible; MSIE 6.0; Windows NT 5.1; {A40DB79E-021C-1372-91A1-1C36A7627E13}; FunWebProducts; .NET CLR 1.0.3705)" "www.roomfurnish.com"
216.183.81.221 - - [16/Sep/2008:20:26:16 -0700] "GET / HTTP/1.0" 200 1315 "-" "Wget/1.10.2" "www.roomfurnish.com"
67.152.29.130 - - [16/Sep/2008:21:13:41 -0700] "GET /robots.txt HTTP/1.1" 404 275 "-" "ShopWiki/1.0 ( +http://www.shopwiki.com/wiki/Help:Bot)" "www.roomfurnish.com"
67.152.29.130 - - [16/Sep/2008:21:13:42 -0700] "GET / HTTP/1.1" 200 1315 "-" "ShopWiki/1.0 ( +http://www.shopwiki.com/wiki/Help:Bot)" "www.roomfurnish.com"
67.152.29.130 - - [16/Sep/2008:21:13:43 -0700] "GET /sitemap.html HTTP/1.1" 404 275 "-" "ShopWiki/1.0 ( +http://www.shopwiki.com/wiki/Help:Bot)" "www.roomfurnish.com"
67.152.29.130 - - [16/Sep/2008:21:13:44 -0700] "GET / HTTP/1.1" 200 1315 "-" "ShopWiki/1.0 ( +http://www.shopwiki.com/wiki/Help:Bot)" "www.roomfurnish.com"
88.131.106.12 - - [16/Sep/2008:22:34:39 -0700] "GET /robots.txt HTTP/1.0" 404 275 "-" "Speedy Spider (http://www.entireweb.com/about/search_tech/speedy_spider/)" "roomfurnish.com"
88.131.106.12 - - [16/Sep/2008:22:34:40 -0700] "GET /291pompeisofa.html HTTP/1.0" 404 275 "-" "Speedy Spider (http://www.entireweb.com/about/search_tech/speedy_spider/)" "roomfurnish.com"
66.249.67.135 - - [16/Sep/2008:22:41:45 -0700] "GET /robots.txt HTTP/1.1" 404 275 "-" "Mozilla/5.0 (compatible; Googlebot/2.1; +http://www.google.com/bot.html)" "www.roomfurnish.com"
66.249.67.135 - - [16/Sep/2008:22:41:45 -0700] "GET / HTTP/1.1" 200 1315 "-" "Mozilla/5.0 (compatible; Googlebot/2.1; +http://www.google.com/bot.html)" "www.roomfurnish.com"
74.6.22.121 - - [16/Sep/2008:22:56:07 -0700] "GET /robots.txt HTTP/1.0" 404 275 "-" "Mozilla/5.0 (compatible; Yahoo! Slurp; http://help.yahoo.com/help/us/ysearch/slurp)" "www.roomfurnish.com"
74.6.30.119 - - [16/Sep/2008:22:56:07 -0700] "GET / HTTP/1.0" 200 1315 "-" "Mozilla/5.0 (compatible; Yahoo! DE Slurp; http://help.yahoo.com/help/us/ysearch/slurp)" "www.roomfurnish.com"
59.39.8.216 - - [16/Sep/2008:23:01:23 -0700] "GET /lesw.html HTTP/1.1" 404 275 "http://shopping.yahoo.com/search;_ylt=Ao7FfqjqE4abthKSgTD8VA8bFt0A?p=leather+sofa&did=63&search=1&ovstart=1&b=256" "Mozilla/4.0 (compatible; MSIE 6.0; Windows NT 5.1; SV1)" "www.roomfurnish.com"
216.183.81.221 - - [17/Sep/2008:00:53:33 -0700] "GET / HTTP/1.0" 200 1315 "-" "Wget/1.10.2" "www.roomfurnish.com"
208.96.54.70 - - [17/Sep/2008:01:25:11 -0700] "GET / HTTP/1.1" 200 1315 "-" "Mozilla/5.0 (compatible; discobot/1.0; +http://discoveryengine.com/discobot.html)" "roomfurnish.com"
88.131.106.12 - - [17/Sep/2008:01:35:41 -0700] "GET /robots.txt HTTP/1.0" 404 275 "-" "Speedy Spider (http://www.entireweb.com/about/search_tech/speedy_spider/)" "roomfurnish.com"
88.131.106.12 - - [17/Sep/2008:01:35:42 -0700] "GET /lb-11.html HTTP/1.0" 404 275 "-" "Speedy Spider (http://www.entireweb.com/about/search_tech/speedy_spider/)" "roomfurnish.com"
88.131.106.12 - - [17/Sep/2008:01:37:32 -0700] "GET /s-891.html HTTP/1.0" 404 275 "-" "Speedy Spider (http://www.entireweb.com/about/search_tech/speedy_spider/)" "roomfurnish.com"
216.183.81.221 - - [17/Sep/2008:03:14:40 -0700] "GET / HTTP/1.0" 200 1315 "-" "Wget/1.10.2" "www.roomfurnish.com"
88.131.106.12 - - [17/Sep/2008:03:19:52 -0700] "GET /boldsofagroup.html HTTP/1.0" 404 275 "-" "Speedy Spider (http://www.entireweb.com/about/search_tech/speedy_spider/)" "roomfurnish.com"
88.131.106.12 - - [17/Sep/2008:03:38:44 -0700] "GET /g-2043.html HTTP/1.0" 404 275 "-" "Speedy Spider (http://www.entireweb.com/about/search_tech/speedy_spider/)" "roomfurnish.com"
88.131.106.12 - - [17/Sep/2008:03:38:45 -0700] "GET /g-1883.html HTTP/1.0" 404 275 "-" "Speedy Spider (http://www.entireweb.com/about/search_tech/speedy_spider/)" "roomfurnish.com"
88.131.106.12 - - [17/Sep/2008:03:38:46 -0700] "GET /g-1943.html HTTP/1.0" 404 275 "-" "Speedy Spider (http://www.entireweb.com/about/search_tech/speedy_spider/)" "roomfurnish.com"
88.131.106.12 - - [17/Sep/2008:03:38:48 -0700] "GET /g-1983.html HTTP/1.0" 404 275 "-" "Speedy Spider (http://www.entireweb.com/about/search_tech/speedy_spider/)" "roomfurnish.com"
88.131.106.12 - - [17/Sep/2008:03:59:18 -0700] "GET /323pisasofa.html HTTP/1.0" 404 275 "-" "Speedy Spider (http://www.entireweb.com/about/search_tech/speedy_spider/)" "roomfurnish.com"
88.131.106.12 - - [17/Sep/2008:03:59:19 -0700] "GET /372pisasofa.html HTTP/1.0" 404 275 "-" "Speedy Spider (http://www.entireweb.com/about/search_tech/speedy_spider/)" "roomfurnish.com"
67.152.29.130 - - [17/Sep/2008:04:11:56 -0700] "GET /robots.txt HTTP/1.1" 404 275 "-" "ShopWiki/1.0 ( +http://www.shopwiki.com/wiki/Help:Bot)" "www.roomfurnish.com"
67.152.29.130 - - [17/Sep/2008:04:11:56 -0700] "GET / HTTP/1.1" 200 1315 "-" "ShopWiki/1.0 ( +http://www.shopwiki.com/wiki/Help:Bot)" "www.roomfurnish.com"
67.152.29.130 - - [17/Sep/2008:04:12:06 -0700] "GET / HTTP/1.1" 200 1315 "-" "ShopWiki/1.0 ( +http://www.shopwiki.com/wiki/Help:Bot)" "www.roomfurnish.com"
67.152.29.130 - - [17/Sep/2008:04:12:07 -0700] "GET / HTTP/1.1" 200 1315 "-" "ShopWiki/1.0 ( +http://www.shopwiki.com/wiki/Help:Bot)" "www.roomfurnish.com"
88.131.106.12 - - [17/Sep/2008:04:41:31 -0700] "GET /robots.txt HTTP/1.0" 404 275 "-" "Speedy Spider (http://www.entireweb.com/about/search_tech/speedy_spider/)" "www.roomfurnish.com"
88.131.106.12 - - [17/Sep/2008:04:41:32 -0700] "GET /a41.html HTTP/1.0" 404 275 "-" "Speedy Spider (http://www.entireweb.com/about/search_tech/speedy_spider/)" "www.roomfurnish.com"
88.131.106.12 - - [17/Sep/2008:04:42:06 -0700] "GET /g-1942.html HTTP/1.0" 404 275 "-" "Speedy Spider (http://www.entireweb.com/about/search_tech/speedy_spider/)" "roomfurnish.com"
88.131.106.12 - - [17/Sep/2008:04:42:08 -0700] "GET /g-1982.html HTTP/1.0" 404 275 "-" "Speedy Spider (http://www.entireweb.com/about/search_tech/speedy_spider/)" "roomfurnish.com"
216.183.81.221 - - [17/Sep/2008:05:27:47 -0700] "GET / HTTP/1.0" 200 1315 "-" "Wget/1.10.2" "www.roomfurnish.com"
216.183.81.221 - - [17/Sep/2008:05:38:32 -0700] "GET / HTTP/1.0" 200 1315 "-" "Wget/1.10.2" "www.roomfurnish.com"
74.6.22.107 - - [17/Sep/2008:07:44:29 -0700] "GET /robots.txt HTTP/1.0" 404 275 "-" "Mozilla/5.0 (compatible; Yahoo! Slurp; http://help.yahoo.com/help/us/ysearch/slurp)" "www.roomfurnish.com"
67.195.98.236 - - [17/Sep/2008:07:44:29 -0700] "GET / HTTP/1.0" 200 1315 "-" "Mozilla/5.0 (compatible; Yahoo! DE Slurp; http://help.yahoo.com/help/us/ysearch/slurp)" "www.roomfurnish.com"
67.152.29.130 - - [17/Sep/2008:07:57:26 -0700] "GET /robots.txt HTTP/1.1" 404 275 "-" "ShopWiki/1.0 ( +http://www.shopwiki.com/wiki/Help:Bot)" "www.roomfurnish.com"
67.152.29.130 - - [17/Sep/2008:07:57:29 -0700] "GET / HTTP/1.1" 200 1315 "-" "ShopWiki/1.0 ( +http://www.shopwiki.com/wiki/Help:Bot)" "www.roomfurnish.com"
74.6.26.170 - - [17/Sep/2008:09:09:24 -0700] "GET /robots.txt HTTP/1.0" 404 275 "-" "Mozilla/5.0 (compatible; Yahoo! Slurp; http://help.yahoo.com/help/us/ysearch/slurp)" "www.roomfurnish.com"
74.6.76.45 - - [17/Sep/2008:09:09:24 -0700] "GET / HTTP/1.0" 200 1315 "-" "Mozilla/5.0 (compatible; Yahoo! DE Slurp; http://help.yahoo.com/help/us/ysearch/slurp)" "www.roomfurnish.com"
66.249.67.8 - - [17/Sep/2008:10:35:05 -0700] "GET /a28.html HTTP/1.1" 404 275 "-" "Mozilla/5.0 (compatible; Googlebot/2.1; +http://www.google.com/bot.html)" "www.roomfurnish.com"
202.179.180.45 - - [17/Sep/2008:10:55:51 -0700] "GET /robots.txt HTTP/1.1" 404 275 "-" "Mozilla/4.0 (compatible; NaverBot/1.0; http://help.naver.com/delete_main.asp)" "roomfurnish.com"
202.179.180.45 - - [17/Sep/2008:10:55:57 -0700] "GET / HTTP/1.1" 200 1315 "-" "Mozilla/4.0 (compatible; NaverBot/1.0; http://help.naver.com/delete_main.asp)" "roomfurnish.com"
67.152.29.130 - - [17/Sep/2008:11:39:07 -0700] "GET /robots.txt HTTP/1.1" 404 275 "-" "ShopWiki/1.0 ( +http://www.shopwiki.com/wiki/Help:Bot)" "www.roomfurnish.com"
67.152.29.130 - - [17/Sep/2008:11:39:07 -0700] "GET / HTTP/1.1" 200 1315 "-" "ShopWiki/1.0 ( +http://www.shopwiki.com/wiki/Help:Bot)" "www.roomfurnish.com"
67.152.29.130 - - [17/Sep/2008:11:39:08 -0700] "GET /sitemap.html HTTP/1.1" 404 275 "-" "ShopWiki/1.0 ( +http://www.shopwiki.com/wiki/Help:Bot)" "www.roomfurnish.com"
216.183.81.221 - - [17/Sep/2008:12:29:11 -0700] "GET / HTTP/1.0" 200 1315 "-" "Wget/1.10.2" "www.roomfurnish.com"
216.183.81.221 - - [17/Sep/2008:13:09:40 -0700] "GET / HTTP/1.0" 200 1315 "-" "Wget/1.10.2" "www.roomfurnish.com"
88.131.106.12 - - [17/Sep/2008:13:27:45 -0700] "GET /robots.txt HTTP/1.0" 404 275 "-" "Speedy Spider (http://www.entireweb.com/about/search_tech/speedy_spider/)" "roomfurnish.com"
88.131.106.12 - - [17/Sep/2008:13:27:45 -0700] "GET /342elenasofa.html HTTP/1.0" 404 275 "-" "Speedy Spider (http://www.entireweb.com/about/search_tech/speedy_spider/)" "roomfurnish.com"
67.152.29.130 - - [17/Sep/2008:13:30:44 -0700] "GET / HTTP/1.1" 200 1315 "-" "ShopWiki/1.0 ( +http://www.shopwiki.com/wiki/Help:Bot)" "www.roomfurnish.com"
67.152.29.130 - - [17/Sep/2008:13:30:45 -0700] "GET / HTTP/1.1" 200 1315 "-" "ShopWiki/1.0 ( +http://www.shopwiki.com/wiki/Help:Bot)" "www.roomfurnish.com"
88.131.106.12 - - [17/Sep/2008:13:34:28 -0700] "GET /robots.txt HTTP/1.0" 404 275 "-" "Speedy Spider (http://www.entireweb.com/about/search_tech/speedy_spider/)" "www.roomfurnish.com"
88.131.106.12 - - [17/Sep/2008:13:34:28 -0700] "GET /a44.html HTTP/1.0" 404 275 "-" "Speedy Spider (http://www.entireweb.com/about/search_tech/speedy_spider/)" "www.roomfurnish.com"
88.131.106.12 - - [17/Sep/2008:13:35:02 -0700] "GET /g-1885.html HTTP/1.0" 404 275 "-" "Speedy Spider (http://www.entireweb.com/about/search_tech/speedy_spider/)" "roomfurnish.com"
88.131.106.12 - - [17/Sep/2008:13:35:04 -0700] "GET /g-1785.html HTTP/1.0" 404 275 "-" "Speedy Spider (http://www.entireweb.com/about/search_tech/speedy_spider/)" "roomfurnish.com"
77.91.224.5 - - [17/Sep/2008:13:48:17 -0700] "GET /robots.txt HTTP/1.1" 404 275 "-" "Yanga WorldSearch Bot v1.1/beta (http://www.yanga.co.uk/)" "www.roomfurnish.com"
208.66.193.165 - - [17/Sep/2008:13:48:17 -0700] "GET / HTTP/1.1" 200 1315 "-" "Yanga WorldSearch Bot v1.1/beta (http://www.yanga.co.uk/)" "www.roomfurnish.com"
216.183.81.221 - - [17/Sep/2008:14:45:14 -0700] "GET / HTTP/1.0" 200 1315 "-" "Wget/1.10.2" "www.roomfurnish.com"
216.183.81.221 - - [17/Sep/2008:14:54:05 -0700] "GET / HTTP/1.0" 200 1315 "-" "Wget/1.10.2" "www.roomfurnish.com"
119.63.193.191 - - [17/Sep/2008:15:29:43 -0700] "GET /robots.txt HTTP/1.1" 404 275 "-" "Baiduspider+(+http://www.baidu.com/search/spider_jp.html)" "roomfurnish.com"
216.183.81.221 - - [17/Sep/2008:16:31:53 -0700] "GET / HTTP/1.0" 200 1315 "-" "Wget/1.10.2" "www.roomfurnish.com"
216.183.81.221 - - [17/Sep/2008:16:55:58 -0700] "GET / HTTP/1.0" 200 1315 "-" "Wget/1.10.2" "www.roomfurnish.com"
203.209.252.73 - - [17/Sep/2008:18:14:19 -0700] "GET /robots.txt HTTP/1.0" 404 275 "-" "Mozilla/5.0 (compatible; Yahoo! Slurp China; http://misc.yahoo.com.cn/help.html)" "roomfurnish.com"
202.160.178.82 - - [17/Sep/2008:18:14:20 -0700] "GET / HTTP/1.0" 304 - "-" "Mozilla/5.0 (compatible; Yahoo! Slurp China; http://misc.yahoo.com.cn/help.html)" "roomfurnish.com"
88.131.106.12 - - [17/Sep/2008:18:38:08 -0700] "GET /robots.txt HTTP/1.0" 404 275 "-" "Speedy Spider (http://www.entireweb.com/about/search_tech/speedy_spider/)" "roomfurnish.com"
88.131.106.12 - - [17/Sep/2008:18:38:09 -0700] "GET /g-1844.html HTTP/1.0" 404 275 "-" "Speedy Spider (http://www.entireweb.com/about/search_tech/speedy_spider/)" "roomfurnish.com"
88.131.106.12 - - [17/Sep/2008:18:38:10 -0700] "GET /g-1884.html HTTP/1.0" 404 275 "-" "Speedy Spider (http://www.entireweb.com/about/search_tech/speedy_spider/)" "roomfurnish.com"
88.131.106.12 - - [17/Sep/2008:18:38:12 -0700] "GET /g-1944.html HTTP/1.0" 404 275 "-" "Speedy Spider (http://www.entireweb.com/about/search_tech/speedy_spider/)" "roomfurnish.com"
88.131.106.12 - - [17/Sep/2008:18:38:13 -0700] "GET /g-1984.html HTTP/1.0" 404 275 "-" "Speedy Spider (http://www.entireweb.com/about/search_tech/speedy_spider/)" "roomfurnish.com"
88.131.106.12 - - [17/Sep/2008:19:47:20 -0700] "GET /robots.txt HTTP/1.0" 404 275 "-" "Speedy Spider (http://www.entireweb.com/about/search_tech/speedy_spider/)" "www.roomfurnish.com"
88.131.106.12 - - [17/Sep/2008:19:47:21 -0700] "GET /a46.html HTTP/1.0" 404 275 "-" "Speedy Spider (http://www.entireweb.com/about/search_tech/speedy_spider/)" "www.roomfurnish.com"
88.131.106.12 - - [17/Sep/2008:19:48:04 -0700] "GET /g-1847.html HTTP/1.0" 404 275 "-" "Speedy Spider (http://www.entireweb.com/about/search_tech/speedy_spider/)" "roomfurnish.com"
88.131.106.12 - - [17/Sep/2008:19:48:05 -0700] "GET /g-1887.html HTTP/1.0" 404 275 "-" "Speedy Spider (http://www.entireweb.com/about/search_tech/speedy_spider/)" "roomfurnish.com"
88.131.106.12 - - [17/Sep/2008:19:48:07 -0700] "GET /g-1947.html HTTP/1.0" 404 275 "-" "Speedy Spider (http://www.entireweb.com/about/search_tech/speedy_spider/)" "roomfurnish.com"
88.131.106.12 - - [17/Sep/2008:19:48:09 -0700] "GET /g-1747.html HTTP/1.0" 404 275 "-" "Speedy Spider (http://www.entireweb.com/about/search_tech/speedy_spider/)" "roomfurnish.com"
88.131.106.12 - - [17/Sep/2008:20:48:44 -0700] "GET /287minitasofa.html HTTP/1.0" 404 275 "-" "Speedy Spider (http://www.entireweb.com/about/search_tech/speedy_spider/)" "roomfurnish.com"
88.131.106.12 - - [17/Sep/2008:20:55:21 -0700] "GET /a45.html HTTP/1.0" 404 275 "-" "Speedy Spider (http://www.entireweb.com/about/search_tech/speedy_spider/)" "www.roomfurnish.com"
88.131.106.12 - - [17/Sep/2008:20:56:08 -0700] "GET /g-1886.html HTTP/1.0" 404 275 "-" "Speedy Spider (http://www.entireweb.com/about/search_tech/speedy_spider/)" "roomfurnish.com"
88.131.106.12 - - [17/Sep/2008:20:56:09 -0700] "GET /g-1946.html HTTP/1.0" 404 275 "-" "Speedy Spider (http://www.entireweb.com/about/search_tech/speedy_spider/)" "roomfurnish.com"
67.152.29.130 - - [17/Sep/2008:21:31:24 -0700] "GET /robots.txt HTTP/1.1" 404 275 "-" "ShopWiki/1.0 ( +http://www.shopwiki.com/wiki/Help:Bot)" "www.roomfurnish.com"
67.152.29.130 - - [17/Sep/2008:21:31:24 -0700] "GET / HTTP/1.1" 200 1315 "-" "ShopWiki/1.0 ( +http://www.shopwiki.com/wiki/Help:Bot)" "www.roomfurnish.com"
67.152.29.130 - - [17/Sep/2008:21:31:25 -0700] "GET /sitemap.html HTTP/1.1" 404 275 "-" "ShopWiki/1.0 ( +http://www.shopwiki.com/wiki/Help:Bot)" "www.roomfurnish.com"
67.152.29.130 - - [17/Sep/2008:21:31:26 -0700] "GET / HTTP/1.1" 200 1315 "-" "ShopWiki/1.0 ( +http://www.shopwiki.com/wiki/Help:Bot)" "www.roomfurnish.com"
207.126.224.241 - - [17/Sep/2008:23:14:49 -0700] "GET / HTTP/1.0" 200 1315 "-" "Mozilla/4.05 [en]" "www.roomfurnish.com"
74.6.18.253 - - [17/Sep/2008:23:43:54 -0700] "GET /robots.txt HTTP/1.0" 404 275 "-" "Mozilla/5.0 (compatible; Yahoo! Slurp; http://help.yahoo.com/help/us/ysearch/slurp)" "www.roomfurnish.com"
74.6.30.119 - - [17/Sep/2008:23:43:55 -0700] "GET / HTTP/1.0" 200 1315 "-" "Mozilla/5.0 (compatible; Yahoo! DE Slurp; http://help.yahoo.com/help/us/ysearch/slurp)" "www.roomfurnish.com"
77.91.224.5 - - [17/Sep/2008:23:48:28 -0700] "GET /robots.txt HTTP/1.1" 404 275 "-" "Yanga WorldSearch Bot v1.1/beta (http://www.yanga.co.uk/)" "www.roomfurnish.com"
208.66.193.165 - - [17/Sep/2008:23:48:29 -0700] "GET / HTTP/1.1" 200 1315 "-" "Yanga WorldSearch Bot v1.1/beta (http://www.yanga.co.uk/)" "www.roomfurnish.com"
208.80.194.48 - - [18/Sep/2008:01:05:09 -0700] "GET / HTTP/1.0" 200 1315 "-" "Mozilla/4.0 (compatible; MSIE 6.0; Windows NT 5.1; iebar; .NET CLR 1.0.3705)" "roomfurnish.com"
208.80.194.48 - - [18/Sep/2008:01:05:09 -0700] "GET / HTTP/1.0" 200 1315 "-" "Mozilla/4.0 (compatible; MSIE 7.0; Windows NT 5.1; teleos; .NET CLR 2.0.50727)" "www.roomfurnish.com"
87.247.162.4 - - [18/Sep/2008:02:25:20 -0700] "GET /queensleeper1.html HTTP/1.0" 404 275 "http://shopping.yahoo.com/search;_ylt=Ao04SGhTkWTb9MbIPHQX49gEgFoB?p=sleepwear&did=51" "Mozilla/4.0 (compatible; MSIE 6.0; Windows NT 5.1; SV1; InfoPath.2; .NET CLR 1.1.4322)" "www.roomfurnish.com"
88.131.106.12 - - [18/Sep/2008:03:13:39 -0700] "GET /robots.txt HTTP/1.0" 404 275 "-" "Speedy Spider (http://www.entireweb.com/about/search_tech/speedy_spider/)" "www.roomfurnish.com"
88.131.106.12 - - [18/Sep/2008:03:13:39 -0700] "GET /a48.html HTTP/1.0" 404 275 "-" "Speedy Spider (http://www.entireweb.com/about/search_tech/speedy_spider/)" "www.roomfurnish.com"
88.131.106.12 - - [18/Sep/2008:03:14:09 -0700] "GET /robots.txt HTTP/1.0" 404 275 "-" "Speedy Spider (http://www.entireweb.com/about/search_tech/speedy_spider/)" "roomfurnish.com"
88.131.106.12 - - [18/Sep/2008:03:14:09 -0700] "GET /g-1849.html HTTP/1.0" 404 275 "-" "Speedy Spider (http://www.entireweb.com/about/search_tech/speedy_spider/)" "roomfurnish.com"
88.131.106.12 - - [18/Sep/2008:03:14:15 -0700] "GET /g-1889.html HTTP/1.0" 404 275 "-" "Speedy Spider (http://www.entireweb.com/about/search_tech/speedy_spider/)" "roomfurnish.com"
88.131.106.12 - - [18/Sep/2008:03:14:17 -0700] "GET /g-1949.html HTTP/1.0" 404 275 "-" "Speedy Spider (http://www.entireweb.com/about/search_tech/speedy_spider/)" "roomfurnish.com"
88.131.106.12 - - [18/Sep/2008:04:24:36 -0700] "GET /g-1848.html HTTP/1.0" 404 275 "-" "Speedy Spider (http://www.entireweb.com/about/search_tech/speedy_spider/)" "roomfurnish.com"
88.131.106.12 - - [18/Sep/2008:04:24:37 -0700] "GET /g-1888.html HTTP/1.0" 404 275 "-" "Speedy Spider (http://www.entireweb.com/about/search_tech/speedy_spider/)" "roomfurnish.com"
88.131.106.12 - - [18/Sep/2008:04:24:40 -0700] "GET /g-1948.html HTTP/1.0" 404 275 "-" "Speedy Spider (http://www.entireweb.com/about/search_tech/speedy_spider/)" "roomfurnish.com"
74.6.18.253 - - [18/Sep/2008:08:07:09 -0700] "GET /robots.txt HTTP/1.0" 404 275 "-" "Mozilla/5.0 (compatible; Yahoo! Slurp; http://help.yahoo.com/help/us/ysearch/slurp)" "www.roomfurnish.com"
67.195.98.236 - - [18/Sep/2008:08:07:09 -0700] "GET / HTTP/1.0" 200 1315 "-" "Mozilla/5.0 (compatible; Yahoo! DE Slurp; http://help.yahoo.com/help/us/ysearch/slurp)" "www.roomfurnish.com"
208.36.144.10 - - [18/Sep/2008:08:32:38 -0700] "GET /robots.txt HTTP/1.0" 404 275 "-" "Mozilla/5.0 (Twiceler-0.9 http://www.cuil.com/twiceler/robot.html)" "www.roomfurnish.com"
67.152.29.130 - - [18/Sep/2008:08:37:03 -0700] "GET /robots.txt HTTP/1.1" 404 275 "-" "ShopWiki/1.0 ( +http://www.shopwiki.com/wiki/Help:Bot)" "www.roomfurnish.com"
67.152.29.130 - - [18/Sep/2008:08:37:04 -0700] "GET /sitemap.html HTTP/1.1" 404 275 "-" "ShopWiki/1.0 ( +http://www.shopwiki.com/wiki/Help:Bot)" "www.roomfurnish.com"
74.6.22.170 - - [18/Sep/2008:08:42:59 -0700] "GET /robots.txt HTTP/1.0" 404 275 "-" "Mozilla/5.0 (compatible; Yahoo! Slurp; http://help.yahoo.com/help/us/ysearch/slurp)" "roomfurnish.com"
74.6.22.170 - - [18/Sep/2008:08:42:59 -0700] "GET / HTTP/1.0" 200 1315 "-" "Mozilla/5.0 (compatible; Yahoo! Slurp; http://help.yahoo.com/help/us/ysearch/slurp)" "roomfurnish.com"
77.91.224.5 - - [18/Sep/2008:09:48:40 -0700] "GET /robots.txt HTTP/1.1" 404 275 "-" "Yanga WorldSearch Bot v1.1/beta (http://www.yanga.co.uk/)" "www.roomfurnish.com"
208.66.193.165 - - [18/Sep/2008:09:48:41 -0700] "GET / HTTP/1.1" 200 1315 "-" "Yanga WorldSearch Bot v1.1/beta (http://www.yanga.co.uk/)" "www.roomfurnish.com"
74.6.19.151 - - [18/Sep/2008:11:08:36 -0700] "GET /robots.txt HTTP/1.0" 404 275 "-" "Mozilla/5.0 (compatible; Yahoo! Slurp; http://help.yahoo.com/help/us/ysearch/slurp)" "www.roomfurnish.com"
74.6.76.45 - - [18/Sep/2008:11:08:36 -0700] "GET / HTTP/1.0" 200 1315 "-" "Mozilla/5.0 (compatible; Yahoo! DE Slurp; http://help.yahoo.com/help/us/ysearch/slurp)" "www.roomfurnish.com"
64.1.215.165 - - [18/Sep/2008:11:11:28 -0700] "GET /robots.txt HTTP/1.0" 404 275 "-" "Mozilla/5.0 (Twiceler-0.9 http://www.cuil.com/twiceler/robot.html)" "roomfurnish.com"
66.249.70.114 - - [18/Sep/2008:13:30:17 -0700] "GET /robots.txt HTTP/1.1" 404 275 "-" "Mozilla/5.0 (compatible; Googlebot/2.1; +http://www.google.com/bot.html)" "www.roomfurnish.com"
66.249.70.114 - - [18/Sep/2008:13:30:17 -0700] "GET /336brso.html HTTP/1.1" 404 275 "-" "Mozilla/5.0 (compatible; Googlebot/2.1; +http://www.google.com/bot.html)" "www.roomfurnish.com"
67.152.29.130 - - [18/Sep/2008:14:22:34 -0700] "GET /robots.txt HTTP/1.1" 404 275 "-" "ShopWiki/1.0 ( +http://www.shopwiki.com/wiki/Help:Bot)" "www.roomfurnish.com"
67.152.29.130 - - [18/Sep/2008:14:22:34 -0700] "GET / HTTP/1.1" 200 1315 "-" "ShopWiki/1.0 ( +http://www.shopwiki.com/wiki/Help:Bot)" "www.roomfurnish.com"
67.152.29.130 - - [18/Sep/2008:14:22:36 -0700] "GET /sitemap.html HTTP/1.1" 404 275 "-" "ShopWiki/1.0 ( +http://www.shopwiki.com/wiki/Help:Bot)" "www.roomfurnish.com"
216.183.81.221 - - [18/Sep/2008:16:37:09 -0700] "GET / HTTP/1.0" 304 - "-" "unknown/1.0 (CP/M; 8-bit)" "www.roomfurnish.com"
66.249.70.114 - - [18/Sep/2008:18:40:34 -0700] "GET /351romasofa.html HTTP/1.1" 404 275 "-" "Mozilla/5.0 (compatible; Googlebot/2.1; +http://www.google.com/bot.html)" "www.roomfurnish.com"
67.152.29.130 - - [18/Sep/2008:19:37:51 -0700] "GET /robots.txt HTTP/1.1" 404 275 "-" "ShopWiki/1.0 ( +http://www.shopwiki.com/wiki/Help:Bot)" "www.roomfurnish.com"
67.152.29.130 - - [18/Sep/2008:19:37:51 -0700] "GET / HTTP/1.1" 200 1315 "-" "ShopWiki/1.0 ( +http://www.shopwiki.com/wiki/Help:Bot)" "www.roomfurnish.com"
88.131.106.12 - - [18/Sep/2008:19:41:05 -0700] "GET /robots.txt HTTP/1.0" 404 275 "-" "Speedy Spider (http://www.entireweb.com/about/search_tech/speedy_spider/)" "roomfurnish.com"
88.131.106.12 - - [18/Sep/2008:19:41:06 -0700] "GET /221almosofa.html HTTP/1.0" 404 275 "-" "Speedy Spider (http://www.entireweb.com/about/search_tech/speedy_spider/)" "roomfurnish.com"
88.131.106.12 - - [18/Sep/2008:20:22:39 -0700] "GET /322nicollesofa.html HTTP/1.0" 404 275 "-" "Speedy Spider (http://www.entireweb.com/about/search_tech/speedy_spider/)" "roomfurnish.com"
64.81.231.78 - - [18/Sep/2008:23:27:24 -0700] "GET /index.html HTTP/1.1" 200 1315 "-" "Mozilla/4.0 (compatible; MSIE 7.0; AOL 9.0; Windows NT 6.0; SLCC1; .NET CLR 2.0.50727; Media Center PC 5.0; .NET CLR 3.0.04506)" "roomfurnish.com"
74.6.18.229 - - [18/Sep/2008:23:54:15 -0700] "GET /robots.txt HTTP/1.0" 404 275 "-" "Mozilla/5.0 (compatible; Yahoo! Slurp; http://help.yahoo.com/help/us/ysearch/slurp)" "www.roomfurnish.com"
74.6.30.119 - - [18/Sep/2008:23:54:16 -0700] "GET / HTTP/1.0" 200 1315 "-" "Mozilla/5.0 (compatible; Yahoo! DE Slurp; http://help.yahoo.com/help/us/ysearch/slurp)" "www.roomfurnish.com"
66.249.70.147 - - [19/Sep/2008:00:00:54 -0700] "GET /robots.txt HTTP/1.1" 404 275 "-" "Mozilla/5.0 (compatible; Googlebot/2.1; +http://www.google.com/bot.html)" "roomfurnish.com"
66.249.70.147 - - [19/Sep/2008:00:00:54 -0700] "GET / HTTP/1.1" 200 1315 "-" "Mozilla/5.0 (compatible; Googlebot/2.1; +http://www.google.com/bot.html)" "roomfurnish.com"
74.6.18.226 - - [19/Sep/2008:08:11:58 -0700] "GET /robots.txt HTTP/1.0" 404 275 "-" "Mozilla/5.0 (compatible; Yahoo! Slurp; http://help.yahoo.com/help/us/ysearch/slurp)" "www.roomfurnish.com"
67.195.98.236 - - [19/Sep/2008:08:11:58 -0700] "GET / HTTP/1.0" 200 1315 "-" "Mozilla/5.0 (compatible; Yahoo! DE Slurp; http://help.yahoo.com/help/us/ysearch/slurp)" "www.roomfurnish.com"
208.80.194.36 - - [19/Sep/2008:10:31:06 -0700] "GET / HTTP/1.0" 200 1315 "-" "Mozilla/4.0 (compatible; MSIE 7.0; Windows NT 5.1; FunWebProducts; .NET CLR 1.0.3705; .NET CLR 1.1.4322; Media Center PC 4.0; .NET CLR 2.0.50727; SpamBlockerUtility 4.8.6)" "www.roomfurnish.com"
208.80.194.36 - - [19/Sep/2008:10:31:06 -0700] "GET / HTTP/1.0" 200 1315 "-" "Mozilla/4.0 (compatible; MSIE 7.0; Windows NT 5.1; snprtz|S24149600001522|2600#Service Pack 2#2#5#1; .NET CLR 1.1.4322)" "roomfurnish.com"
88.131.106.12 - - [19/Sep/2008:10:44:48 -0700] "GET /robots.txt HTTP/1.0" 404 275 "-" "Speedy Spider (http://www.entireweb.com/about/search_tech/speedy_spider/)" "roomfurnish.com"
88.131.106.12 - - [19/Sep/2008:10:44:49 -0700] "GET /lesw.html HTTP/1.0" 404 275 "-" "Speedy Spider (http://www.entireweb.com/about/search_tech/speedy_spider/)" "roomfurnish.com"
66.77.138.70 - - [19/Sep/2008:12:02:45 -0700] "GET / HTTP/1.1" 200 1315 "-" "Mozilla/5.0 (X11; U; Linux i686; en-US; rv:1.7.3) Gecko/20040913" "www.roomfurnish.com"
74.6.20.234 - - [19/Sep/2008:13:02:47 -0700] "GET /robots.txt HTTP/1.0" 404 275 "-" "Mozilla/5.0 (compatible; Yahoo! Slurp; http://help.yahoo.com/help/us/ysearch/slurp)" "www.roomfurnish.com"
74.6.76.45 - - [19/Sep/2008:13:02:47 -0700] "GET / HTTP/1.0" 200 1315 "-" "Mozilla/5.0 (compatible; Yahoo! DE Slurp; http://help.yahoo.com/help/us/ysearch/slurp)" "www.roomfurnish.com"
91.205.124.5 - - [19/Sep/2008:19:24:38 -0700] "GET /robots.txt HTTP/1.1" 404 275 "-" "Yanga WorldSearch Bot v1.1/beta (http://www.yanga.co.uk/)" "www.roomfurnish.com"
208.66.193.165 - - [19/Sep/2008:19:24:38 -0700] "GET / HTTP/1.1" 200 1315 "-" "Yanga WorldSearch Bot v1.1/beta (http://www.yanga.co.uk/)" "www.roomfurnish.com"
88.131.106.12 - - [19/Sep/2008:20:15:28 -0700] "GET /robots.txt HTTP/1.0" 404 275 "-" "Speedy Spider (http://www.entireweb.com/about/search_tech/speedy_spider/)" "roomfurnish.com"
88.131.106.12 - - [19/Sep/2008:20:15:28 -0700] "GET /361fuziosofa.html HTTP/1.0" 404 275 "-" "Speedy Spider (http://www.entireweb.com/about/search_tech/speedy_spider/)" "roomfurnish.com"
67.152.29.130 - - [19/Sep/2008:23:14:50 -0700] "GET /robots.txt HTTP/1.1" 404 275 "-" "ShopWiki/1.0 ( +http://www.shopwiki.com/wiki/Help:Bot)" "www.roomfurnish.com"
67.152.29.130 - - [19/Sep/2008:23:14:52 -0700] "GET / HTTP/1.1" 200 1315 "-" "ShopWiki/1.0 ( +http://www.shopwiki.com/wiki/Help:Bot)" "www.roomfurnish.com"
67.152.29.130 - - [19/Sep/2008:23:14:53 -0700] "GET / HTTP/1.1" 200 1315 "-" "ShopWiki/1.0 ( +http://www.shopwiki.com/wiki/Help:Bot)" "www.roomfurnish.com"
208.36.144.10 - - [19/Sep/2008:23:29:41 -0700] "GET /robots.txt HTTP/1.0" 404 275 "-" "Mozilla/5.0 (Twiceler-0.9 http://www.cuil.com/twiceler/robot.html)" "www.roomfurnish.com"
74.6.18.226 - - [20/Sep/2008:00:25:03 -0700] "GET /robots.txt HTTP/1.0" 404 275 "-" "Mozilla/5.0 (compatible; Yahoo! Slurp; http://help.yahoo.com/help/us/ysearch/slurp)" "www.roomfurnish.com"
74.6.30.119 - - [20/Sep/2008:00:25:04 -0700] "GET / HTTP/1.0" 200 1315 "-" "Mozilla/5.0 (compatible; Yahoo! DE Slurp; http://help.yahoo.com/help/us/ysearch/slurp)" "www.roomfurnish.com"
88.131.106.12 - - [20/Sep/2008:01:03:40 -0700] "GET /robots.txt HTTP/1.0" 404 275 "-" "Speedy Spider (http://www.entireweb.com/about/search_tech/speedy_spider/)" "roomfurnish.com"
88.131.106.12 - - [20/Sep/2008:01:03:40 -0700] "GET /b359monzasofa.html HTTP/1.0" 404 275 "-" "Speedy Spider (http://www.entireweb.com/about/search_tech/speedy_spider/)" "roomfurnish.com"
208.80.194.39 - - [20/Sep/2008:01:17:26 -0700] "GET / HTTP/1.0" 200 1315 "-" "Mozilla/4.0 (compatible; MSIE 6.0; Windows NT 5.1; SV1; .NET CLR 1.0.3705; .NET CLR 1.1.4322; Media Center PC 4.0; InfoPath.2; .NET CLR 2.0.50727)" "www.roomfurnish.com"
208.80.194.39 - - [20/Sep/2008:01:17:26 -0700] "GET / HTTP/1.0" 200 1315 "-" "Mozilla/4.0 (compatible; MSIE 6.0; Windows NT 5.1; SV1; FunWebProducts; .NET CLR 1.1.4322; Seekmo 10.0.341.0; SpamBlockerUtility 4.8.4)" "roomfurnish.com"
