61.247.221.45 - - [08/Sep/2008:03:48:58 -0700] "GET / HTTP/1.1" 200 1315 "-" "Yeti/1.0 (NHN Corp.; http://help.naver.com/robots/)" "roomfurnish.com"
216.183.81.221 - - [08/Sep/2008:03:54:56 -0700] "GET / HTTP/1.0" 200 1315 "-" "unknown/1.0 (CP/M; 8-bit)" "www.roomfurnish.com"
216.183.81.221 - - [08/Sep/2008:05:39:12 -0700] "GET / HTTP/1.0" 200 1315 "-" "unknown/1.0 (CP/M; 8-bit)" "www.roomfurnish.com"
67.152.29.130 - - [08/Sep/2008:07:49:10 -0700] "GET /robots.txt HTTP/1.1" 404 275 "-" "ShopWiki/1.0 ( +http://www.shopwiki.com/wiki/Help:Bot)" "www.roomfurnish.com"
67.152.29.130 - - [08/Sep/2008:07:49:10 -0700] "GET /sitemap.html HTTP/1.1" 404 275 "-" "ShopWiki/1.0 ( +http://www.shopwiki.com/wiki/Help:Bot)" "www.roomfurnish.com"
67.152.29.130 - - [08/Sep/2008:07:49:11 -0700] "GET / HTTP/1.1" 200 1315 "-" "ShopWiki/1.0 ( +http://www.shopwiki.com/wiki/Help:Bot)" "www.roomfurnish.com"
65.55.230.189 - - [08/Sep/2008:09:29:57 -0700] "GET /robots.txt HTTP/1.1" 404 275 "-" "msnbot-media/1.1 (+http://search.msn.com/msnbot.htm)" "roomfurnish.com"
65.55.230.189 - - [08/Sep/2008:09:29:57 -0700] "GET / HTTP/1.1" 200 1315 "-" "msnbot-media/1.1 (+http://search.msn.com/msnbot.htm)" "roomfurnish.com"
216.183.81.221 - - [08/Sep/2008:09:32:32 -0700] "GET / HTTP/1.0" 200 1315 "-" "unknown/1.0 (CP/M; 8-bit)" "www.roomfurnish.com"
216.183.81.221 - - [08/Sep/2008:10:05:48 -0700] "GET / HTTP/1.0" 200 1315 "-" "unknown/1.0 (CP/M; 8-bit)" "www.roomfurnish.com"
67.152.29.130 - - [08/Sep/2008:10:57:59 -0700] "GET /robots.txt HTTP/1.1" 404 275 "-" "ShopWiki/1.0 ( +http://www.shopwiki.com/wiki/Help:Bot)" "www.roomfurnish.com"
67.152.29.130 - - [08/Sep/2008:10:58:03 -0700] "GET / HTTP/1.1" 200 1315 "-" "ShopWiki/1.0 ( +http://www.shopwiki.com/wiki/Help:Bot)" "www.roomfurnish.com"
67.152.29.130 - - [08/Sep/2008:10:58:04 -0700] "GET / HTTP/1.1" 200 1315 "-" "ShopWiki/1.0 ( +http://www.shopwiki.com/wiki/Help:Bot)" "www.roomfurnish.com"
66.249.73.150 - - [08/Sep/2008:12:08:30 -0700] "GET /robots.txt HTTP/1.1" 404 275 "-" "Mozilla/5.0 (compatible; Googlebot/2.1; +http://www.google.com/bot.html)" "www.roomfurnish.com"
66.249.73.150 - - [08/Sep/2008:12:08:30 -0700] "GET /a41.html HTTP/1.1" 404 275 "-" "Mozilla/5.0 (compatible; Googlebot/2.1; +http://www.google.com/bot.html)" "www.roomfurnish.com"
216.183.81.221 - - [08/Sep/2008:12:53:58 -0700] "GET / HTTP/1.0" 200 1315 "-" "unknown/1.0 (CP/M; 8-bit)" "www.roomfurnish.com"
216.183.81.221 - - [08/Sep/2008:14:44:08 -0700] "GET / HTTP/1.0" 200 1315 "-" "unknown/1.0 (CP/M; 8-bit)" "www.roomfurnish.com"
74.6.19.242 - - [08/Sep/2008:15:00:31 -0700] "GET /robots.txt HTTP/1.0" 404 275 "-" "Mozilla/5.0 (compatible; Yahoo! Slurp; http://help.yahoo.com/help/us/ysearch/slurp)" "www.roomfurnish.com"
74.6.76.45 - - [08/Sep/2008:15:00:32 -0700] "GET / HTTP/1.0" 200 1315 "-" "Mozilla/5.0 (compatible; Yahoo! DE Slurp; http://help.yahoo.com/help/us/ysearch/slurp)" "www.roomfurnish.com"
216.183.81.221 - - [08/Sep/2008:15:32:00 -0700] "GET / HTTP/1.0" 200 1315 "-" "unknown/1.0 (CP/M; 8-bit)" "www.roomfurnish.com"
216.183.81.221 - - [08/Sep/2008:16:43:13 -0700] "GET / HTTP/1.0" 200 1315 "-" "unknown/1.0 (CP/M; 8-bit)" "www.roomfurnish.com"
216.183.81.221 - - [08/Sep/2008:17:30:13 -0700] "GET / HTTP/1.0" 200 1315 "-" "unknown/1.0 (CP/M; 8-bit)" "www.roomfurnish.com"
24.173.210.90 - - [08/Sep/2008:18:09:25 -0700] "GET / HTTP/1.1" 200 1315 "-" "Mozilla/4.0 (compatible; MSIE 6.0; Windows NT 5.0)" "roomfurnish.com"
66.249.73.150 - - [08/Sep/2008:18:55:31 -0700] "GET /a39.html HTTP/1.1" 404 275 "-" "Mozilla/5.0 (compatible; Googlebot/2.1; +http://www.google.com/bot.html)" "www.roomfurnish.com"
119.63.194.49 - - [08/Sep/2008:19:02:29 -0700] "GET / HTTP/1.1" 304 - "-" "Baiduspider+(+http://help.baidu.jp/system/05.html)" "roomfurnish.com"
88.131.106.12 - - [08/Sep/2008:19:07:49 -0700] "GET /robots.txt HTTP/1.0" 404 275 "-" "Speedy Spider (http://www.entireweb.com/about/search_tech/speedy_spider/)" "roomfurnish.com"
88.131.106.12 - - [08/Sep/2008:19:07:50 -0700] "GET /luseso.html HTTP/1.0" 404 275 "-" "Speedy Spider (http://www.entireweb.com/about/search_tech/speedy_spider/)" "roomfurnish.com"
88.131.106.12 - - [08/Sep/2008:19:15:04 -0700] "GET /clleso.html HTTP/1.0" 404 275 "-" "Speedy Spider (http://www.entireweb.com/about/search_tech/speedy_spider/)" "roomfurnish.com"
88.131.106.12 - - [08/Sep/2008:19:19:56 -0700] "GET /b3trso.html HTTP/1.0" 404 275 "-" "Speedy Spider (http://www.entireweb.com/about/search_tech/speedy_spider/)" "roomfurnish.com"
88.131.106.12 - - [08/Sep/2008:19:19:57 -0700] "GET /b3riso.html HTTP/1.0" 404 275 "-" "Speedy Spider (http://www.entireweb.com/about/search_tech/speedy_spider/)" "roomfurnish.com"
88.131.106.12 - - [08/Sep/2008:19:19:59 -0700] "GET /b3maso.html HTTP/1.0" 404 275 "-" "Speedy Spider (http://www.entireweb.com/about/search_tech/speedy_spider/)" "roomfurnish.com"
67.152.29.130 - - [08/Sep/2008:19:20:17 -0700] "GET /robots.txt HTTP/1.1" 404 275 "-" "ShopWiki/1.0 ( +http://www.shopwiki.com/wiki/Help:Bot)" "www.roomfurnish.com"
67.152.29.130 - - [08/Sep/2008:19:20:17 -0700] "GET / HTTP/1.1" 200 1315 "-" "ShopWiki/1.0 ( +http://www.shopwiki.com/wiki/Help:Bot)" "www.roomfurnish.com"
67.152.29.130 - - [08/Sep/2008:19:20:18 -0700] "GET /sitemap.html HTTP/1.1" 404 275 "-" "ShopWiki/1.0 ( +http://www.shopwiki.com/wiki/Help:Bot)" "www.roomfurnish.com"
74.6.18.231 - - [08/Sep/2008:19:25:17 -0700] "GET /robots.txt HTTP/1.0" 404 275 "-" "Mozilla/5.0 (compatible; Yahoo! Slurp; http://help.yahoo.com/help/us/ysearch/slurp)" "www.roomfurnish.com"
74.6.30.119 - - [08/Sep/2008:19:25:18 -0700] "GET / HTTP/1.0" 200 1315 "-" "Mozilla/5.0 (compatible; Yahoo! DE Slurp; http://help.yahoo.com/help/us/ysearch/slurp)" "www.roomfurnish.com"
216.64.169.240 - - [08/Sep/2008:20:56:26 -0700] "GET / HTTP/1.1" 200 1315 "-" "Mozilla/4.0 (compatible; MSIE 6.0; Windows NT 5.0; .NET CLR 1.0.3705; .NET CLR 1.1.4322)" "roomfurnish.com"
216.183.81.221 - - [08/Sep/2008:20:58:08 -0700] "GET / HTTP/1.0" 200 1315 "-" "unknown/1.0 (CP/M; 8-bit)" "www.roomfurnish.com"
216.183.81.221 - - [08/Sep/2008:21:15:47 -0700] "GET / HTTP/1.0" 200 1315 "-" "unknown/1.0 (CP/M; 8-bit)" "www.roomfurnish.com"
216.183.81.221 - - [08/Sep/2008:23:00:50 -0700] "GET / HTTP/1.0" 200 1315 "-" "unknown/1.0 (CP/M; 8-bit)" "www.roomfurnish.com"
208.80.194.35 - - [08/Sep/2008:23:20:47 -0700] "GET / HTTP/1.0" 200 1315 "-" "Mozilla/4.0 (compatible; MSIE 6.0; Windows NT 5.1; SV1; YPC 3.2.0; FunWebProducts; HbTools 4.8.4; yplus 4.1.00b)" "www.roomfurnish.com"
208.80.194.35 - - [08/Sep/2008:23:20:47 -0700] "GET / HTTP/1.0" 200 1315 "-" "Mozilla/4.0 (compatible; MSIE 6.0; Windows NT 5.1; {F7F379D8-B48C-40D8-86F1-F47DCE39EA88}; SV1; .NET CLR 1.0.3705)" "roomfurnish.com"
74.6.18.232 - - [08/Sep/2008:23:38:07 -0700] "GET /robots.txt HTTP/1.0" 404 275 "-" "Mozilla/5.0 (compatible; Yahoo! Slurp; http://help.yahoo.com/help/us/ysearch/slurp)" "www.roomfurnish.com"
67.195.98.236 - - [08/Sep/2008:23:38:07 -0700] "GET / HTTP/1.0" 200 1315 "-" "Mozilla/5.0 (compatible; Yahoo! DE Slurp; http://help.yahoo.com/help/us/ysearch/slurp)" "www.roomfurnish.com"
203.209.252.73 - - [09/Sep/2008:00:52:50 -0700] "GET /robots.txt HTTP/1.0" 404 275 "-" "Mozilla/5.0 (compatible; Yahoo! Slurp China; http://misc.yahoo.com.cn/help.html)" "roomfurnish.com"
202.160.178.82 - - [09/Sep/2008:00:52:51 -0700] "GET / HTTP/1.0" 304 - "-" "Mozilla/5.0 (compatible; Yahoo! Slurp China; http://misc.yahoo.com.cn/help.html)" "roomfurnish.com"
216.183.81.221 - - [09/Sep/2008:01:13:05 -0700] "GET / HTTP/1.0" 200 1315 "-" "unknown/1.0 (CP/M; 8-bit)" "www.roomfurnish.com"
202.108.7.213 - - [09/Sep/2008:01:50:28 -0700] "GET /robots.txt HTTP/1.1" 404 275 "-" "Mozilla/5.0 (compatible; YodaoBot/1.0; http://www.yodao.com/help/webmaster/spider/; )" "roomfurnish.com"
202.108.7.213 - - [09/Sep/2008:01:50:30 -0700] "GET / HTTP/1.1" 304 - "-" "Mozilla/5.0 (compatible; YodaoBot/1.0; http://www.yodao.com/help/webmaster/spider/; )" "roomfurnish.com"
216.183.81.221 - - [09/Sep/2008:02:19:31 -0700] "GET / HTTP/1.0" 200 1315 "-" "unknown/1.0 (CP/M; 8-bit)" "www.roomfurnish.com"
216.183.81.221 - - [09/Sep/2008:04:07:28 -0700] "GET / HTTP/1.0" 200 1315 "-" "unknown/1.0 (CP/M; 8-bit)" "www.roomfurnish.com"
216.183.81.221 - - [09/Sep/2008:04:35:06 -0700] "GET / HTTP/1.0" 200 1315 "-" "unknown/1.0 (CP/M; 8-bit)" "www.roomfurnish.com"
216.183.81.221 - - [09/Sep/2008:06:15:30 -0700] "GET / HTTP/1.0" 200 1315 "-" "unknown/1.0 (CP/M; 8-bit)" "www.roomfurnish.com"
216.183.81.221 - - [09/Sep/2008:06:35:03 -0700] "GET / HTTP/1.0" 200 1315 "-" "unknown/1.0 (CP/M; 8-bit)" "www.roomfurnish.com"
216.183.81.221 - - [09/Sep/2008:06:48:59 -0700] "GET / HTTP/1.0" 200 1315 "-" "unknown/1.0 (CP/M; 8-bit)" "www.roomfurnish.com"
216.183.81.221 - - [09/Sep/2008:08:56:27 -0700] "GET / HTTP/1.0" 200 1315 "-" "unknown/1.0 (CP/M; 8-bit)" "www.roomfurnish.com"
216.183.81.221 - - [09/Sep/2008:10:20:11 -0700] "GET / HTTP/1.0" 200 1315 "-" "unknown/1.0 (CP/M; 8-bit)" "www.roomfurnish.com"
216.183.81.221 - - [09/Sep/2008:11:07:50 -0700] "GET / HTTP/1.0" 200 1315 "-" "unknown/1.0 (CP/M; 8-bit)" "www.roomfurnish.com"
216.183.81.221 - - [09/Sep/2008:11:10:02 -0700] "GET / HTTP/1.0" 200 1315 "-" "unknown/1.0 (CP/M; 8-bit)" "www.roomfurnish.com"
216.183.81.221 - - [09/Sep/2008:11:55:33 -0700] "GET / HTTP/1.0" 200 1315 "-" "unknown/1.0 (CP/M; 8-bit)" "www.roomfurnish.com"
216.183.81.221 - - [09/Sep/2008:14:25:47 -0700] "GET / HTTP/1.0" 200 1315 "-" "unknown/1.0 (CP/M; 8-bit)" "www.roomfurnish.com"
216.183.81.221 - - [09/Sep/2008:15:20:35 -0700] "GET / HTTP/1.0" 200 1315 "-" "unknown/1.0 (CP/M; 8-bit)" "www.roomfurnish.com"
74.6.26.172 - - [09/Sep/2008:16:22:32 -0700] "GET /robots.txt HTTP/1.0" 404 275 "-" "Mozilla/5.0 (compatible; Yahoo! Slurp; http://help.yahoo.com/help/us/ysearch/slurp)" "www.roomfurnish.com"
74.6.76.45 - - [09/Sep/2008:16:22:32 -0700] "GET / HTTP/1.0" 200 1315 "-" "Mozilla/5.0 (compatible; Yahoo! DE Slurp; http://help.yahoo.com/help/us/ysearch/slurp)" "www.roomfurnish.com"
216.183.81.221 - - [09/Sep/2008:16:34:38 -0700] "GET / HTTP/1.0" 200 1315 "-" "unknown/1.0 (CP/M; 8-bit)" "www.roomfurnish.com"
216.183.81.221 - - [09/Sep/2008:16:44:06 -0700] "GET / HTTP/1.0" 200 1315 "-" "unknown/1.0 (CP/M; 8-bit)" "www.roomfurnish.com"
216.183.81.221 - - [09/Sep/2008:16:49:18 -0700] "GET / HTTP/1.0" 200 1315 "-" "unknown/1.0 (CP/M; 8-bit)" "www.roomfurnish.com"
216.183.81.221 - - [09/Sep/2008:16:57:43 -0700] "GET / HTTP/1.0" 200 1315 "-" "unknown/1.0 (CP/M; 8-bit)" "www.roomfurnish.com"
216.183.81.221 - - [09/Sep/2008:18:10:32 -0700] "GET / HTTP/1.0" 200 1315 "-" "unknown/1.0 (CP/M; 8-bit)" "www.roomfurnish.com"
216.183.81.221 - - [09/Sep/2008:18:46:57 -0700] "GET / HTTP/1.0" 200 1315 "-" "unknown/1.0 (CP/M; 8-bit)" "www.roomfurnish.com"
67.152.29.130 - - [09/Sep/2008:18:47:12 -0700] "GET /robots.txt HTTP/1.1" 404 275 "-" "ShopWiki/1.0 ( +http://www.shopwiki.com/wiki/Help:Bot)" "www.roomfurnish.com"
67.152.29.130 - - [09/Sep/2008:18:47:12 -0700] "GET / HTTP/1.1" 200 1315 "-" "ShopWiki/1.0 ( +http://www.shopwiki.com/wiki/Help:Bot)" "www.roomfurnish.com"
67.152.29.130 - - [09/Sep/2008:18:47:55 -0700] "GET /sitemap.html HTTP/1.1" 404 275 "-" "ShopWiki/1.0 ( +http://www.shopwiki.com/wiki/Help:Bot)" "www.roomfurnish.com"
67.152.29.130 - - [09/Sep/2008:18:47:56 -0700] "GET / HTTP/1.1" 200 1315 "-" "ShopWiki/1.0 ( +http://www.shopwiki.com/wiki/Help:Bot)" "www.roomfurnish.com"
85.21.236.73 - - [09/Sep/2008:18:50:38 -0700] "GET http://www.roomfurnish.com/ HTTP/1.0" 200 1315 "-" "Mozilla/5.0" "www.roomfurnish.com"
74.6.18.249 - - [09/Sep/2008:19:59:03 -0700] "GET /robots.txt HTTP/1.0" 404 275 "-" "Mozilla/5.0 (compatible; Yahoo! Slurp; http://help.yahoo.com/help/us/ysearch/slurp)" "www.roomfurnish.com"
74.6.30.119 - - [09/Sep/2008:19:59:03 -0700] "GET / HTTP/1.0" 200 1315 "-" "Mozilla/5.0 (compatible; Yahoo! DE Slurp; http://help.yahoo.com/help/us/ysearch/slurp)" "www.roomfurnish.com"
216.183.81.221 - - [09/Sep/2008:20:03:08 -0700] "GET / HTTP/1.0" 200 1315 "-" "unknown/1.0 (CP/M; 8-bit)" "www.roomfurnish.com"
216.183.81.221 - - [09/Sep/2008:20:19:23 -0700] "GET / HTTP/1.0" 200 1315 "-" "unknown/1.0 (CP/M; 8-bit)" "www.roomfurnish.com"
216.183.81.221 - - [09/Sep/2008:20:29:06 -0700] "GET / HTTP/1.0" 200 1315 "-" "unknown/1.0 (CP/M; 8-bit)" "www.roomfurnish.com"
216.183.81.221 - - [09/Sep/2008:21:52:09 -0700] "GET / HTTP/1.0" 200 1315 "-" "unknown/1.0 (CP/M; 8-bit)" "www.roomfurnish.com"
122.162.74.102 - - [09/Sep/2008:23:03:34 -0700] "HEAD / HTTP/1.1" 200 0 "-" "Xenu Link Sleuth 1.2j" "www.roomfurnish.com"
216.183.81.221 - - [09/Sep/2008:23:19:15 -0700] "GET / HTTP/1.0" 200 1315 "-" "unknown/1.0 (CP/M; 8-bit)" "www.roomfurnish.com"
74.6.18.233 - - [10/Sep/2008:00:11:29 -0700] "GET /robots.txt HTTP/1.0" 404 275 "-" "Mozilla/5.0 (compatible; Yahoo! Slurp; http://help.yahoo.com/help/us/ysearch/slurp)" "www.roomfurnish.com"
67.195.98.236 - - [10/Sep/2008:00:11:29 -0700] "GET / HTTP/1.0" 200 1315 "-" "Mozilla/5.0 (compatible; Yahoo! DE Slurp; http://help.yahoo.com/help/us/ysearch/slurp)" "www.roomfurnish.com"
71.110.191.188 - - [10/Sep/2008:00:22:07 -0700] "GET / HTTP/1.1" 200 1315 "http://au.dir.yahoo.com/business_and_economy/shopping_and_services/home_and_garden/furnishings/furniture/retailers/" "Mozilla/4.0 (compatible; MSIE 6.0; Windows NT 5.1; SV1; .NET CLR 1.1.4322; .NET CLR 2.0.50727)" "www.roomfurnish.com"
216.183.81.221 - - [10/Sep/2008:00:42:08 -0700] "GET / HTTP/1.0" 200 1315 "-" "unknown/1.0 (CP/M; 8-bit)" "www.roomfurnish.com"
216.183.81.221 - - [10/Sep/2008:00:51:13 -0700] "GET / HTTP/1.0" 200 1315 "-" "unknown/1.0 (CP/M; 8-bit)" "www.roomfurnish.com"
216.183.81.221 - - [10/Sep/2008:01:14:18 -0700] "GET / HTTP/1.0" 200 1315 "-" "unknown/1.0 (CP/M; 8-bit)" "www.roomfurnish.com"
216.183.81.221 - - [10/Sep/2008:01:41:38 -0700] "GET / HTTP/1.0" 200 1315 "-" "unknown/1.0 (CP/M; 8-bit)" "www.roomfurnish.com"
216.183.81.221 - - [10/Sep/2008:02:15:38 -0700] "GET / HTTP/1.0" 200 1315 "-" "unknown/1.0 (CP/M; 8-bit)" "www.roomfurnish.com"
193.252.149.16 - - [10/Sep/2008:02:36:55 -0700] "GET http://www.roomfurnish.com:80/robots.txt HTTP/1.1" 404 275 "-" "Mozilla/5.0 (Windows; U; Windows NT 5.1; fr; rv:1.8.1) VoilaBot BETA 1.2 (support.voilabot@orange-ftgroup.com)" "www.roomfurnish.com"
193.252.149.16 - - [10/Sep/2008:02:37:11 -0700] "GET / HTTP/1.1" 200 1315 "-" "Mozilla/5.0 (Windows; U; Windows NT 5.1; fr; rv:1.8.1) VoilaBot BETA 1.2 (support.voilabot@orange-ftgroup.com)" "www.roomfurnish.com"
203.70.235.33 - - [10/Sep/2008:04:39:42 -0700] "GET /queensleeper1.html HTTP/1.0" 404 275 "-" "Gaisbot/3.0+(robot06@gais.cs.ccu.edu.tw;+http://gais.cs.ccu.edu.tw/robot.php)" "www.roomfurnish.com"
67.152.29.130 - - [10/Sep/2008:05:10:27 -0700] "GET /robots.txt HTTP/1.1" 404 275 "-" "ShopWiki/1.0 ( +http://www.shopwiki.com/wiki/Help:Bot)" "www.roomfurnish.com"
67.152.29.130 - - [10/Sep/2008:05:10:28 -0700] "GET / HTTP/1.1" 200 1315 "-" "ShopWiki/1.0 ( +http://www.shopwiki.com/wiki/Help:Bot)" "www.roomfurnish.com"
67.152.29.130 - - [10/Sep/2008:05:10:29 -0700] "GET /sitemap.html HTTP/1.1" 404 275 "-" "ShopWiki/1.0 ( +http://www.shopwiki.com/wiki/Help:Bot)" "www.roomfurnish.com"
208.80.194.44 - - [10/Sep/2008:05:11:53 -0700] "GET / HTTP/1.0" 200 1315 "-" "Mozilla/4.0 (compatible; MSIE 6.0; AOL 9.0; Windows NT 5.1; SV1; .NET CLR 1.0.3705; .NET CLR 1.1.4322; Media Center PC 4.0; .NET CLR 2.0.50727; Creative ZENcast v1.02.08)" "www.roomfurnish.com"
208.80.194.44 - - [10/Sep/2008:05:11:53 -0700] "GET / HTTP/1.0" 200 1315 "-" "Mozilla/4.0 (compatible; MSIE 7.0; Windows NT 5.1; SIMBAR Enabled; SIMBAR={DC1FA47B-002D-4600-8012-F6E160979380}; .NET CLR 1.1.4322; .NET CLR 2.0.50727; IEMB3; IEMB3)" "roomfurnish.com"
216.183.81.221 - - [10/Sep/2008:08:11:47 -0700] "GET / HTTP/1.0" 200 1315 "-" "unknown/1.0 (CP/M; 8-bit)" "www.roomfurnish.com"
216.183.81.221 - - [10/Sep/2008:09:07:34 -0700] "GET / HTTP/1.0" 200 1315 "-" "unknown/1.0 (CP/M; 8-bit)" "www.roomfurnish.com"
216.183.81.221 - - [10/Sep/2008:09:18:56 -0700] "GET / HTTP/1.0" 200 1315 "-" "unknown/1.0 (CP/M; 8-bit)" "www.roomfurnish.com"
216.183.81.221 - - [10/Sep/2008:09:37:19 -0700] "GET / HTTP/1.0" 200 1315 "-" "unknown/1.0 (CP/M; 8-bit)" "www.roomfurnish.com"
216.183.81.221 - - [10/Sep/2008:09:51:48 -0700] "GET / HTTP/1.0" 200 1315 "-" "unknown/1.0 (CP/M; 8-bit)" "www.roomfurnish.com"
71.191.84.21 - - [10/Sep/2008:10:40:38 -0700] "GET /favicon.ico HTTP/1.1" 404 275 "-" "Mozilla/4.0 (compatible; MSIE 7.0; Windows NT 5.1; FunWebProducts; .NET CLR 2.0.50727; MSN 9.0;MSN 9.1; MSNbVZ02; MSNmen-us; MSNcOTH)" "roomfurnish.com"
64.124.148.28 - - [10/Sep/2008:11:09:02 -0700] "GET /robots.txt HTTP/1.1" 404 275 "-" "Mozilla/5.0 (compatible; FatBot 2.0; http://www.thefind.com/crawler)" "roomfurnish.com"
64.124.148.28 - - [10/Sep/2008:11:11:02 -0700] "GET / HTTP/1.1" 200 1315 "-" "Mozilla/5.0 (compatible; FatBot 2.0; http://www.thefind.com/crawler)" "roomfurnish.com"
202.179.180.45 - - [10/Sep/2008:11:14:18 -0700] "GET /robots.txt HTTP/1.1" 404 275 "-" "Mozilla/4.0 (compatible; NaverBot/1.0; http://help.naver.com/delete_main.asp)" "roomfurnish.com"
202.179.180.45 - - [10/Sep/2008:11:14:21 -0700] "GET / HTTP/1.1" 200 1315 "-" "Mozilla/4.0 (compatible; NaverBot/1.0; http://help.naver.com/delete_main.asp)" "roomfurnish.com"
88.131.106.12 - - [10/Sep/2008:11:41:04 -0700] "GET /robots.txt HTTP/1.0" 404 275 "-" "Speedy Spider (http://www.entireweb.com/about/search_tech/speedy_spider/)" "www.roomfurnish.com"
88.131.106.12 - - [10/Sep/2008:11:41:18 -0700] "GET /a50.html HTTP/1.0" 404 275 "-" "Speedy Spider (http://www.entireweb.com/about/search_tech/speedy_spider/)" "www.roomfurnish.com"
88.131.106.12 - - [10/Sep/2008:11:46:08 -0700] "GET /robots.txt HTTP/1.0" 404 275 "-" "Speedy Spider (http://www.entireweb.com/about/search_tech/speedy_spider/)" "roomfurnish.com"
88.131.106.12 - - [10/Sep/2008:11:46:08 -0700] "GET /g-2011.html HTTP/1.0" 404 275 "-" "Speedy Spider (http://www.entireweb.com/about/search_tech/speedy_spider/)" "roomfurnish.com"
88.131.106.12 - - [10/Sep/2008:11:46:11 -0700] "GET /g-1911.html HTTP/1.0" 404 275 "-" "Speedy Spider (http://www.entireweb.com/about/search_tech/speedy_spider/)" "roomfurnish.com"
216.183.81.221 - - [10/Sep/2008:13:24:16 -0700] "GET / HTTP/1.0" 200 1315 "-" "unknown/1.0 (CP/M; 8-bit)" "www.roomfurnish.com"
216.183.81.221 - - [10/Sep/2008:15:51:44 -0700] "GET / HTTP/1.0" 200 1315 "-" "unknown/1.0 (CP/M; 8-bit)" "www.roomfurnish.com"
216.183.81.221 - - [10/Sep/2008:16:25:37 -0700] "GET / HTTP/1.0" 200 1315 "-" "unknown/1.0 (CP/M; 8-bit)" "www.roomfurnish.com"
216.183.81.221 - - [10/Sep/2008:17:16:10 -0700] "GET / HTTP/1.0" 200 1315 "-" "unknown/1.0 (CP/M; 8-bit)" "www.roomfurnish.com"
67.152.29.130 - - [10/Sep/2008:17:20:37 -0700] "GET /robots.txt HTTP/1.1" 404 275 "-" "ShopWiki/1.0 ( +http://www.shopwiki.com/wiki/Help:Bot)" "www.roomfurnish.com"
67.152.29.130 - - [10/Sep/2008:17:20:37 -0700] "GET / HTTP/1.1" 200 1315 "-" "ShopWiki/1.0 ( +http://www.shopwiki.com/wiki/Help:Bot)" "www.roomfurnish.com"
67.152.29.130 - - [10/Sep/2008:17:20:45 -0700] "GET / HTTP/1.1" 200 1315 "-" "ShopWiki/1.0 ( +http://www.shopwiki.com/wiki/Help:Bot)" "www.roomfurnish.com"
67.152.29.130 - - [10/Sep/2008:17:20:46 -0700] "GET / HTTP/1.1" 200 1315 "-" "ShopWiki/1.0 ( +http://www.shopwiki.com/wiki/Help:Bot)" "www.roomfurnish.com"
216.183.81.221 - - [10/Sep/2008:17:37:23 -0700] "GET / HTTP/1.0" 200 1315 "-" "unknown/1.0 (CP/M; 8-bit)" "www.roomfurnish.com"
216.183.81.221 - - [10/Sep/2008:17:51:57 -0700] "GET / HTTP/1.0" 200 1315 "-" "unknown/1.0 (CP/M; 8-bit)" "www.roomfurnish.com"
74.6.26.172 - - [10/Sep/2008:18:11:11 -0700] "GET /robots.txt HTTP/1.0" 404 275 "-" "Mozilla/5.0 (compatible; Yahoo! Slurp; http://help.yahoo.com/help/us/ysearch/slurp)" "www.roomfurnish.com"
74.6.76.45 - - [10/Sep/2008:18:11:12 -0700] "GET / HTTP/1.0" 200 1315 "-" "Mozilla/5.0 (compatible; Yahoo! DE Slurp; http://help.yahoo.com/help/us/ysearch/slurp)" "www.roomfurnish.com"
216.183.81.221 - - [10/Sep/2008:19:59:35 -0700] "GET / HTTP/1.0" 200 1315 "-" "unknown/1.0 (CP/M; 8-bit)" "www.roomfurnish.com"
88.131.106.12 - - [10/Sep/2008:20:06:59 -0700] "GET /robots.txt HTTP/1.0" 404 275 "-" "Speedy Spider (http://www.entireweb.com/about/search_tech/speedy_spider/)" "roomfurnish.com"
88.131.106.12 - - [10/Sep/2008:20:07:00 -0700] "GET /367fortesofa.html HTTP/1.0" 404 275 "-" "Speedy Spider (http://www.entireweb.com/about/search_tech/speedy_spider/)" "roomfurnish.com"
216.183.81.221 - - [10/Sep/2008:20:15:01 -0700] "GET / HTTP/1.0" 200 1315 "-" "unknown/1.0 (CP/M; 8-bit)" "www.roomfurnish.com"
216.183.81.221 - - [10/Sep/2008:20:15:31 -0700] "GET / HTTP/1.0" 200 1315 "-" "unknown/1.0 (CP/M; 8-bit)" "www.roomfurnish.com"
74.6.18.234 - - [10/Sep/2008:20:24:25 -0700] "GET /robots.txt HTTP/1.0" 404 275 "-" "Mozilla/5.0 (compatible; Yahoo! Slurp; http://help.yahoo.com/help/us/ysearch/slurp)" "www.roomfurnish.com"
74.6.30.119 - - [10/Sep/2008:20:24:26 -0700] "GET / HTTP/1.0" 200 1315 "-" "Mozilla/5.0 (compatible; Yahoo! DE Slurp; http://help.yahoo.com/help/us/ysearch/slurp)" "www.roomfurnish.com"
216.183.81.221 - - [10/Sep/2008:23:14:58 -0700] "GET / HTTP/1.0" 200 1315 "-" "unknown/1.0 (CP/M; 8-bit)" "www.roomfurnish.com"
202.179.180.53 - - [10/Sep/2008:23:16:54 -0700] "GET /robots.txt HTTP/1.1" 404 275 "-" "Mozilla/4.0 (compatible; NaverBot/1.0; http://help.naver.com/delete_main.asp)" "roomfurnish.com"
202.179.180.53 - - [10/Sep/2008:23:16:55 -0700] "GET /950imso.html HTTP/1.1" 404 275 "-" "Mozilla/4.0 (compatible; NaverBot/1.0; http://help.naver.com/delete_main.asp)" "roomfurnish.com"
216.183.81.221 - - [10/Sep/2008:23:29:24 -0700] "GET / HTTP/1.0" 200 1315 "-" "unknown/1.0 (CP/M; 8-bit)" "www.roomfurnish.com"
122.162.70.69 - - [11/Sep/2008:00:03:27 -0700] "HEAD / HTTP/1.1" 200 0 "-" "Xenu Link Sleuth 1.2j" "www.roomfurnish.com"
74.6.18.251 - - [11/Sep/2008:00:44:26 -0700] "GET /robots.txt HTTP/1.0" 404 275 "-" "Mozilla/5.0 (compatible; Yahoo! Slurp; http://help.yahoo.com/help/us/ysearch/slurp)" "www.roomfurnish.com"
67.195.98.236 - - [11/Sep/2008:00:44:27 -0700] "GET / HTTP/1.0" 200 1315 "-" "Mozilla/5.0 (compatible; Yahoo! DE Slurp; http://help.yahoo.com/help/us/ysearch/slurp)" "www.roomfurnish.com"
216.183.81.221 - - [11/Sep/2008:01:08:19 -0700] "GET / HTTP/1.0" 200 1315 "-" "unknown/1.0 (CP/M; 8-bit)" "www.roomfurnish.com"
216.183.81.221 - - [11/Sep/2008:01:31:54 -0700] "GET / HTTP/1.0" 200 1315 "-" "unknown/1.0 (CP/M; 8-bit)" "www.roomfurnish.com"
193.252.149.16 - - [11/Sep/2008:01:49:21 -0700] "GET http://roomfurnish.com:80/robots.txt HTTP/1.1" 404 275 "-" "Mozilla/5.0 (Windows; U; Windows NT 5.1; fr; rv:1.8.1) VoilaBot BETA 1.2 (support.voilabot@orange-ftgroup.com)" "roomfurnish.com"
193.252.149.16 - - [11/Sep/2008:01:49:25 -0700] "GET / HTTP/1.1" 200 1315 "-" "Mozilla/5.0 (Windows; U; Windows NT 5.1; fr; rv:1.8.1) VoilaBot BETA 1.2 (support.voilabot@orange-ftgroup.com)" "roomfurnish.com"
208.36.144.10 - - [11/Sep/2008:03:17:00 -0700] "GET /robots.txt HTTP/1.0" 404 275 "-" "Mozilla/5.0 (Twiceler-0.9 http://www.cuil.com/twiceler/robot.html)" "www.roomfurnish.com"
216.183.81.221 - - [11/Sep/2008:04:10:11 -0700] "GET / HTTP/1.0" 200 1315 "-" "unknown/1.0 (CP/M; 8-bit)" "www.roomfurnish.com"
216.183.81.221 - - [11/Sep/2008:04:14:54 -0700] "GET / HTTP/1.0" 200 1315 "-" "unknown/1.0 (CP/M; 8-bit)" "www.roomfurnish.com"
64.1.215.165 - - [11/Sep/2008:05:08:42 -0700] "GET /robots.txt HTTP/1.0" 404 275 "-" "Mozilla/5.0 (Twiceler-0.9 http://www.cuil.com/twiceler/robot.html)" "roomfurnish.com"
99.204.144.180 - - [11/Sep/2008:05:48:02 -0700] "GET / HTTP/1.1" 200 1315 "http://www.xomreviews.com/roomfurnish.com" "Mozilla/5.0 (Windows; U; Windows NT 5.1; en-US; rv:1.9.0.1) Gecko/2008070208 Firefox/3.0.1" "www.roomfurnish.com"
99.204.144.180 - - [11/Sep/2008:05:48:05 -0700] "GET /favicon.ico HTTP/1.1" 404 275 "-" "Mozilla/5.0 (Windows; U; Windows NT 5.1; en-US; rv:1.9.0.1) Gecko/2008070208 Firefox/3.0.1" "www.roomfurnish.com"
99.204.144.180 - - [11/Sep/2008:05:48:08 -0700] "GET /favicon.ico HTTP/1.1" 404 275 "-" "Mozilla/5.0 (Windows; U; Windows NT 5.1; en-US; rv:1.9.0.1) Gecko/2008070208 Firefox/3.0.1" "www.roomfurnish.com"
67.152.29.130 - - [11/Sep/2008:06:50:11 -0700] "GET /robots.txt HTTP/1.1" 404 275 "-" "ShopWiki/1.0 ( +http://www.shopwiki.com/wiki/Help:Bot)" "www.roomfurnish.com"
67.152.29.130 - - [11/Sep/2008:06:50:25 -0700] "GET / HTTP/1.1" 200 1315 "-" "ShopWiki/1.0 ( +http://www.shopwiki.com/wiki/Help:Bot)" "www.roomfurnish.com"
67.152.29.130 - - [11/Sep/2008:06:50:26 -0700] "GET / HTTP/1.1" 200 1315 "-" "ShopWiki/1.0 ( +http://www.shopwiki.com/wiki/Help:Bot)" "www.roomfurnish.com"
216.183.81.221 - - [11/Sep/2008:07:24:30 -0700] "GET / HTTP/1.0" 200 1315 "-" "unknown/1.0 (CP/M; 8-bit)" "www.roomfurnish.com"
216.183.81.221 - - [11/Sep/2008:08:13:54 -0700] "GET / HTTP/1.0" 200 1315 "-" "unknown/1.0 (CP/M; 8-bit)" "www.roomfurnish.com"
216.183.81.221 - - [11/Sep/2008:08:27:00 -0700] "GET / HTTP/1.0" 200 1315 "-" "unknown/1.0 (CP/M; 8-bit)" "www.roomfurnish.com"
67.152.29.130 - - [11/Sep/2008:08:48:26 -0700] "GET / HTTP/1.1" 200 1315 "-" "ShopWiki/1.0 ( +http://www.shopwiki.com/wiki/Help:Bot)" "www.roomfurnish.com"
67.152.29.130 - - [11/Sep/2008:08:48:27 -0700] "GET /sitemap.html HTTP/1.1" 404 275 "-" "ShopWiki/1.0 ( +http://www.shopwiki.com/wiki/Help:Bot)" "www.roomfurnish.com"
67.152.29.130 - - [11/Sep/2008:08:48:28 -0700] "GET / HTTP/1.1" 200 1315 "-" "ShopWiki/1.0 ( +http://www.shopwiki.com/wiki/Help:Bot)" "www.roomfurnish.com"
216.183.81.221 - - [11/Sep/2008:09:41:34 -0700] "GET / HTTP/1.0" 200 1315 "-" "unknown/1.0 (CP/M; 8-bit)" "www.roomfurnish.com"
208.80.194.31 - - [11/Sep/2008:09:50:37 -0700] "GET / HTTP/1.0" 200 1315 "-" "Mozilla/4.0 (compatible; MSIE 6.0; Windows NT 5.1; {543020A5-E057-F08B-14C4-3B56744C58DB}; .NET CLR 1.1.4322)" "roomfurnish.com"
208.80.194.31 - - [11/Sep/2008:09:50:37 -0700] "GET / HTTP/1.0" 200 1315 "-" "Mozilla/4.0 (compatible; MSIE 6.0; Windows NT 5.1; SV1; SIMBAR Enabled; SIMBAR={B267C3A3-E9E1-4e6c-8F6A-CC45A678FC2E}; FunWebProducts; SIMBAR=0; .NET CLR 1.1.4322; .NET CLR 2.0.50727; ZangoToolbar 4.8.3)" "www.roomfurnish.com"
88.131.106.12 - - [11/Sep/2008:13:34:58 -0700] "GET /robots.txt HTTP/1.0" 404 275 "-" "Speedy Spider (http://www.entireweb.com/about/search_tech/speedy_spider/)" "roomfurnish.com"
88.131.106.12 - - [11/Sep/2008:13:34:58 -0700] "GET /g-2010.html HTTP/1.0" 404 275 "-" "Speedy Spider (http://www.entireweb.com/about/search_tech/speedy_spider/)" "roomfurnish.com"
88.131.106.12 - - [11/Sep/2008:13:35:00 -0700] "GET /g-1910.html HTTP/1.0" 404 275 "-" "Speedy Spider (http://www.entireweb.com/about/search_tech/speedy_spider/)" "roomfurnish.com"
216.183.81.221 - - [11/Sep/2008:13:44:17 -0700] "GET / HTTP/1.0" 200 1315 "-" "unknown/1.0 (CP/M; 8-bit)" "www.roomfurnish.com"
216.183.81.221 - - [11/Sep/2008:14:04:44 -0700] "GET / HTTP/1.0" 200 1315 "-" "unknown/1.0 (CP/M; 8-bit)" "www.roomfurnish.com"
216.183.81.221 - - [11/Sep/2008:14:55:41 -0700] "GET / HTTP/1.0" 200 1315 "-" "unknown/1.0 (CP/M; 8-bit)" "www.roomfurnish.com"
88.131.106.12 - - [11/Sep/2008:15:05:05 -0700] "GET /371poppisofa.html HTTP/1.0" 404 275 "-" "Speedy Spider (http://www.entireweb.com/about/search_tech/speedy_spider/)" "roomfurnish.com"
77.91.224.5 - - [11/Sep/2008:15:50:17 -0700] "GET /robots.txt HTTP/1.1" 404 275 "-" "Yanga WorldSearch Bot v1.1/beta (http://www.yanga.co.uk/)" "www.roomfurnish.com"
208.66.193.165 - - [11/Sep/2008:15:50:18 -0700] "GET / HTTP/1.1" 200 1315 "-" "Yanga WorldSearch Bot v1.1/beta (http://www.yanga.co.uk/)" "www.roomfurnish.com"
216.183.81.221 - - [11/Sep/2008:16:23:29 -0700] "GET / HTTP/1.0" 200 1315 "-" "unknown/1.0 (CP/M; 8-bit)" "www.roomfurnish.com"
216.183.81.221 - - [11/Sep/2008:16:45:23 -0700] "GET / HTTP/1.0" 200 1315 "-" "unknown/1.0 (CP/M; 8-bit)" "www.roomfurnish.com"
216.183.81.221 - - [11/Sep/2008:17:08:14 -0700] "GET / HTTP/1.0" 200 1315 "-" "unknown/1.0 (CP/M; 8-bit)" "www.roomfurnish.com"
216.183.81.221 - - [11/Sep/2008:17:10:24 -0700] "GET / HTTP/1.0" 200 1315 "-" "unknown/1.0 (CP/M; 8-bit)" "www.roomfurnish.com"
216.183.81.221 - - [11/Sep/2008:17:28:27 -0700] "GET / HTTP/1.0" 200 1315 "-" "unknown/1.0 (CP/M; 8-bit)" "www.roomfurnish.com"
65.55.209.22 - - [11/Sep/2008:17:43:40 -0700] "GET /robots.txt HTTP/1.1" 404 275 "-" "msnbot/1.1 (+http://search.msn.com/msnbot.htm)" "roomfurnish.com"
65.55.209.22 - - [11/Sep/2008:17:43:40 -0700] "GET / HTTP/1.1" 304 - "-" "msnbot/1.1 (+http://search.msn.com/msnbot.htm)" "roomfurnish.com"
216.183.81.221 - - [11/Sep/2008:17:44:50 -0700] "GET / HTTP/1.0" 200 1315 "-" "unknown/1.0 (CP/M; 8-bit)" "www.roomfurnish.com"
74.6.26.172 - - [11/Sep/2008:20:12:25 -0700] "GET /robots.txt HTTP/1.0" 404 275 "-" "Mozilla/5.0 (compatible; Yahoo! Slurp; http://help.yahoo.com/help/us/ysearch/slurp)" "www.roomfurnish.com"
74.6.76.45 - - [11/Sep/2008:20:12:26 -0700] "GET / HTTP/1.0" 200 1315 "-" "Mozilla/5.0 (compatible; Yahoo! DE Slurp; http://help.yahoo.com/help/us/ysearch/slurp)" "www.roomfurnish.com"
74.6.18.234 - - [11/Sep/2008:20:29:46 -0700] "GET /robots.txt HTTP/1.0" 404 275 "-" "Mozilla/5.0 (compatible; Yahoo! Slurp; http://help.yahoo.com/help/us/ysearch/slurp)" "www.roomfurnish.com"
74.6.30.119 - - [11/Sep/2008:20:29:46 -0700] "GET / HTTP/1.0" 200 1315 "-" "Mozilla/5.0 (compatible; Yahoo! DE Slurp; http://help.yahoo.com/help/us/ysearch/slurp)" "www.roomfurnish.com"
216.183.81.221 - - [11/Sep/2008:22:44:06 -0700] "GET / HTTP/1.0" 200 1315 "-" "unknown/1.0 (CP/M; 8-bit)" "www.roomfurnish.com"
216.183.81.221 - - [11/Sep/2008:22:50:30 -0700] "GET / HTTP/1.0" 200 1315 "-" "unknown/1.0 (CP/M; 8-bit)" "www.roomfurnish.com"
216.183.81.221 - - [11/Sep/2008:23:11:49 -0700] "GET / HTTP/1.0" 200 1315 "-" "unknown/1.0 (CP/M; 8-bit)" "www.roomfurnish.com"
216.183.81.221 - - [11/Sep/2008:23:42:07 -0700] "GET / HTTP/1.0" 200 1315 "-" "unknown/1.0 (CP/M; 8-bit)" "www.roomfurnish.com"
66.249.67.135 - - [12/Sep/2008:01:16:13 -0700] "GET /robots.txt HTTP/1.1" 404 275 "-" "Mozilla/5.0 (compatible; Googlebot/2.1; +http://www.google.com/bot.html)" "www.roomfurnish.com"
66.249.67.135 - - [12/Sep/2008:01:16:14 -0700] "GET /a40.html HTTP/1.1" 404 275 "-" "Mozilla/5.0 (compatible; Googlebot/2.1; +http://www.google.com/bot.html)" "www.roomfurnish.com"
74.6.18.234 - - [12/Sep/2008:01:40:45 -0700] "GET /robots.txt HTTP/1.0" 404 275 "-" "Mozilla/5.0 (compatible; Yahoo! Slurp; http://help.yahoo.com/help/us/ysearch/slurp)" "www.roomfurnish.com"
67.195.98.236 - - [12/Sep/2008:01:40:46 -0700] "GET / HTTP/1.0" 200 1315 "-" "Mozilla/5.0 (compatible; Yahoo! DE Slurp; http://help.yahoo.com/help/us/ysearch/slurp)" "www.roomfurnish.com"
77.91.224.5 - - [12/Sep/2008:01:50:29 -0700] "GET /robots.txt HTTP/1.1" 404 275 "-" "Yanga WorldSearch Bot v1.1/beta (http://www.yanga.co.uk/)" "www.roomfurnish.com"
208.66.193.165 - - [12/Sep/2008:01:50:30 -0700] "GET / HTTP/1.1" 200 1315 "-" "Yanga WorldSearch Bot v1.1/beta (http://www.yanga.co.uk/)" "www.roomfurnish.com"
216.183.81.221 - - [12/Sep/2008:01:50:49 -0700] "GET / HTTP/1.0" 200 1315 "-" "unknown/1.0 (CP/M; 8-bit)" "www.roomfurnish.com"
216.183.81.221 - - [12/Sep/2008:02:10:23 -0700] "GET / HTTP/1.0" 200 1315 "-" "unknown/1.0 (CP/M; 8-bit)" "www.roomfurnish.com"
216.183.81.221 - - [12/Sep/2008:03:22:18 -0700] "GET / HTTP/1.0" 200 1315 "-" "unknown/1.0 (CP/M; 8-bit)" "www.roomfurnish.com"
88.131.106.12 - - [12/Sep/2008:03:27:39 -0700] "GET /robots.txt HTTP/1.0" 404 275 "-" "Speedy Spider (http://www.entireweb.com/about/search_tech/speedy_spider/)" "roomfurnish.com"
88.131.106.12 - - [12/Sep/2008:03:27:39 -0700] "GET /239grandesofa.html HTTP/1.0" 404 275 "-" "Speedy Spider (http://www.entireweb.com/about/search_tech/speedy_spider/)" "roomfurnish.com"
88.131.106.12 - - [12/Sep/2008:04:57:49 -0700] "GET /robots.txt HTTP/1.0" 404 275 "-" "Speedy Spider (http://www.entireweb.com/about/search_tech/speedy_spider/)" "www.roomfurnish.com"
88.131.106.12 - - [12/Sep/2008:04:57:50 -0700] "GET /a52.html HTTP/1.0" 404 275 "-" "Speedy Spider (http://www.entireweb.com/about/search_tech/speedy_spider/)" "www.roomfurnish.com"
88.131.106.12 - - [12/Sep/2008:05:02:05 -0700] "GET /g-2013.html HTTP/1.0" 404 275 "-" "Speedy Spider (http://www.entireweb.com/about/search_tech/speedy_spider/)" "roomfurnish.com"
88.131.106.12 - - [12/Sep/2008:05:02:06 -0700] "GET /g-1913.html HTTP/1.0" 404 275 "-" "Speedy Spider (http://www.entireweb.com/about/search_tech/speedy_spider/)" "roomfurnish.com"
216.183.81.221 - - [12/Sep/2008:06:22:19 -0700] "GET / HTTP/1.0" 200 1315 "-" "unknown/1.0 (CP/M; 8-bit)" "www.roomfurnish.com"
216.183.81.221 - - [12/Sep/2008:06:32:53 -0700] "GET / HTTP/1.0" 200 1315 "-" "unknown/1.0 (CP/M; 8-bit)" "www.roomfurnish.com"
208.80.194.42 - - [12/Sep/2008:07:18:32 -0700] "GET / HTTP/1.0" 200 1315 "-" "Mozilla/4.0 (compatible; MSIE 7.0; Windows NT 5.1; FunWebProducts; .NET CLR 1.0.3705; Comcast; ZangoToolbar 4.8.3; Comcast)" "www.roomfurnish.com"
208.80.194.42 - - [12/Sep/2008:07:18:32 -0700] "GET / HTTP/1.0" 200 1315 "-" "Mozilla/4.0 (compatible; MSIE 6.0; Windows NT 5.1; SV1; .NET CLR 1.0.3705; .NET CLR 1.1.4322; Media Center PC 4.0; .NET CLR 2.0.50727; PeoplePal 3.0; Windows-Media-Player/10.00.00.3990)" "roomfurnish.com"
88.131.106.12 - - [12/Sep/2008:11:28:52 -0700] "GET /robots.txt HTTP/1.0" 404 275 "-" "Speedy Spider (http://www.entireweb.com/about/search_tech/speedy_spider/)" "roomfurnish.com"
88.131.106.12 - - [12/Sep/2008:11:28:53 -0700] "GET /leathersofa.html HTTP/1.0" 404 275 "-" "Speedy Spider (http://www.entireweb.com/about/search_tech/speedy_spider/)" "roomfurnish.com"
88.131.106.12 - - [12/Sep/2008:11:38:36 -0700] "GET /sisogr.html HTTP/1.0" 404 275 "-" "Speedy Spider (http://www.entireweb.com/about/search_tech/speedy_spider/)" "roomfurnish.com"
88.131.106.12 - - [12/Sep/2008:11:38:51 -0700] "GET /stsogr.html HTTP/1.0" 404 275 "-" "Speedy Spider (http://www.entireweb.com/about/search_tech/speedy_spider/)" "roomfurnish.com"
88.131.106.12 - - [12/Sep/2008:11:41:13 -0700] "GET /wisogr.html HTTP/1.0" 404 275 "-" "Speedy Spider (http://www.entireweb.com/about/search_tech/speedy_spider/)" "roomfurnish.com"
88.131.106.12 - - [12/Sep/2008:11:49:22 -0700] "GET /chlogr.html HTTP/1.0" 404 275 "-" "Speedy Spider (http://www.entireweb.com/about/search_tech/speedy_spider/)" "roomfurnish.com"
88.131.106.12 - - [12/Sep/2008:11:49:37 -0700] "GET /casogr.html HTTP/1.0" 404 275 "-" "Speedy Spider (http://www.entireweb.com/about/search_tech/speedy_spider/)" "roomfurnish.com"
88.131.106.12 - - [12/Sep/2008:11:53:49 -0700] "GET /g-2012.html HTTP/1.0" 404 275 "-" "Speedy Spider (http://www.entireweb.com/about/search_tech/speedy_spider/)" "roomfurnish.com"
88.131.106.12 - - [12/Sep/2008:11:53:52 -0700] "GET /g-1852.html HTTP/1.0" 404 275 "-" "Speedy Spider (http://www.entireweb.com/about/search_tech/speedy_spider/)" "roomfurnish.com"
88.131.106.12 - - [12/Sep/2008:11:53:55 -0700] "GET /g-1912.html HTTP/1.0" 404 275 "-" "Speedy Spider (http://www.entireweb.com/about/search_tech/speedy_spider/)" "roomfurnish.com"
88.131.106.12 - - [12/Sep/2008:11:53:57 -0700] "GET /elsogr.html HTTP/1.0" 404 275 "-" "Speedy Spider (http://www.entireweb.com/about/search_tech/speedy_spider/)" "roomfurnish.com"
88.131.106.12 - - [12/Sep/2008:11:54:27 -0700] "GET /eusogr.html HTTP/1.0" 404 275 "-" "Speedy Spider (http://www.entireweb.com/about/search_tech/speedy_spider/)" "roomfurnish.com"
67.152.29.130 - - [12/Sep/2008:12:07:11 -0700] "GET /robots.txt HTTP/1.1" 404 275 "-" "ShopWiki/1.0 ( +http://www.shopwiki.com/wiki/Help:Bot)" "www.roomfurnish.com"
67.152.29.130 - - [12/Sep/2008:12:07:13 -0700] "GET / HTTP/1.1" 200 1315 "-" "ShopWiki/1.0 ( +http://www.shopwiki.com/wiki/Help:Bot)" "www.roomfurnish.com"
216.183.81.221 - - [12/Sep/2008:12:24:41 -0700] "GET / HTTP/1.0" 200 1315 "-" "unknown/1.0 (CP/M; 8-bit)" "www.roomfurnish.com"
216.183.81.221 - - [12/Sep/2008:12:53:43 -0700] "GET / HTTP/1.0" 200 1315 "-" "unknown/1.0 (CP/M; 8-bit)" "www.roomfurnish.com"
216.183.81.221 - - [12/Sep/2008:15:23:13 -0700] "GET / HTTP/1.0" 200 1315 "-" "unknown/1.0 (CP/M; 8-bit)" "www.roomfurnish.com"
216.64.169.240 - - [12/Sep/2008:16:16:55 -0700] "GET / HTTP/1.1" 200 1315 "-" "Mozilla/4.0 (compatible; MSIE 6.0; Windows NT 5.0; .NET CLR 1.0.3705; .NET CLR 1.1.4322)" "roomfurnish.com"
216.183.81.221 - - [12/Sep/2008:16:56:43 -0700] "GET / HTTP/1.0" 200 1315 "-" "unknown/1.0 (CP/M; 8-bit)" "www.roomfurnish.com"
88.131.106.12 - - [12/Sep/2008:18:59:29 -0700] "GET /robots.txt HTTP/1.0" 404 275 "-" "Speedy Spider (http://www.entireweb.com/about/search_tech/speedy_spider/)" "roomfurnish.com"
88.131.106.12 - - [12/Sep/2008:18:59:30 -0700] "GET /g-2015.html HTTP/1.0" 404 275 "-" "Speedy Spider (http://www.entireweb.com/about/search_tech/speedy_spider/)" "roomfurnish.com"
88.131.106.12 - - [12/Sep/2008:18:59:32 -0700] "GET /g-1915.html HTTP/1.0" 404 275 "-" "Speedy Spider (http://www.entireweb.com/about/search_tech/speedy_spider/)" "roomfurnish.com"
88.131.106.12 - - [12/Sep/2008:18:59:34 -0700] "GET /g-1795.html HTTP/1.0" 404 275 "-" "Speedy Spider (http://www.entireweb.com/about/search_tech/speedy_spider/)" "roomfurnish.com"
88.131.106.12 - - [12/Sep/2008:19:37:24 -0700] "GET /cs.html HTTP/1.0" 404 275 "-" "Speedy Spider (http://www.entireweb.com/about/search_tech/speedy_spider/)" "roomfurnish.com"
216.183.81.221 - - [12/Sep/2008:20:28:04 -0700] "GET / HTTP/1.0" 200 1315 "-" "unknown/1.0 (CP/M; 8-bit)" "www.roomfurnish.com"
88.131.106.12 - - [12/Sep/2008:20:29:06 -0700] "GET /321sopranosofa.html HTTP/1.0" 404 275 "-" "Speedy Spider (http://www.entireweb.com/about/search_tech/speedy_spider/)" "roomfurnish.com"
88.131.106.12 - - [12/Sep/2008:20:31:20 -0700] "GET /robots.txt HTTP/1.0" 404 275 "-" "Speedy Spider (http://www.entireweb.com/about/search_tech/speedy_spider/)" "www.roomfurnish.com"
88.131.106.12 - - [12/Sep/2008:20:31:21 -0700] "GET /a53.html HTTP/1.0" 404 275 "-" "Speedy Spider (http://www.entireweb.com/about/search_tech/speedy_spider/)" "www.roomfurnish.com"
88.131.106.12 - - [12/Sep/2008:20:32:09 -0700] "GET /g-2014.html HTTP/1.0" 404 275 "-" "Speedy Spider (http://www.entireweb.com/about/search_tech/speedy_spider/)" "roomfurnish.com"
88.131.106.12 - - [12/Sep/2008:20:32:10 -0700] "GET /g-1914.html HTTP/1.0" 404 275 "-" "Speedy Spider (http://www.entireweb.com/about/search_tech/speedy_spider/)" "roomfurnish.com"
88.131.106.12 - - [12/Sep/2008:20:32:12 -0700] "GET /g-1754.html HTTP/1.0" 404 275 "-" "Speedy Spider (http://www.entireweb.com/about/search_tech/speedy_spider/)" "roomfurnish.com"
74.6.18.253 - - [12/Sep/2008:21:13:18 -0700] "GET /robots.txt HTTP/1.0" 404 275 "-" "Mozilla/5.0 (compatible; Yahoo! Slurp; http://help.yahoo.com/help/us/ysearch/slurp)" "www.roomfurnish.com"
74.6.30.119 - - [12/Sep/2008:21:13:19 -0700] "GET / HTTP/1.0" 200 1315 "-" "Mozilla/5.0 (compatible; Yahoo! DE Slurp; http://help.yahoo.com/help/us/ysearch/slurp)" "www.roomfurnish.com"
216.183.81.221 - - [12/Sep/2008:21:27:33 -0700] "GET / HTTP/1.0" 200 1315 "-" "unknown/1.0 (CP/M; 8-bit)" "www.roomfurnish.com"
88.131.106.12 - - [12/Sep/2008:22:01:15 -0700] "GET /g-1817.html HTTP/1.0" 404 275 "-" "Speedy Spider (http://www.entireweb.com/about/search_tech/speedy_spider/)" "roomfurnish.com"
88.131.106.12 - - [12/Sep/2008:22:01:16 -0700] "GET /g-1917.html HTTP/1.0" 404 275 "-" "Speedy Spider (http://www.entireweb.com/about/search_tech/speedy_spider/)" "roomfurnish.com"
88.131.106.12 - - [12/Sep/2008:22:01:18 -0700] "GET /g-1757.html HTTP/1.0" 404 275 "-" "Speedy Spider (http://www.entireweb.com/about/search_tech/speedy_spider/)" "roomfurnish.com"
74.6.25.175 - - [12/Sep/2008:22:03:24 -0700] "GET /robots.txt HTTP/1.0" 404 275 "-" "Mozilla/5.0 (compatible; Yahoo! Slurp; http://help.yahoo.com/help/us/ysearch/slurp)" "www.roomfurnish.com"
74.6.76.45 - - [12/Sep/2008:22:03:24 -0700] "GET / HTTP/1.0" 200 1315 "-" "Mozilla/5.0 (compatible; Yahoo! DE Slurp; http://help.yahoo.com/help/us/ysearch/slurp)" "www.roomfurnish.com"
77.91.224.5 - - [12/Sep/2008:23:40:58 -0700] "GET /robots.txt HTTP/1.1" 404 275 "-" "Yanga WorldSearch Bot v1.1/beta (http://www.yanga.co.uk/)" "www.roomfurnish.com"
208.66.193.165 - - [12/Sep/2008:23:40:59 -0700] "GET / HTTP/1.1" 200 1315 "-" "Yanga WorldSearch Bot v1.1/beta (http://www.yanga.co.uk/)" "www.roomfurnish.com"
216.183.81.221 - - [13/Sep/2008:00:39:48 -0700] "GET / HTTP/1.0" 200 1315 "-" "unknown/1.0 (CP/M; 8-bit)" "www.roomfurnish.com"
216.183.81.221 - - [13/Sep/2008:01:11:44 -0700] "GET / HTTP/1.0" 200 1315 "-" "unknown/1.0 (CP/M; 8-bit)" "www.roomfurnish.com"
216.183.81.221 - - [13/Sep/2008:01:14:15 -0700] "GET / HTTP/1.0" 200 1315 "-" "unknown/1.0 (CP/M; 8-bit)" "www.roomfurnish.com"
203.209.252.73 - - [13/Sep/2008:01:43:16 -0700] "GET /robots.txt HTTP/1.0" 404 275 "-" "Mozilla/5.0 (compatible; Yahoo! Slurp China; http://misc.yahoo.com.cn/help.html)" "roomfurnish.com"
202.160.178.82 - - [13/Sep/2008:01:43:35 -0700] "GET / HTTP/1.0" 200 1315 "-" "Mozilla/5.0 (compatible; Yahoo! Slurp China; http://misc.yahoo.com.cn/help.html)" "roomfurnish.com"
216.183.81.221 - - [13/Sep/2008:02:20:05 -0700] "GET / HTTP/1.0" 200 1315 "-" "unknown/1.0 (CP/M; 8-bit)" "www.roomfurnish.com"
67.195.98.236 - - [13/Sep/2008:02:30:43 -0700] "GET / HTTP/1.0" 200 1315 "-" "Mozilla/5.0 (compatible; Yahoo! DE Slurp; http://help.yahoo.com/help/us/ysearch/slurp)" "www.roomfurnish.com"
216.183.81.221 - - [13/Sep/2008:02:46:16 -0700] "GET / HTTP/1.0" 200 1315 "-" "unknown/1.0 (CP/M; 8-bit)" "www.roomfurnish.com"
88.131.106.12 - - [13/Sep/2008:03:11:18 -0700] "GET /robots.txt HTTP/1.0" 404 275 "-" "Speedy Spider (http://www.entireweb.com/about/search_tech/speedy_spider/)" "roomfurnish.com"
88.131.106.12 - - [13/Sep/2008:03:11:19 -0700] "GET /a55.html HTTP/1.0" 404 275 "-" "Speedy Spider (http://www.entireweb.com/about/search_tech/speedy_spider/)" "roomfurnish.com"
88.131.106.12 - - [13/Sep/2008:03:12:17 -0700] "GET /g-1816.html HTTP/1.0" 404 275 "-" "Speedy Spider (http://www.entireweb.com/about/search_tech/speedy_spider/)" "roomfurnish.com"
88.131.106.12 - - [13/Sep/2008:03:12:19 -0700] "GET /g-1756.html HTTP/1.0" 404 275 "-" "Speedy Spider (http://www.entireweb.com/about/search_tech/speedy_spider/)" "roomfurnish.com"
216.183.81.221 - - [13/Sep/2008:03:12:40 -0700] "GET / HTTP/1.0" 200 1315 "-" "unknown/1.0 (CP/M; 8-bit)" "www.roomfurnish.com"
216.183.81.221 - - [13/Sep/2008:04:11:03 -0700] "GET / HTTP/1.0" 200 1315 "-" "unknown/1.0 (CP/M; 8-bit)" "www.roomfurnish.com"
88.131.106.12 - - [13/Sep/2008:04:47:19 -0700] "GET /g-1819.html HTTP/1.0" 404 275 "-" "Speedy Spider (http://www.entireweb.com/about/search_tech/speedy_spider/)" "roomfurnish.com"
88.131.106.12 - - [13/Sep/2008:04:47:20 -0700] "GET /g-1919.html HTTP/1.0" 404 275 "-" "Speedy Spider (http://www.entireweb.com/about/search_tech/speedy_spider/)" "roomfurnish.com"
88.131.106.12 - - [13/Sep/2008:04:47:21 -0700] "GET /g-1759.html HTTP/1.0" 404 275 "-" "Speedy Spider (http://www.entireweb.com/about/search_tech/speedy_spider/)" "roomfurnish.com"
88.131.106.12 - - [13/Sep/2008:05:19:05 -0700] "GET /b384sera.html HTTP/1.0" 404 275 "-" "Speedy Spider (http://www.entireweb.com/about/search_tech/speedy_spider/)" "roomfurnish.com"
88.131.106.12 - - [13/Sep/2008:05:45:20 -0700] "GET /297cabriosofa.html HTTP/1.0" 404 275 "-" "Speedy Spider (http://www.entireweb.com/about/search_tech/speedy_spider/)" "roomfurnish.com"
88.131.106.12 - - [13/Sep/2008:05:55:18 -0700] "GET /gourmetcoffee.html HTTP/1.0" 404 275 "-" "Speedy Spider (http://www.entireweb.com/about/search_tech/speedy_spider/)" "roomfurnish.com"
66.249.73.17 - - [13/Sep/2008:06:06:38 -0700] "GET /robots.txt HTTP/1.1" 404 275 "-" "Mozilla/5.0 (compatible; Googlebot/2.1; +http://www.google.com/bot.html)" "www.roomfurnish.com"
66.249.73.17 - - [13/Sep/2008:06:06:38 -0700] "GET /a53.html HTTP/1.1" 404 275 "-" "Mozilla/5.0 (compatible; Googlebot/2.1; +http://www.google.com/bot.html)" "www.roomfurnish.com"
88.131.106.12 - - [13/Sep/2008:06:07:24 -0700] "GET /g-1818.html HTTP/1.0" 404 275 "-" "Speedy Spider (http://www.entireweb.com/about/search_tech/speedy_spider/)" "roomfurnish.com"
88.131.106.12 - - [13/Sep/2008:06:07:26 -0700] "GET /g-1758.html HTTP/1.0" 404 275 "-" "Speedy Spider (http://www.entireweb.com/about/search_tech/speedy_spider/)" "roomfurnish.com"
67.152.29.130 - - [13/Sep/2008:08:20:19 -0700] "GET /robots.txt HTTP/1.1" 404 275 "-" "ShopWiki/1.0 ( +http://www.shopwiki.com/wiki/Help:Bot)" "www.roomfurnish.com"
67.152.29.130 - - [13/Sep/2008:08:20:19 -0700] "GET / HTTP/1.1" 200 1315 "-" "ShopWiki/1.0 ( +http://www.shopwiki.com/wiki/Help:Bot)" "www.roomfurnish.com"
67.152.29.130 - - [13/Sep/2008:08:20:20 -0700] "GET /sitemap.html HTTP/1.1" 404 275 "-" "ShopWiki/1.0 ( +http://www.shopwiki.com/wiki/Help:Bot)" "www.roomfurnish.com"
67.152.29.130 - - [13/Sep/2008:08:20:21 -0700] "GET / HTTP/1.1" 200 1315 "-" "ShopWiki/1.0 ( +http://www.shopwiki.com/wiki/Help:Bot)" "www.roomfurnish.com"
77.91.224.5 - - [13/Sep/2008:09:41:09 -0700] "GET /robots.txt HTTP/1.1" 404 275 "-" "Yanga WorldSearch Bot v1.1/beta (http://www.yanga.co.uk/)" "www.roomfurnish.com"
208.66.193.165 - - [13/Sep/2008:09:41:10 -0700] "GET / HTTP/1.1" 200 1315 "-" "Yanga WorldSearch Bot v1.1/beta (http://www.yanga.co.uk/)" "www.roomfurnish.com"
216.183.81.221 - - [13/Sep/2008:10:44:38 -0700] "GET / HTTP/1.0" 200 1315 "-" "unknown/1.0 (CP/M; 8-bit)" "www.roomfurnish.com"
216.183.81.221 - - [13/Sep/2008:12:19:11 -0700] "GET / HTTP/1.0" 200 1315 "-" "unknown/1.0 (CP/M; 8-bit)" "www.roomfurnish.com"
216.183.81.221 - - [13/Sep/2008:13:31:43 -0700] "GET / HTTP/1.0" 200 1315 "-" "unknown/1.0 (CP/M; 8-bit)" "www.roomfurnish.com"
216.183.81.221 - - [13/Sep/2008:13:37:38 -0700] "GET / HTTP/1.0" 200 1315 "-" "unknown/1.0 (CP/M; 8-bit)" "www.roomfurnish.com"
208.80.194.33 - - [13/Sep/2008:13:46:48 -0700] "GET / HTTP/1.0" 200 1315 "-" "Mozilla/4.0 (compatible; MSIE 6.0; Windows NT 5.1; SV1; PeoplePal 3.0; .NET CLR 1.1.4322; .NET CLR 2.0.50727)" "www.roomfurnish.com"
208.80.194.33 - - [13/Sep/2008:13:46:48 -0700] "GET / HTTP/1.0" 200 1315 "-" "Mozilla/4.0 (compatible; MSIE 6.0; Windows NT 5.1; {83C8DB52-03EF-7DF8-D0C5-7BF183131B11}; .NET CLR 2.0.50727)" "roomfurnish.com"
66.249.73.17 - - [13/Sep/2008:14:40:17 -0700] "GET /a45.html HTTP/1.1" 404 275 "-" "Mozilla/5.0 (compatible; Googlebot/2.1; +http://www.google.com/bot.html)" "www.roomfurnish.com"
67.205.96.152 - - [13/Sep/2008:14:47:29 -0700] "GET /? HTTP/1.0" 200 1315 "-" "Mozilla/4.0 (compatible; MSIE 6.0; Windows NT 5.0)" "roomfurnish.com"
216.183.81.221 - - [13/Sep/2008:14:55:17 -0700] "GET / HTTP/1.0" 200 1315 "-" "unknown/1.0 (CP/M; 8-bit)" "www.roomfurnish.com"
67.152.29.130 - - [13/Sep/2008:14:56:12 -0700] "GET /robots.txt HTTP/1.1" 404 275 "-" "ShopWiki/1.0 ( +http://www.shopwiki.com/wiki/Help:Bot)" "www.roomfurnish.com"
67.152.29.130 - - [13/Sep/2008:14:56:12 -0700] "GET / HTTP/1.1" 200 1315 "-" "ShopWiki/1.0 ( +http://www.shopwiki.com/wiki/Help:Bot)" "www.roomfurnish.com"
67.152.29.130 - - [13/Sep/2008:14:56:13 -0700] "GET /sitemap.html HTTP/1.1" 404 275 "-" "ShopWiki/1.0 ( +http://www.shopwiki.com/wiki/Help:Bot)" "www.roomfurnish.com"
216.183.81.221 - - [13/Sep/2008:14:58:01 -0700] "GET / HTTP/1.0" 200 1315 "-" "unknown/1.0 (CP/M; 8-bit)" "www.roomfurnish.com"
66.249.73.17 - - [13/Sep/2008:15:48:47 -0700] "GET /a46.html HTTP/1.1" 404 275 "-" "Mozilla/5.0 (compatible; Googlebot/2.1; +http://www.google.com/bot.html)" "www.roomfurnish.com"
216.183.81.221 - - [13/Sep/2008:15:59:48 -0700] "GET / HTTP/1.0" 200 1315 "-" "unknown/1.0 (CP/M; 8-bit)" "www.roomfurnish.com"
216.183.81.221 - - [13/Sep/2008:18:26:31 -0700] "GET / HTTP/1.0" 200 1315 "-" "unknown/1.0 (CP/M; 8-bit)" "www.roomfurnish.com"
88.131.106.12 - - [13/Sep/2008:19:26:15 -0700] "GET /robots.txt HTTP/1.0" 404 275 "-" "Speedy Spider (http://www.entireweb.com/about/search_tech/speedy_spider/)" "roomfurnish.com"
88.131.106.12 - - [13/Sep/2008:19:26:16 -0700] "GET /chocolate.html HTTP/1.0" 404 275 "-" "Speedy Spider (http://www.entireweb.com/about/search_tech/speedy_spider/)" "roomfurnish.com"
77.91.224.5 - - [13/Sep/2008:19:41:21 -0700] "GET /robots.txt HTTP/1.1" 404 275 "-" "Yanga WorldSearch Bot v1.1/beta (http://www.yanga.co.uk/)" "www.roomfurnish.com"
208.66.193.165 - - [13/Sep/2008:19:41:22 -0700] "GET / HTTP/1.1" 200 1315 "-" "Yanga WorldSearch Bot v1.1/beta (http://www.yanga.co.uk/)" "www.roomfurnish.com"
216.183.81.221 - - [13/Sep/2008:19:46:20 -0700] "GET / HTTP/1.0" 200 1315 "-" "unknown/1.0 (CP/M; 8-bit)" "www.roomfurnish.com"
216.183.81.221 - - [13/Sep/2008:19:51:26 -0700] "GET / HTTP/1.0" 200 1315 "-" "unknown/1.0 (CP/M; 8-bit)" "www.roomfurnish.com"
74.6.22.94 - - [13/Sep/2008:19:57:38 -0700] "GET /robots.txt HTTP/1.0" 404 275 "-" "Mozilla/5.0 (compatible; Yahoo! Slurp; http://help.yahoo.com/help/us/ysearch/slurp)" "roomfurnish.com"
74.6.22.94 - - [13/Sep/2008:19:57:38 -0700] "GET / HTTP/1.0" 200 1315 "-" "Mozilla/5.0 (compatible; Yahoo! Slurp; http://help.yahoo.com/help/us/ysearch/slurp)" "roomfurnish.com"
74.6.18.228 - - [13/Sep/2008:22:14:04 -0700] "GET /robots.txt HTTP/1.0" 404 275 "-" "Mozilla/5.0 (compatible; Yahoo! Slurp; http://help.yahoo.com/help/us/ysearch/slurp)" "www.roomfurnish.com"
74.6.30.119 - - [13/Sep/2008:22:14:05 -0700] "GET / HTTP/1.0" 200 1315 "-" "Mozilla/5.0 (compatible; Yahoo! DE Slurp; http://help.yahoo.com/help/us/ysearch/slurp)" "www.roomfurnish.com"
216.183.81.221 - - [13/Sep/2008:22:55:25 -0700] "GET / HTTP/1.0" 200 1315 "-" "unknown/1.0 (CP/M; 8-bit)" "www.roomfurnish.com"
216.183.81.221 - - [13/Sep/2008:23:09:17 -0700] "GET / HTTP/1.0" 200 1315 "-" "unknown/1.0 (CP/M; 8-bit)" "www.roomfurnish.com"
74.6.26.42 - - [14/Sep/2008:01:14:13 -0700] "GET /robots.txt HTTP/1.0" 404 275 "-" "Mozilla/5.0 (compatible; Yahoo! Slurp; http://help.yahoo.com/help/us/ysearch/slurp)" "www.roomfurnish.com"
