208.77.96.98 - - [29/Nov/2008:16:06:02 -0800] "HEAD / HTTP/1.0" 200 0 "http://www.sitidi.net" "Mozilla/4.0 (compatible; MSIE 6.0; Windows NT 5.1; SV1)" "roomfurnish.com"
208.77.96.98 - - [29/Nov/2008:16:06:02 -0800] "HEAD / HTTP/1.0" 200 0 "http://www.sitidi.net" "Mozilla/4.0 (compatible; MSIE 6.0; Windows NT 5.1; SV1)" "roomfurnish.com"
208.77.96.98 - - [29/Nov/2008:16:06:02 -0800] "HEAD / HTTP/1.0" 200 0 "http://www.sitidi.net" "Mozilla/4.0 (compatible; MSIE 6.0; Windows NT 5.1; SV1)" "roomfurnish.com"
208.77.96.98 - - [29/Nov/2008:16:06:02 -0800] "HEAD / HTTP/1.0" 200 0 "http://www.sitidi.net" "Mozilla/4.0 (compatible; MSIE 6.0; Windows NT 5.1; SV1)" "roomfurnish.com"
66.249.70.41 - - [29/Nov/2008:18:15:34 -0800] "GET /robots.txt HTTP/1.1" 404 275 "-" "Mozilla/5.0 (compatible; Googlebot/2.1; +http://www.google.com/bot.html)" "roomfurnish.com"
66.249.70.41 - - [29/Nov/2008:18:15:35 -0800] "GET /index.html HTTP/1.1" 200 1315 "-" "Mozilla/5.0 (compatible; Googlebot/2.1; +http://www.google.com/bot.html)" "roomfurnish.com"
74.6.24.90 - - [29/Nov/2008:19:13:33 -0800] "GET /robots.txt HTTP/1.0" 404 275 "-" "Mozilla/5.0 (compatible; Yahoo! Slurp; http://help.yahoo.com/help/us/ysearch/slurp)" "www.roomfurnish.com"
74.6.30.119 - - [29/Nov/2008:19:13:34 -0800] "GET / HTTP/1.0" 200 1315 "-" "Mozilla/5.0 (compatible; Yahoo! DE Slurp; http://help.yahoo.com/help/us/ysearch/slurp)" "www.roomfurnish.com"
208.36.144.10 - - [29/Nov/2008:21:59:43 -0800] "GET /robots.txt HTTP/1.0" 404 275 "-" "Mozilla/5.0 (Twiceler-0.9 http://www.cuil.com/twiceler/robot.html)" "www.roomfurnish.com"
74.6.24.90 - - [30/Nov/2008:05:07:05 -0800] "GET /robots.txt HTTP/1.0" 404 275 "-" "Mozilla/5.0 (compatible; Yahoo! Slurp; http://help.yahoo.com/help/us/ysearch/slurp)" "www.roomfurnish.com"
74.6.76.45 - - [30/Nov/2008:05:07:06 -0800] "GET / HTTP/1.0" 200 1315 "-" "Mozilla/5.0 (compatible; Yahoo! DE Slurp; http://help.yahoo.com/help/us/ysearch/slurp)" "www.roomfurnish.com"
67.195.37.177 - - [30/Nov/2008:07:34:16 -0800] "GET /robots.txt HTTP/1.0" 404 275 "-" "Mozilla/5.0 (compatible; Yahoo! Slurp; http://help.yahoo.com/help/us/ysearch/slurp)" "www.roomfurnish.com"
67.195.37.177 - - [30/Nov/2008:07:35:29 -0800] "GET / HTTP/1.0" 200 1315 "-" "Mozilla/5.0 (compatible; Yahoo! DE Slurp; http://help.yahoo.com/help/us/ysearch/slurp)" "www.roomfurnish.com"
66.225.221.194 - - [30/Nov/2008:12:50:46 -0800] "HEAD / HTTP/1.1" 200 0 "-" "GT::WWW/1.026" "roomfurnish.com"
66.225.221.194 - - [30/Nov/2008:12:50:46 -0800] "HEAD / HTTP/1.1" 200 0 "-" "GT::WWW/1.026" "roomfurnish.com"
90.183.39.17 - - [30/Nov/2008:13:56:47 -0800] "GET /robots.txt HTTP/1.1" 404 275 "-" "holmes/3.12.4 (http://morfeo.centrum.cz/bot)" "roomfurnish.com"
208.80.194.30 - - [30/Nov/2008:14:28:07 -0800] "GET / HTTP/1.0" 200 1315 "-" "Mozilla/4.0 (compatible; MSIE 6.0; America Online Browser 1.1; Windows NT 5.1; SV1; .NET CLR 1.0.3705; .NET CLR 1.1.4322; Media Center PC 3.1; ZangoToolbar 4.8.3)" "roomfurnish.com"
208.80.194.30 - - [30/Nov/2008:14:28:07 -0800] "GET / HTTP/1.0" 200 1315 "-" "Mozilla/4.0 (compatible; MSIE 6.0; Windows NT 5.1; CDSource=v3.12a.00; FunWebProducts)" "www.roomfurnish.com"
193.252.149.16 - - [30/Nov/2008:16:09:52 -0800] "GET /robots.txt HTTP/1.1" 404 275 "-" "Mozilla/5.0 (Windows; U; Windows NT 5.1; fr; rv:1.8.1) VoilaBot BETA 1.2 (support.voilabot@orange-ftgroup.com)" "www.roomfurnish.com"
193.252.149.16 - - [30/Nov/2008:16:10:01 -0800] "GET / HTTP/1.1" 200 1315 "-" "Mozilla/5.0 (Windows; U; Windows NT 5.1; fr; rv:1.8.1) VoilaBot BETA 1.2 (support.voilabot@orange-ftgroup.com)" "www.roomfurnish.com"
74.6.23.24 - - [30/Nov/2008:19:29:15 -0800] "GET /robots.txt HTTP/1.0" 404 275 "-" "Mozilla/5.0 (compatible; Yahoo! Slurp; http://help.yahoo.com/help/us/ysearch/slurp)" "www.roomfurnish.com"
74.6.30.119 - - [30/Nov/2008:19:29:16 -0800] "GET / HTTP/1.0" 200 1315 "-" "Mozilla/5.0 (compatible; Yahoo! DE Slurp; http://help.yahoo.com/help/us/ysearch/slurp)" "www.roomfurnish.com"
216.64.169.240 - - [30/Nov/2008:19:50:39 -0800] "GET / HTTP/1.0" 200 1315 "-" "Mozilla/4.0 (compatible; MSIE 6.0; Windows NT 5.0; .NET CLR 1.0.3705; .NET CLR 1.1.4322)" "roomfurnish.com"
60.54.49.216 - - [30/Nov/2008:19:59:53 -0800] "GET / HTTP/1.1" 200 1315 "http://au.dir.yahoo.com/business_and_economy/shopping_and_services/home_and_garden/furnishings/furniture/retailers/" "Mozilla/4.0 (compatible; MSIE 6.0; Windows NT 5.1; SV1; Mozilla/4.0 (compatible; MSIE 6.0; Windows NT 5.1; SV1) )" "www.roomfurnish.com"
193.252.149.16 - - [30/Nov/2008:22:59:19 -0800] "GET / HTTP/1.1" 200 1315 "-" "Mozilla/5.0 (Windows; U; Windows NT 5.1; fr; rv:1.8.1) VoilaBot BETA 1.2 (support.voilabot@orange-ftgroup.com)" "roomfurnish.com"
193.47.80.40 - - [01/Dec/2008:05:46:54 -0800] "GET /robots.txt HTTP/1.1" 404 275 "-" "Mozilla/5.0 (compatible; Exabot/3.0; +http://www.exabot.com/go/robot)" "roomfurnish.com"
193.47.80.40 - - [01/Dec/2008:05:46:55 -0800] "GET / HTTP/1.1" 200 1315 "-" "Mozilla/5.0 (compatible; Exabot/3.0; +http://www.exabot.com/go/robot)" "roomfurnish.com"
67.195.37.177 - - [01/Dec/2008:07:57:19 -0800] "GET /robots.txt HTTP/1.0" 404 275 "-" "Mozilla/5.0 (compatible; Yahoo! Slurp; http://help.yahoo.com/help/us/ysearch/slurp)" "www.roomfurnish.com"
67.195.37.177 - - [01/Dec/2008:07:58:52 -0800] "GET / HTTP/1.0" 200 1315 "-" "Mozilla/5.0 (compatible; Yahoo! DE Slurp; http://help.yahoo.com/help/us/ysearch/slurp)" "www.roomfurnish.com"
74.6.8.57 - - [01/Dec/2008:08:35:00 -0800] "GET /robots.txt HTTP/1.0" 404 275 "-" "Mozilla/5.0 (compatible; Yahoo! Slurp; http://help.yahoo.com/help/us/ysearch/slurp)" "www.roomfurnish.com"
74.6.76.45 - - [01/Dec/2008:08:35:00 -0800] "GET / HTTP/1.0" 200 1315 "-" "Mozilla/5.0 (compatible; Yahoo! DE Slurp; http://help.yahoo.com/help/us/ysearch/slurp)" "www.roomfurnish.com"
64.1.215.165 - - [01/Dec/2008:11:12:12 -0800] "GET /robots.txt HTTP/1.0" 404 275 "-" "Mozilla/5.0 (Twiceler-0.9 http://www.cuil.com/twiceler/robot.html)" "roomfurnish.com"
208.80.194.54 - - [01/Dec/2008:12:02:38 -0800] "GET / HTTP/1.0" 200 1315 "-" "Mozilla/4.0 (compatible; MSIE 6.0; Windows NT 5.1; E3003 FI; SV1)" "www.roomfurnish.com"
208.80.194.54 - - [01/Dec/2008:12:02:38 -0800] "GET / HTTP/1.0" 200 1315 "-" "Mozilla/4.0 (compatible; MSIE 6.0; Windows 98; Win 9x 4.90; YPC 3.0.0)" "roomfurnish.com"
114.111.36.26 - - [01/Dec/2008:13:13:52 -0800] "GET /robots.txt HTTP/1.1" 404 275 "-" "Mozilla/4.0 (compatible; NaverBot/1.0; http://help.naver.com/delete_main.asp)" "roomfurnish.com"
114.111.36.26 - - [01/Dec/2008:13:13:59 -0800] "GET / HTTP/1.1" 200 1315 "-" "Mozilla/4.0 (compatible; NaverBot/1.0; http://help.naver.com/delete_main.asp)" "roomfurnish.com"
119.63.194.49 - - [01/Dec/2008:18:01:21 -0800] "GET / HTTP/1.1" 200 1315 "-" "Baiduspider+(+http://help.baidu.jp/system/05.html)" "roomfurnish.com"
82.161.231.16 - - [01/Dec/2008:18:52:41 -0800] "GET / HTTP/1.0" 200 1315 "-" "Mozilla/2.0 (compatible; MSIE 3.0B; Windows NT)" "www.roomfurnish.com"
67.152.29.130 - - [01/Dec/2008:19:54:32 -0800] "GET /robots.txt HTTP/1.1" 404 275 "-" "ShopWiki/1.0 ( +http://www.shopwiki.com/wiki/Help:Bot)" "www.roomfurnish.com"
67.152.29.130 - - [01/Dec/2008:19:54:44 -0800] "GET / HTTP/1.1" 200 1315 "-" "ShopWiki/1.0 ( +http://www.shopwiki.com/wiki/Help:Bot)" "www.roomfurnish.com"
66.249.67.37 - - [01/Dec/2008:20:35:48 -0800] "GET /robots.txt HTTP/1.1" 404 275 "-" "Nokia6820/2.0 (4.83) Profile/MIDP-1.0 Configuration/CLDC-1.0 (compatible; Googlebot-Mobile/2.1; +http://www.google.com/bot.html)" "roomfurnish.com"
66.249.67.37 - - [01/Dec/2008:20:35:48 -0800] "GET / HTTP/1.1" 200 1315 "-" "Nokia6820/2.0 (4.83) Profile/MIDP-1.0 Configuration/CLDC-1.0 (compatible; Googlebot-Mobile/2.1; +http://www.google.com/bot.html)" "roomfurnish.com"
74.6.17.121 - - [01/Dec/2008:21:20:41 -0800] "GET /robots.txt HTTP/1.0" 404 275 "-" "Mozilla/5.0 (compatible; Yahoo! Slurp; http://help.yahoo.com/help/us/ysearch/slurp)" "www.roomfurnish.com"
74.6.30.119 - - [01/Dec/2008:21:20:41 -0800] "GET / HTTP/1.0" 200 1315 "-" "Mozilla/5.0 (compatible; Yahoo! DE Slurp; http://help.yahoo.com/help/us/ysearch/slurp)" "www.roomfurnish.com"
207.210.101.49 - - [02/Dec/2008:00:57:42 -0800] "HEAD / HTTP/1.0" 200 0 "http://www.sitidi.net" "Mozilla/4.0 (compatible; MSIE 6.0; Windows NT 5.1; SV1)" "roomfurnish.com"
207.210.101.49 - - [02/Dec/2008:00:57:42 -0800] "HEAD / HTTP/1.0" 200 0 "http://www.sitidi.net" "Mozilla/4.0 (compatible; MSIE 6.0; Windows NT 5.1; SV1)" "roomfurnish.com"
207.210.101.49 - - [02/Dec/2008:00:57:43 -0800] "HEAD / HTTP/1.0" 200 0 "http://www.sitidi.net" "Mozilla/4.0 (compatible; MSIE 6.0; Windows NT 5.1; SV1)" "roomfurnish.com"
207.210.101.49 - - [02/Dec/2008:00:57:43 -0800] "HEAD / HTTP/1.0" 200 0 "http://www.sitidi.net" "Mozilla/4.0 (compatible; MSIE 6.0; Windows NT 5.1; SV1)" "roomfurnish.com"
96.255.67.74 - - [02/Dec/2008:06:39:49 -0800] "GET / HTTP/1.1" 200 1315 "http://www.xomreviews.com/roomfurnish.com" "Mozilla/5.0 (Windows; U; Windows NT 5.1; en-US; rv:1.9.0.4) Gecko/2008102920 Firefox/3.0.4" "www.roomfurnish.com"
96.255.67.74 - - [02/Dec/2008:06:39:50 -0800] "GET /favicon.ico HTTP/1.1" 404 275 "-" "Mozilla/5.0 (Windows; U; Windows NT 5.1; en-US; rv:1.9.0.4) Gecko/2008102920 Firefox/3.0.4" "roomfurnish.com"
96.255.67.74 - - [02/Dec/2008:06:39:50 -0800] "GET /favicon.ico HTTP/1.1" 404 275 "-" "Mozilla/5.0 (Windows; U; Windows NT 5.1; en-US; rv:1.9.0.4) Gecko/2008102920 Firefox/3.0.4" "roomfurnish.com"
64.79.219.54 - - [02/Dec/2008:07:58:31 -0800] "HEAD / HTTP/1.0" 200 0 "http://www.sitidi.net" "Mozilla/4.0 (compatible; MSIE 6.0; Windows NT 5.1; SV1)" "roomfurnish.com"
64.79.219.54 - - [02/Dec/2008:07:58:31 -0800] "HEAD / HTTP/1.0" 200 0 "http://www.sitidi.net" "Mozilla/4.0 (compatible; MSIE 6.0; Windows NT 5.1; SV1)" "roomfurnish.com"
64.79.219.54 - - [02/Dec/2008:07:58:31 -0800] "HEAD / HTTP/1.0" 200 0 "http://www.sitidi.net" "Mozilla/4.0 (compatible; MSIE 6.0; Windows NT 5.1; SV1)" "roomfurnish.com"
64.79.219.54 - - [02/Dec/2008:07:58:31 -0800] "HEAD / HTTP/1.0" 200 0 "http://www.sitidi.net" "Mozilla/4.0 (compatible; MSIE 6.0; Windows NT 5.1; SV1)" "roomfurnish.com"
64.79.219.54 - - [02/Dec/2008:07:58:31 -0800] "HEAD / HTTP/1.0" 200 0 "http://www.sitidi.net" "Mozilla/4.0 (compatible; MSIE 6.0; Windows NT 5.1; SV1)" "roomfurnish.com"
67.195.37.177 - - [02/Dec/2008:08:29:52 -0800] "GET /robots.txt HTTP/1.0" 404 275 "-" "Mozilla/5.0 (compatible; Yahoo! Slurp; http://help.yahoo.com/help/us/ysearch/slurp)" "www.roomfurnish.com"
67.195.37.177 - - [02/Dec/2008:08:31:16 -0800] "GET / HTTP/1.0" 200 1315 "-" "Mozilla/5.0 (compatible; Yahoo! DE Slurp; http://help.yahoo.com/help/us/ysearch/slurp)" "www.roomfurnish.com"
74.6.17.121 - - [02/Dec/2008:10:37:03 -0800] "GET /robots.txt HTTP/1.0" 404 275 "-" "Mozilla/5.0 (compatible; Yahoo! Slurp; http://help.yahoo.com/help/us/ysearch/slurp)" "www.roomfurnish.com"
74.6.76.45 - - [02/Dec/2008:10:37:04 -0800] "GET / HTTP/1.0" 200 1315 "-" "Mozilla/5.0 (compatible; Yahoo! DE Slurp; http://help.yahoo.com/help/us/ysearch/slurp)" "www.roomfurnish.com"
67.152.29.130 - - [02/Dec/2008:15:15:33 -0800] "GET /robots.txt HTTP/1.1" 404 275 "-" "ShopWiki/1.0 ( +http://www.shopwiki.com/wiki/Help:Bot)" "www.roomfurnish.com"
67.152.29.130 - - [02/Dec/2008:15:15:33 -0800] "GET / HTTP/1.1" 200 1315 "-" "ShopWiki/1.0 ( +http://www.shopwiki.com/wiki/Help:Bot)" "www.roomfurnish.com"
67.152.29.130 - - [02/Dec/2008:15:16:10 -0800] "GET / HTTP/1.1" 200 1315 "-" "ShopWiki/1.0 ( +http://www.shopwiki.com/wiki/Help:Bot)" "www.roomfurnish.com"
67.152.29.130 - - [02/Dec/2008:15:16:11 -0800] "GET / HTTP/1.1" 200 1315 "-" "ShopWiki/1.0 ( +http://www.shopwiki.com/wiki/Help:Bot)" "www.roomfurnish.com"
193.47.80.40 - - [02/Dec/2008:15:20:06 -0800] "GET /robots.txt HTTP/1.1" 404 275 "-" "Mozilla/5.0 (compatible; Exabot/3.0; +http://www.exabot.com/go/robot)" "roomfurnish.com"
193.47.80.40 - - [02/Dec/2008:15:20:06 -0800] "GET / HTTP/1.1" 200 1315 "-" "Mozilla/5.0 (compatible; Exabot/3.0; +http://www.exabot.com/go/robot)" "roomfurnish.com"
66.249.16.211 - - [02/Dec/2008:18:07:33 -0800] "GET / HTTP/1.1" 200 1315 "http://whois.domaintools.com/roomfurnish.com" "Mozilla/5.0 (compatible; Googlebot/2.1; +http://www.google.com/bot.html)" "www.roomfurnish.com"
74.6.17.121 - - [02/Dec/2008:22:33:05 -0800] "GET /robots.txt HTTP/1.0" 404 275 "-" "Mozilla/5.0 (compatible; Yahoo! Slurp; http://help.yahoo.com/help/us/ysearch/slurp)" "www.roomfurnish.com"
74.6.30.119 - - [02/Dec/2008:22:33:05 -0800] "GET / HTTP/1.0" 200 1315 "-" "Mozilla/5.0 (compatible; Yahoo! DE Slurp; http://help.yahoo.com/help/us/ysearch/slurp)" "www.roomfurnish.com"
90.183.39.17 - - [03/Dec/2008:03:42:46 -0800] "GET /robots.txt HTTP/1.1" 404 275 "-" "holmes/3.12.4 (http://morfeo.centrum.cz/bot)" "roomfurnish.com"
208.80.194.30 - - [03/Dec/2008:06:06:34 -0800] "GET / HTTP/1.0" 200 1315 "-" "Mozilla/4.0 (compatible; MSIE 6.0; Windows NT 5.1; SV1; InfoPath.2; ZangoToolbar 4.8.3)" "www.roomfurnish.com"
208.80.194.30 - - [03/Dec/2008:06:06:34 -0800] "GET / HTTP/1.0" 200 1315 "-" "Mozilla/4.0 (compatible; MSIE 7.0; Windows NT 6.0; Embedded Web Browser from: http://bsalsa.com/; SLCC1; .NET CLR 2.0.50727)" "roomfurnish.com"
67.152.29.130 - - [03/Dec/2008:10:58:41 -0800] "GET /robots.txt HTTP/1.1" 404 275 "-" "ShopWiki/1.0 ( +http://www.shopwiki.com/wiki/Help:Bot)" "www.roomfurnish.com"
67.152.29.130 - - [03/Dec/2008:10:58:41 -0800] "GET / HTTP/1.1" 200 1315 "-" "ShopWiki/1.0 ( +http://www.shopwiki.com/wiki/Help:Bot)" "www.roomfurnish.com"
67.152.29.130 - - [03/Dec/2008:10:58:49 -0800] "GET / HTTP/1.1" 200 1315 "-" "ShopWiki/1.0 ( +http://www.shopwiki.com/wiki/Help:Bot)" "www.roomfurnish.com"
67.152.29.130 - - [03/Dec/2008:10:58:50 -0800] "GET / HTTP/1.1" 200 1315 "-" "ShopWiki/1.0 ( +http://www.shopwiki.com/wiki/Help:Bot)" "www.roomfurnish.com"
74.6.29.154 - - [03/Dec/2008:11:26:53 -0800] "GET /robots.txt HTTP/1.0" 404 275 "-" "Mozilla/5.0 (compatible; Yahoo! Slurp; http://help.yahoo.com/help/us/ysearch/slurp)" "www.roomfurnish.com"
74.6.76.45 - - [03/Dec/2008:11:26:54 -0800] "GET / HTTP/1.0" 200 1315 "-" "Mozilla/5.0 (compatible; Yahoo! DE Slurp; http://help.yahoo.com/help/us/ysearch/slurp)" "www.roomfurnish.com"
67.195.37.177 - - [03/Dec/2008:14:07:46 -0800] "GET /robots.txt HTTP/1.0" 404 275 "-" "Mozilla/5.0 (compatible; Yahoo! Slurp; http://help.yahoo.com/help/us/ysearch/slurp)" "www.roomfurnish.com"
193.47.80.40 - - [03/Dec/2008:15:27:02 -0800] "GET /robots.txt HTTP/1.1" 404 275 "-" "Mozilla/5.0 (compatible; Exabot/3.0; +http://www.exabot.com/go/robot)" "roomfurnish.com"
193.47.80.40 - - [03/Dec/2008:15:27:03 -0800] "GET / HTTP/1.1" 200 1315 "-" "Mozilla/5.0 (compatible; Exabot/3.0; +http://www.exabot.com/go/robot)" "roomfurnish.com"
193.252.149.16 - - [03/Dec/2008:15:39:25 -0800] "GET /robots.txt HTTP/1.1" 404 275 "-" "Mozilla/5.0 (Windows; U; Windows NT 5.1; fr; rv:1.8.1) VoilaBot BETA 1.2 (support.voilabot@orange-ftgroup.com)" "roomfurnish.com"
193.252.149.16 - - [03/Dec/2008:15:39:27 -0800] "GET / HTTP/1.1" 200 1315 "-" "Mozilla/5.0 (Windows; U; Windows NT 5.1; fr; rv:1.8.1) VoilaBot BETA 1.2 (support.voilabot@orange-ftgroup.com)" "roomfurnish.com"
67.152.29.130 - - [03/Dec/2008:15:52:18 -0800] "GET /robots.txt HTTP/1.1" 404 275 "-" "ShopWiki/1.0 ( +http://www.shopwiki.com/wiki/Help:Bot)" "www.roomfurnish.com"
67.152.29.130 - - [03/Dec/2008:15:52:19 -0800] "GET / HTTP/1.1" 200 1315 "-" "ShopWiki/1.0 ( +http://www.shopwiki.com/wiki/Help:Bot)" "www.roomfurnish.com"
67.152.29.130 - - [03/Dec/2008:15:52:55 -0800] "GET / HTTP/1.1" 200 1315 "-" "ShopWiki/1.0 ( +http://www.shopwiki.com/wiki/Help:Bot)" "www.roomfurnish.com"
67.152.29.130 - - [03/Dec/2008:15:52:56 -0800] "GET / HTTP/1.1" 200 1315 "-" "ShopWiki/1.0 ( +http://www.shopwiki.com/wiki/Help:Bot)" "www.roomfurnish.com"
67.195.37.177 - - [03/Dec/2008:15:55:26 -0800] "GET / HTTP/1.0" 200 1315 "-" "Mozilla/5.0 (compatible; Yahoo! DE Slurp; http://help.yahoo.com/help/us/ysearch/slurp)" "www.roomfurnish.com"
65.55.214.154 - - [03/Dec/2008:16:29:03 -0800] "GET /robots.txt HTTP/1.0" 404 275 "-" "msnbot-Products/1.0 (+http://search.msn.com/msnbot.htm)" "www.roomfurnish.com"
65.55.214.154 - - [03/Dec/2008:16:29:04 -0800] "GET / HTTP/1.0" 200 1315 "-" "msnbot-Products/1.0 (+http://search.msn.com/msnbot.htm)" "www.roomfurnish.com"
67.152.29.130 - - [03/Dec/2008:17:14:27 -0800] "GET / HTTP/1.1" 200 1315 "-" "ShopWiki/1.0 ( +http://www.shopwiki.com/wiki/Help:Bot)" "www.roomfurnish.com"
67.152.29.130 - - [03/Dec/2008:17:14:34 -0800] "GET / HTTP/1.1" 200 1315 "-" "ShopWiki/1.0 ( +http://www.shopwiki.com/wiki/Help:Bot)" "www.roomfurnish.com"
67.152.29.130 - - [03/Dec/2008:17:14:35 -0800] "GET / HTTP/1.1" 200 1315 "-" "ShopWiki/1.0 ( +http://www.shopwiki.com/wiki/Help:Bot)" "www.roomfurnish.com"
193.252.149.16 - - [03/Dec/2008:18:18:57 -0800] "GET / HTTP/1.1" 200 1315 "-" "Mozilla/5.0 (Windows; U; Windows NT 5.1; fr; rv:1.8.1) VoilaBot BETA 1.2 (support.voilabot@orange-ftgroup.com)" "www.roomfurnish.com"
208.111.154.16 - - [03/Dec/2008:19:09:43 -0800] "GET /robots.txt HTTP/1.1" 404 275 "-" "Mozilla/5.0 (compatible; Charlotte/1.1; http://www.searchme.com/support/)" "roomfurnish.com"
208.111.154.16 - - [03/Dec/2008:19:09:43 -0800] "GET / HTTP/1.1" 200 1315 "-" "Mozilla/5.0 (compatible; Charlotte/1.1; http://www.searchme.com/support/)" "roomfurnish.com"
202.160.178.82 - - [03/Dec/2008:23:05:42 -0800] "GET / HTTP/1.0" 200 1315 "-" "Mozilla/5.0 (compatible; Yahoo! Slurp China; http://misc.yahoo.com.cn/help.html)" "roomfurnish.com"
74.6.20.220 - - [03/Dec/2008:23:48:55 -0800] "GET /robots.txt HTTP/1.0" 404 275 "-" "Mozilla/5.0 (compatible; Yahoo! Slurp; http://help.yahoo.com/help/us/ysearch/slurp)" "www.roomfurnish.com"
74.6.30.119 - - [03/Dec/2008:23:48:56 -0800] "GET / HTTP/1.0" 200 1315 "-" "Mozilla/5.0 (compatible; Yahoo! DE Slurp; http://help.yahoo.com/help/us/ysearch/slurp)" "www.roomfurnish.com"
208.111.154.16 - - [04/Dec/2008:00:18:26 -0800] "GET /robots.txt HTTP/1.0" 404 275 "-" "Mozilla/5.0 (compatible; Charlotte/1.1; http://www.searchme.com/support/)" "www.roomfurnish.com"
208.111.154.15 - - [04/Dec/2008:00:18:26 -0800] "GET / HTTP/1.1" 200 1315 "-" "Mozilla/5.0 (compatible; Charlotte/1.1; http://www.searchme.com/support/)" "www.roomfurnish.com"
114.111.36.26 - - [04/Dec/2008:03:18:05 -0800] "GET /robots.txt HTTP/1.1" 404 275 "-" "Mozilla/4.0 (compatible; NaverBot/1.0; http://help.naver.com/delete_main.asp)" "roomfurnish.com"
114.111.36.26 - - [04/Dec/2008:03:18:12 -0800] "GET / HTTP/1.1" 200 1315 "-" "Mozilla/4.0 (compatible; NaverBot/1.0; http://help.naver.com/delete_main.asp)" "roomfurnish.com"
67.152.29.130 - - [04/Dec/2008:03:44:57 -0800] "GET /robots.txt HTTP/1.1" 404 275 "-" "ShopWiki/1.0 ( +http://www.shopwiki.com/wiki/Help:Bot)" "www.roomfurnish.com"
67.152.29.130 - - [04/Dec/2008:03:45:00 -0800] "GET / HTTP/1.1" 200 1315 "-" "ShopWiki/1.0 ( +http://www.shopwiki.com/wiki/Help:Bot)" "www.roomfurnish.com"
67.152.29.130 - - [04/Dec/2008:03:45:01 -0800] "GET / HTTP/1.1" 200 1315 "-" "ShopWiki/1.0 ( +http://www.shopwiki.com/wiki/Help:Bot)" "www.roomfurnish.com"
208.80.194.26 - - [04/Dec/2008:06:31:11 -0800] "GET / HTTP/1.0" 200 1315 "-" "Mozilla/4.0 (compatible; MSIE 6.0; Windows 98; formatnec; FunWebProducts)" "www.roomfurnish.com"
208.80.194.26 - - [04/Dec/2008:06:31:11 -0800] "GET / HTTP/1.0" 200 1315 "-" "Mozilla/4.0 (compatible; MSIE 6.0; Windows NT 5.1; SV1; SIMBAR Enabled; SIMBAR={CAB64A13-6865-4c94-A61A-3CA42AC65E5E}; SIMBAR=0; .NET CLR 1.1.4322)" "roomfurnish.com"
67.152.29.130 - - [04/Dec/2008:06:58:03 -0800] "GET /robots.txt HTTP/1.1" 404 275 "-" "ShopWiki/1.0 ( +http://www.shopwiki.com/wiki/Help:Bot)" "www.roomfurnish.com"
67.152.29.130 - - [04/Dec/2008:06:58:04 -0800] "GET / HTTP/1.1" 200 1315 "-" "ShopWiki/1.0 ( +http://www.shopwiki.com/wiki/Help:Bot)" "www.roomfurnish.com"
67.152.29.130 - - [04/Dec/2008:06:59:26 -0800] "GET / HTTP/1.1" 200 1315 "-" "ShopWiki/1.0 ( +http://www.shopwiki.com/wiki/Help:Bot)" "www.roomfurnish.com"
67.152.29.130 - - [04/Dec/2008:06:59:27 -0800] "GET / HTTP/1.1" 200 1315 "-" "ShopWiki/1.0 ( +http://www.shopwiki.com/wiki/Help:Bot)" "www.roomfurnish.com"
67.152.29.130 - - [04/Dec/2008:07:37:22 -0800] "GET / HTTP/1.1" 200 1315 "-" "ShopWiki/1.0 ( +http://www.shopwiki.com/wiki/Help:Bot)" "www.roomfurnish.com"
67.152.29.130 - - [04/Dec/2008:07:39:07 -0800] "GET / HTTP/1.1" 200 1315 "-" "ShopWiki/1.0 ( +http://www.shopwiki.com/wiki/Help:Bot)" "www.roomfurnish.com"
67.152.29.130 - - [04/Dec/2008:07:39:08 -0800] "GET / HTTP/1.1" 200 1315 "-" "ShopWiki/1.0 ( +http://www.shopwiki.com/wiki/Help:Bot)" "www.roomfurnish.com"
66.249.73.49 - - [04/Dec/2008:11:29:38 -0800] "GET /robots.txt HTTP/1.1" 404 275 "-" "Mozilla/5.0 (compatible; Googlebot/2.1; +http://www.google.com/bot.html)" "www.roomfurnish.com"
66.249.73.49 - - [04/Dec/2008:11:29:38 -0800] "GET / HTTP/1.1" 200 1315 "-" "Mozilla/5.0 (compatible; Googlebot/2.1; +http://www.google.com/bot.html)" "www.roomfurnish.com"
74.6.23.237 - - [04/Dec/2008:14:37:57 -0800] "GET /robots.txt HTTP/1.0" 404 275 "-" "Mozilla/5.0 (compatible; Yahoo! Slurp; http://help.yahoo.com/help/us/ysearch/slurp)" "www.roomfurnish.com"
74.6.76.45 - - [04/Dec/2008:14:37:57 -0800] "GET / HTTP/1.0" 200 1315 "-" "Mozilla/5.0 (compatible; Yahoo! DE Slurp; http://help.yahoo.com/help/us/ysearch/slurp)" "www.roomfurnish.com"
193.47.80.40 - - [04/Dec/2008:15:19:38 -0800] "GET / HTTP/1.1" 200 1315 "-" "Mozilla/5.0 (compatible; Exabot/3.0; +http://www.exabot.com/go/robot)" "roomfurnish.com"
67.195.37.177 - - [04/Dec/2008:17:14:18 -0800] "GET /robots.txt HTTP/1.0" 404 275 "-" "Mozilla/5.0 (compatible; Yahoo! Slurp; http://help.yahoo.com/help/us/ysearch/slurp)" "www.roomfurnish.com"
67.152.29.130 - - [04/Dec/2008:17:29:47 -0800] "GET /robots.txt HTTP/1.1" 404 275 "-" "ShopWiki/1.0 ( +http://www.shopwiki.com/wiki/Help:Bot)" "www.roomfurnish.com"
67.152.29.130 - - [04/Dec/2008:17:30:01 -0800] "GET / HTTP/1.1" 200 1315 "-" "ShopWiki/1.0 ( +http://www.shopwiki.com/wiki/Help:Bot)" "www.roomfurnish.com"
67.152.29.130 - - [04/Dec/2008:17:30:02 -0800] "GET / HTTP/1.1" 200 1315 "-" "ShopWiki/1.0 ( +http://www.shopwiki.com/wiki/Help:Bot)" "www.roomfurnish.com"
66.249.70.19 - - [04/Dec/2008:18:04:29 -0800] "GET /robots.txt HTTP/1.1" 404 275 "-" "Mozilla/5.0 (compatible; Googlebot/2.1; +http://www.google.com/bot.html)" "roomfurnish.com"
66.249.70.19 - - [04/Dec/2008:18:04:29 -0800] "GET /index.html HTTP/1.1" 200 1315 "-" "Mozilla/5.0 (compatible; Googlebot/2.1; +http://www.google.com/bot.html)" "roomfurnish.com"
67.152.29.130 - - [04/Dec/2008:19:44:17 -0800] "GET / HTTP/1.1" 200 1315 "-" "ShopWiki/1.0 ( +http://www.shopwiki.com/wiki/Help:Bot)" "www.roomfurnish.com"
67.152.29.130 - - [04/Dec/2008:19:44:19 -0800] "GET / HTTP/1.1" 200 1315 "-" "ShopWiki/1.0 ( +http://www.shopwiki.com/wiki/Help:Bot)" "www.roomfurnish.com"
67.152.29.130 - - [04/Dec/2008:19:44:20 -0800] "GET / HTTP/1.1" 200 1315 "-" "ShopWiki/1.0 ( +http://www.shopwiki.com/wiki/Help:Bot)" "www.roomfurnish.com"
220.181.61.192 - - [04/Dec/2008:20:33:26 -0800] "GET / HTTP/1.1" 200 1315 "-" "Sogou web spider/4.0(+http://www.sogou.com/docs/help/webmasters.htm#07)" "www.roomfurnish.com"
216.240.139.9 - - [04/Dec/2008:20:52:13 -0800] "GET / HTTP/1.1" 200 1315 "-" "Mozilla/4.0 (compatible ; MSIE 6.0; Windows NT 5.1)" "roomfurnish.com"
208.36.144.10 - - [04/Dec/2008:22:15:41 -0800] "GET /robots.txt HTTP/1.0" 404 275 "-" "Mozilla/5.0 (Twiceler-0.9 http://www.cuil.com/twiceler/robot.html)" "www.roomfurnish.com"
208.111.154.16 - - [05/Dec/2008:00:16:08 -0800] "GET /robots.txt HTTP/1.0" 404 275 "-" "Mozilla/5.0 (compatible; Charlotte/1.1; http://www.searchme.com/support/)" "www.roomfurnish.com"
208.111.154.16 - - [05/Dec/2008:00:16:08 -0800] "GET / HTTP/1.1" 200 1315 "-" "Mozilla/5.0 (compatible; Charlotte/1.1; http://www.searchme.com/support/)" "www.roomfurnish.com"
66.249.70.19 - - [05/Dec/2008:00:29:31 -0800] "GET / HTTP/1.1" 200 1315 "-" "Mozilla/5.0 (compatible; Googlebot/2.1; +http://www.google.com/bot.html)" "roomfurnish.com"
208.111.154.15 - - [05/Dec/2008:00:45:08 -0800] "GET /robots.txt HTTP/1.0" 404 275 "-" "Mozilla/5.0 (compatible; Charlotte/1.1; http://www.searchme.com/support/)" "www.roomfurnish.com"
208.111.154.16 - - [05/Dec/2008:00:45:08 -0800] "GET / HTTP/1.1" 200 1315 "-" "Mozilla/5.0 (compatible; Charlotte/1.1; http://www.searchme.com/support/)" "www.roomfurnish.com"
67.195.37.177 - - [05/Dec/2008:01:06:44 -0800] "GET /robots.txt HTTP/1.0" 404 275 "-" "Mozilla/5.0 (compatible; Yahoo! Slurp; http://help.yahoo.com/help/us/ysearch/slurp)" "www.roomfurnish.com"
216.64.169.240 - - [05/Dec/2008:01:25:14 -0800] "GET / HTTP/1.1" 200 1315 "-" "Mozilla/4.0 (compatible; MSIE 6.0; Windows NT 5.0; .NET CLR 1.0.3705; .NET CLR 1.1.4322)" "roomfurnish.com"
74.6.21.41 - - [05/Dec/2008:01:26:58 -0800] "GET /robots.txt HTTP/1.0" 404 275 "-" "Mozilla/5.0 (compatible; Yahoo! Slurp; http://help.yahoo.com/help/us/ysearch/slurp)" "www.roomfurnish.com"
74.6.30.119 - - [05/Dec/2008:01:26:59 -0800] "GET / HTTP/1.0" 200 1315 "-" "Mozilla/5.0 (compatible; Yahoo! DE Slurp; http://help.yahoo.com/help/us/ysearch/slurp)" "www.roomfurnish.com"
208.80.194.33 - - [05/Dec/2008:01:40:47 -0800] "GET / HTTP/1.0" 200 1315 "-" "Mozilla/4.0 (compatible; MSIE 6.0; Windows NT 5.1; SV1; SIMBAR Enabled; SIMBAR={76A5CB74-83B8-4eb3-8128-9781F8D7D8CD}; .NET CLR 1.1.4322; .NET CLR 2.0.50727)" "www.roomfurnish.com"
208.80.194.33 - - [05/Dec/2008:01:40:47 -0800] "GET / HTTP/1.0" 200 1315 "-" "Mozilla/4.0 (compatible; MSIE 7.0; Windows NT 5.1; {3B7CCC8C-390C-465F-85C4-3BC8235A3410}; .NET CLR 1.1.4322)" "roomfurnish.com"
67.195.37.126 - - [05/Dec/2008:02:04:21 -0800] "GET /robots.txt HTTP/1.0" 404 275 "-" "Mozilla/5.0 (compatible; Yahoo! Slurp; http://help.yahoo.com/help/us/ysearch/slurp)" "www.roomfurnish.com"
67.195.37.126 - - [05/Dec/2008:02:50:39 -0800] "GET / HTTP/1.0" 200 1315 "-" "Mozilla/5.0 (compatible; Yahoo! DE Slurp; http://help.yahoo.com/help/us/ysearch/slurp)" "www.roomfurnish.com"
66.249.70.19 - - [05/Dec/2008:05:24:45 -0800] "GET /robots.txt HTTP/1.1" 404 275 "-" "Mozilla/5.0 (compatible; Googlebot/2.1; +http://www.google.com/bot.html)" "www.roomfurnish.com"
71.242.124.18 - - [05/Dec/2008:07:57:41 -0800] "GET /favicon.ico HTTP/1.1" 404 275 "-" "Mozilla/4.0 (compatible; GoogleToolbar 4.0.1601.4978-big; Windows 6.0; MSIE 7.0.6000.16757)" "roomfurnish.com"
71.242.124.18 - - [05/Dec/2008:07:57:41 -0800] "GET /favicon.gif HTTP/1.1" 404 275 "-" "Mozilla/4.0 (compatible; GoogleToolbar 4.0.1601.4978-big; Windows 6.0; MSIE 7.0.6000.16757)" "roomfurnish.com"
71.242.124.18 - - [05/Dec/2008:07:58:33 -0800] "GET /favicon.ico HTTP/1.1" 404 275 "-" "Mozilla/4.0 (compatible; GoogleToolbar 4.0.1601.4978-big; Windows 6.0; MSIE 7.0.6000.16757)" "roomfurnish.com"
71.242.124.18 - - [05/Dec/2008:07:58:34 -0800] "GET /favicon.gif HTTP/1.1" 404 275 "-" "Mozilla/4.0 (compatible; GoogleToolbar 4.0.1601.4978-big; Windows 6.0; MSIE 7.0.6000.16757)" "roomfurnish.com"
208.111.154.16 - - [05/Dec/2008:08:20:02 -0800] "GET /robots.txt HTTP/1.1" 404 275 "-" "Mozilla/5.0 (compatible; Charlotte/1.1; http://www.searchme.com/support/)" "roomfurnish.com"
208.111.154.16 - - [05/Dec/2008:08:20:02 -0800] "GET / HTTP/1.1" 200 1315 "-" "Mozilla/5.0 (compatible; Charlotte/1.1; http://www.searchme.com/support/)" "roomfurnish.com"
64.1.215.165 - - [05/Dec/2008:12:13:55 -0800] "GET /robots.txt HTTP/1.0" 404 275 "-" "Mozilla/5.0 (Twiceler-0.9 http://www.cuil.com/twiceler/robot.html)" "roomfurnish.com"
208.96.54.70 - - [05/Dec/2008:13:40:02 -0800] "GET /robots.txt HTTP/1.1" 404 275 "-" "Mozilla/5.0 (compatible; discobot/1.0; +http://discoveryengine.com/discobot.html)" "roomfurnish.com"
193.47.80.40 - - [05/Dec/2008:15:34:56 -0800] "GET /robots.txt HTTP/1.1" 404 275 "-" "Mozilla/5.0 (compatible; Exabot/3.0; +http://www.exabot.com/go/robot)" "roomfurnish.com"
193.47.80.40 - - [05/Dec/2008:15:34:57 -0800] "GET / HTTP/1.1" 200 1315 "-" "Mozilla/5.0 (compatible; Exabot/3.0; +http://www.exabot.com/go/robot)" "roomfurnish.com"
208.111.154.16 - - [05/Dec/2008:17:50:51 -0800] "GET /robots.txt HTTP/1.0" 404 275 "-" "Mozilla/5.0 (compatible; Charlotte/1.1; http://www.searchme.com/support/)" "www.roomfurnish.com"
208.96.54.70 - - [05/Dec/2008:19:11:18 -0800] "GET /robots.txt HTTP/1.1" 404 275 "-" "Mozilla/5.0 (compatible; discobot/1.0; +http://discoveryengine.com/discobot.html)" "www.roomfurnish.com"
74.6.21.249 - - [05/Dec/2008:19:39:23 -0800] "GET /robots.txt HTTP/1.0" 404 275 "-" "Mozilla/5.0 (compatible; Yahoo! Slurp; http://help.yahoo.com/help/us/ysearch/slurp)" "www.roomfurnish.com"
74.6.76.45 - - [05/Dec/2008:19:39:23 -0800] "GET / HTTP/1.0" 200 1315 "-" "Mozilla/5.0 (compatible; Yahoo! DE Slurp; http://help.yahoo.com/help/us/ysearch/slurp)" "www.roomfurnish.com"
69.58.178.26 - - [05/Dec/2008:19:47:14 -0800] "GET /robots.txt HTTP/1.1" 404 275 "-" "Mozilla/5.0 (X11; U; Linux i686; en-US; rv:1.7.12; ips-agent) Gecko/20050922 Fedora/1.0.7-1.1.fc4 Firefox/1.0.7" "www.roomfurnish.com"
69.58.178.26 - - [05/Dec/2008:19:48:42 -0800] "GET / HTTP/1.1" 200 1315 "-" "Mozilla/5.0 (X11; U; Linux i686; en-US; rv:1.7.12; ips-agent) Gecko/20050922 Fedora/1.0.7-1.1.fc4 Firefox/1.0.7" "www.roomfurnish.com"
61.116.91.33 - - [05/Dec/2008:21:50:40 -0800] "GET / HTTP/1.1" 200 1315 "-" "Mozilla/5.0 (Windows; U; Windows NT 5.1; en-US; rv:1.8.0.7) Gecko/20060909 Firefox/1.5.0.7" "roomfurnish.com"
88.131.106.12 - - [05/Dec/2008:22:19:02 -0800] "GET /robots.txt HTTP/1.0" 404 275 "-" "Speedy Spider (http://www.entireweb.com/about/search_tech/speedy_spider/)" "roomfurnish.com"
88.131.106.12 - - [05/Dec/2008:22:19:02 -0800] "GET /300briosofa.html HTTP/1.0" 404 275 "-" "Speedy Spider (http://www.entireweb.com/about/search_tech/speedy_spider/)" "roomfurnish.com"
74.6.26.42 - - [06/Dec/2008:02:33:35 -0800] "GET /robots.txt HTTP/1.0" 404 275 "-" "Mozilla/5.0 (compatible; Yahoo! Slurp; http://help.yahoo.com/help/us/ysearch/slurp)" "www.roomfurnish.com"
74.6.30.119 - - [06/Dec/2008:02:33:36 -0800] "GET / HTTP/1.0" 200 1315 "-" "Mozilla/5.0 (compatible; Yahoo! DE Slurp; http://help.yahoo.com/help/us/ysearch/slurp)" "www.roomfurnish.com"
67.195.37.126 - - [06/Dec/2008:03:56:34 -0800] "GET /robots.txt HTTP/1.0" 404 275 "-" "Mozilla/5.0 (compatible; Yahoo! Slurp; http://help.yahoo.com/help/us/ysearch/slurp)" "www.roomfurnish.com"
67.195.37.126 - - [06/Dec/2008:06:47:18 -0800] "GET / HTTP/1.0" 200 1315 "-" "Mozilla/5.0 (compatible; Yahoo! DE Slurp; http://help.yahoo.com/help/us/ysearch/slurp)" "www.roomfurnish.com"
208.80.194.38 - - [06/Dec/2008:09:17:49 -0800] "GET / HTTP/1.0" 200 1315 "-" "Mozilla/4.0 (compatible; MSIE 6.0; Windows NT 5.1; SV1; SIMBAR={9CB4D236-3851-42b7-AD00-32033D88C878}; .NET CLR 1.0.3705; .NET CLR 1.1.4322; Media Center PC 4.0)" "www.roomfurnish.com"
208.80.194.38 - - [06/Dec/2008:09:17:49 -0800] "GET / HTTP/1.0" 200 1315 "-" "Mozilla/4.0 (compatible; MSIE 7.0; Windows NT 5.1; Avant Browser; .NET CLR 1.1.4322; InfoPath.1; .NET CLR 2.0.50727)" "roomfurnish.com"
208.111.154.16 - - [06/Dec/2008:11:01:21 -0800] "GET /robots.txt HTTP/1.0" 404 275 "-" "Mozilla/5.0 (compatible; Charlotte/1.1; http://www.searchme.com/support/)" "www.roomfurnish.com"
208.111.154.16 - - [06/Dec/2008:11:01:34 -0800] "GET / HTTP/1.1" 200 1315 "-" "Mozilla/5.0 (compatible; Charlotte/1.1; http://www.searchme.com/support/)" "www.roomfurnish.com"
193.47.80.40 - - [06/Dec/2008:15:25:04 -0800] "GET / HTTP/1.1" 200 1315 "-" "Mozilla/5.0 (compatible; Exabot/3.0; +http://www.exabot.com/go/robot)" "roomfurnish.com"
220.181.61.227 - - [06/Dec/2008:16:02:24 -0800] "GET /robots.txt HTTP/1.1" 404 275 "-" "-" "roomfurnish.com"
220.181.61.227 - - [06/Dec/2008:16:02:33 -0800] "GET / HTTP/1.1" 200 1315 "-" "Sogou web spider/4.0(+http://www.sogou.com/docs/help/webmasters.htm#07)" "roomfurnish.com"
124.115.1.7 - - [06/Dec/2008:17:09:26 -0800] "GET / HTTP/1.1" 200 1315 "http://www.roomfurnish.com/" "Mozilla/4.0 (compatible; MSIE 6.0; Windows NT 5.1)" "www.roomfurnish.com"
65.55.37.229 - - [06/Dec/2008:17:40:50 -0800] "GET /robots.txt HTTP/1.1" 404 275 "-" "msnbot/1.1 (+http://search.msn.com/msnbot.htm)" "www.roomfurnish.com"
65.55.37.229 - - [06/Dec/2008:17:40:50 -0800] "GET / HTTP/1.1" 200 1315 "-" "msnbot/1.1 (+http://search.msn.com/msnbot.htm)" "www.roomfurnish.com"
65.55.37.229 - - [06/Dec/2008:18:17:21 -0800] "GET /robots.txt HTTP/1.1" 404 275 "-" "msnbot/1.1 (+http://search.msn.com/msnbot.htm)" "www.roomfurnish.com"
65.55.37.229 - - [06/Dec/2008:18:17:21 -0800] "GET / HTTP/1.1" 200 1315 "-" "msnbot/1.1 (+http://search.msn.com/msnbot.htm)" "www.roomfurnish.com"
88.131.106.12 - - [06/Dec/2008:20:29:42 -0800] "GET /robots.txt HTTP/1.0" 404 275 "-" "Speedy Spider (http://www.entireweb.com/about/search_tech/speedy_spider/)" "roomfurnish.com"
88.131.106.12 - - [06/Dec/2008:20:29:42 -0800] "GET /300briosofa.html HTTP/1.0" 404 275 "-" "Speedy Spider (http://www.entireweb.com/about/search_tech/speedy_spider/)" "roomfurnish.com"
208.36.144.10 - - [06/Dec/2008:22:05:30 -0800] "GET /robots.txt HTTP/1.0" 404 275 "-" "Mozilla/5.0 (Twiceler-0.9 http://www.cuil.com/twiceler/robot.html)" "www.roomfurnish.com"
74.6.8.57 - - [06/Dec/2008:23:49:06 -0800] "GET /robots.txt HTTP/1.0" 404 275 "-" "Mozilla/5.0 (compatible; Yahoo! Slurp; http://help.yahoo.com/help/us/ysearch/slurp)" "www.roomfurnish.com"
74.6.76.45 - - [06/Dec/2008:23:49:07 -0800] "GET / HTTP/1.0" 200 1315 "-" "Mozilla/5.0 (compatible; Yahoo! DE Slurp; http://help.yahoo.com/help/us/ysearch/slurp)" "www.roomfurnish.com"
124.115.10.193 - - [07/Dec/2008:01:14:42 -0800] "GET / HTTP/1.1" 200 1315 "http://www.roomfurnish.com/" "Mozilla/4.0 (compatible; MSIE 6.0; Windows NT 5.1)" "www.roomfurnish.com"
124.115.1.66 - - [07/Dec/2008:03:03:54 -0800] "GET / HTTP/1.1" 200 1315 "http://www.roomfurnish.com/" "Mozilla/4.0 (compatible; MSIE 6.0; Windows NT 5.1)" "www.roomfurnish.com"
67.152.29.130 - - [07/Dec/2008:04:03:51 -0800] "GET /robots.txt HTTP/1.1" 404 275 "-" "ShopWiki/1.0 ( +http://www.shopwiki.com/wiki/Help:Bot)" "www.roomfurnish.com"
67.152.29.130 - - [07/Dec/2008:04:03:51 -0800] "GET / HTTP/1.1" 200 1315 "-" "ShopWiki/1.0 ( +http://www.shopwiki.com/wiki/Help:Bot)" "www.roomfurnish.com"
67.152.29.130 - - [07/Dec/2008:04:03:52 -0800] "GET /sitemap.html HTTP/1.1" 404 275 "-" "ShopWiki/1.0 ( +http://www.shopwiki.com/wiki/Help:Bot)" "www.roomfurnish.com"
67.152.29.130 - - [07/Dec/2008:04:03:53 -0800] "GET / HTTP/1.1" 200 1315 "-" "ShopWiki/1.0 ( +http://www.shopwiki.com/wiki/Help:Bot)" "www.roomfurnish.com"
208.111.154.16 - - [07/Dec/2008:04:37:23 -0800] "GET /robots.txt HTTP/1.0" 404 275 "-" "Mozilla/5.0 (compatible; Charlotte/1.1; http://www.searchme.com/support/)" "www.roomfurnish.com"
208.111.154.16 - - [07/Dec/2008:04:37:23 -0800] "GET / HTTP/1.1" 200 1315 "-" "Mozilla/5.0 (compatible; Charlotte/1.1; http://www.searchme.com/support/)" "www.roomfurnish.com"
74.6.8.57 - - [07/Dec/2008:04:54:51 -0800] "GET /robots.txt HTTP/1.0" 404 275 "-" "Mozilla/5.0 (compatible; Yahoo! Slurp; http://help.yahoo.com/help/us/ysearch/slurp)" "www.roomfurnish.com"
74.6.30.119 - - [07/Dec/2008:04:54:51 -0800] "GET / HTTP/1.0" 200 1315 "-" "Mozilla/5.0 (compatible; Yahoo! DE Slurp; http://help.yahoo.com/help/us/ysearch/slurp)" "www.roomfurnish.com"
221.189.154.21 - - [07/Dec/2008:06:22:34 -0800] "GET / HTTP/1.1" 200 1315 "http://www.roomfurnish.com/" "Website Explorer/0.9.9.9" "www.roomfurnish.com"
124.115.0.19 - - [07/Dec/2008:06:44:01 -0800] "GET /robots.txt HTTP/1.1" 404 275 "http://www.roomfurnish.com/robots.txt" "Sosospider+(+http://help.soso.com/webspider.htm)" "www.roomfurnish.com"
67.195.37.126 - - [07/Dec/2008:07:50:50 -0800] "GET /robots.txt HTTP/1.0" 404 275 "-" "Mozilla/5.0 (compatible; Yahoo! Slurp; http://help.yahoo.com/help/us/ysearch/slurp)" "www.roomfurnish.com"
67.195.37.126 - - [07/Dec/2008:07:52:08 -0800] "GET / HTTP/1.0" 200 1315 "-" "Mozilla/5.0 (compatible; Yahoo! DE Slurp; http://help.yahoo.com/help/us/ysearch/slurp)" "www.roomfurnish.com"
67.152.29.130 - - [07/Dec/2008:09:48:29 -0800] "GET /robots.txt HTTP/1.1" 404 275 "-" "ShopWiki/1.0 ( +http://www.shopwiki.com/wiki/Help:Bot)" "www.roomfurnish.com"
67.152.29.130 - - [07/Dec/2008:09:48:29 -0800] "GET / HTTP/1.1" 200 1315 "-" "ShopWiki/1.0 ( +http://www.shopwiki.com/wiki/Help:Bot)" "www.roomfurnish.com"
67.152.29.130 - - [07/Dec/2008:09:49:21 -0800] "GET / HTTP/1.1" 200 1315 "-" "ShopWiki/1.0 ( +http://www.shopwiki.com/wiki/Help:Bot)" "www.roomfurnish.com"
67.152.29.130 - - [07/Dec/2008:09:49:22 -0800] "GET / HTTP/1.1" 200 1315 "-" "ShopWiki/1.0 ( +http://www.shopwiki.com/wiki/Help:Bot)" "www.roomfurnish.com"
64.1.215.165 - - [07/Dec/2008:12:25:15 -0800] "GET /robots.txt HTTP/1.0" 404 275 "-" "Mozilla/5.0 (Twiceler-0.9 http://www.cuil.com/twiceler/robot.html)" "roomfurnish.com"
124.115.10.193 - - [07/Dec/2008:13:53:47 -0800] "GET / HTTP/1.1" 200 1315 "http://www.roomfurnish.com/" "Mozilla/4.0 (compatible; MSIE 6.0; Windows NT 5.1)" "www.roomfurnish.com"
193.47.80.40 - - [07/Dec/2008:15:17:50 -0800] "GET /robots.txt HTTP/1.1" 404 275 "-" "Mozilla/5.0 (compatible; Exabot/3.0; +http://www.exabot.com/go/robot)" "roomfurnish.com"
193.47.80.40 - - [07/Dec/2008:15:17:50 -0800] "GET / HTTP/1.1" 200 1315 "-" "Mozilla/5.0 (compatible; Exabot/3.0; +http://www.exabot.com/go/robot)" "roomfurnish.com"
124.115.1.66 - - [07/Dec/2008:16:07:20 -0800] "GET / HTTP/1.1" 200 1315 "http://www.roomfurnish.com/" "Mozilla/4.0 (compatible; MSIE 6.0; Windows NT 5.1)" "www.roomfurnish.com"
207.126.224.241 - - [07/Dec/2008:20:17:20 -0800] "GET / HTTP/1.0" 200 1315 "-" "Mozilla/4.05 [en]" "www.roomfurnish.com"
88.131.106.12 - - [07/Dec/2008:20:38:48 -0800] "GET /robots.txt HTTP/1.0" 404 275 "-" "Speedy Spider (http://www.entireweb.com/about/search_tech/speedy_spider/)" "roomfurnish.com"
88.131.106.12 - - [07/Dec/2008:20:38:48 -0800] "GET /swatch.html HTTP/1.0" 404 275 "-" "Speedy Spider (http://www.entireweb.com/about/search_tech/speedy_spider/)" "roomfurnish.com"
208.80.194.54 - - [07/Dec/2008:23:29:57 -0800] "GET / HTTP/1.0" 200 1315 "-" "Mozilla/4.0 (compatible; MSIE 6.0; Windows NT 5.1; SV1; FunWebProducts; (R1 1.1); .NET CLR 1.1.4322; InfoPath.1)" "www.roomfurnish.com"
208.80.194.54 - - [07/Dec/2008:23:29:57 -0800] "GET / HTTP/1.0" 200 1315 "-" "Mozilla/4.0 (compatible; MSIE 7.0; Windows NT 5.1; STAR040199; Media Center PC 3.0; .NET CLR 1.0.3705; .NET CLR 1.1.4322; SpamBlockerUtility 4.6.1)" "roomfurnish.com"
208.111.154.16 - - [08/Dec/2008:01:22:57 -0800] "GET /robots.txt HTTP/1.0" 404 275 "-" "Mozilla/5.0 (compatible; Charlotte/1.1; http://www.searchme.com/support/)" "www.roomfurnish.com"
208.111.154.15 - - [08/Dec/2008:01:22:57 -0800] "GET / HTTP/1.1" 200 1315 "-" "Mozilla/5.0 (compatible; Charlotte/1.1; http://www.searchme.com/support/)" "www.roomfurnish.com"
124.115.10.193 - - [08/Dec/2008:02:32:22 -0800] "GET / HTTP/1.1" 200 1315 "http://www.roomfurnish.com/" "Mozilla/4.0 (compatible; MSIE 6.0; Windows NT 5.1)" "www.roomfurnish.com"
74.6.26.180 - - [08/Dec/2008:03:13:42 -0800] "GET /robots.txt HTTP/1.0" 404 275 "-" "Mozilla/5.0 (compatible; Yahoo! Slurp; http://help.yahoo.com/help/us/ysearch/slurp)" "www.roomfurnish.com"
74.6.76.45 - - [08/Dec/2008:03:13:42 -0800] "GET / HTTP/1.0" 200 1315 "-" "Mozilla/5.0 (compatible; Yahoo! DE Slurp; http://help.yahoo.com/help/us/ysearch/slurp)" "www.roomfurnish.com"
124.115.1.66 - - [08/Dec/2008:05:14:58 -0800] "GET / HTTP/1.1" 200 1315 "http://www.roomfurnish.com/" "Mozilla/4.0 (compatible; MSIE 6.0; Windows NT 5.1)" "www.roomfurnish.com"
74.6.26.180 - - [08/Dec/2008:05:31:07 -0800] "GET /robots.txt HTTP/1.0" 404 275 "-" "Mozilla/5.0 (compatible; Yahoo! Slurp; http://help.yahoo.com/help/us/ysearch/slurp)" "www.roomfurnish.com"
74.6.30.119 - - [08/Dec/2008:05:31:07 -0800] "GET / HTTP/1.0" 200 1315 "-" "Mozilla/5.0 (compatible; Yahoo! DE Slurp; http://help.yahoo.com/help/us/ysearch/slurp)" "www.roomfurnish.com"
193.252.149.16 - - [08/Dec/2008:06:27:14 -0800] "GET /robots.txt HTTP/1.1" 404 275 "-" "Mozilla/5.0 (Windows; U; Windows NT 5.1; fr; rv:1.8.1) VoilaBot BETA 1.2 (support.voilabot@orange-ftgroup.com)" "www.roomfurnish.com"
193.252.149.16 - - [08/Dec/2008:06:27:22 -0800] "GET / HTTP/1.1" 200 1315 "-" "Mozilla/5.0 (Windows; U; Windows NT 5.1; fr; rv:1.8.1) VoilaBot BETA 1.2 (support.voilabot@orange-ftgroup.com)" "www.roomfurnish.com"
67.152.29.130 - - [08/Dec/2008:09:20:39 -0800] "GET /robots.txt HTTP/1.1" 404 275 "-" "ShopWiki/1.0 ( +http://www.shopwiki.com/wiki/Help:Bot)" "www.roomfurnish.com"
67.152.29.130 - - [08/Dec/2008:09:20:47 -0800] "GET / HTTP/1.1" 200 1315 "-" "ShopWiki/1.0 ( +http://www.shopwiki.com/wiki/Help:Bot)" "www.roomfurnish.com"
67.152.29.130 - - [08/Dec/2008:09:20:48 -0800] "GET / HTTP/1.1" 200 1315 "-" "ShopWiki/1.0 ( +http://www.shopwiki.com/wiki/Help:Bot)" "www.roomfurnish.com"
193.252.149.16 - - [08/Dec/2008:09:42:10 -0800] "GET / HTTP/1.1" 200 1315 "-" "Mozilla/5.0 (Windows; U; Windows NT 5.1; fr; rv:1.8.1) VoilaBot BETA 1.2 (support.voilabot@orange-ftgroup.com)" "roomfurnish.com"
67.195.37.126 - - [08/Dec/2008:09:44:52 -0800] "GET /robots.txt HTTP/1.0" 404 275 "-" "Mozilla/5.0 (compatible; Yahoo! Slurp; http://help.yahoo.com/help/us/ysearch/slurp)" "www.roomfurnish.com"
67.195.37.126 - - [08/Dec/2008:09:46:30 -0800] "GET / HTTP/1.0" 200 1315 "-" "Mozilla/5.0 (compatible; Yahoo! DE Slurp; http://help.yahoo.com/help/us/ysearch/slurp)" "www.roomfurnish.com"
67.152.29.130 - - [08/Dec/2008:09:46:34 -0800] "GET / HTTP/1.1" 200 1315 "-" "ShopWiki/1.0 ( +http://www.shopwiki.com/wiki/Help:Bot)" "www.roomfurnish.com"
67.152.29.130 - - [08/Dec/2008:09:46:35 -0800] "GET / HTTP/1.1" 200 1315 "-" "ShopWiki/1.0 ( +http://www.shopwiki.com/wiki/Help:Bot)" "www.roomfurnish.com"
67.152.29.130 - - [08/Dec/2008:12:11:25 -0800] "GET / HTTP/1.1" 200 1315 "-" "ShopWiki/1.0 ( +http://www.shopwiki.com/wiki/Help:Bot)" "www.roomfurnish.com"
67.152.29.130 - - [08/Dec/2008:12:11:25 -0800] "GET / HTTP/1.1" 200 1315 "-" "ShopWiki/1.0 ( +http://www.shopwiki.com/wiki/Help:Bot)" "www.roomfurnish.com"
93.158.149.32 - - [08/Dec/2008:12:23:29 -0800] "GET /robots.txt HTTP/1.1" 404 275 "-" "Yandex/1.01.001 (compatible; Win16; I)" "roomfurnish.com"
93.158.149.32 - - [08/Dec/2008:12:23:29 -0800] "GET / HTTP/1.1" 200 1315 "-" "Yandex/1.01.001 (compatible; Win16; I)" "roomfurnish.com"
208.111.154.16 - - [08/Dec/2008:14:03:38 -0800] "GET /robots.txt HTTP/1.1" 404 275 "-" "Mozilla/5.0 (compatible; Charlotte/1.1; http://www.searchme.com/support/)" "roomfurnish.com"
208.111.154.16 - - [08/Dec/2008:14:03:38 -0800] "GET / HTTP/1.1" 200 1315 "-" "Mozilla/5.0 (compatible; Charlotte/1.1; http://www.searchme.com/support/)" "roomfurnish.com"
124.115.10.193 - - [08/Dec/2008:15:15:14 -0800] "GET / HTTP/1.1" 200 1315 "http://www.roomfurnish.com/" "Mozilla/4.0 (compatible; MSIE 6.0; Windows NT 5.1)" "www.roomfurnish.com"
193.47.80.40 - - [08/Dec/2008:15:23:29 -0800] "GET /robots.txt HTTP/1.1" 404 275 "-" "Mozilla/5.0 (compatible; Exabot/3.0; +http://www.exabot.com/go/robot)" "roomfurnish.com"
193.47.80.40 - - [08/Dec/2008:15:23:29 -0800] "GET / HTTP/1.1" 200 1315 "-" "Mozilla/5.0 (compatible; Exabot/3.0; +http://www.exabot.com/go/robot)" "roomfurnish.com"
208.80.194.54 - - [08/Dec/2008:18:04:50 -0800] "GET / HTTP/1.0" 200 1315 "-" "Mozilla/4.0 (compatible; MSIE 6.0; AOL 9.0; Windows NT 5.1; FunWebProducts; SV1; .NET CLR 1.1.4322; ZangoToolbar 4.8.3; HbTools 4.8.2)" "www.roomfurnish.com"
208.80.194.54 - - [08/Dec/2008:18:04:50 -0800] "GET / HTTP/1.0" 200 1315 "-" "Mozilla/4.0 (compatible; MSIE 6.0; Windows NT 5.1; FunWebProducts-MyWay; SV1; .NET CLR 1.0.3705; .NET CLR 1.1.4322; yplus 5.1.02b)" "roomfurnish.com"
124.115.1.66 - - [08/Dec/2008:18:32:57 -0800] "GET / HTTP/1.1" 200 1315 "http://www.roomfurnish.com/" "Mozilla/4.0 (compatible; MSIE 6.0; Windows NT 5.1)" "www.roomfurnish.com"
66.249.67.37 - - [08/Dec/2008:18:42:14 -0800] "GET /robots.txt HTTP/1.1" 404 275 "-" "Mozilla/5.0 (compatible; Googlebot/2.1; +http://www.google.com/bot.html)" "www.roomfurnish.com"
66.249.67.37 - - [08/Dec/2008:18:42:14 -0800] "GET / HTTP/1.1" 200 1315 "-" "Mozilla/5.0 (compatible; Googlebot/2.1; +http://www.google.com/bot.html)" "www.roomfurnish.com"
67.152.29.130 - - [08/Dec/2008:19:10:04 -0800] "GET /robots.txt HTTP/1.1" 404 275 "-" "ShopWiki/1.0 ( +http://www.shopwiki.com/wiki/Help:Bot)" "www.roomfurnish.com"
67.152.29.130 - - [08/Dec/2008:19:10:04 -0800] "GET /sitemap.html HTTP/1.1" 404 275 "-" "ShopWiki/1.0 ( +http://www.shopwiki.com/wiki/Help:Bot)" "www.roomfurnish.com"
67.152.29.130 - - [08/Dec/2008:19:10:05 -0800] "GET / HTTP/1.1" 200 1315 "-" "ShopWiki/1.0 ( +http://www.shopwiki.com/wiki/Help:Bot)" "www.roomfurnish.com"
208.111.154.16 - - [08/Dec/2008:19:14:34 -0800] "GET /robots.txt HTTP/1.0" 404 275 "-" "Mozilla/5.0 (compatible; Charlotte/1.1; http://www.searchme.com/support/)" "www.roomfurnish.com"
208.111.154.16 - - [08/Dec/2008:19:14:34 -0800] "GET / HTTP/1.1" 200 1315 "-" "Mozilla/5.0 (compatible; Charlotte/1.1; http://www.searchme.com/support/)" "www.roomfurnish.com"
208.36.144.10 - - [08/Dec/2008:21:53:31 -0800] "GET /robots.txt HTTP/1.0" 404 275 "-" "Mozilla/5.0 (Twiceler-0.9 http://www.cuil.com/twiceler/robot.html)" "www.roomfurnish.com"
202.160.178.82 - - [09/Dec/2008:00:15:04 -0800] "GET / HTTP/1.0" 200 1315 "-" "Mozilla/5.0 (compatible; Yahoo! Slurp China; http://misc.yahoo.com.cn/help.html)" "roomfurnish.com"
119.63.194.49 - - [09/Dec/2008:00:50:45 -0800] "GET / HTTP/1.1" 200 1315 "-" "Baiduspider+(+http://help.baidu.jp/system/05.html)" "roomfurnish.com"
124.115.10.193 - - [09/Dec/2008:04:02:29 -0800] "GET / HTTP/1.1" 200 1315 "http://www.roomfurnish.com/" "Mozilla/4.0 (compatible; MSIE 6.0; Windows NT 5.1)" "www.roomfurnish.com"
74.6.17.121 - - [09/Dec/2008:06:01:27 -0800] "GET /robots.txt HTTP/1.0" 404 275 "-" "Mozilla/5.0 (compatible; Yahoo! Slurp; http://help.yahoo.com/help/us/ysearch/slurp)" "www.roomfurnish.com"
74.6.76.45 - - [09/Dec/2008:06:01:28 -0800] "GET / HTTP/1.0" 200 1315 "-" "Mozilla/5.0 (compatible; Yahoo! DE Slurp; http://help.yahoo.com/help/us/ysearch/slurp)" "www.roomfurnish.com"
74.6.30.119 - - [09/Dec/2008:06:28:32 -0800] "GET / HTTP/1.0" 200 1315 "-" "Mozilla/5.0 (compatible; Yahoo! DE Slurp; http://help.yahoo.com/help/us/ysearch/slurp)" "www.roomfurnish.com"
124.115.1.66 - - [09/Dec/2008:08:24:48 -0800] "GET / HTTP/1.1" 200 1315 "http://www.roomfurnish.com/" "Mozilla/4.0 (compatible; MSIE 6.0; Windows NT 5.1)" "www.roomfurnish.com"
216.64.169.240 - - [09/Dec/2008:09:22:25 -0800] "GET / HTTP/1.1" 200 1315 "-" "Mozilla/4.0 (compatible; MSIE 6.0; Windows NT 5.0; .NET CLR 1.0.3705; .NET CLR 1.1.4322)" "roomfurnish.com"
67.152.29.130 - - [09/Dec/2008:11:23:14 -0800] "GET /robots.txt HTTP/1.1" 404 275 "-" "ShopWiki/1.0 ( +http://www.shopwiki.com/wiki/Help:Bot)" "www.roomfurnish.com"
67.152.29.130 - - [09/Dec/2008:11:23:16 -0800] "GET /sitemap.html HTTP/1.1" 404 275 "-" "ShopWiki/1.0 ( +http://www.shopwiki.com/wiki/Help:Bot)" "www.roomfurnish.com"
67.195.37.126 - - [09/Dec/2008:12:21:50 -0800] "GET /robots.txt HTTP/1.0" 404 275 "-" "Mozilla/5.0 (compatible; Yahoo! Slurp; http://help.yahoo.com/help/us/ysearch/slurp)" "www.roomfurnish.com"
67.195.37.126 - - [09/Dec/2008:12:23:21 -0800] "GET / HTTP/1.0" 200 1315 "-" "Mozilla/5.0 (compatible; Yahoo! DE Slurp; http://help.yahoo.com/help/us/ysearch/slurp)" "www.roomfurnish.com"
208.111.154.16 - - [09/Dec/2008:12:25:38 -0800] "GET /robots.txt HTTP/1.0" 404 275 "-" "Mozilla/5.0 (compatible; Charlotte/1.1; http://www.searchme.com/support/)" "www.roomfurnish.com"
208.111.154.16 - - [09/Dec/2008:12:25:49 -0800] "GET / HTTP/1.1" 200 1315 "-" "Mozilla/5.0 (compatible; Charlotte/1.1; http://www.searchme.com/support/)" "www.roomfurnish.com"
64.1.215.165 - - [09/Dec/2008:12:29:08 -0800] "GET /robots.txt HTTP/1.0" 404 275 "-" "Mozilla/5.0 (Twiceler-0.9 http://www.cuil.com/twiceler/robot.html)" "roomfurnish.com"
193.47.80.40 - - [09/Dec/2008:15:30:03 -0800] "GET /robots.txt HTTP/1.1" 404 275 "-" "Mozilla/5.0 (compatible; Exabot/3.0; +http://www.exabot.com/go/robot)" "roomfurnish.com"
193.47.80.40 - - [09/Dec/2008:15:30:04 -0800] "GET / HTTP/1.1" 200 1315 "-" "Mozilla/5.0 (compatible; Exabot/3.0; +http://www.exabot.com/go/robot)" "roomfurnish.com"
124.115.10.193 - - [09/Dec/2008:15:33:25 -0800] "GET / HTTP/1.1" 200 1315 "http://www.roomfurnish.com/" "Mozilla/4.0 (compatible; MSIE 6.0; Windows NT 5.1)" "www.roomfurnish.com"
72.70.72.31 - - [09/Dec/2008:16:30:57 -0800] "GET /favicon.ico HTTP/1.1" 404 275 "-" "Mozilla/4.0 (compatible; GoogleToolbar 4.0.1602.12068-big; Windows 6.0; MSIE 7.0.6001.18000)" "roomfurnish.com"
72.70.72.31 - - [09/Dec/2008:16:30:57 -0800] "GET /favicon.gif HTTP/1.1" 404 275 "-" "Mozilla/4.0 (compatible; GoogleToolbar 4.0.1602.12068-big; Windows 6.0; MSIE 7.0.6001.18000)" "roomfurnish.com"
67.152.29.130 - - [09/Dec/2008:18:56:30 -0800] "GET /robots.txt HTTP/1.1" 404 275 "-" "ShopWiki/1.0 ( +http://www.shopwiki.com/wiki/Help:Bot)" "www.roomfurnish.com"
67.152.29.130 - - [09/Dec/2008:18:56:39 -0800] "GET / HTTP/1.1" 200 1315 "-" "ShopWiki/1.0 ( +http://www.shopwiki.com/wiki/Help:Bot)" "www.roomfurnish.com"
67.152.29.130 - - [09/Dec/2008:18:56:42 -0800] "GET /sitemap.html HTTP/1.1" 404 275 "-" "ShopWiki/1.0 ( +http://www.shopwiki.com/wiki/Help:Bot)" "www.roomfurnish.com"
66.249.70.117 - - [09/Dec/2008:20:41:19 -0800] "GET /robots.txt HTTP/1.1" 404 275 "-" "Mozilla/5.0 (compatible; Googlebot/2.1; +http://www.google.com/bot.html)" "roomfurnish.com"
66.249.70.117 - - [09/Dec/2008:20:41:19 -0800] "GET /index.html HTTP/1.1" 200 1315 "-" "Mozilla/5.0 (compatible; Googlebot/2.1; +http://www.google.com/bot.html)" "roomfurnish.com"
208.96.54.71 - - [09/Dec/2008:21:21:22 -0800] "GET / HTTP/1.1" 200 1315 "-" "Mozilla/5.0 (compatible; discobot/1.0; +http://discoveryengine.com/discobot.html)" "roomfurnish.com"
124.115.1.66 - - [09/Dec/2008:21:44:58 -0800] "GET / HTTP/1.1" 200 1315 "http://www.roomfurnish.com/" "Mozilla/4.0 (compatible; MSIE 6.0; Windows NT 5.1)" "www.roomfurnish.com"
