67.152.29.130 - - [22/Dec/2008:22:11:58 -0800] "GET /sitemap.html HTTP/1.1" 404 275 "-" "ShopWiki/1.0 ( +http://www.shopwiki.com/wiki/Help:Bot)" "www.roomfurnish.com"
67.152.29.130 - - [22/Dec/2008:22:11:59 -0800] "GET / HTTP/1.1" 200 1315 "-" "ShopWiki/1.0 ( +http://www.shopwiki.com/wiki/Help:Bot)" "www.roomfurnish.com"
208.36.144.10 - - [22/Dec/2008:23:01:20 -0800] "GET /robots.txt HTTP/1.0" 404 275 "-" "Mozilla/5.0 (Twiceler-0.9 http://www.cuil.com/twiceler/robot.html)" "www.roomfurnish.com"
208.80.194.40 - - [23/Dec/2008:03:13:23 -0800] "GET / HTTP/1.0" 200 1315 "-" "Mozilla/4.0 (compatible; MSIE 7.0; Windows NT 5.1; FunWebProducts; ga=MDAxMzIwOTZiMmEx; .NET CLR 1.1.4322; IEMB3; .NET CLR 2.0.50727; IEMB3)" "roomfurnish.com"
208.80.194.40 - - [23/Dec/2008:03:13:23 -0800] "GET / HTTP/1.0" 200 1315 "-" "Mozilla/4.0 (compatible; MSIE 7.0; Windows NT 5.1; YComp 5.0.0.0; .NET CLR 1.0.3705; ZangoToolbar 4.8.2)" "www.roomfurnish.com"
193.252.149.16 - - [23/Dec/2008:04:58:36 -0800] "GET /robots.txt HTTP/1.1" 404 275 "-" "Mozilla/5.0 (Windows; U; Windows NT 5.1; fr; rv:1.8.1) VoilaBot BETA 1.2 (support.voilabot@orange-ftgroup.com)" "roomfurnish.com"
193.252.149.16 - - [23/Dec/2008:04:58:42 -0800] "GET / HTTP/1.1" 200 1315 "-" "Mozilla/5.0 (Windows; U; Windows NT 5.1; fr; rv:1.8.1) VoilaBot BETA 1.2 (support.voilabot@orange-ftgroup.com)" "roomfurnish.com"
74.6.22.230 - - [23/Dec/2008:05:37:34 -0800] "GET /robots.txt HTTP/1.0" 404 275 "-" "Mozilla/5.0 (compatible; Yahoo! Slurp; http://help.yahoo.com/help/us/ysearch/slurp)" "www.roomfurnish.com"
74.6.30.119 - - [23/Dec/2008:05:37:35 -0800] "GET / HTTP/1.0" 200 1315 "-" "Mozilla/5.0 (compatible; Yahoo! DE Slurp; http://help.yahoo.com/help/us/ysearch/slurp)" "www.roomfurnish.com"
65.55.37.229 - - [23/Dec/2008:05:44:32 -0800] "GET /robots.txt HTTP/1.1" 404 275 "-" "msnbot/1.1 (+http://search.msn.com/msnbot.htm)" "www.roomfurnish.com"
65.55.37.229 - - [23/Dec/2008:05:44:32 -0800] "GET / HTTP/1.1" 200 1315 "-" "msnbot/1.1 (+http://search.msn.com/msnbot.htm)" "www.roomfurnish.com"
208.111.154.16 - - [23/Dec/2008:07:09:01 -0800] "GET /robots.txt HTTP/1.0" 404 275 "-" "Mozilla/5.0 (compatible; Charlotte/1.1; http://www.searchme.com/support/)" "www.roomfurnish.com"
208.111.154.15 - - [23/Dec/2008:07:09:01 -0800] "GET / HTTP/1.1" 200 1315 "-" "Mozilla/5.0 (compatible; Charlotte/1.1; http://www.searchme.com/support/)" "www.roomfurnish.com"
98.173.26.143 - - [23/Dec/2008:08:09:38 -0800] "GET /robots.txt HTTP/1.0" 404 275 "-" "envolk/1.7 (+http://www.envolk.com/envolkspiderinfo.html)" "roomfurnish.com"
65.55.37.229 - - [23/Dec/2008:10:57:36 -0800] "GET /robots.txt HTTP/1.1" 404 275 "-" "msnbot/1.1 (+http://search.msn.com/msnbot.htm)" "www.roomfurnish.com"
65.55.37.229 - - [23/Dec/2008:10:57:36 -0800] "GET / HTTP/1.1" 200 1315 "-" "msnbot/1.1 (+http://search.msn.com/msnbot.htm)" "www.roomfurnish.com"
67.195.37.112 - - [23/Dec/2008:11:52:36 -0800] "GET /robots.txt HTTP/1.0" 404 275 "-" "Mozilla/5.0 (compatible; Yahoo! Slurp; http://help.yahoo.com/help/us/ysearch/slurp)" "www.roomfurnish.com"
67.195.37.112 - - [23/Dec/2008:11:52:36 -0800] "GET / HTTP/1.0" 200 1315 "-" "Mozilla/5.0 (compatible; Yahoo! DE Slurp; http://help.yahoo.com/help/us/ysearch/slurp)" "www.roomfurnish.com"
216.64.169.240 - - [23/Dec/2008:14:00:23 -0800] "GET / HTTP/1.1" 200 1315 "-" "Mozilla/4.0 (compatible; MSIE 6.0; Windows NT 5.0; .NET CLR 1.0.3705; .NET CLR 1.1.4322)" "roomfurnish.com"
65.55.37.229 - - [23/Dec/2008:15:06:40 -0800] "GET /robots.txt HTTP/1.1" 404 275 "-" "msnbot/1.1 (+http://search.msn.com/msnbot.htm)" "www.roomfurnish.com"
65.55.37.229 - - [23/Dec/2008:15:06:40 -0800] "GET / HTTP/1.1" 200 1315 "-" "msnbot/1.1 (+http://search.msn.com/msnbot.htm)" "www.roomfurnish.com"
64.1.215.165 - - [23/Dec/2008:15:47:31 -0800] "GET /robots.txt HTTP/1.0" 404 275 "-" "Mozilla/5.0 (Twiceler-0.9 http://www.cuil.com/twiceler/robot.html)" "roomfurnish.com"
62.141.50.6 - - [23/Dec/2008:16:10:54 -0800] "GET / HTTP/1.0" 200 1315 "-" "Snoopy v1.2" "www.roomfurnish.com"
62.141.50.6 - - [23/Dec/2008:16:11:58 -0800] "GET / HTTP/1.0" 200 1315 "-" "Snoopy v1.2" "www.roomfurnish.com"
74.6.20.51 - - [23/Dec/2008:16:29:59 -0800] "GET /robots.txt HTTP/1.0" 404 275 "-" "Mozilla/5.0 (compatible; Yahoo! Slurp; http://help.yahoo.com/help/us/ysearch/slurp)" "www.roomfurnish.com"
74.6.76.45 - - [23/Dec/2008:16:29:59 -0800] "GET / HTTP/1.0" 200 1315 "-" "Mozilla/5.0 (compatible; Yahoo! DE Slurp; http://help.yahoo.com/help/us/ysearch/slurp)" "www.roomfurnish.com"
193.47.80.40 - - [23/Dec/2008:17:02:10 -0800] "GET /robots.txt HTTP/1.1" 404 275 "-" "Mozilla/5.0 (compatible; Exabot/3.0; +http://www.exabot.com/go/robot)" "roomfurnish.com"
193.47.80.40 - - [23/Dec/2008:17:02:11 -0800] "GET / HTTP/1.1" 200 1315 "-" "Mozilla/5.0 (compatible; Exabot/3.0; +http://www.exabot.com/go/robot)" "roomfurnish.com"
208.80.194.56 - - [23/Dec/2008:17:46:05 -0800] "GET / HTTP/1.0" 200 1315 "-" "Mozilla/4.0 (compatible; MSIE 6.0; MSN 2.5; Windows 98; FunWebProducts)" "www.roomfurnish.com"
208.80.194.56 - - [23/Dec/2008:17:46:05 -0800] "GET / HTTP/1.0" 200 1315 "-" "Mozilla/4.0 (compatible; MSIE 6.0; Windows NT 5.1; SV1; NovaPacs Viewer 6.5.223.3; .NET CLR 1.1.4322; .NET CLR 2.0.50727)" "roomfurnish.com"
208.111.154.16 - - [23/Dec/2008:18:48:17 -0800] "GET /robots.txt HTTP/1.0" 404 275 "-" "Mozilla/5.0 (compatible; Charlotte/1.1; http://www.searchme.com/support/)" "www.roomfurnish.com"
208.111.154.16 - - [23/Dec/2008:18:48:17 -0800] "GET / HTTP/1.1" 200 1315 "-" "Mozilla/5.0 (compatible; Charlotte/1.1; http://www.searchme.com/support/)" "www.roomfurnish.com"
66.249.67.226 - - [23/Dec/2008:19:48:54 -0800] "GET /robots.txt HTTP/1.1" 404 275 "-" "Mozilla/5.0 (compatible; Googlebot/2.1; +http://www.google.com/bot.html)" "www.roomfurnish.com"
66.249.67.226 - - [23/Dec/2008:19:48:54 -0800] "GET / HTTP/1.1" 200 1315 "-" "Mozilla/5.0 (compatible; Googlebot/2.1; +http://www.google.com/bot.html)" "www.roomfurnish.com"
65.55.209.12 - - [23/Dec/2008:22:35:33 -0800] "GET /robots.txt HTTP/1.1" 404 275 "-" "msnbot/1.1 (+http://search.msn.com/msnbot.htm)" "roomfurnish.com"
65.55.209.12 - - [23/Dec/2008:22:35:34 -0800] "GET / HTTP/1.1" 200 1315 "-" "msnbot/1.1 (+http://search.msn.com/msnbot.htm)" "roomfurnish.com"
74.6.18.38 - - [24/Dec/2008:07:18:42 -0800] "GET /robots.txt HTTP/1.0" 404 275 "-" "Mozilla/5.0 (compatible; Yahoo! Slurp; http://help.yahoo.com/help/us/ysearch/slurp)" "www.roomfurnish.com"
74.6.30.119 - - [24/Dec/2008:07:18:43 -0800] "GET / HTTP/1.0" 200 1315 "-" "Mozilla/5.0 (compatible; Yahoo! DE Slurp; http://help.yahoo.com/help/us/ysearch/slurp)" "www.roomfurnish.com"
67.152.29.130 - - [24/Dec/2008:08:41:05 -0800] "GET /robots.txt HTTP/1.1" 404 275 "-" "ShopWiki/1.0 ( +http://www.shopwiki.com/wiki/Help:Bot)" "www.roomfurnish.com"
67.152.29.130 - - [24/Dec/2008:08:41:05 -0800] "GET / HTTP/1.1" 200 1315 "-" "ShopWiki/1.0 ( +http://www.shopwiki.com/wiki/Help:Bot)" "www.roomfurnish.com"
67.152.29.130 - - [24/Dec/2008:08:42:13 -0800] "GET / HTTP/1.1" 200 1315 "-" "ShopWiki/1.0 ( +http://www.shopwiki.com/wiki/Help:Bot)" "www.roomfurnish.com"
67.152.29.130 - - [24/Dec/2008:08:42:14 -0800] "GET / HTTP/1.1" 200 1315 "-" "ShopWiki/1.0 ( +http://www.shopwiki.com/wiki/Help:Bot)" "www.roomfurnish.com"
66.249.70.117 - - [24/Dec/2008:09:24:36 -0800] "GET /robots.txt HTTP/1.1" 404 275 "-" "Mozilla/5.0 (compatible; Googlebot/2.1; +http://www.google.com/bot.html)" "roomfurnish.com"
66.249.70.117 - - [24/Dec/2008:09:24:36 -0800] "GET /index.html HTTP/1.1" 200 1315 "-" "Mozilla/5.0 (compatible; Googlebot/2.1; +http://www.google.com/bot.html)" "roomfurnish.com"
67.152.29.130 - - [24/Dec/2008:09:57:00 -0800] "GET / HTTP/1.1" 200 1315 "-" "ShopWiki/1.0 ( +http://www.shopwiki.com/wiki/Help:Bot)" "www.roomfurnish.com"
67.152.29.130 - - [24/Dec/2008:09:57:01 -0800] "GET / HTTP/1.1" 200 1315 "-" "ShopWiki/1.0 ( +http://www.shopwiki.com/wiki/Help:Bot)" "www.roomfurnish.com"
59.95.167.205 - - [24/Dec/2008:11:27:48 -0800] "GET / HTTP/1.1" 200 1315 "file:///C:/Documents%20and%20Settings/Bhuvnesh%20Ashaliya/My%20Documents/www,yahoodirectory%20Furniture%20Full.htm" "Mozilla/4.0 (compatible; MSIE 7.0; Windows NT 5.1; FDM; InfoPath.2; .NET CLR 2.0.50727)" "www.roomfurnish.com"
65.55.214.154 - - [24/Dec/2008:11:43:22 -0800] "GET /robots.txt HTTP/1.0" 404 275 "-" "msnbot-Products/1.0 (+http://search.msn.com/msnbot.htm)" "www.roomfurnish.com"
65.55.214.154 - - [24/Dec/2008:11:43:23 -0800] "GET / HTTP/1.0" 200 1315 "-" "msnbot-Products/1.0 (+http://search.msn.com/msnbot.htm)" "www.roomfurnish.com"
67.195.37.112 - - [24/Dec/2008:12:41:05 -0800] "GET /robots.txt HTTP/1.0" 404 275 "-" "Mozilla/5.0 (compatible; Yahoo! Slurp; http://help.yahoo.com/help/us/ysearch/slurp)" "www.roomfurnish.com"
67.195.37.112 - - [24/Dec/2008:12:41:06 -0800] "GET / HTTP/1.0" 200 1315 "-" "Mozilla/5.0 (compatible; Yahoo! DE Slurp; http://help.yahoo.com/help/us/ysearch/slurp)" "www.roomfurnish.com"
208.111.154.16 - - [24/Dec/2008:13:03:24 -0800] "GET /robots.txt HTTP/1.0" 404 275 "-" "Mozilla/5.0 (compatible; Charlotte/1.1; http://www.searchme.com/support/)" "www.roomfurnish.com"
208.111.154.16 - - [24/Dec/2008:13:03:24 -0800] "GET / HTTP/1.1" 200 1315 "-" "Mozilla/5.0 (compatible; Charlotte/1.1; http://www.searchme.com/support/)" "www.roomfurnish.com"
88.131.106.12 - - [24/Dec/2008:14:28:02 -0800] "GET /robots.txt HTTP/1.0" 404 275 "-" "Speedy Spider (http://www.entireweb.com/about/search_tech/speedy_spider/)" "roomfurnish.com"
88.131.106.12 - - [24/Dec/2008:14:28:02 -0800] "GET /g-2036.html HTTP/1.0" 404 275 "-" "Speedy Spider (http://www.entireweb.com/about/search_tech/speedy_spider/)" "roomfurnish.com"
74.52.245.146 - - [24/Dec/2008:15:15:51 -0800] "GET / HTTP/1.0" 200 1315 "-" "Mozilla/5.0 (X11; U; Linux i686; en-US; rv:1.7.5) Gecko/20041107 Firefox/1.0" "www.roomfurnish.com"
208.80.194.37 - - [24/Dec/2008:17:33:12 -0800] "GET / HTTP/1.0" 200 1315 "-" "Mozilla/4.0 (compatible; MSIE 7.0; Windows NT 5.1; .NET CLR 1.1.4322; IEMB3; FDM; IEMB3)" "www.roomfurnish.com"
208.80.194.37 - - [24/Dec/2008:17:33:12 -0800] "GET / HTTP/1.0" 200 1315 "-" "Mozilla/4.0 (compatible; MSIE 7.0; Windows NT 5.1; FunWebProducts; .NET CLR 1.0.3705; Media Center PC 4.0)" "roomfurnish.com"
74.6.18.38 - - [24/Dec/2008:18:23:46 -0800] "GET /robots.txt HTTP/1.0" 404 275 "-" "Mozilla/5.0 (compatible; Yahoo! Slurp; http://help.yahoo.com/help/us/ysearch/slurp)" "www.roomfurnish.com"
74.6.76.45 - - [24/Dec/2008:18:23:47 -0800] "GET / HTTP/1.0" 200 1315 "-" "Mozilla/5.0 (compatible; Yahoo! DE Slurp; http://help.yahoo.com/help/us/ysearch/slurp)" "www.roomfurnish.com"
67.152.29.130 - - [24/Dec/2008:22:06:48 -0800] "GET /robots.txt HTTP/1.1" 404 275 "-" "ShopWiki/1.0 ( +http://www.shopwiki.com/wiki/Help:Bot)" "www.roomfurnish.com"
67.152.29.130 - - [24/Dec/2008:22:06:51 -0800] "GET / HTTP/1.1" 200 1315 "-" "ShopWiki/1.0 ( +http://www.shopwiki.com/wiki/Help:Bot)" "www.roomfurnish.com"
67.152.29.130 - - [24/Dec/2008:22:06:52 -0800] "GET / HTTP/1.1" 200 1315 "-" "ShopWiki/1.0 ( +http://www.shopwiki.com/wiki/Help:Bot)" "www.roomfurnish.com"
208.36.144.10 - - [24/Dec/2008:22:50:37 -0800] "GET /robots.txt HTTP/1.0" 404 275 "-" "Mozilla/5.0 (Twiceler-0.9 http://www.cuil.com/twiceler/robot.html)" "www.roomfurnish.com"
208.115.111.250 - - [25/Dec/2008:00:06:04 -0800] "GET /robots.txt HTTP/1.1" 404 275 "-" "Mozilla/5.0 (compatible; DotBot/1.1; http://www.dotnetdotcom.org/, crawler@dotnetdotcom.org)" "www.roomfurnish.com"
208.115.111.250 - - [25/Dec/2008:00:06:04 -0800] "GET /robots.txt HTTP/1.1" 404 275 "-" "Mozilla/5.0 (compatible; DotBot/1.1; http://www.dotnetdotcom.org/, crawler@dotnetdotcom.org)" "roomfurnish.com"
207.126.224.241 - - [25/Dec/2008:00:15:25 -0800] "GET / HTTP/1.0" 200 1315 "-" "Mozilla/4.05 [en]" "www.roomfurnish.com"
64.124.148.28 - - [25/Dec/2008:02:02:31 -0800] "GET /robots.txt HTTP/1.1" 404 275 "-" "Mozilla/5.0 (compatible; FatBot 2.0; http://www.thefind.com/crawler)" "roomfurnish.com"
64.124.148.28 - - [25/Dec/2008:02:03:46 -0800] "GET / HTTP/1.1" 200 1315 "-" "Mozilla/5.0 (compatible; FatBot 2.0; http://www.thefind.com/crawler)" "roomfurnish.com"
208.115.111.250 - - [25/Dec/2008:02:51:01 -0800] "GET / HTTP/1.1" 200 1315 "-" "Mozilla/5.0 (compatible; DotBot/1.1; http://www.dotnetdotcom.org/, crawler@dotnetdotcom.org)" "www.roomfurnish.com"
208.115.111.250 - - [25/Dec/2008:02:51:02 -0800] "GET / HTTP/1.1" 200 1315 "-" "Mozilla/5.0 (compatible; DotBot/1.1; http://www.dotnetdotcom.org/, crawler@dotnetdotcom.org)" "roomfurnish.com"
38.100.8.50 - - [25/Dec/2008:05:13:52 -0800] "GET /robots.txt HTTP/1.1" 404 275 "-" "panscient.com" "www.roomfurnish.com"
38.100.8.50 - - [25/Dec/2008:05:13:52 -0800] "GET / HTTP/1.1" 200 1315 "-" "panscient.com" "www.roomfurnish.com"
208.111.154.16 - - [25/Dec/2008:06:14:09 -0800] "GET /robots.txt HTTP/1.0" 404 275 "-" "Mozilla/5.0 (compatible; Charlotte/1.1; http://www.searchme.com/support/)" "www.roomfurnish.com"
208.111.154.16 - - [25/Dec/2008:06:14:09 -0800] "GET / HTTP/1.1" 200 1315 "-" "Mozilla/5.0 (compatible; Charlotte/1.1; http://www.searchme.com/support/)" "www.roomfurnish.com"
74.6.18.38 - - [25/Dec/2008:07:27:02 -0800] "GET /robots.txt HTTP/1.0" 404 275 "-" "Mozilla/5.0 (compatible; Yahoo! Slurp; http://help.yahoo.com/help/us/ysearch/slurp)" "www.roomfurnish.com"
74.6.30.119 - - [25/Dec/2008:07:27:03 -0800] "GET / HTTP/1.0" 200 1315 "-" "Mozilla/5.0 (compatible; Yahoo! DE Slurp; http://help.yahoo.com/help/us/ysearch/slurp)" "www.roomfurnish.com"
67.152.29.130 - - [25/Dec/2008:12:18:35 -0800] "GET /robots.txt HTTP/1.1" 404 275 "-" "ShopWiki/1.0 ( +http://www.shopwiki.com/wiki/Help:Bot)" "www.roomfurnish.com"
67.152.29.130 - - [25/Dec/2008:12:18:35 -0800] "GET / HTTP/1.1" 200 1315 "-" "ShopWiki/1.0 ( +http://www.shopwiki.com/wiki/Help:Bot)" "www.roomfurnish.com"
67.152.29.130 - - [25/Dec/2008:12:18:36 -0800] "GET /sitemap.html HTTP/1.1" 404 275 "-" "ShopWiki/1.0 ( +http://www.shopwiki.com/wiki/Help:Bot)" "www.roomfurnish.com"
67.152.29.130 - - [25/Dec/2008:12:18:37 -0800] "GET / HTTP/1.1" 200 1315 "-" "ShopWiki/1.0 ( +http://www.shopwiki.com/wiki/Help:Bot)" "www.roomfurnish.com"
64.1.215.165 - - [25/Dec/2008:14:23:17 -0800] "GET /robots.txt HTTP/1.0" 404 275 "-" "Mozilla/5.0 (Twiceler-0.9 http://www.cuil.com/twiceler/robot.html)" "roomfurnish.com"
67.152.29.130 - - [25/Dec/2008:15:02:45 -0800] "GET / HTTP/1.1" 200 1315 "-" "ShopWiki/1.0 ( +http://www.shopwiki.com/wiki/Help:Bot)" "www.roomfurnish.com"
67.195.37.112 - - [25/Dec/2008:15:05:52 -0800] "GET /robots.txt HTTP/1.0" 404 275 "-" "Mozilla/5.0 (compatible; Yahoo! Slurp; http://help.yahoo.com/help/us/ysearch/slurp)" "www.roomfurnish.com"
67.195.37.112 - - [25/Dec/2008:15:05:52 -0800] "GET / HTTP/1.0" 200 1315 "-" "Mozilla/5.0 (compatible; Yahoo! DE Slurp; http://help.yahoo.com/help/us/ysearch/slurp)" "www.roomfurnish.com"
67.152.29.130 - - [25/Dec/2008:15:05:53 -0800] "GET / HTTP/1.1" 200 1315 "-" "ShopWiki/1.0 ( +http://www.shopwiki.com/wiki/Help:Bot)" "www.roomfurnish.com"
67.152.29.130 - - [25/Dec/2008:15:05:54 -0800] "GET / HTTP/1.1" 200 1315 "-" "ShopWiki/1.0 ( +http://www.shopwiki.com/wiki/Help:Bot)" "www.roomfurnish.com"
193.47.80.40 - - [25/Dec/2008:15:20:18 -0800] "GET /robots.txt HTTP/1.1" 404 275 "-" "Mozilla/5.0 (compatible; Exabot/3.0; +http://www.exabot.com/go/robot)" "roomfurnish.com"
193.47.80.40 - - [25/Dec/2008:15:20:18 -0800] "GET / HTTP/1.1" 200 1315 "-" "Mozilla/5.0 (compatible; Exabot/3.0; +http://www.exabot.com/go/robot)" "roomfurnish.com"
208.80.194.52 - - [25/Dec/2008:17:20:08 -0800] "GET / HTTP/1.0" 200 1315 "-" "Mozilla/4.0 (compatible; MSIE 6.0; Windows NT 5.1; ESB{A870D12D-2065-4B80-A6C1-1075CD5DF44E}; SV1; .NET CLR 1.1.4322)" "www.roomfurnish.com"
208.80.194.52 - - [25/Dec/2008:17:20:09 -0800] "GET / HTTP/1.0" 200 1315 "-" "Mozilla/4.0 (compatible; MSIE 7.0; America Online Browser 1.6-embedded; rev1.6; Windows NT 5.1; FunWebProducts; .NET CLR 1.1.4322)" "roomfurnish.com"
193.252.149.16 - - [25/Dec/2008:18:12:43 -0800] "GET /robots.txt HTTP/1.1" 404 275 "-" "Mozilla/5.0 (Windows; U; Windows NT 5.1; fr; rv:1.8.1) VoilaBot BETA 1.2 (support.voilabot@orange-ftgroup.com)" "www.roomfurnish.com"
193.252.149.16 - - [25/Dec/2008:18:12:56 -0800] "GET / HTTP/1.1" 200 1315 "-" "Mozilla/5.0 (Windows; U; Windows NT 5.1; fr; rv:1.8.1) VoilaBot BETA 1.2 (support.voilabot@orange-ftgroup.com)" "www.roomfurnish.com"
67.152.29.130 - - [25/Dec/2008:18:50:15 -0800] "GET /robots.txt HTTP/1.1" 404 275 "-" "ShopWiki/1.0 ( +http://www.shopwiki.com/wiki/Help:Bot)" "www.roomfurnish.com"
67.152.29.130 - - [25/Dec/2008:18:50:15 -0800] "GET / HTTP/1.1" 200 1315 "-" "ShopWiki/1.0 ( +http://www.shopwiki.com/wiki/Help:Bot)" "www.roomfurnish.com"
67.152.29.130 - - [25/Dec/2008:18:50:16 -0800] "GET /sitemap.html HTTP/1.1" 404 275 "-" "ShopWiki/1.0 ( +http://www.shopwiki.com/wiki/Help:Bot)" "www.roomfurnish.com"
193.252.149.16 - - [25/Dec/2008:20:24:16 -0800] "GET / HTTP/1.1" 200 1315 "-" "Mozilla/5.0 (Windows; U; Windows NT 5.1; fr; rv:1.8.1) VoilaBot BETA 1.2 (support.voilabot@orange-ftgroup.com)" "roomfurnish.com"
74.6.18.181 - - [25/Dec/2008:20:24:39 -0800] "GET /robots.txt HTTP/1.0" 404 275 "-" "Mozilla/5.0 (compatible; Yahoo! Slurp; http://help.yahoo.com/help/us/ysearch/slurp)" "www.roomfurnish.com"
74.6.76.45 - - [25/Dec/2008:20:24:40 -0800] "GET / HTTP/1.0" 200 1315 "-" "Mozilla/5.0 (compatible; Yahoo! DE Slurp; http://help.yahoo.com/help/us/ysearch/slurp)" "www.roomfurnish.com"
208.111.154.16 - - [25/Dec/2008:21:25:14 -0800] "GET /robots.txt HTTP/1.0" 404 275 "-" "Mozilla/5.0 (compatible; Charlotte/1.1; http://www.searchme.com/support/)" "www.roomfurnish.com"
208.111.154.16 - - [25/Dec/2008:21:25:14 -0800] "GET / HTTP/1.1" 200 1315 "-" "Mozilla/5.0 (compatible; Charlotte/1.1; http://www.searchme.com/support/)" "www.roomfurnish.com"
88.131.106.12 - - [26/Dec/2008:00:31:32 -0800] "GET /robots.txt HTTP/1.0" 404 275 "-" "Speedy Spider (http://www.entireweb.com/about/search_tech/speedy_spider/)" "roomfurnish.com"
88.131.106.12 - - [26/Dec/2008:00:31:32 -0800] "GET /239grandesofa.html HTTP/1.0" 404 275 "-" "Speedy Spider (http://www.entireweb.com/about/search_tech/speedy_spider/)" "roomfurnish.com"
119.63.194.49 - - [26/Dec/2008:07:50:21 -0800] "GET / HTTP/1.1" 200 1315 "-" "Baiduspider+(+http://help.baidu.jp/system/05.html)" "roomfurnish.com"
74.6.22.230 - - [26/Dec/2008:09:13:14 -0800] "GET /robots.txt HTTP/1.0" 404 275 "-" "Mozilla/5.0 (compatible; Yahoo! Slurp; http://help.yahoo.com/help/us/ysearch/slurp)" "www.roomfurnish.com"
74.6.30.119 - - [26/Dec/2008:09:13:14 -0800] "GET / HTTP/1.0" 200 1315 "-" "Mozilla/5.0 (compatible; Yahoo! DE Slurp; http://help.yahoo.com/help/us/ysearch/slurp)" "www.roomfurnish.com"
202.160.178.82 - - [26/Dec/2008:13:43:07 -0800] "GET / HTTP/1.0" 200 1315 "-" "Mozilla/5.0 (compatible; Yahoo! Slurp China; http://misc.yahoo.com.cn/help.html)" "roomfurnish.com"
64.69.46.80 - - [26/Dec/2008:13:51:12 -0800] "GET / HTTP/1.1" 200 1315 "-" "Mozilla/5.0 (compatible; Googlebot/2.1; http://www.google.com/bot.html)" "www.roomfurnish.com"
193.47.80.40 - - [26/Dec/2008:15:17:00 -0800] "GET / HTTP/1.1" 200 1315 "-" "Mozilla/5.0 (compatible; Exabot/3.0; +http://www.exabot.com/go/robot)" "roomfurnish.com"
67.195.37.126 - - [26/Dec/2008:16:44:08 -0800] "GET /robots.txt HTTP/1.0" 404 275 "-" "Mozilla/5.0 (compatible; Yahoo! Slurp; http://help.yahoo.com/help/us/ysearch/slurp)" "www.roomfurnish.com"
67.195.37.126 - - [26/Dec/2008:16:44:08 -0800] "GET / HTTP/1.0" 200 1315 "-" "Mozilla/5.0 (compatible; Yahoo! DE Slurp; http://help.yahoo.com/help/us/ysearch/slurp)" "www.roomfurnish.com"
208.80.194.120 - - [26/Dec/2008:17:07:13 -0800] "GET / HTTP/1.0" 200 1315 "-" "Mozilla/4.0 (compatible; MSIE 6.0; Windows NT 5.1; SV1; SIMBAR Enabled; SIMBAR={446D770D-23E6-4c92-AE02-F9CB287F6312})" "www.roomfurnish.com"
208.80.194.120 - - [26/Dec/2008:17:07:13 -0800] "GET / HTTP/1.0" 200 1315 "-" "Mozilla/4.0 (compatible; MSIE 6.0; Windows NT 5.1; Cox High Speed Internet Customer)" "roomfurnish.com"
67.152.29.130 - - [26/Dec/2008:18:50:01 -0800] "GET /robots.txt HTTP/1.1" 404 275 "-" "ShopWiki/1.0 ( +http://www.shopwiki.com/wiki/Help:Bot)" "www.roomfurnish.com"
67.152.29.130 - - [26/Dec/2008:18:50:02 -0800] "GET / HTTP/1.1" 200 1315 "-" "ShopWiki/1.0 ( +http://www.shopwiki.com/wiki/Help:Bot)" "www.roomfurnish.com"
67.152.29.130 - - [26/Dec/2008:18:51:09 -0800] "GET / HTTP/1.1" 200 1315 "-" "ShopWiki/1.0 ( +http://www.shopwiki.com/wiki/Help:Bot)" "www.roomfurnish.com"
67.152.29.130 - - [26/Dec/2008:18:51:10 -0800] "GET / HTTP/1.1" 200 1315 "-" "ShopWiki/1.0 ( +http://www.shopwiki.com/wiki/Help:Bot)" "www.roomfurnish.com"
74.6.11.249 - - [26/Dec/2008:22:32:52 -0800] "GET /robots.txt HTTP/1.0" 404 275 "-" "Mozilla/5.0 (compatible; Yahoo! Slurp; http://help.yahoo.com/help/us/ysearch/slurp)" "www.roomfurnish.com"
74.6.76.45 - - [26/Dec/2008:22:32:53 -0800] "GET / HTTP/1.0" 200 1315 "-" "Mozilla/5.0 (compatible; Yahoo! DE Slurp; http://help.yahoo.com/help/us/ysearch/slurp)" "www.roomfurnish.com"
208.36.144.10 - - [26/Dec/2008:22:43:51 -0800] "GET /robots.txt HTTP/1.0" 404 275 "-" "Mozilla/5.0 (Twiceler-0.9 http://www.cuil.com/twiceler/robot.html)" "www.roomfurnish.com"
216.64.169.240 - - [27/Dec/2008:04:59:17 -0800] "GET / HTTP/1.1" 200 1315 "-" "Mozilla/4.0 (compatible; MSIE 6.0; Windows NT 5.0; .NET CLR 1.0.3705; .NET CLR 1.1.4322)" "roomfurnish.com"
74.6.21.41 - - [27/Dec/2008:11:00:44 -0800] "GET /robots.txt HTTP/1.0" 404 275 "-" "Mozilla/5.0 (compatible; Yahoo! Slurp; http://help.yahoo.com/help/us/ysearch/slurp)" "www.roomfurnish.com"
74.6.30.119 - - [27/Dec/2008:11:00:44 -0800] "GET / HTTP/1.0" 200 1315 "-" "Mozilla/5.0 (compatible; Yahoo! DE Slurp; http://help.yahoo.com/help/us/ysearch/slurp)" "www.roomfurnish.com"
67.152.29.130 - - [27/Dec/2008:11:05:47 -0800] "GET /robots.txt HTTP/1.1" 404 275 "-" "ShopWiki/1.0 ( +http://www.shopwiki.com/wiki/Help:Bot)" "www.roomfurnish.com"
67.152.29.130 - - [27/Dec/2008:11:05:47 -0800] "GET / HTTP/1.1" 200 1315 "-" "ShopWiki/1.0 ( +http://www.shopwiki.com/wiki/Help:Bot)" "www.roomfurnish.com"
67.152.29.130 - - [27/Dec/2008:11:05:48 -0800] "GET /sitemap.html HTTP/1.1" 404 275 "-" "ShopWiki/1.0 ( +http://www.shopwiki.com/wiki/Help:Bot)" "www.roomfurnish.com"
67.152.29.130 - - [27/Dec/2008:11:05:49 -0800] "GET / HTTP/1.1" 200 1315 "-" "ShopWiki/1.0 ( +http://www.shopwiki.com/wiki/Help:Bot)" "www.roomfurnish.com"
122.162.166.131 - - [27/Dec/2008:11:29:17 -0800] "GET / HTTP/1.1" 200 1315 "-" "-" "www.roomfurnish.com"
64.1.215.165 - - [27/Dec/2008:14:44:55 -0800] "GET /robots.txt HTTP/1.0" 404 275 "-" "Mozilla/5.0 (Twiceler-0.9 http://www.cuil.com/twiceler/robot.html)" "roomfurnish.com"
193.47.80.40 - - [27/Dec/2008:15:22:19 -0800] "GET /robots.txt HTTP/1.1" 404 275 "-" "Mozilla/5.0 (compatible; Exabot/3.0; +http://www.exabot.com/go/robot)" "roomfurnish.com"
193.47.80.40 - - [27/Dec/2008:15:22:19 -0800] "GET / HTTP/1.1" 200 1315 "-" "Mozilla/5.0 (compatible; Exabot/3.0; +http://www.exabot.com/go/robot)" "roomfurnish.com"
67.195.37.126 - - [27/Dec/2008:17:04:36 -0800] "GET /robots.txt HTTP/1.0" 404 275 "-" "Mozilla/5.0 (compatible; Yahoo! Slurp; http://help.yahoo.com/help/us/ysearch/slurp)" "www.roomfurnish.com"
67.195.37.126 - - [27/Dec/2008:17:04:36 -0800] "GET / HTTP/1.0" 200 1315 "-" "Mozilla/5.0 (compatible; Yahoo! DE Slurp; http://help.yahoo.com/help/us/ysearch/slurp)" "www.roomfurnish.com"
79.130.45.233 - - [27/Dec/2008:22:05:19 -0800] "GET / HTTP/1.1" 200 1315 "-" "-" "www.roomfurnish.com"
66.249.73.11 - - [27/Dec/2008:22:55:11 -0800] "GET /robots.txt HTTP/1.1" 404 275 "-" "Mozilla/5.0 (compatible; Googlebot/2.1; +http://www.google.com/bot.html)" "www.roomfurnish.com"
66.249.73.11 - - [27/Dec/2008:22:55:11 -0800] "GET / HTTP/1.1" 200 1315 "-" "Mozilla/5.0 (compatible; Googlebot/2.1; +http://www.google.com/bot.html)" "www.roomfurnish.com"
66.249.16.212 - - [27/Dec/2008:23:44:45 -0800] "GET / HTTP/1.1" 200 1315 "http://whois.domaintools.com/roomfurnish.com" "Mozilla/5.0 (compatible; Googlebot/2.1; +http://www.google.com/bot.html)" "www.roomfurnish.com"
74.6.28.99 - - [28/Dec/2008:00:57:33 -0800] "GET /robots.txt HTTP/1.0" 404 275 "-" "Mozilla/5.0 (compatible; Yahoo! Slurp; http://help.yahoo.com/help/us/ysearch/slurp)" "www.roomfurnish.com"
74.6.76.45 - - [28/Dec/2008:00:57:34 -0800] "GET / HTTP/1.0" 200 1315 "-" "Mozilla/5.0 (compatible; Yahoo! DE Slurp; http://help.yahoo.com/help/us/ysearch/slurp)" "www.roomfurnish.com"
65.55.37.229 - - [28/Dec/2008:07:24:45 -0800] "GET /robots.txt HTTP/1.1" 404 275 "-" "msnbot/1.1 (+http://search.msn.com/msnbot.htm)" "www.roomfurnish.com"
65.55.37.229 - - [28/Dec/2008:07:24:45 -0800] "GET / HTTP/1.1" 200 1315 "-" "msnbot/1.1 (+http://search.msn.com/msnbot.htm)" "www.roomfurnish.com"
67.152.29.130 - - [28/Dec/2008:09:20:01 -0800] "GET /robots.txt HTTP/1.1" 404 275 "-" "ShopWiki/1.0 ( +http://www.shopwiki.com/wiki/Help:Bot)" "www.roomfurnish.com"
67.152.29.130 - - [28/Dec/2008:09:20:01 -0800] "GET / HTTP/1.1" 200 1315 "-" "ShopWiki/1.0 ( +http://www.shopwiki.com/wiki/Help:Bot)" "www.roomfurnish.com"
67.152.29.130 - - [28/Dec/2008:09:24:28 -0800] "GET / HTTP/1.1" 200 1315 "-" "ShopWiki/1.0 ( +http://www.shopwiki.com/wiki/Help:Bot)" "www.roomfurnish.com"
67.152.29.130 - - [28/Dec/2008:09:24:29 -0800] "GET / HTTP/1.1" 200 1315 "-" "ShopWiki/1.0 ( +http://www.shopwiki.com/wiki/Help:Bot)" "www.roomfurnish.com"
208.80.194.38 - - [28/Dec/2008:10:05:09 -0800] "GET / HTTP/1.0" 200 1315 "-" "Mozilla/4.0 (compatible; MSIE 6.0; America Online Browser 1.1; Windows NT 5.1; SV1; (R1 1.3); .NET CLR 1.0.3705)" "www.roomfurnish.com"
208.80.194.38 - - [28/Dec/2008:10:05:10 -0800] "GET / HTTP/1.0" 200 1315 "-" "Mozilla/4.0 (compatible; MSIE 7.0; Windows NT 5.1; .NET CLR 1.1.4322; .NET CLR 2.0.50727; InfoPath.2; InfoPath.1; .NET CLR 3.0.04506.30)" "roomfurnish.com"
74.6.26.180 - - [28/Dec/2008:11:45:19 -0800] "GET /robots.txt HTTP/1.0" 404 275 "-" "Mozilla/5.0 (compatible; Yahoo! Slurp; http://help.yahoo.com/help/us/ysearch/slurp)" "www.roomfurnish.com"
74.6.30.119 - - [28/Dec/2008:11:45:19 -0800] "GET / HTTP/1.0" 200 1315 "-" "Mozilla/5.0 (compatible; Yahoo! DE Slurp; http://help.yahoo.com/help/us/ysearch/slurp)" "www.roomfurnish.com"
66.249.73.11 - - [28/Dec/2008:11:46:08 -0800] "GET /robots.txt HTTP/1.1" 404 275 "-" "Mozilla/5.0 (compatible; Googlebot/2.1; +http://www.google.com/bot.html)" "roomfurnish.com"
66.249.73.11 - - [28/Dec/2008:11:46:08 -0800] "GET /index.html HTTP/1.1" 200 1315 "-" "Mozilla/5.0 (compatible; Googlebot/2.1; +http://www.google.com/bot.html)" "roomfurnish.com"
94.23.23.121 - - [28/Dec/2008:11:50:34 -0800] "GET /robots.txt HTTP/1.0" 404 275 "http://majestic12.co.uk/bot.php?I=12D3F2451B-F947B8C875F33E93-roomfurnish_com" "Mozilla/5.0 (compatible; MJ12bot/v1.2.3; http://www.majestic12.co.uk/bot.php?+)" "roomfurnish.com"
94.23.23.121 - - [28/Dec/2008:11:50:35 -0800] "GET / HTTP/1.0" 200 1315 "http://www.juvio.com/search/click.asp?SiteID=1898690&URL=http://roomfurnish.com" "Mozilla/5.0 (compatible; MJ12bot/v1.2.3; http://www.majestic12.co.uk/bot.php?+)" "roomfurnish.com"
93.158.149.32 - - [28/Dec/2008:13:23:49 -0800] "GET /robots.txt HTTP/1.1" 404 275 "-" "Yandex/1.01.001 (compatible; Win16; I)" "www.roomfurnish.com"
93.158.149.32 - - [28/Dec/2008:13:23:50 -0800] "GET / HTTP/1.1" 200 1315 "-" "Yandex/1.01.001 (compatible; Win16; I)" "www.roomfurnish.com"
193.47.80.40 - - [28/Dec/2008:15:19:27 -0800] "GET / HTTP/1.1" 200 1315 "-" "Mozilla/5.0 (compatible; Exabot/3.0; +http://www.exabot.com/go/robot)" "roomfurnish.com"
193.252.149.16 - - [28/Dec/2008:16:06:17 -0800] "GET /robots.txt HTTP/1.1" 404 275 "-" "Mozilla/5.0 (Windows; U; Windows NT 5.1; fr; rv:1.8.1) VoilaBot BETA 1.2 (support.voilabot@orange-ftgroup.com)" "roomfurnish.com"
193.252.149.16 - - [28/Dec/2008:16:06:31 -0800] "GET / HTTP/1.1" 200 1315 "-" "Mozilla/5.0 (Windows; U; Windows NT 5.1; fr; rv:1.8.1) VoilaBot BETA 1.2 (support.voilabot@orange-ftgroup.com)" "roomfurnish.com"
208.80.194.35 - - [28/Dec/2008:17:31:47 -0800] "GET / HTTP/1.0" 200 1315 "-" "Mozilla/4.0 (compatible; MSIE 6.0; MSNIA; Windows 98; Win 9x 4.90; .NET CLR 1.1.4322)" "www.roomfurnish.com"
208.80.194.35 - - [28/Dec/2008:17:31:47 -0800] "GET / HTTP/1.0" 200 1315 "-" "Mozilla/4.0 (compatible; MSIE 7.0; Windows NT 5.1; YPC 3.2.0; HbTools 4.7.2; ZangoToolbar 4.8.2; yplus 5.1.04b)" "roomfurnish.com"
67.195.37.189 - - [28/Dec/2008:18:51:03 -0800] "GET /robots.txt HTTP/1.0" 404 275 "-" "Mozilla/5.0 (compatible; Yahoo! Slurp; http://help.yahoo.com/help/us/ysearch/slurp)" "www.roomfurnish.com"
67.195.37.189 - - [28/Dec/2008:18:51:04 -0800] "GET / HTTP/1.0" 200 1315 "-" "Mozilla/5.0 (compatible; Yahoo! DE Slurp; http://help.yahoo.com/help/us/ysearch/slurp)" "www.roomfurnish.com"
68.45.205.151 - - [28/Dec/2008:21:28:27 -0800] "GET /329eiffelsofa.html HTTP/1.1" 404 275 "-" "Mozilla/4.0 (compatible; MSIE 7.0; Windows NT 6.0; SLCC1; .NET CLR 2.0.50727; Media Center PC 5.0; .NET CLR 3.0.04506; eSobiSubscriber 2.0.4.16; .NET CLR 1.1.4322)" "www.roomfurnish.com"
193.252.149.16 - - [28/Dec/2008:21:47:49 -0800] "GET / HTTP/1.1" 200 1315 "-" "Mozilla/5.0 (Windows; U; Windows NT 5.1; fr; rv:1.8.1) VoilaBot BETA 1.2 (support.voilabot@orange-ftgroup.com)" "www.roomfurnish.com"
208.36.144.10 - - [28/Dec/2008:22:54:34 -0800] "GET /robots.txt HTTP/1.0" 404 275 "-" "Mozilla/5.0 (Twiceler-0.9 http://www.cuil.com/twiceler/robot.html)" "www.roomfurnish.com"
99.179.143.104 - - [28/Dec/2008:23:51:29 -0800] "GET /comfysofagroup.html HTTP/1.1" 404 275 "-" "Mozilla/5.0 (Windows; U; Windows NT 5.1; en-US; rv:1.9.0.5) Gecko/2008120122 Firefox/3.0.5" "www.roomfurnish.com"
99.179.143.104 - - [28/Dec/2008:23:51:30 -0800] "GET /favicon.ico HTTP/1.1" 404 275 "-" "Mozilla/5.0 (Windows; U; Windows NT 5.1; en-US; rv:1.9.0.5) Gecko/2008120122 Firefox/3.0.5" "roomfurnish.com"
99.179.143.104 - - [28/Dec/2008:23:51:32 -0800] "GET /favicon.ico HTTP/1.1" 404 275 "-" "Mozilla/5.0 (Windows; U; Windows NT 5.1; en-US; rv:1.9.0.5) Gecko/2008120122 Firefox/3.0.5" "roomfurnish.com"
74.6.28.99 - - [29/Dec/2008:03:38:06 -0800] "GET /robots.txt HTTP/1.0" 404 275 "-" "Mozilla/5.0 (compatible; Yahoo! Slurp; http://help.yahoo.com/help/us/ysearch/slurp)" "www.roomfurnish.com"
74.6.76.45 - - [29/Dec/2008:03:38:06 -0800] "GET / HTTP/1.0" 200 1315 "-" "Mozilla/5.0 (compatible; Yahoo! DE Slurp; http://help.yahoo.com/help/us/ysearch/slurp)" "www.roomfurnish.com"
66.232.97.32 - - [29/Dec/2008:04:26:18 -0800] "GET / HTTP/1.1" 200 1315 "-" "Mozilla/4.0 (compatible; MSIE 6.0; Windows NT 5.1)" "roomfurnish.com"
74.6.26.180 - - [29/Dec/2008:13:27:23 -0800] "GET /robots.txt HTTP/1.0" 404 275 "-" "Mozilla/5.0 (compatible; Yahoo! Slurp; http://help.yahoo.com/help/us/ysearch/slurp)" "www.roomfurnish.com"
74.6.30.119 - - [29/Dec/2008:13:27:23 -0800] "GET / HTTP/1.0" 200 1315 "-" "Mozilla/5.0 (compatible; Yahoo! DE Slurp; http://help.yahoo.com/help/us/ysearch/slurp)" "www.roomfurnish.com"
88.131.106.12 - - [29/Dec/2008:14:17:46 -0800] "GET /robots.txt HTTP/1.0" 404 275 "-" "Speedy Spider (http://www.entireweb.com/about/search_tech/speedy_spider/)" "roomfurnish.com"
88.131.106.12 - - [29/Dec/2008:14:17:47 -0800] "GET /lb-11.html HTTP/1.0" 404 275 "-" "Speedy Spider (http://www.entireweb.com/about/search_tech/speedy_spider/)" "roomfurnish.com"
64.1.215.165 - - [29/Dec/2008:14:26:16 -0800] "GET /robots.txt HTTP/1.0" 404 275 "-" "Mozilla/5.0 (Twiceler-0.9 http://www.cuil.com/twiceler/robot.html)" "roomfurnish.com"
193.47.80.40 - - [29/Dec/2008:15:29:29 -0800] "GET /robots.txt HTTP/1.1" 404 275 "-" "Mozilla/5.0 (compatible; Exabot/3.0; +http://www.exabot.com/go/robot)" "roomfurnish.com"
193.47.80.40 - - [29/Dec/2008:15:29:29 -0800] "GET / HTTP/1.1" 200 1315 "-" "Mozilla/5.0 (compatible; Exabot/3.0; +http://www.exabot.com/go/robot)" "roomfurnish.com"