208.111.154.16 - - [29/Dec/2008:16:32:35 -0800] "GET /robots.txt HTTP/1.0" 404 275 "-" "Mozilla/5.0 (compatible; Charlotte/1.1; http://www.searchme.com/support/)" "www.roomfurnish.com"
208.111.154.15 - - [29/Dec/2008:16:32:35 -0800] "GET / HTTP/1.1" 200 1315 "-" "Mozilla/5.0 (compatible; Charlotte/1.1; http://www.searchme.com/support/)" "www.roomfurnish.com"
208.80.194.35 - - [29/Dec/2008:17:38:19 -0800] "GET / HTTP/1.0" 200 1315 "-" "Mozilla/4.0 (compatible; MSIE 7.0; Windows NT 5.1; BT Openworld BB; YPC 3.2.0; .NET CLR 1.1.4322; yplus 5.3.04b)" "www.roomfurnish.com"
208.80.194.35 - - [29/Dec/2008:17:38:19 -0800] "GET / HTTP/1.0" 200 1315 "-" "Mozilla/4.0 (compatible; MSIE 7.0; Windows NT 5.1; AtHome021SI; iebar; Comcast; Comcast)" "roomfurnish.com"
64.69.46.80 - - [29/Dec/2008:18:04:20 -0800] "GET / HTTP/1.1" 200 1315 "-" "Mozilla/5.0 (compatible; Googlebot/2.1; http://www.google.com/bot.html)" "www.roomfurnish.com"
67.195.37.189 - - [29/Dec/2008:20:28:05 -0800] "GET /robots.txt HTTP/1.0" 404 275 "-" "Mozilla/5.0 (compatible; Yahoo! Slurp; http://help.yahoo.com/help/us/ysearch/slurp)" "www.roomfurnish.com"
67.195.37.189 - - [29/Dec/2008:20:28:06 -0800] "GET / HTTP/1.0" 200 1315 "-" "Mozilla/5.0 (compatible; Yahoo! DE Slurp; http://help.yahoo.com/help/us/ysearch/slurp)" "www.roomfurnish.com"
124.97.100.96 - - [29/Dec/2008:21:06:21 -0800] "HEAD / HTTP/1.1" 200 0 "-" "Mozilla/5.0 (Windows; U; Windows NT 6.0; ja; rv:1.8.1.20) Gecko/20081217 Firefox/2.0.0.20 (.NET CLR 3.5.30729)" "www.roomfurnish.com"
64.124.148.28 - - [30/Dec/2008:03:01:09 -0800] "GET /robots.txt HTTP/1.1" 404 275 "-" "Mozilla/5.0 (compatible; FatBot 2.0; http://www.thefind.com/crawler)" "roomfurnish.com"
64.124.148.28 - - [30/Dec/2008:03:02:06 -0800] "GET / HTTP/1.1" 200 1315 "-" "Mozilla/5.0 (compatible; FatBot 2.0; http://www.thefind.com/crawler)" "roomfurnish.com"
74.6.25.49 - - [30/Dec/2008:08:32:30 -0800] "GET /robots.txt HTTP/1.0" 404 275 "-" "Mozilla/5.0 (compatible; Yahoo! Slurp; http://help.yahoo.com/help/us/ysearch/slurp)" "www.roomfurnish.com"
74.6.76.45 - - [30/Dec/2008:08:32:30 -0800] "GET / HTTP/1.0" 200 1315 "-" "Mozilla/5.0 (compatible; Yahoo! DE Slurp; http://help.yahoo.com/help/us/ysearch/slurp)" "www.roomfurnish.com"
208.111.154.16 - - [30/Dec/2008:09:41:40 -0800] "GET /robots.txt HTTP/1.0" 404 275 "-" "Mozilla/5.0 (compatible; Charlotte/1.1; http://www.searchme.com/support/)" "www.roomfurnish.com"
208.111.154.16 - - [30/Dec/2008:09:41:40 -0800] "GET / HTTP/1.1" 200 1315 "-" "Mozilla/5.0 (compatible; Charlotte/1.1; http://www.searchme.com/support/)" "www.roomfurnish.com"
67.152.29.130 - - [30/Dec/2008:11:54:46 -0800] "GET /robots.txt HTTP/1.1" 404 275 "-" "ShopWiki/1.0 ( +http://www.shopwiki.com/wiki/Help:Bot)" "www.roomfurnish.com"
67.152.29.130 - - [30/Dec/2008:11:54:46 -0800] "GET / HTTP/1.1" 200 1315 "-" "ShopWiki/1.0 ( +http://www.shopwiki.com/wiki/Help:Bot)" "www.roomfurnish.com"
67.152.29.130 - - [30/Dec/2008:11:54:48 -0800] "GET /sitemap.html HTTP/1.1" 404 275 "-" "ShopWiki/1.0 ( +http://www.shopwiki.com/wiki/Help:Bot)" "www.roomfurnish.com"
67.152.29.130 - - [30/Dec/2008:11:54:49 -0800] "GET / HTTP/1.1" 200 1315 "-" "ShopWiki/1.0 ( +http://www.shopwiki.com/wiki/Help:Bot)" "www.roomfurnish.com"
74.6.17.121 - - [30/Dec/2008:13:51:31 -0800] "GET /robots.txt HTTP/1.0" 404 275 "-" "Mozilla/5.0 (compatible; Yahoo! Slurp; http://help.yahoo.com/help/us/ysearch/slurp)" "www.roomfurnish.com"
74.6.30.119 - - [30/Dec/2008:13:51:32 -0800] "GET / HTTP/1.0" 200 1315 "-" "Mozilla/5.0 (compatible; Yahoo! DE Slurp; http://help.yahoo.com/help/us/ysearch/slurp)" "www.roomfurnish.com"
193.47.80.40 - - [30/Dec/2008:15:14:15 -0800] "GET / HTTP/1.1" 200 1315 "-" "Mozilla/5.0 (compatible; Exabot/3.0; +http://www.exabot.com/go/robot)" "roomfurnish.com"
88.131.106.12 - - [30/Dec/2008:15:31:11 -0800] "GET /robots.txt HTTP/1.0" 404 275 "-" "Speedy Spider (http://www.entireweb.com/about/search_tech/speedy_spider/)" "roomfurnish.com"
88.131.106.12 - - [30/Dec/2008:15:31:11 -0800] "GET / HTTP/1.0" 200 1315 "-" "Speedy Spider (http://www.entireweb.com/about/search_tech/speedy_spider/)" "roomfurnish.com"
67.195.37.189 - - [30/Dec/2008:21:34:31 -0800] "GET /robots.txt HTTP/1.0" 404 275 "-" "Mozilla/5.0 (compatible; Yahoo! Slurp; http://help.yahoo.com/help/us/ysearch/slurp)" "www.roomfurnish.com"
67.195.37.189 - - [30/Dec/2008:21:34:31 -0800] "GET / HTTP/1.0" 200 1315 "-" "Mozilla/5.0 (compatible; Yahoo! DE Slurp; http://help.yahoo.com/help/us/ysearch/slurp)" "www.roomfurnish.com"
208.36.144.10 - - [30/Dec/2008:22:43:28 -0800] "GET /robots.txt HTTP/1.0" 404 275 "-" "Mozilla/5.0 (Twiceler-0.9 http://www.cuil.com/twiceler/robot.html)" "www.roomfurnish.com"
216.64.169.240 - - [30/Dec/2008:22:52:03 -0800] "GET / HTTP/1.1" 200 1315 "-" "Mozilla/4.0 (compatible; MSIE 6.0; Windows NT 5.0; .NET CLR 1.0.3705; .NET CLR 1.1.4322)" "roomfurnish.com"
208.111.154.16 - - [31/Dec/2008:02:06:27 -0800] "GET /robots.txt HTTP/1.0" 404 275 "-" "Mozilla/5.0 (compatible; Charlotte/1.1; http://www.searchme.com/support/)" "www.roomfurnish.com"
208.111.154.16 - - [31/Dec/2008:02:06:27 -0800] "GET / HTTP/1.1" 200 1315 "-" "Mozilla/5.0 (compatible; Charlotte/1.1; http://www.searchme.com/support/)" "www.roomfurnish.com"
61.135.249.210 - - [31/Dec/2008:07:15:05 -0800] "GET /robots.txt HTTP/1.1" 404 275 "-" "Mozilla/5.0 (compatible; YoudaoBot/1.0; http://www.youdao.com/help/webmaster/spider/; )" "roomfurnish.com"
61.135.249.210 - - [31/Dec/2008:07:15:06 -0800] "GET / HTTP/1.1" 200 1315 "-" "Mozilla/5.0 (compatible; YoudaoBot/1.0; http://www.youdao.com/help/webmaster/spider/; )" "roomfurnish.com"
189.177.176.61 - - [31/Dec/2008:08:41:32 -0800] "GET / HTTP/1.1" 200 1315 "-" "Mozilla/4.0 (compatible; MSIE 6.0; Windows NT 5.1; SV1; .NET CLR 1.1.4322; .NET CLR 2.0.50727)" "www.roomfurnish.com"
208.80.194.48 - - [31/Dec/2008:08:42:46 -0800] "GET / HTTP/1.0" 200 1315 "-" "Mozilla/4.0 (compatible; MSIE 6.0; Windows NT 5.1; YPC 3.2.0; SV1; .NET CLR 1.1.4322; SpamBlockerUtility 4.8.4; ZangoToolbar 4.8.3)" "www.roomfurnish.com"
208.80.194.48 - - [31/Dec/2008:08:42:46 -0800] "GET / HTTP/1.0" 200 1315 "-" "Mozilla/4.0 (compatible; MSIE 6.0; Windows NT 5.1; SV1; .NET CLR 1.1.4322; .NET CLR 2.0.50727; MSN 6.1; MSNbMSFT; MSNmen-us; MSNc22; v5m)" "roomfurnish.com"
74.6.28.154 - - [31/Dec/2008:11:30:17 -0800] "GET /robots.txt HTTP/1.0" 404 275 "-" "Mozilla/5.0 (compatible; Yahoo! Slurp; http://help.yahoo.com/help/us/ysearch/slurp)" "www.roomfurnish.com"
74.6.76.45 - - [31/Dec/2008:11:30:17 -0800] "GET / HTTP/1.0" 200 1315 "-" "Mozilla/5.0 (compatible; Yahoo! DE Slurp; http://help.yahoo.com/help/us/ysearch/slurp)" "www.roomfurnish.com"
67.152.29.130 - - [31/Dec/2008:12:28:32 -0800] "GET /robots.txt HTTP/1.1" 404 275 "-" "ShopWiki/1.0 ( +http://www.shopwiki.com/wiki/Help:Bot)" "www.roomfurnish.com"
67.152.29.130 - - [31/Dec/2008:12:28:32 -0800] "GET / HTTP/1.1" 200 1315 "-" "ShopWiki/1.0 ( +http://www.shopwiki.com/wiki/Help:Bot)" "www.roomfurnish.com"
67.152.29.130 - - [31/Dec/2008:12:28:33 -0800] "GET / HTTP/1.1" 200 1315 "-" "ShopWiki/1.0 ( +http://www.shopwiki.com/wiki/Help:Bot)" "www.roomfurnish.com"
67.152.29.130 - - [31/Dec/2008:12:28:39 -0800] "GET /sitemap.html HTTP/1.1" 404 275 "-" "ShopWiki/1.0 ( +http://www.shopwiki.com/wiki/Help:Bot)" "www.roomfurnish.com"
67.152.29.130 - - [31/Dec/2008:12:28:40 -0800] "GET / HTTP/1.1" 200 1315 "-" "ShopWiki/1.0 ( +http://www.shopwiki.com/wiki/Help:Bot)" "www.roomfurnish.com"
64.1.215.165 - - [31/Dec/2008:13:59:24 -0800] "GET /robots.txt HTTP/1.0" 404 275 "-" "Mozilla/5.0 (Twiceler-0.9 http://www.cuil.com/twiceler/robot.html)" "roomfurnish.com"
114.111.36.26 - - [31/Dec/2008:13:59:45 -0800] "GET /robots.txt HTTP/1.1" 404 275 "-" "Mozilla/4.0 (compatible; NaverBot/1.0; http://help.naver.com/customer_webtxt_02.jsp)" "roomfurnish.com"
114.111.36.26 - - [31/Dec/2008:13:59:59 -0800] "GET / HTTP/1.1" 200 1315 "-" "Mozilla/4.0 (compatible; NaverBot/1.0; http://help.naver.com/customer_webtxt_02.jsp)" "roomfurnish.com"
74.6.30.119 - - [31/Dec/2008:14:26:53 -0800] "GET / HTTP/1.0" 200 1315 "-" "Mozilla/5.0 (compatible; Yahoo! DE Slurp; http://help.yahoo.com/help/us/ysearch/slurp)" "www.roomfurnish.com"
193.47.80.40 - - [31/Dec/2008:15:17:52 -0800] "GET /robots.txt HTTP/1.1" 404 275 "-" "Mozilla/5.0 (compatible; Exabot/3.0; +http://www.exabot.com/go/robot)" "roomfurnish.com"
193.47.80.40 - - [31/Dec/2008:15:17:52 -0800] "GET / HTTP/1.1" 200 1315 "-" "Mozilla/5.0 (compatible; Exabot/3.0; +http://www.exabot.com/go/robot)" "roomfurnish.com"
208.111.154.16 - - [31/Dec/2008:15:58:32 -0800] "GET /robots.txt HTTP/1.0" 404 275 "-" "Mozilla/5.0 (compatible; Charlotte/1.1; http://www.searchme.com/support/)" "www.roomfurnish.com"
208.111.154.15 - - [31/Dec/2008:15:58:32 -0800] "GET / HTTP/1.1" 200 1315 "-" "Mozilla/5.0 (compatible; Charlotte/1.1; http://www.searchme.com/support/)" "www.roomfurnish.com"
193.252.149.16 - - [31/Dec/2008:17:37:11 -0800] "GET / HTTP/1.1" 200 1315 "-" "Mozilla/5.0 (Windows; U; Windows NT 5.1; fr; rv:1.8.1) VoilaBot BETA 1.2 (support.voilabot@orange-ftgroup.com)" "roomfurnish.com"
208.80.194.39 - - [31/Dec/2008:18:17:06 -0800] "GET / HTTP/1.0" 200 1315 "-" "Mozilla/4.0 (compatible; MSIE 6.0; Windows NT 5.1; SV1; FunWebProducts; iebar; acc=ownsya; acc=none; (none); .NET CLR 1.1.4322)" "www.roomfurnish.com"
208.80.194.39 - - [31/Dec/2008:18:17:06 -0800] "GET / HTTP/1.0" 200 1315 "-" "Mozilla/4.0 (compatible; MSIE 7.0; Windows NT 5.1; Mozilla/4.0 (compatible; MSIE 6.0; Windows NT 5.1; SV1) ; Embedded Web Browser from: http://bsalsa.com/; .NET CLR 1.1.4322; .NET CLR 2.0.50727; .NET CLR 3.0.04506.30; .NET CLR 3.0.04506.648)" "roomfurnish.com"
193.252.149.16 - - [31/Dec/2008:21:47:53 -0800] "GET /robots.txt HTTP/1.1" 404 275 "-" "Mozilla/5.0 (Windows; U; Windows NT 5.1; fr; rv:1.8.1) VoilaBot BETA 1.2 (support.voilabot@orange-ftgroup.com)" "www.roomfurnish.com"
193.252.149.16 - - [31/Dec/2008:21:48:05 -0800] "GET / HTTP/1.1" 200 1315 "-" "Mozilla/5.0 (Windows; U; Windows NT 5.1; fr; rv:1.8.1) VoilaBot BETA 1.2 (support.voilabot@orange-ftgroup.com)" "www.roomfurnish.com"
202.160.178.82 - - [31/Dec/2008:23:03:19 -0800] "GET / HTTP/1.0" 200 1315 "-" "Mozilla/5.0 (compatible; Yahoo! Slurp China; http://misc.yahoo.com.cn/help.html)" "roomfurnish.com"
67.195.37.189 - - [01/Jan/2009:00:15:45 -0800] "GET /robots.txt HTTP/1.0" 404 275 "-" "Mozilla/5.0 (compatible; Yahoo! Slurp; http://help.yahoo.com/help/us/ysearch/slurp)" "www.roomfurnish.com"
67.195.37.189 - - [01/Jan/2009:00:15:46 -0800] "GET / HTTP/1.0" 200 1315 "-" "Mozilla/5.0 (compatible; Yahoo! DE Slurp; http://help.yahoo.com/help/us/ysearch/slurp)" "www.roomfurnish.com"
66.249.73.140 - - [01/Jan/2009:00:34:53 -0800] "GET /robots.txt HTTP/1.1" 404 275 "-" "Nokia6820/2.0 (4.83) Profile/MIDP-1.0 Configuration/CLDC-1.0 (compatible; Googlebot-Mobile/2.1; +http://www.google.com/bot.html)" "roomfurnish.com"
66.249.73.140 - - [01/Jan/2009:00:34:53 -0800] "GET / HTTP/1.1" 200 1315 "-" "Nokia6820/2.0 (4.83) Profile/MIDP-1.0 Configuration/CLDC-1.0 (compatible; Googlebot-Mobile/2.1; +http://www.google.com/bot.html)" "roomfurnish.com"
119.149.173.47 - - [01/Jan/2009:04:36:59 -0800] "GET /sitemap.html HTTP/1.1" 404 275 "http://search.naver.com/search.naver?where=nexearch&sm=tab_jum&query=Giovanni%20sofa" "Mozilla/4.0 (compatible; MSIE 7.0; Windows NT 6.0; SLCC1; .NET CLR 2.0.50727; .NET CLR 3.0.04506)" "roomfurnish.com"
208.111.154.16 - - [01/Jan/2009:07:43:21 -0800] "GET / HTTP/1.1" 200 1315 "-" "Mozilla/5.0 (compatible; Charlotte/1.1; http://www.searchme.com/support/)" "www.roomfurnish.com"
66.249.73.140 - - [01/Jan/2009:09:04:33 -0800] "GET /robots.txt HTTP/1.1" 404 275 "-" "Mozilla/5.0 (compatible; Googlebot/2.1; +http://www.google.com/bot.html)" "www.roomfurnish.com"
66.249.73.140 - - [01/Jan/2009:09:04:33 -0800] "GET / HTTP/1.1" 200 1315 "-" "Mozilla/5.0 (compatible; Googlebot/2.1; +http://www.google.com/bot.html)" "www.roomfurnish.com"
65.55.214.154 - - [01/Jan/2009:10:12:22 -0800] "GET /robots.txt HTTP/1.0" 404 275 "-" "msnbot-Products/1.0 (+http://search.msn.com/msnbot.htm)" "www.roomfurnish.com"
65.55.214.154 - - [01/Jan/2009:10:12:22 -0800] "GET / HTTP/1.0" 200 1315 "-" "msnbot-Products/1.0 (+http://search.msn.com/msnbot.htm)" "www.roomfurnish.com"
119.105.241.28 - - [01/Jan/2009:10:16:30 -0800] "HEAD / HTTP/1.1" 200 0 "-" "Mozilla/4.0 (compatible; MSIE 7.0; Windows NT 5.1; SV1; .NET CLR 1.0.3705; .NET CLR 2.0.50727; .NET CLR 1.1.4322)" "www.roomfurnish.com"
74.6.16.216 - - [01/Jan/2009:13:39:07 -0800] "GET /robots.txt HTTP/1.0" 404 275 "-" "Mozilla/5.0 (compatible; Yahoo! Slurp; http://help.yahoo.com/help/us/ysearch/slurp)" "www.roomfurnish.com"
74.6.76.45 - - [01/Jan/2009:13:39:07 -0800] "GET / HTTP/1.0" 200 1315 "-" "Mozilla/5.0 (compatible; Yahoo! DE Slurp; http://help.yahoo.com/help/us/ysearch/slurp)" "www.roomfurnish.com"
193.47.80.40 - - [01/Jan/2009:15:16:40 -0800] "GET / HTTP/1.1" 200 1315 "-" "Mozilla/5.0 (compatible; Exabot/3.0; +http://www.exabot.com/go/robot)" "roomfurnish.com"
212.95.54.42 - - [01/Jan/2009:16:17:27 -0800] "GET / HTTP/1.0" 200 1315 "http://ROOMFURNISH.com/" "Mozilla/4.0 (compatible; MSIE 6.0; Windows 98; Win 9x 4.90)" "roomfurnish.com"
74.6.30.119 - - [01/Jan/2009:16:23:50 -0800] "GET / HTTP/1.0" 200 1315 "-" "Mozilla/5.0 (compatible; Yahoo! DE Slurp; http://help.yahoo.com/help/us/ysearch/slurp)" "www.roomfurnish.com"
220.181.61.192 - - [01/Jan/2009:16:40:23 -0800] "GET / HTTP/1.1" 200 1315 "-" "Sogou web spider/4.0(+http://www.sogou.com/docs/help/webmasters.htm#07)" "www.roomfurnish.com"
67.152.29.130 - - [01/Jan/2009:16:48:15 -0800] "GET /robots.txt HTTP/1.1" 404 275 "-" "ShopWiki/1.0 ( +http://www.shopwiki.com/wiki/Help:Bot)" "www.roomfurnish.com"
67.152.29.130 - - [01/Jan/2009:16:48:15 -0800] "GET / HTTP/1.1" 200 1315 "-" "ShopWiki/1.0 ( +http://www.shopwiki.com/wiki/Help:Bot)" "www.roomfurnish.com"
67.152.29.130 - - [01/Jan/2009:16:48:46 -0800] "GET / HTTP/1.1" 200 1315 "-" "ShopWiki/1.0 ( +http://www.shopwiki.com/wiki/Help:Bot)" "www.roomfurnish.com"
67.152.29.130 - - [01/Jan/2009:16:48:47 -0800] "GET / HTTP/1.1" 200 1315 "-" "ShopWiki/1.0 ( +http://www.shopwiki.com/wiki/Help:Bot)" "www.roomfurnish.com"
208.80.194.46 - - [01/Jan/2009:17:44:58 -0800] "GET / HTTP/1.0" 200 1315 "-" "Mozilla/4.0 (compatible; MSIE 7.0; Windows NT 5.1; ALLTEL IS; FunWebProducts)" "roomfurnish.com"
208.80.194.46 - - [01/Jan/2009:17:44:58 -0800] "GET / HTTP/1.0" 200 1315 "-" "Mozilla/4.0 (compatible; MSIE 6.0; Windows NT 5.1; SV1; Sgrunt|V109|44|S-1663339833|dial; Sgrunt|V109|29|S-1663339833|dial; Sgrunt|V110|29|S-1663339833|dial; ADVPLUGIN|K114|03|S-1663339833|dial; snprtz|T1993800000022454321|isdn)" "www.roomfurnish.com"
208.111.154.16 - - [01/Jan/2009:21:34:30 -0800] "GET /robots.txt HTTP/1.0" 404 275 "-" "Mozilla/5.0 (compatible; Charlotte/1.1; http://www.searchme.com/support/)" "www.roomfurnish.com"
208.111.154.16 - - [01/Jan/2009:21:34:30 -0800] "GET / HTTP/1.1" 200 1315 "-" "Mozilla/5.0 (compatible; Charlotte/1.1; http://www.searchme.com/support/)" "www.roomfurnish.com"
208.36.144.10 - - [01/Jan/2009:22:16:18 -0800] "GET /robots.txt HTTP/1.0" 404 275 "-" "Mozilla/5.0 (Twiceler-0.9 http://www.cuil.com/twiceler/robot.html)" "www.roomfurnish.com"
67.195.37.189 - - [02/Jan/2009:02:25:19 -0800] "GET /robots.txt HTTP/1.0" 404 275 "-" "Mozilla/5.0 (compatible; Yahoo! Slurp; http://help.yahoo.com/help/us/ysearch/slurp)" "www.roomfurnish.com"
67.195.37.189 - - [02/Jan/2009:02:25:19 -0800] "GET / HTTP/1.0" 200 1315 "-" "Mozilla/5.0 (compatible; Yahoo! DE Slurp; http://help.yahoo.com/help/us/ysearch/slurp)" "www.roomfurnish.com"
216.183.81.221 - - [02/Jan/2009:05:48:36 -0800] "GET / HTTP/1.0" 200 1315 "-" "Wget/1.10.2" "www.roomfurnish.com"
219.18.166.9 - - [02/Jan/2009:06:06:17 -0800] "GET / HTTP/1.1" 200 1315 "http://www.roomfurnish.com/" "Website Explorer/0.9.9.9" "www.roomfurnish.com"
219.18.166.9 - - [02/Jan/2009:06:06:17 -0800] "GET / HTTP/1.1" 200 1315 "http://www.roomfurnish.com/" "Website Explorer/0.9.9.9" "www.roomfurnish.com"
65.55.209.15 - - [02/Jan/2009:09:32:34 -0800] "GET /robots.txt HTTP/1.1" 404 275 "-" "msnbot/1.1 (+http://search.msn.com/msnbot.htm)" "roomfurnish.com"
65.55.209.15 - - [02/Jan/2009:09:32:34 -0800] "GET /index.html HTTP/1.1" 200 1315 "-" "msnbot/1.1 (+http://search.msn.com/msnbot.htm)" "roomfurnish.com"
72.148.255.125 - - [02/Jan/2009:10:46:40 -0800] "GET / HTTP/1.0" 200 1315 "http://random.yahoo.com/fast/ryl" "webcollage/1.143" "www.roomfurnish.com"
220.225.96.54 - - [02/Jan/2009:11:50:34 -0800] "GET / HTTP/1.1" 200 1315 "-" "Mozilla/5.0 (compatible; Webduniabot/1.0; +http://search.webdunia.com/bot.aspx)" "www.roomfurnish.com"
122.162.154.30 - - [02/Jan/2009:12:12:26 -0800] "GET / HTTP/1.1" 200 1315 "-" "-" "www.roomfurnish.com"
208.111.154.16 - - [02/Jan/2009:12:35:48 -0800] "GET / HTTP/1.1" 200 1315 "-" "Mozilla/5.0 (compatible; Charlotte/1.1; http://www.searchme.com/support/)" "www.roomfurnish.com"
64.1.215.165 - - [02/Jan/2009:13:03:23 -0800] "GET /robots.txt HTTP/1.0" 404 275 "-" "Mozilla/5.0 (Twiceler-0.9 http://www.cuil.com/twiceler/robot.html)" "roomfurnish.com"
209.131.62.113 - - [02/Jan/2009:13:19:13 -0800] "GET / HTTP/1.1" 200 1315 "-" "Mozilla/5.0 (Windows; U; Windows NT 5.1; en-US; rv:1.8.1.9) Gecko/20071025 Firefox/2.0.0.9" "www.roomfurnish.com"
74.6.28.104 - - [02/Jan/2009:14:33:36 -0800] "GET /robots.txt HTTP/1.0" 404 275 "-" "Mozilla/5.0 (compatible; Yahoo! Slurp; http://help.yahoo.com/help/us/ysearch/slurp)" "www.roomfurnish.com"
74.6.76.45 - - [02/Jan/2009:14:33:36 -0800] "GET / HTTP/1.0" 200 1315 "-" "Mozilla/5.0 (compatible; Yahoo! DE Slurp; http://help.yahoo.com/help/us/ysearch/slurp)" "www.roomfurnish.com"
193.47.80.40 - - [02/Jan/2009:15:15:11 -0800] "GET /robots.txt HTTP/1.1" 404 275 "-" "Mozilla/5.0 (compatible; Exabot/3.0; +http://www.exabot.com/go/robot)" "roomfurnish.com"
193.47.80.40 - - [02/Jan/2009:15:15:12 -0800] "GET / HTTP/1.1" 200 1315 "-" "Mozilla/5.0 (compatible; Exabot/3.0; +http://www.exabot.com/go/robot)" "roomfurnish.com"
209.131.62.113 - - [02/Jan/2009:15:42:46 -0800] "GET / HTTP/1.1" 200 1315 "-" "Mozilla/5.0 (Windows; U; Windows NT 5.1; en-US; rv:1.8.1.9) Gecko/20071025 Firefox/2.0.0.9" "www.roomfurnish.com"
74.6.30.119 - - [02/Jan/2009:16:47:54 -0800] "GET / HTTP/1.0" 200 1315 "-" "Mozilla/5.0 (compatible; Yahoo! DE Slurp; http://help.yahoo.com/help/us/ysearch/slurp)" "www.roomfurnish.com"
209.131.62.113 - - [02/Jan/2009:17:02:59 -0800] "GET / HTTP/1.1" 200 1315 "-" "Mozilla/5.0 (Windows; U; Windows NT 5.1; en-US; rv:1.8.1.9) Gecko/20071025 Firefox/2.0.0.9" "www.roomfurnish.com"
67.152.29.130 - - [02/Jan/2009:19:05:57 -0800] "GET /robots.txt HTTP/1.1" 404 275 "-" "ShopWiki/1.0 ( +http://www.shopwiki.com/wiki/Help:Bot)" "www.roomfurnish.com"
67.152.29.130 - - [02/Jan/2009:19:05:57 -0800] "GET / HTTP/1.1" 200 1315 "-" "ShopWiki/1.0 ( +http://www.shopwiki.com/wiki/Help:Bot)" "www.roomfurnish.com"
67.152.29.130 - - [02/Jan/2009:19:06:31 -0800] "GET / HTTP/1.1" 200 1315 "-" "ShopWiki/1.0 ( +http://www.shopwiki.com/wiki/Help:Bot)" "www.roomfurnish.com"
66.249.73.140 - - [02/Jan/2009:19:52:17 -0800] "GET /robots.txt HTTP/1.1" 404 275 "-" "Mozilla/5.0 (compatible; Googlebot/2.1; +http://www.google.com/bot.html)" "roomfurnish.com"
66.249.73.140 - - [02/Jan/2009:19:52:17 -0800] "GET / HTTP/1.1" 200 1315 "-" "Mozilla/5.0 (compatible; Googlebot/2.1; +http://www.google.com/bot.html)" "roomfurnish.com"
208.111.154.16 - - [03/Jan/2009:01:44:18 -0800] "GET /robots.txt HTTP/1.0" 404 275 "-" "Mozilla/5.0 (compatible; Charlotte/1.1; http://www.searchme.com/support/)" "www.roomfurnish.com"
208.111.154.16 - - [03/Jan/2009:01:44:18 -0800] "GET / HTTP/1.1" 200 1315 "-" "Mozilla/5.0 (compatible; Charlotte/1.1; http://www.searchme.com/support/)" "www.roomfurnish.com"
119.63.194.49 - - [03/Jan/2009:02:25:09 -0800] "GET / HTTP/1.1" 200 1315 "-" "Baiduspider+(+http://help.baidu.jp/system/05.html)" "roomfurnish.com"
67.195.37.189 - - [03/Jan/2009:02:43:09 -0800] "GET /robots.txt HTTP/1.0" 404 275 "-" "Mozilla/5.0 (compatible; Yahoo! Slurp; http://help.yahoo.com/help/us/ysearch/slurp)" "www.roomfurnish.com"
67.195.37.189 - - [03/Jan/2009:02:43:09 -0800] "GET / HTTP/1.0" 200 1315 "-" "Mozilla/5.0 (compatible; Yahoo! DE Slurp; http://help.yahoo.com/help/us/ysearch/slurp)" "www.roomfurnish.com"
65.55.230.186 - - [03/Jan/2009:05:43:59 -0800] "GET /robots.txt HTTP/1.1" 404 275 "-" "msnbot-media/1.1 (+http://search.msn.com/msnbot.htm)" "roomfurnish.com"
65.55.230.186 - - [03/Jan/2009:05:44:00 -0800] "GET /index.html HTTP/1.1" 200 1315 "-" "msnbot-media/1.1 (+http://search.msn.com/msnbot.htm)" "roomfurnish.com"
208.80.194.120 - - [03/Jan/2009:08:20:57 -0800] "GET / HTTP/1.0" 200 1315 "-" "Mozilla/4.0 (compatible; MSIE 6.0; Windows NT 5.1; .NET CLR 1.1.4322; PeoplePal 3.0; ZangoToolbar 4.8.2; SpamBlockerUtility 4.8.4)" "www.roomfurnish.com"
208.80.194.120 - - [03/Jan/2009:08:20:57 -0800] "GET / HTTP/1.0" 200 1315 "-" "Mozilla/4.0 (compatible; MSIE 7.0; Windows NT 5.1; SIMBAR Enabled; SIMBAR={343103FF-F221-4c4c-BC7E-DC7D2EE6E59F}; .NET CLR 1.0.3705; .NET CLR 1.1.4322; Media Center PC 4.0)" "roomfurnish.com"
61.247.221.41 - - [03/Jan/2009:10:10:16 -0800] "GET /robots.txt HTTP/1.1" 404 275 "-" "Yeti/1.0 (NHN Corp.; http://help.naver.com/robots/)" "roomfurnish.com"
61.247.221.41 - - [03/Jan/2009:10:10:17 -0800] "GET / HTTP/1.1" 200 1315 "-" "Yeti/1.0 (NHN Corp.; http://help.naver.com/robots/)" "roomfurnish.com"
119.63.193.62 - - [03/Jan/2009:11:47:37 -0800] "GET /robots.txt HTTP/1.1" 404 275 "-" "Baiduspider+(+http://www.baidu.com/search/spider_jp.html)" "roomfurnish.com"
65.55.212.93 - - [03/Jan/2009:12:20:18 -0800] "GET /robots.txt HTTP/1.0" 404 275 "-" "msnbot-media/1.0 (+http://search.msn.com/msnbot.htm)" "roomfurnish.com"
65.55.212.93 - - [03/Jan/2009:12:20:18 -0800] "GET / HTTP/1.0" 200 1315 "-" "msnbot-media/1.0 (+http://search.msn.com/msnbot.htm)" "roomfurnish.com"
193.47.80.40 - - [03/Jan/2009:15:18:49 -0800] "GET /robots.txt HTTP/1.1" 404 275 "-" "Mozilla/5.0 (compatible; Exabot/3.0; +http://www.exabot.com/go/robot)" "roomfurnish.com"
193.47.80.40 - - [03/Jan/2009:15:18:49 -0800] "GET / HTTP/1.1" 200 1315 "-" "Mozilla/5.0 (compatible; Exabot/3.0; +http://www.exabot.com/go/robot)" "roomfurnish.com"
193.252.149.16 - - [03/Jan/2009:15:30:47 -0800] "GET /robots.txt HTTP/1.1" 404 275 "-" "Mozilla/5.0 (Windows; U; Windows NT 5.1; fr; rv:1.8.1) VoilaBot BETA 1.2 (support.voilabot@orange-ftgroup.com)" "roomfurnish.com"
193.252.149.16 - - [03/Jan/2009:15:30:55 -0800] "GET / HTTP/1.1" 200 1315 "-" "Mozilla/5.0 (Windows; U; Windows NT 5.1; fr; rv:1.8.1) VoilaBot BETA 1.2 (support.voilabot@orange-ftgroup.com)" "roomfurnish.com"
208.111.154.16 - - [03/Jan/2009:16:13:13 -0800] "GET / HTTP/1.1" 200 1315 "-" "Mozilla/5.0 (compatible; Charlotte/1.1; http://www.searchme.com/support/)" "www.roomfurnish.com"
74.6.22.48 - - [03/Jan/2009:16:33:38 -0800] "GET /robots.txt HTTP/1.0" 404 275 "-" "Mozilla/5.0 (compatible; Yahoo! Slurp; http://help.yahoo.com/help/us/ysearch/slurp)" "www.roomfurnish.com"
74.6.76.45 - - [03/Jan/2009:16:33:39 -0800] "GET / HTTP/1.0" 200 1315 "-" "Mozilla/5.0 (compatible; Yahoo! DE Slurp; http://help.yahoo.com/help/us/ysearch/slurp)" "www.roomfurnish.com"
216.64.169.240 - - [03/Jan/2009:16:34:27 -0800] "GET / HTTP/1.1" 200 1315 "-" "Mozilla/4.0 (compatible; MSIE 6.0; Windows NT 5.0; .NET CLR 1.0.3705; .NET CLR 1.1.4322)" "roomfurnish.com"
74.6.30.119 - - [03/Jan/2009:18:21:59 -0800] "GET / HTTP/1.0" 200 1315 "-" "Mozilla/5.0 (compatible; Yahoo! DE Slurp; http://help.yahoo.com/help/us/ysearch/slurp)" "www.roomfurnish.com"
119.63.194.49 - - [03/Jan/2009:18:25:17 -0800] "GET / HTTP/1.1" 200 1315 "-" "Baiduspider+(+http://help.baidu.jp/system/05.html)" "roomfurnish.com"
208.36.144.10 - - [03/Jan/2009:22:46:45 -0800] "GET /robots.txt HTTP/1.0" 404 275 "-" "Mozilla/5.0 (Twiceler-0.9 http://www.cuil.com/twiceler/robot.html)" "www.roomfurnish.com"
98.173.26.143 - - [03/Jan/2009:22:52:37 -0800] "GET /robots.txt HTTP/1.0" 404 275 "-" "envolk/1.7 (+http://www.envolk.com/envolkspiderinfo.html)" "roomfurnish.com"
193.252.149.16 - - [03/Jan/2009:23:29:07 -0800] "GET / HTTP/1.1" 200 1315 "-" "Mozilla/5.0 (Windows; U; Windows NT 5.1; fr; rv:1.8.1) VoilaBot BETA 1.2 (support.voilabot@orange-ftgroup.com)" "www.roomfurnish.com"
65.55.209.12 - - [04/Jan/2009:02:21:12 -0800] "GET /robots.txt HTTP/1.1" 404 275 "-" "msnbot/1.1 (+http://search.msn.com/msnbot.htm)" "roomfurnish.com"
65.55.209.12 - - [04/Jan/2009:02:21:19 -0800] "GET / HTTP/1.1" 200 1315 "-" "msnbot/1.1 (+http://search.msn.com/msnbot.htm)" "roomfurnish.com"
67.195.37.189 - - [04/Jan/2009:03:46:18 -0800] "GET /robots.txt HTTP/1.0" 404 275 "-" "Mozilla/5.0 (compatible; Yahoo! Slurp; http://help.yahoo.com/help/us/ysearch/slurp)" "www.roomfurnish.com"
67.195.37.189 - - [04/Jan/2009:03:46:18 -0800] "GET / HTTP/1.0" 200 1315 "-" "Mozilla/5.0 (compatible; Yahoo! DE Slurp; http://help.yahoo.com/help/us/ysearch/slurp)" "www.roomfurnish.com"
64.124.148.28 - - [04/Jan/2009:04:29:02 -0800] "GET /robots.txt HTTP/1.1" 404 275 "-" "Mozilla/5.0 (compatible; FatBot 2.0; http://www.thefind.com/crawler)" "roomfurnish.com"
64.124.148.28 - - [04/Jan/2009:04:30:05 -0800] "GET / HTTP/1.1" 200 1315 "-" "Mozilla/5.0 (compatible; FatBot 2.0; http://www.thefind.com/crawler)" "roomfurnish.com"
208.111.154.16 - - [04/Jan/2009:06:00:00 -0800] "GET /robots.txt HTTP/1.0" 404 275 "-" "Mozilla/5.0 (compatible; Charlotte/1.1; http://www.searchme.com/support/)" "www.roomfurnish.com"
208.111.154.16 - - [04/Jan/2009:06:00:00 -0800] "GET / HTTP/1.1" 200 1315 "-" "Mozilla/5.0 (compatible; Charlotte/1.1; http://www.searchme.com/support/)" "www.roomfurnish.com"
67.152.29.130 - - [04/Jan/2009:06:50:25 -0800] "GET /robots.txt HTTP/1.1" 404 275 "-" "ShopWiki/1.0 ( +http://www.shopwiki.com/wiki/Help:Bot)" "www.roomfurnish.com"
67.152.29.130 - - [04/Jan/2009:06:50:26 -0800] "GET / HTTP/1.1" 200 1315 "-" "ShopWiki/1.0 ( +http://www.shopwiki.com/wiki/Help:Bot)" "www.roomfurnish.com"
67.152.29.130 - - [04/Jan/2009:06:50:27 -0800] "GET /sitemap.html HTTP/1.1" 404 275 "-" "ShopWiki/1.0 ( +http://www.shopwiki.com/wiki/Help:Bot)" "www.roomfurnish.com"
67.152.29.130 - - [04/Jan/2009:06:50:28 -0800] "GET / HTTP/1.1" 200 1315 "-" "ShopWiki/1.0 ( +http://www.shopwiki.com/wiki/Help:Bot)" "www.roomfurnish.com"
74.6.17.152 - - [04/Jan/2009:08:29:25 -0800] "GET /robots.txt HTTP/1.0" 404 275 "-" "Mozilla/5.0 (compatible; Yahoo! Slurp; http://help.yahoo.com/help/us/ysearch/slurp)" "roomfurnish.com"
208.80.194.120 - - [04/Jan/2009:08:37:10 -0800] "GET / HTTP/1.0" 200 1315 "-" "Mozilla/4.0 (compatible; MSIE 7.0; Windows NT 5.1; acc=vonner; acc=; iebar; FunWebProducts; .NET CLR 1.1.4322)" "roomfurnish.com"
208.80.194.120 - - [04/Jan/2009:08:37:10 -0800] "GET / HTTP/1.0" 200 1315 "-" "Mozilla/4.0 (compatible; MSIE 6.0; Windows NT 5.1; SV1; EmbeddedWB 14.52 from: http://www.bsalsa.com/ EmbeddedWB 14.52; EmbeddedWB 14.52 http://www.Pandora.Tv EmbeddedWB 14.52)" "www.roomfurnish.com"
64.1.215.165 - - [04/Jan/2009:15:17:58 -0800] "GET /robots.txt HTTP/1.0" 404 275 "-" "Mozilla/5.0 (Twiceler-0.9 http://www.cuil.com/twiceler/robot.html)" "roomfurnish.com"
74.6.20.48 - - [04/Jan/2009:18:50:15 -0800] "GET /robots.txt HTTP/1.0" 404 275 "-" "Mozilla/5.0 (compatible; Yahoo! Slurp; http://help.yahoo.com/help/us/ysearch/slurp)" "www.roomfurnish.com"
74.6.76.45 - - [04/Jan/2009:18:50:15 -0800] "GET / HTTP/1.0" 200 1315 "-" "Mozilla/5.0 (compatible; Yahoo! DE Slurp; http://help.yahoo.com/help/us/ysearch/slurp)" "www.roomfurnish.com"
74.6.30.119 - - [04/Jan/2009:18:50:36 -0800] "GET / HTTP/1.0" 200 1315 "-" "Mozilla/5.0 (compatible; Yahoo! DE Slurp; http://help.yahoo.com/help/us/ysearch/slurp)" "www.roomfurnish.com"
66.249.73.140 - - [04/Jan/2009:19:23:50 -0800] "GET /robots.txt HTTP/1.1" 404 275 "-" "Mozilla/5.0 (compatible; Googlebot/2.1; +http://www.google.com/bot.html)" "www.roomfurnish.com"
66.249.73.140 - - [04/Jan/2009:19:23:50 -0800] "GET / HTTP/1.1" 200 1315 "-" "Mozilla/5.0 (compatible; Googlebot/2.1; +http://www.google.com/bot.html)" "www.roomfurnish.com"
208.111.154.16 - - [04/Jan/2009:19:49:21 -0800] "GET / HTTP/1.1" 200 1315 "-" "Mozilla/5.0 (compatible; Charlotte/1.1; http://www.searchme.com/support/)" "www.roomfurnish.com"
207.126.224.241 - - [04/Jan/2009:19:57:02 -0800] "GET / HTTP/1.0" 200 1315 "-" "Mozilla/4.05 [en]" "www.roomfurnish.com"
67.195.37.189 - - [05/Jan/2009:06:04:38 -0800] "GET /robots.txt HTTP/1.0" 404 275 "-" "Mozilla/5.0 (compatible; Yahoo! Slurp; http://help.yahoo.com/help/us/ysearch/slurp)" "www.roomfurnish.com"
67.195.37.189 - - [05/Jan/2009:06:04:39 -0800] "GET / HTTP/1.0" 200 1315 "-" "Mozilla/5.0 (compatible; Yahoo! DE Slurp; http://help.yahoo.com/help/us/ysearch/slurp)" "www.roomfurnish.com"
193.47.80.40 - - [05/Jan/2009:07:27:19 -0800] "GET /robots.txt HTTP/1.1" 404 275 "-" "Mozilla/5.0 (compatible; Exabot/3.0; +http://www.exabot.com/go/robot)" "roomfurnish.com"
193.47.80.40 - - [05/Jan/2009:07:27:19 -0800] "GET / HTTP/1.1" 200 1315 "-" "Mozilla/5.0 (compatible; Exabot/3.0; +http://www.exabot.com/go/robot)" "roomfurnish.com"
208.111.154.16 - - [05/Jan/2009:09:55:21 -0800] "GET /robots.txt HTTP/1.0" 404 275 "-" "Mozilla/5.0 (compatible; Charlotte/1.1; http://www.searchme.com/support/)" "www.roomfurnish.com"
208.111.154.16 - - [05/Jan/2009:09:55:22 -0800] "GET / HTTP/1.1" 200 1315 "-" "Mozilla/5.0 (compatible; Charlotte/1.1; http://www.searchme.com/support/)" "www.roomfurnish.com"
66.249.73.140 - - [05/Jan/2009:13:00:47 -0800] "GET /robots.txt HTTP/1.1" 404 275 "-" "Mozilla/5.0 (compatible; Googlebot/2.1; +http://www.google.com/bot.html)" "roomfurnish.com"
66.249.73.140 - - [05/Jan/2009:13:00:47 -0800] "GET /index.html HTTP/1.1" 200 1315 "-" "Mozilla/5.0 (compatible; Googlebot/2.1; +http://www.google.com/bot.html)" "roomfurnish.com"
61.135.249.210 - - [05/Jan/2009:14:13:23 -0800] "GET /robots.txt HTTP/1.1" 404 275 "-" "Mozilla/5.0 (compatible; YoudaoBot/1.0; http://www.youdao.com/help/webmaster/spider/; )" "roomfurnish.com"
61.135.249.210 - - [05/Jan/2009:14:13:28 -0800] "GET / HTTP/1.1" 200 1315 "-" "Mozilla/5.0 (compatible; YoudaoBot/1.0; http://www.youdao.com/help/webmaster/spider/; )" "roomfurnish.com"
208.80.194.35 - - [05/Jan/2009:14:49:36 -0800] "GET / HTTP/1.0" 200 1315 "-" "Mozilla/4.0 (compatible; MSIE 7.0; Windows NT 5.1; YPC 3.0.3; .NET CLR 1.1.4322; yplus 5.1.04b)" "roomfurnish.com"
208.80.194.35 - - [05/Jan/2009:14:49:36 -0800] "GET / HTTP/1.0" 200 1315 "-" "Mozilla/4.0 (compatible; MSIE 6.0; AOL 8.0; Windows 98; .NET CLR 1.1.4322)" "www.roomfurnish.com"
74.6.16.176 - - [05/Jan/2009:19:59:55 -0800] "GET /robots.txt HTTP/1.0" 404 275 "-" "Mozilla/5.0 (compatible; Yahoo! Slurp; http://help.yahoo.com/help/us/ysearch/slurp)" "www.roomfurnish.com"
74.6.30.119 - - [05/Jan/2009:19:59:55 -0800] "GET / HTTP/1.0" 200 1315 "-" "Mozilla/5.0 (compatible; Yahoo! DE Slurp; http://help.yahoo.com/help/us/ysearch/slurp)" "www.roomfurnish.com"
74.6.76.45 - - [05/Jan/2009:20:25:46 -0800] "GET / HTTP/1.0" 200 1315 "-" "Mozilla/5.0 (compatible; Yahoo! DE Slurp; http://help.yahoo.com/help/us/ysearch/slurp)" "www.roomfurnish.com"
208.36.144.10 - - [05/Jan/2009:23:44:24 -0800] "GET /robots.txt HTTP/1.0" 404 275 "-" "Mozilla/5.0 (Twiceler-0.9 http://www.cuil.com/twiceler/robot.html)" "www.roomfurnish.com"
208.111.154.16 - - [05/Jan/2009:23:46:14 -0800] "GET / HTTP/1.1" 200 1315 "-" "Mozilla/5.0 (compatible; Charlotte/1.1; http://www.searchme.com/support/)" "www.roomfurnish.com"
202.160.178.82 - - [06/Jan/2009:03:45:13 -0800] "GET / HTTP/1.0" 200 1315 "-" "Mozilla/5.0 (compatible; Yahoo! Slurp China; http://misc.yahoo.com.cn/help.html)" "roomfurnish.com"
208.80.194.56 - - [06/Jan/2009:03:46:26 -0800] "GET / HTTP/1.0" 200 1315 "-" "Mozilla/4.0 (compatible; MSIE 6.0; Windows NT 5.1; SV1; DFAIT; .NET CLR 1.1.4322)" "roomfurnish.com"
208.80.194.56 - - [06/Jan/2009:03:46:26 -0800] "GET / HTTP/1.0" 200 1315 "-" "Mozilla/4.0 (compatible; MSIE 6.0; Windows NT 5.1; SV1; Avant Browser; InfoPath.1)" "www.roomfurnish.com"
119.63.194.49 - - [06/Jan/2009:06:26:01 -0800] "GET / HTTP/1.1" 200 1315 "-" "Baiduspider+(+http://help.baidu.jp/system/05.html)" "roomfurnish.com"
67.195.37.189 - - [06/Jan/2009:07:48:03 -0800] "GET /robots.txt HTTP/1.0" 404 275 "-" "Mozilla/5.0 (compatible; Yahoo! Slurp; http://help.yahoo.com/help/us/ysearch/slurp)" "www.roomfurnish.com"
67.195.37.189 - - [06/Jan/2009:07:48:03 -0800] "GET / HTTP/1.0" 200 1315 "-" "Mozilla/5.0 (compatible; Yahoo! DE Slurp; http://help.yahoo.com/help/us/ysearch/slurp)" "www.roomfurnish.com"
208.111.154.16 - - [06/Jan/2009:13:46:51 -0800] "GET /robots.txt HTTP/1.0" 404 275 "-" "Mozilla/5.0 (compatible; Charlotte/1.1; http://www.searchme.com/support/)" "www.roomfurnish.com"
208.111.154.16 - - [06/Jan/2009:13:46:51 -0800] "GET / HTTP/1.1" 200 1315 "-" "Mozilla/5.0 (compatible; Charlotte/1.1; http://www.searchme.com/support/)" "www.roomfurnish.com"
193.47.80.40 - - [06/Jan/2009:15:18:33 -0800] "GET /robots.txt HTTP/1.1" 404 275 "-" "Mozilla/5.0 (compatible; Exabot/3.0; +http://www.exabot.com/go/robot)" "roomfurnish.com"
193.47.80.40 - - [06/Jan/2009:15:18:33 -0800] "GET / HTTP/1.1" 200 1315 "-" "Mozilla/5.0 (compatible; Exabot/3.0; +http://www.exabot.com/go/robot)" "roomfurnish.com"
64.1.215.165 - - [06/Jan/2009:17:19:37 -0800] "GET /robots.txt HTTP/1.0" 404 275 "-" "Mozilla/5.0 (Twiceler-0.9 http://www.cuil.com/twiceler/robot.html)" "roomfurnish.com"
208.111.154.16 - - [06/Jan/2009:19:26:08 -0800] "GET /robots.txt HTTP/1.0" 404 275 "-" "Mozilla/5.0 (compatible; Charlotte/1.1; http://www.searchme.com/support/)" "www.roomfurnish.com"
208.111.154.15 - - [06/Jan/2009:19:26:08 -0800] "GET / HTTP/1.1" 200 1315 "-" "Mozilla/5.0 (compatible; Charlotte/1.1; http://www.searchme.com/support/)" "www.roomfurnish.com"
74.6.23.230 - - [06/Jan/2009:21:07:50 -0800] "GET /robots.txt HTTP/1.0" 404 275 "-" "Mozilla/5.0 (compatible; Yahoo! Slurp; http://help.yahoo.com/help/us/ysearch/slurp)" "www.roomfurnish.com"
74.6.30.119 - - [06/Jan/2009:21:07:50 -0800] "GET / HTTP/1.0" 200 1315 "-" "Mozilla/5.0 (compatible; Yahoo! DE Slurp; http://help.yahoo.com/help/us/ysearch/slurp)" "www.roomfurnish.com"
74.6.76.45 - - [06/Jan/2009:22:26:48 -0800] "GET / HTTP/1.0" 200 1315 "-" "Mozilla/5.0 (compatible; Yahoo! DE Slurp; http://help.yahoo.com/help/us/ysearch/slurp)" "www.roomfurnish.com"
219.18.166.9 - - [07/Jan/2009:03:44:51 -0800] "GET / HTTP/1.1" 200 1315 "-" "Mozilla/5.0 (Windows; U; Windows NT 5.1; ja; rv:1.9.0.5) Gecko/2008120122 Firefox/3.0.5" "www.roomfurnish.com"
219.18.166.9 - - [07/Jan/2009:03:44:54 -0800] "GET /favicon.ico HTTP/1.1" 404 275 "-" "Mozilla/5.0 (Windows; U; Windows NT 5.1; ja; rv:1.9.0.5) Gecko/2008120122 Firefox/3.0.5" "roomfurnish.com"
219.18.166.9 - - [07/Jan/2009:03:44:54 -0800] "GET /favicon.ico HTTP/1.1" 404 275 "-" "Mozilla/5.0 (Windows; U; Windows NT 5.1; ja; rv:1.9.0.5) Gecko/2008120122 Firefox/3.0.5" "roomfurnish.com"
219.18.166.9 - - [07/Jan/2009:03:45:01 -0800] "GET /favicon.ico HTTP/1.1" 404 275 "-" "Mozilla/5.0 (Windows; U; Windows NT 5.1; ja; rv:1.9.0.5) Gecko/2008120122 Firefox/3.0.5" "roomfurnish.com"
208.80.194.47 - - [07/Jan/2009:03:46:43 -0800] "GET / HTTP/1.0" 200 1315 "-" "Mozilla/4.0 (compatible; MSIE 6.0; Windows NT 5.1; {2F6931CE-CD6C-3000-ABB9-04ED69121156}; yplus 4.1.00b)" "roomfurnish.com"
208.80.194.47 - - [07/Jan/2009:03:46:43 -0800] "GET / HTTP/1.0" 200 1315 "-" "Mozilla/4.0 (compatible; MSIE 7.0; Windows NT 6.0; SU 2.011; SLCC1; .NET CLR 2.0.50727; Media Center PC 5.0; .NET CLR 3.0.04506; InfoPath.1)" "www.roomfurnish.com"
193.252.149.16 - - [07/Jan/2009:04:32:34 -0800] "GET / HTTP/1.1" 200 1315 "-" "Mozilla/5.0 (Windows; U; Windows NT 5.1; fr; rv:1.8.1) VoilaBot BETA 1.2 (support.voilabot@orange-ftgroup.com)" "roomfurnish.com"
193.252.149.16 - - [07/Jan/2009:06:21:33 -0800] "GET /robots.txt HTTP/1.1" 404 275 "-" "Mozilla/5.0 (Windows; U; Windows NT 5.1; fr; rv:1.8.1) VoilaBot BETA 1.2 (support.voilabot@orange-ftgroup.com)" "www.roomfurnish.com"
193.252.149.16 - - [07/Jan/2009:06:21:44 -0800] "GET / HTTP/1.1" 200 1315 "-" "Mozilla/5.0 (Windows; U; Windows NT 5.1; fr; rv:1.8.1) VoilaBot BETA 1.2 (support.voilabot@orange-ftgroup.com)" "www.roomfurnish.com"
208.111.154.16 - - [07/Jan/2009:11:17:29 -0800] "GET / HTTP/1.1" 200 1315 "-" "Mozilla/5.0 (compatible; Charlotte/1.1; http://www.searchme.com/support/)" "www.roomfurnish.com"
216.64.169.240 - - [07/Jan/2009:13:55:52 -0800] "GET / HTTP/1.1" 200 1315 "-" "Mozilla/4.0 (compatible; MSIE 6.0; Windows NT 5.0; .NET CLR 1.0.3705; .NET CLR 1.1.4322)" "roomfurnish.com"
193.47.80.40 - - [07/Jan/2009:15:23:24 -0800] "GET /robots.txt HTTP/1.1" 404 275 "-" "Mozilla/5.0 (compatible; Exabot/3.0; +http://www.exabot.com/go/robot)" "roomfurnish.com"
193.47.80.40 - - [07/Jan/2009:15:23:25 -0800] "GET / HTTP/1.1" 200 1315 "-" "Mozilla/5.0 (compatible; Exabot/3.0; +http://www.exabot.com/go/robot)" "roomfurnish.com"
67.152.29.130 - - [07/Jan/2009:16:11:09 -0800] "GET /robots.txt HTTP/1.1" 404 275 "-" "ShopWiki/1.0 ( +http://www.shopwiki.com/wiki/Help:Bot)" "www.roomfurnish.com"
67.152.29.130 - - [07/Jan/2009:16:11:43 -0800] "GET / HTTP/1.1" 200 1315 "-" "ShopWiki/1.0 ( +http://www.shopwiki.com/wiki/Help:Bot)" "www.roomfurnish.com"
67.152.29.130 - - [07/Jan/2009:16:11:44 -0800] "GET / HTTP/1.1" 200 1315 "-" "ShopWiki/1.0 ( +http://www.shopwiki.com/wiki/Help:Bot)" "www.roomfurnish.com"
67.152.29.130 - - [07/Jan/2009:18:03:39 -0800] "GET / HTTP/1.1" 200 1315 "-" "ShopWiki/1.0 ( +http://www.shopwiki.com/wiki/Help:Bot)" "www.roomfurnish.com"
67.152.29.130 - - [07/Jan/2009:18:05:14 -0800] "GET / HTTP/1.1" 200 1315 "-" "ShopWiki/1.0 ( +http://www.shopwiki.com/wiki/Help:Bot)" "www.roomfurnish.com"
67.152.29.130 - - [07/Jan/2009:18:05:15 -0800] "GET / HTTP/1.1" 200 1315 "-" "ShopWiki/1.0 ( +http://www.shopwiki.com/wiki/Help:Bot)" "www.roomfurnish.com"
65.55.214.154 - - [07/Jan/2009:22:20:22 -0800] "GET /robots.txt HTTP/1.0" 404 275 "-" "msnbot-Products/1.0 (+http://search.msn.com/msnbot.htm)" "www.roomfurnish.com"
65.55.214.154 - - [07/Jan/2009:22:20:22 -0800] "GET / HTTP/1.0" 200 1315 "-" "msnbot-Products/1.0 (+http://search.msn.com/msnbot.htm)" "www.roomfurnish.com"
67.152.29.130 - - [07/Jan/2009:23:06:13 -0800] "GET /robots.txt HTTP/1.1" 404 275 "-" "ShopWiki/1.0 ( +http://www.shopwiki.com/wiki/Help:Bot)" "www.roomfurnish.com"
67.152.29.130 - - [07/Jan/2009:23:06:14 -0800] "GET / HTTP/1.1" 200 1315 "-" "ShopWiki/1.0 ( +http://www.shopwiki.com/wiki/Help:Bot)" "www.roomfurnish.com"
67.152.29.130 - - [07/Jan/2009:23:06:15 -0800] "GET / HTTP/1.1" 200 1315 "-" "ShopWiki/1.0 ( +http://www.shopwiki.com/wiki/Help:Bot)" "www.roomfurnish.com"
74.6.18.38 - - [07/Jan/2009:23:08:08 -0800] "GET /robots.txt HTTP/1.0" 404 275 "-" "Mozilla/5.0 (compatible; Yahoo! Slurp; http://help.yahoo.com/help/us/ysearch/slurp)" "www.roomfurnish.com"
74.6.30.119 - - [07/Jan/2009:23:08:09 -0800] "GET / HTTP/1.0" 200 1315 "-" "Mozilla/5.0 (compatible; Yahoo! DE Slurp; http://help.yahoo.com/help/us/ysearch/slurp)" "www.roomfurnish.com"
74.6.76.45 - - [08/Jan/2009:00:54:04 -0800] "GET / HTTP/1.0" 200 1315 "-" "Mozilla/5.0 (compatible; Yahoo! DE Slurp; http://help.yahoo.com/help/us/ysearch/slurp)" "www.roomfurnish.com"
208.111.154.16 - - [08/Jan/2009:00:59:00 -0800] "GET /robots.txt HTTP/1.0" 404 275 "-" "Mozilla/5.0 (compatible; Charlotte/1.1; http://www.searchme.com/support/)" "www.roomfurnish.com"
208.111.154.16 - - [08/Jan/2009:00:59:00 -0800] "GET / HTTP/1.1" 200 1315 "-" "Mozilla/5.0 (compatible; Charlotte/1.1; http://www.searchme.com/support/)" "www.roomfurnish.com"
208.36.144.10 - - [08/Jan/2009:03:02:40 -0800] "GET /robots.txt HTTP/1.0" 404 275 "-" "Mozilla/5.0 (Twiceler-0.9 http://www.cuil.com/twiceler/robot.html)" "www.roomfurnish.com"
207.126.224.241 - - [08/Jan/2009:04:14:58 -0800] "GET / HTTP/1.0" 200 1315 "-" "Mozilla/4.05 [en]" "www.roomfurnish.com"
68.178.232.58 - - [08/Jan/2009:04:36:00 -0800] "GET /? HTTP/1.0" 200 1315 "-" "Mozilla/4.0 (compatible; MSIE 6.0; Windows NT 5.0)" "roomfurnish.com"
67.152.29.130 - - [08/Jan/2009:10:43:22 -0800] "GET /robots.txt HTTP/1.1" 404 275 "-" "ShopWiki/1.0 ( +http://www.shopwiki.com/wiki/Help:Bot)" "www.roomfurnish.com"
67.152.29.130 - - [08/Jan/2009:10:43:22 -0800] "GET / HTTP/1.1" 200 1315 "-" "ShopWiki/1.0 ( +http://www.shopwiki.com/wiki/Help:Bot)" "www.roomfurnish.com"
67.152.29.130 - - [08/Jan/2009:10:43:23 -0800] "GET /sitemap.html HTTP/1.1" 404 275 "-" "ShopWiki/1.0 ( +http://www.shopwiki.com/wiki/Help:Bot)" "www.roomfurnish.com"
67.152.29.130 - - [08/Jan/2009:10:43:24 -0800] "GET / HTTP/1.1" 200 1315 "-" "ShopWiki/1.0 ( +http://www.shopwiki.com/wiki/Help:Bot)" "www.roomfurnish.com"
208.80.194.50 - - [08/Jan/2009:11:34:10 -0800] "GET / HTTP/1.0" 200 1315 "-" "Mozilla/4.0 (compatible; MSIE 7.0; AOL 9.0; Windows NT 5.1; .NET CLR 1.1.4322; .NET CLR 3.0.04506.30)" "roomfurnish.com"
208.80.194.50 - - [08/Jan/2009:11:34:10 -0800] "GET / HTTP/1.0" 200 1315 "-" "Mozilla/4.0 (compatible; MSIE 6.0; Windows NT 5.1; SV1; TNET5.0NL)" "www.roomfurnish.com"
193.47.80.40 - - [08/Jan/2009:15:27:03 -0800] "GET /robots.txt HTTP/1.1" 404 275 "-" "Mozilla/5.0 (compatible; Exabot/3.0; +http://www.exabot.com/go/robot)" "roomfurnish.com"
193.47.80.40 - - [08/Jan/2009:15:27:04 -0800] "GET / HTTP/1.1" 200 1315 "-" "Mozilla/5.0 (compatible; Exabot/3.0; +http://www.exabot.com/go/robot)" "roomfurnish.com"
208.111.154.16 - - [08/Jan/2009:16:41:03 -0800] "GET / HTTP/1.1" 200 1315 "-" "Mozilla/5.0 (compatible; Charlotte/1.1; http://www.searchme.com/support/)" "www.roomfurnish.com"
88.131.106.12 - - [08/Jan/2009:18:52:32 -0800] "GET /robots.txt HTTP/1.0" 404 275 "-" "Speedy Spider (http://www.entireweb.com/about/search_tech/speedy_spider/)" "roomfurnish.com"
88.131.106.12 - - [08/Jan/2009:18:52:33 -0800] "GET /300briosofa.html HTTP/1.0" 404 275 "-" "Speedy Spider (http://www.entireweb.com/about/search_tech/speedy_spider/)" "roomfurnish.com"
67.152.29.130 - - [08/Jan/2009:19:45:01 -0800] "GET /robots.txt HTTP/1.1" 404 275 "-" "ShopWiki/1.0 ( +http://www.shopwiki.com/wiki/Help:Bot)" "www.roomfurnish.com"
67.152.29.130 - - [08/Jan/2009:19:45:01 -0800] "GET / HTTP/1.1" 200 1315 "-" "ShopWiki/1.0 ( +http://www.shopwiki.com/wiki/Help:Bot)" "www.roomfurnish.com"
67.152.29.130 - - [08/Jan/2009:19:45:02 -0800] "GET /sitemap.html HTTP/1.1" 404 275 "-" "ShopWiki/1.0 ( +http://www.shopwiki.com/wiki/Help:Bot)" "www.roomfurnish.com"
64.1.215.165 - - [08/Jan/2009:23:21:32 -0800] "GET /robots.txt HTTP/1.0" 404 275 "-" "Mozilla/5.0 (Twiceler-0.9 http://www.cuil.com/twiceler/robot.html)" "roomfurnish.com"
74.6.21.156 - - [09/Jan/2009:01:26:23 -0800] "GET /robots.txt HTTP/1.0" 404 275 "-" "Mozilla/5.0 (compatible; Yahoo! Slurp; http://help.yahoo.com/help/us/ysearch/slurp)" "www.roomfurnish.com"
74.6.30.119 - - [09/Jan/2009:01:26:24 -0800] "GET / HTTP/1.0" 200 1315 "-" "Mozilla/5.0 (compatible; Yahoo! DE Slurp; http://help.yahoo.com/help/us/ysearch/slurp)" "www.roomfurnish.com"
74.6.76.45 - - [09/Jan/2009:03:13:40 -0800] "GET / HTTP/1.0" 200 1315 "-" "Mozilla/5.0 (compatible; Yahoo! DE Slurp; http://help.yahoo.com/help/us/ysearch/slurp)" "www.roomfurnish.com"
194.186.55.214 - - [09/Jan/2009:04:31:08 -0800] "GET / HTTP/1.0" 200 1315 "-" "Mozilla" "roomfurnish.com"
208.111.154.16 - - [09/Jan/2009:05:47:35 -0800] "GET /robots.txt HTTP/1.0" 404 275 "-" "Mozilla/5.0 (compatible; Charlotte/1.1; http://www.searchme.com/support/)" "www.roomfurnish.com"
208.111.154.16 - - [09/Jan/2009:05:47:35 -0800] "GET / HTTP/1.1" 200 1315 "-" "Mozilla/5.0 (compatible; Charlotte/1.1; http://www.searchme.com/support/)" "www.roomfurnish.com"
208.80.194.35 - - [09/Jan/2009:06:27:25 -0800] "GET / HTTP/1.0" 200 1315 "-" "Mozilla/4.0 (compatible; MSIE 6.0; Windows NT 5.0; Roadrunner; FunWebProducts)" "www.roomfurnish.com"
208.80.194.35 - - [09/Jan/2009:06:27:25 -0800] "GET / HTTP/1.0" 200 1315 "-" "Mozilla/4.0 (compatible; MSIE 7.0; Windows NT 5.1; SU 2.011; InfoPath.1)" "roomfurnish.com"
119.63.194.49 - - [09/Jan/2009:06:27:33 -0800] "GET / HTTP/1.1" 200 1315 "-" "Baiduspider+(+http://help.baidu.jp/system/05.html)" "roomfurnish.com"
64.124.148.28 - - [09/Jan/2009:11:11:24 -0800] "GET /robots.txt HTTP/1.1" 404 275 "-" "Mozilla/5.0 (compatible; FatBot 2.0; http://www.thefind.com/crawler)" "roomfurnish.com"
64.124.148.28 - - [09/Jan/2009:11:12:58 -0800] "GET / HTTP/1.1" 200 1315 "-" "Mozilla/5.0 (compatible; FatBot 2.0; http://www.thefind.com/crawler)" "roomfurnish.com"
66.249.73.169 - - [09/Jan/2009:14:17:01 -0800] "GET /robots.txt HTTP/1.1" 404 275 "-" "Mozilla/5.0 (compatible; Googlebot/2.1; +http://www.google.com/bot.html)" "www.roomfurnish.com"
66.249.73.169 - - [09/Jan/2009:14:17:01 -0800] "GET / HTTP/1.1" 200 1315 "-" "Mozilla/5.0 (compatible; Googlebot/2.1; +http://www.google.com/bot.html)" "www.roomfurnish.com"
193.47.80.40 - - [09/Jan/2009:15:22:08 -0800] "GET / HTTP/1.1" 200 1315 "-" "Mozilla/5.0 (compatible; Exabot/3.0; +http://www.exabot.com/go/robot)" "roomfurnish.com"
193.252.149.16 - - [09/Jan/2009:18:17:32 -0800] "GET /robots.txt HTTP/1.1" 404 275 "-" "Mozilla/5.0 (Windows; U; Windows NT 5.1; fr; rv:1.8.1) VoilaBot BETA 1.2 (support.voilabot@orange-ftgroup.com)" "roomfurnish.com"
193.252.149.16 - - [09/Jan/2009:18:17:38 -0800] "GET / HTTP/1.1" 200 1315 "-" "Mozilla/5.0 (Windows; U; Windows NT 5.1; fr; rv:1.8.1) VoilaBot BETA 1.2 (support.voilabot@orange-ftgroup.com)" "roomfurnish.com"
208.111.154.16 - - [09/Jan/2009:20:44:00 -0800] "GET / HTTP/1.1" 200 1315 "-" "Mozilla/5.0 (compatible; Charlotte/1.1; http://www.searchme.com/support/)" "www.roomfurnish.com"
193.252.149.16 - - [09/Jan/2009:20:51:04 -0800] "GET / HTTP/1.1" 200 1315 "-" "Mozilla/5.0 (Windows; U; Windows NT 5.1; fr; rv:1.8.1) VoilaBot BETA 1.2 (support.voilabot@orange-ftgroup.com)" "www.roomfurnish.com"
119.26.7.150 - - [09/Jan/2009:21:09:02 -0800] "GET / HTTP/1.1" 200 1315 "-" "-" "www.roomfurnish.com"
66.249.73.169 - - [09/Jan/2009:21:20:38 -0800] "GET /robots.txt HTTP/1.1" 404 275 "-" "Mozilla/5.0 (compatible; Googlebot/2.1; +http://www.google.com/bot.html)" "roomfurnish.com"
66.249.73.169 - - [09/Jan/2009:21:20:38 -0800] "GET /index.html HTTP/1.1" 200 1315 "-" "Mozilla/5.0 (compatible; Googlebot/2.1; +http://www.google.com/bot.html)" "roomfurnish.com"
88.131.106.12 - - [09/Jan/2009:22:28:38 -0800] "GET /robots.txt HTTP/1.0" 404 275 "-" "Speedy Spider (http://www.entireweb.com/about/search_tech/speedy_spider/)" "roomfurnish.com"
88.131.106.12 - - [09/Jan/2009:22:28:39 -0800] "GET /swatch.html HTTP/1.0" 404 275 "-" "Speedy Spider (http://www.entireweb.com/about/search_tech/speedy_spider/)" "roomfurnish.com"
74.6.21.156 - - [10/Jan/2009:03:54:01 -0800] "GET /robots.txt HTTP/1.0" 404 275 "-" "Mozilla/5.0 (compatible; Yahoo! Slurp; http://help.yahoo.com/help/us/ysearch/slurp)" "www.roomfurnish.com"
74.6.30.119 - - [10/Jan/2009:03:54:01 -0800] "GET / HTTP/1.0" 200 1315 "-" "Mozilla/5.0 (compatible; Yahoo! DE Slurp; http://help.yahoo.com/help/us/ysearch/slurp)" "www.roomfurnish.com"
66.249.73.169 - - [10/Jan/2009:05:43:09 -0800] "GET / HTTP/1.1" 200 1315 "-" "Mozilla/5.0 (compatible; Googlebot/2.1; +http://www.google.com/bot.html)" "roomfurnish.com"
74.6.23.172 - - [10/Jan/2009:06:15:23 -0800] "GET /robots.txt HTTP/1.0" 404 275 "-" "Mozilla/5.0 (compatible; Yahoo! Slurp; http://help.yahoo.com/help/us/ysearch/slurp)" "www.roomfurnish.com"
74.6.76.45 - - [10/Jan/2009:06:15:23 -0800] "GET / HTTP/1.0" 200 1315 "-" "Mozilla/5.0 (compatible; Yahoo! DE Slurp; http://help.yahoo.com/help/us/ysearch/slurp)" "www.roomfurnish.com"
208.80.194.120 - - [10/Jan/2009:06:30:37 -0800] "GET / HTTP/1.0" 200 1315 "-" "Mozilla/4.0 (compatible; MSIE 6.0; Windows NT 5.1; iOpus-I-M; SV1; .NET CLR 1.0.3705; .NET CLR 1.1.4322)" "roomfurnish.com"
208.80.194.120 - - [10/Jan/2009:06:30:37 -0800] "GET / HTTP/1.0" 200 1315 "-" "Mozilla/4.0 (compatible; MSIE 6.0; Windows NT 5.1; AtHome033; SV1; .NET CLR 1.1.4322)" "www.roomfurnish.com"
75.130.62.26 - - [10/Jan/2009:08:32:17 -0800] "GET / HTTP/1.1" 200 1315 "-" "Mozilla/5.0 (compatible; Googlebot/2.1; http://www.google.com/bot.html)" "www.roomfurnish.com"
202.160.178.82 - - [10/Jan/2009:11:27:28 -0800] "GET / HTTP/1.0" 200 1315 "-" "Mozilla/5.0 (compatible; Yahoo! Slurp China; http://misc.yahoo.com.cn/help.html)" "roomfurnish.com"
67.152.29.130 - - [10/Jan/2009:13:50:00 -0800] "GET /robots.txt HTTP/1.1" 404 275 "-" "ShopWiki/1.0 ( +http://www.shopwiki.com/wiki/Help:Bot)" "www.roomfurnish.com"
67.152.29.130 - - [10/Jan/2009:13:50:18 -0800] "GET / HTTP/1.1" 200 1315 "-" "ShopWiki/1.0 ( +http://www.shopwiki.com/wiki/Help:Bot)" "www.roomfurnish.com"
67.152.29.130 - - [10/Jan/2009:13:50:19 -0800] "GET / HTTP/1.1" 200 1315 "-" "ShopWiki/1.0 ( +http://www.shopwiki.com/wiki/Help:Bot)" "www.roomfurnish.com"
208.111.154.16 - - [10/Jan/2009:13:50:55 -0800] "GET /robots.txt HTTP/1.0" 404 275 "-" "Mozilla/5.0 (compatible; Charlotte/1.1; http://www.searchme.com/support/)" "www.roomfurnish.com"
208.111.154.15 - - [10/Jan/2009:13:51:00 -0800] "GET / HTTP/1.1" 200 1315 "-" "Mozilla/5.0 (compatible; Charlotte/1.1; http://www.searchme.com/support/)" "www.roomfurnish.com"
114.111.36.26 - - [10/Jan/2009:14:56:21 -0800] "GET /robots.txt HTTP/1.1" 404 275 "-" "Mozilla/4.0 (compatible; NaverBot/1.0; http://help.naver.com/customer_webtxt_02.jsp)" "roomfurnish.com"
114.111.36.26 - - [10/Jan/2009:14:56:37 -0800] "GET / HTTP/1.1" 200 1315 "-" "Mozilla/4.0 (compatible; NaverBot/1.0; http://help.naver.com/customer_webtxt_02.jsp)" "roomfurnish.com"
193.47.80.40 - - [10/Jan/2009:15:12:59 -0800] "GET /robots.txt HTTP/1.1" 404 275 "-" "Mozilla/5.0 (compatible; Exabot/3.0; +http://www.exabot.com/go/robot)" "roomfurnish.com"
193.47.80.40 - - [10/Jan/2009:15:13:00 -0800] "GET / HTTP/1.1" 200 1315 "-" "Mozilla/5.0 (compatible; Exabot/3.0; +http://www.exabot.com/go/robot)" "roomfurnish.com"
