64.1.215.165 - - [29/Jan/2009:17:31:50 -0800] "GET /robots.txt HTTP/1.0" 404 275 "-" "Mozilla/5.0 (Twiceler-0.9 http://www.cuil.com/twiceler/robot.html)" "roomfurnish.com"
193.252.149.16 - - [29/Jan/2009:17:45:47 -0800] "GET /robots.txt HTTP/1.1" 404 275 "-" "Mozilla/5.0 (Windows; U; Windows NT 5.1; fr; rv:1.8.1) VoilaBot BETA 1.2 (support.voilabot@orange-ftgroup.com)" "roomfurnish.com"
193.252.149.16 - - [29/Jan/2009:17:45:55 -0800] "GET / HTTP/1.1" 200 1315 "-" "Mozilla/5.0 (Windows; U; Windows NT 5.1; fr; rv:1.8.1) VoilaBot BETA 1.2 (support.voilabot@orange-ftgroup.com)" "roomfurnish.com"
93.158.149.32 - - [29/Jan/2009:17:55:24 -0800] "GET /robots.txt HTTP/1.1" 404 275 "-" "Yandex/1.01.001 (compatible; Win16; I)" "www.roomfurnish.com"
93.158.149.32 - - [29/Jan/2009:17:55:25 -0800] "GET / HTTP/1.1" 200 1315 "-" "Yandex/1.01.001 (compatible; Win16; I)" "www.roomfurnish.com"
193.252.149.16 - - [29/Jan/2009:19:29:32 -0800] "GET / HTTP/1.1" 200 1315 "-" "Mozilla/5.0 (Windows; U; Windows NT 5.1; fr; rv:1.8.1) VoilaBot BETA 1.2 (support.voilabot@orange-ftgroup.com)" "www.roomfurnish.com"
208.80.194.54 - - [29/Jan/2009:21:40:23 -0800] "GET / HTTP/1.0" 200 1315 "-" "Mozilla/4.0 (compatible; MSIE 6.0; Windows NT 5.1; SV1; FunWebProducts; SpamBlockerUtility 4.7.5)" "roomfurnish.com"
208.80.194.54 - - [29/Jan/2009:21:40:23 -0800] "GET / HTTP/1.0" 200 1315 "-" "Mozilla/4.0 (compatible; MSIE 7.0; Windows NT 5.1; SIMBAR={C46BA5E4-75B3-417d-BC2A-40881E317032}; .NET CLR 1.1.4322; Hotbar 10.0.356.0)" "www.roomfurnish.com"
74.6.24.168 - - [30/Jan/2009:03:04:10 -0800] "GET /robots.txt HTTP/1.0" 404 275 "-" "Mozilla/5.0 (compatible; Yahoo! Slurp; http://help.yahoo.com/help/us/ysearch/slurp)" "www.roomfurnish.com"
74.6.76.45 - - [30/Jan/2009:03:04:10 -0800] "GET / HTTP/1.0" 200 1315 "-" "Mozilla/5.0 (compatible; Yahoo! DE Slurp; http://help.yahoo.com/help/us/ysearch/slurp)" "www.roomfurnish.com"
74.6.24.90 - - [30/Jan/2009:05:08:11 -0800] "GET /robots.txt HTTP/1.0" 404 275 "-" "Mozilla/5.0 (compatible; Yahoo! Slurp; http://help.yahoo.com/help/us/ysearch/slurp)" "www.roomfurnish.com"
74.6.30.119 - - [30/Jan/2009:05:08:12 -0800] "GET / HTTP/1.0" 200 1315 "-" "Mozilla/5.0 (compatible; Yahoo! DE Slurp; http://help.yahoo.com/help/us/ysearch/slurp)" "www.roomfurnish.com"
67.195.37.106 - - [30/Jan/2009:08:11:19 -0800] "GET /robots.txt HTTP/1.0" 404 275 "-" "Mozilla/5.0 (compatible; Yahoo! Slurp; http://help.yahoo.com/help/us/ysearch/slurp)" "www.roomfurnish.com"
67.195.37.106 - - [30/Jan/2009:08:11:20 -0800] "GET / HTTP/1.0" 200 1315 "-" "Mozilla/5.0 (compatible; Yahoo! DE Slurp; http://help.yahoo.com/help/us/ysearch/slurp)" "www.roomfurnish.com"
64.79.219.54 - - [30/Jan/2009:12:14:10 -0800] "HEAD / HTTP/1.0" 200 0 "http://www.sitidi.net" "Mozilla/4.0 (compatible; MSIE 6.0; Windows NT 5.1; SV1)" "roomfurnish.com"
64.79.219.54 - - [30/Jan/2009:12:14:10 -0800] "HEAD / HTTP/1.0" 200 0 "http://www.sitidi.net" "Mozilla/4.0 (compatible; MSIE 6.0; Windows NT 5.1; SV1)" "roomfurnish.com"
64.79.219.54 - - [30/Jan/2009:12:14:10 -0800] "HEAD / HTTP/1.0" 200 0 "http://www.sitidi.net" "Mozilla/4.0 (compatible; MSIE 6.0; Windows NT 5.1; SV1)" "roomfurnish.com"
64.79.219.54 - - [30/Jan/2009:12:14:36 -0800] "HEAD / HTTP/1.0" 200 0 "http://www.sitidi.net" "Mozilla/4.0 (compatible; MSIE 6.0; Windows NT 5.1; SV1)" "roomfurnish.com"
114.111.36.26 - - [30/Jan/2009:12:44:29 -0800] "GET /robots.txt HTTP/1.1" 404 275 "-" "Mozilla/4.0 (compatible; NaverBot/1.0; http://help.naver.com/customer_webtxt_02.jsp)" "roomfurnish.com"
114.111.36.26 - - [30/Jan/2009:12:44:44 -0800] "GET / HTTP/1.1" 200 1315 "-" "Mozilla/4.0 (compatible; NaverBot/1.0; http://help.naver.com/customer_webtxt_02.jsp)" "roomfurnish.com"
193.47.80.40 - - [30/Jan/2009:15:24:09 -0800] "GET /robots.txt HTTP/1.1" 404 275 "-" "Mozilla/5.0 (compatible; Exabot/3.0; +http://www.exabot.com/go/robot)" "roomfurnish.com"
193.47.80.40 - - [30/Jan/2009:15:24:09 -0800] "GET / HTTP/1.1" 200 1315 "-" "Mozilla/5.0 (compatible; Exabot/3.0; +http://www.exabot.com/go/robot)" "roomfurnish.com"
208.80.194.33 - - [30/Jan/2009:15:48:52 -0800] "GET / HTTP/1.0" 200 1315 "-" "Mozilla/4.0 (compatible; MSIE 6.0; Windows NT 5.1; SV1; SIMBAR={C0D6F1BD-56E9-4DC8-96C5-D722577F8B12}; .NET CLR 1.1.4322; .NET CLR 2.0.50727)" "www.roomfurnish.com"
208.80.194.33 - - [30/Jan/2009:15:48:52 -0800] "GET / HTTP/1.0" 200 1315 "-" "Mozilla/4.0 (compatible; MSIE 7.0; Windows NT 5.1; DigExt; MEGAUPLOAD 1.0)" "roomfurnish.com"
208.36.144.10 - - [30/Jan/2009:22:07:01 -0800] "GET /robots.txt HTTP/1.0" 404 275 "-" "Mozilla/5.0 (Twiceler-0.9 http://www.cuil.com/twiceler/robot.html)" "www.roomfurnish.com"
70.182.222.6 - - [30/Jan/2009:23:18:52 -0800] "GET / HTTP/1.0" 200 1315 "http://random.yahoo.com/fast/ryl" "webcollage/1.135" "www.roomfurnish.com"
122.16.121.229 - - [31/Jan/2009:04:24:23 -0800] "GET / HTTP/1.1" 200 1315 "-" "Mozilla/4.0 (compatible; MSIE 6.0; Windows XP)" "roomfurnish.com"
72.30.65.56 - - [31/Jan/2009:04:34:38 -0800] "GET /robots.txt HTTP/1.0" 404 275 "-" "Mozilla/5.0 (compatible; Yahoo! Slurp; http://help.yahoo.com/help/us/ysearch/slurp)" "www.roomfurnish.com"
72.30.65.56 - - [31/Jan/2009:04:35:28 -0800] "GET / HTTP/1.0" 200 1315 "-" "Mozilla/5.0 (compatible; Yahoo! Slurp; http://help.yahoo.com/help/us/ysearch/slurp)" "www.roomfurnish.com"
74.6.24.90 - - [31/Jan/2009:06:05:24 -0800] "GET /robots.txt HTTP/1.0" 404 275 "-" "Mozilla/5.0 (compatible; Yahoo! Slurp; http://help.yahoo.com/help/us/ysearch/slurp)" "www.roomfurnish.com"
74.6.76.45 - - [31/Jan/2009:06:05:25 -0800] "GET / HTTP/1.0" 200 1315 "-" "Mozilla/5.0 (compatible; Yahoo! DE Slurp; http://help.yahoo.com/help/us/ysearch/slurp)" "www.roomfurnish.com"
74.6.30.119 - - [31/Jan/2009:06:10:51 -0800] "GET / HTTP/1.0" 200 1315 "-" "Mozilla/5.0 (compatible; Yahoo! DE Slurp; http://help.yahoo.com/help/us/ysearch/slurp)" "www.roomfurnish.com"
88.131.106.12 - - [31/Jan/2009:08:05:10 -0800] "GET /robots.txt HTTP/1.0" 404 275 "-" "Speedy Spider (http://www.entireweb.com/about/search_tech/speedy_spider/)" "roomfurnish.com"
88.131.106.12 - - [31/Jan/2009:08:05:13 -0800] "GET /lb-11.html HTTP/1.0" 404 275 "-" "Speedy Spider (http://www.entireweb.com/about/search_tech/speedy_spider/)" "roomfurnish.com"
67.195.37.93 - - [31/Jan/2009:08:31:17 -0800] "GET /robots.txt HTTP/1.0" 404 275 "-" "Mozilla/5.0 (compatible; Yahoo! Slurp; http://help.yahoo.com/help/us/ysearch/slurp)" "www.roomfurnish.com"
67.195.37.93 - - [31/Jan/2009:08:31:17 -0800] "GET / HTTP/1.0" 200 1315 "-" "Mozilla/5.0 (compatible; Yahoo! DE Slurp; http://help.yahoo.com/help/us/ysearch/slurp)" "www.roomfurnish.com"
66.229.128.168 - - [31/Jan/2009:08:44:11 -0800] "GET /robots.txt HTTP/1.0" 404 275 "-" "Jambot/0.1.1 (Jambot; http://www.jambot.com/blog; crawler@jambot.com)" "roomfurnish.com"
66.229.128.168 - - [31/Jan/2009:08:44:12 -0800] "GET / HTTP/1.0" 200 1315 "-" "Jambot/0.1.1 (Jambot; http://www.jambot.com/blog; crawler@jambot.com)" "roomfurnish.com"
193.47.80.40 - - [31/Jan/2009:15:31:34 -0800] "GET /robots.txt HTTP/1.1" 404 275 "-" "Mozilla/5.0 (compatible; Exabot/3.0; +http://www.exabot.com/go/robot)" "roomfurnish.com"
193.47.80.40 - - [31/Jan/2009:15:31:36 -0800] "GET / HTTP/1.1" 200 1315 "-" "Mozilla/5.0 (compatible; Exabot/3.0; +http://www.exabot.com/go/robot)" "roomfurnish.com"
72.94.249.34 - - [31/Jan/2009:20:07:53 -0800] "GET / HTTP/1.1" 200 1315 "-" "Mozilla/4.0 (compatible; MSIE 6.0; Windows NT 5.1; SV1; .NET CLR 1.1.4322)" "www.roomfurnish.com"
67.152.29.130 - - [31/Jan/2009:21:48:29 -0800] "GET /robots.txt HTTP/1.1" 404 275 "-" "ShopWiki/1.0 ( +http://www.shopwiki.com/wiki/Help:Bot)" "www.roomfurnish.com"
67.152.29.130 - - [31/Jan/2009:21:48:29 -0800] "GET / HTTP/1.1" 200 1315 "-" "ShopWiki/1.0 ( +http://www.shopwiki.com/wiki/Help:Bot)" "www.roomfurnish.com"
67.152.29.130 - - [31/Jan/2009:21:48:30 -0800] "GET /sitemap.html HTTP/1.1" 404 275 "-" "ShopWiki/1.0 ( +http://www.shopwiki.com/wiki/Help:Bot)" "www.roomfurnish.com"
67.152.29.130 - - [31/Jan/2009:21:48:31 -0800] "GET / HTTP/1.1" 200 1315 "-" "ShopWiki/1.0 ( +http://www.shopwiki.com/wiki/Help:Bot)" "www.roomfurnish.com"
64.1.215.165 - - [01/Feb/2009:00:20:22 -0800] "GET /robots.txt HTTP/1.0" 404 275 "-" "Mozilla/5.0 (Twiceler-0.9 http://www.cuil.com/twiceler/robot.html)" "roomfurnish.com"
91.205.124.5 - - [01/Feb/2009:01:29:29 -0800] "GET /robots.txt HTTP/1.1" 404 275 "-" "Yanga WorldSearch Bot v1.1/beta (http://www.yanga.co.uk/)" "www.roomfurnish.com"
91.205.124.5 - - [01/Feb/2009:01:29:30 -0800] "GET / HTTP/1.1" 200 1315 "-" "Yanga WorldSearch Bot v1.1/beta (http://www.yanga.co.uk/)" "www.roomfurnish.com"
216.64.169.240 - - [01/Feb/2009:01:36:07 -0800] "GET / HTTP/1.1" 200 1315 "-" "Mozilla/4.0 (compatible; MSIE 6.0; Windows NT 5.0; .NET CLR 1.0.3705; .NET CLR 1.1.4322)" "roomfurnish.com"
74.6.24.90 - - [01/Feb/2009:06:46:43 -0800] "GET /robots.txt HTTP/1.0" 404 275 "-" "Mozilla/5.0 (compatible; Yahoo! Slurp; http://help.yahoo.com/help/us/ysearch/slurp)" "www.roomfurnish.com"
74.6.30.119 - - [01/Feb/2009:06:46:43 -0800] "GET / HTTP/1.0" 200 1315 "-" "Mozilla/5.0 (compatible; Yahoo! DE Slurp; http://help.yahoo.com/help/us/ysearch/slurp)" "www.roomfurnish.com"
67.152.29.130 - - [01/Feb/2009:08:24:16 -0800] "GET /robots.txt HTTP/1.1" 404 275 "-" "ShopWiki/1.0 ( +http://www.shopwiki.com/wiki/Help:Bot)" "www.roomfurnish.com"
67.152.29.130 - - [01/Feb/2009:08:24:16 -0800] "GET / HTTP/1.1" 200 1315 "-" "ShopWiki/1.0 ( +http://www.shopwiki.com/wiki/Help:Bot)" "www.roomfurnish.com"
67.152.29.130 - - [01/Feb/2009:08:24:17 -0800] "GET /sitemap.html HTTP/1.1" 404 275 "-" "ShopWiki/1.0 ( +http://www.shopwiki.com/wiki/Help:Bot)" "www.roomfurnish.com"
74.6.76.45 - - [01/Feb/2009:09:12:08 -0800] "GET / HTTP/1.0" 200 1315 "-" "Mozilla/5.0 (compatible; Yahoo! DE Slurp; http://help.yahoo.com/help/us/ysearch/slurp)" "www.roomfurnish.com"
67.195.37.93 - - [01/Feb/2009:12:02:09 -0800] "GET /robots.txt HTTP/1.0" 404 275 "-" "Mozilla/5.0 (compatible; Yahoo! Slurp; http://help.yahoo.com/help/us/ysearch/slurp)" "www.roomfurnish.com"
67.195.37.93 - - [01/Feb/2009:12:02:10 -0800] "GET / HTTP/1.0" 200 1315 "-" "Mozilla/5.0 (compatible; Yahoo! DE Slurp; http://help.yahoo.com/help/us/ysearch/slurp)" "www.roomfurnish.com"
193.252.149.16 - - [01/Feb/2009:15:27:57 -0800] "GET / HTTP/1.1" 200 1315 "-" "Mozilla/5.0 (Windows; U; Windows NT 5.1; fr; rv:1.8.1) VoilaBot BETA 1.2 (support.voilabot@orange-ftgroup.com)" "roomfurnish.com"
193.47.80.40 - - [01/Feb/2009:15:35:21 -0800] "GET /robots.txt HTTP/1.1" 404 275 "-" "Mozilla/5.0 (compatible; Exabot/3.0; +http://www.exabot.com/go/robot)" "roomfurnish.com"
193.47.80.40 - - [01/Feb/2009:15:35:22 -0800] "GET / HTTP/1.1" 200 1315 "-" "Mozilla/5.0 (compatible; Exabot/3.0; +http://www.exabot.com/go/robot)" "roomfurnish.com"
193.252.149.16 - - [01/Feb/2009:18:12:59 -0800] "GET /robots.txt HTTP/1.1" 404 275 "-" "Mozilla/5.0 (Windows; U; Windows NT 5.1; fr; rv:1.8.1) VoilaBot BETA 1.2 (support.voilabot@orange-ftgroup.com)" "www.roomfurnish.com"
193.252.149.16 - - [01/Feb/2009:18:13:03 -0800] "GET / HTTP/1.1" 200 1315 "-" "Mozilla/5.0 (Windows; U; Windows NT 5.1; fr; rv:1.8.1) VoilaBot BETA 1.2 (support.voilabot@orange-ftgroup.com)" "www.roomfurnish.com"
66.249.73.228 - - [01/Feb/2009:19:20:49 -0800] "GET /robots.txt HTTP/1.1" 404 275 "-" "Mozilla/5.0 (compatible; Googlebot/2.1; +http://www.google.com/bot.html)" "www.roomfurnish.com"
66.249.73.228 - - [01/Feb/2009:19:20:50 -0800] "GET / HTTP/1.1" 200 1315 "-" "Mozilla/5.0 (compatible; Googlebot/2.1; +http://www.google.com/bot.html)" "www.roomfurnish.com"
66.229.128.168 - - [01/Feb/2009:23:01:20 -0800] "GET /robots.txt HTTP/1.0" 404 275 "-" "Jambot/0.1.1 (Jambot; http://www.jambot.com/blog; crawler@jambot.com)" "roomfurnish.com"
66.229.128.168 - - [01/Feb/2009:23:01:20 -0800] "GET / HTTP/1.0" 200 1315 "-" "Jambot/0.1.1 (Jambot; http://www.jambot.com/blog; crawler@jambot.com)" "roomfurnish.com"
207.126.224.241 - - [02/Feb/2009:00:45:36 -0800] "GET / HTTP/1.0" 200 1315 "-" "Mozilla/4.05 [en]" "www.roomfurnish.com"
208.80.194.42 - - [02/Feb/2009:00:47:32 -0800] "GET / HTTP/1.0" 200 1315 "-" "Mozilla/4.0 (compatible; MSIE 6.0; Windows NT 5.0; YPC 3.2.0; yie6_SBC; .NET CLR 1.1.4322; ZangoToolbar 4.8.3; .NET CLR 2.0.50727)" "www.roomfurnish.com"
208.80.194.42 - - [02/Feb/2009:00:47:32 -0800] "GET / HTTP/1.0" 200 1315 "-" "Mozilla/4.0 (compatible; MSIE 6.0; Windows NT 5.1; SV1; DigExt; .NET CLR 1.1.4322; .NET CLR 2.0.50727)" "roomfurnish.com"
71.242.124.18 - - [02/Feb/2009:05:45:52 -0800] "GET /favicon.ico HTTP/1.1" 404 275 "-" "Mozilla/4.0 (compatible; GoogleToolbar 5.0.2124.6042; Windows 6.0; MSIE 7.0.6000.16764)" "roomfurnish.com"
71.242.124.18 - - [02/Feb/2009:05:45:52 -0800] "GET /favicon.gif HTTP/1.1" 404 275 "-" "Mozilla/4.0 (compatible; GoogleToolbar 5.0.2124.6042; Windows 6.0; MSIE 7.0.6000.16764)" "roomfurnish.com"
64.27.5.162 - - [02/Feb/2009:06:12:11 -0800] "GET / HTTP/1.1" 200 1315 "-" "Mozilla/4.0 (compatible; MSIE 6.0; Windows NT 5.1)" "roomfurnish.com"
67.152.29.130 - - [02/Feb/2009:08:11:39 -0800] "GET /robots.txt HTTP/1.1" 404 275 "-" "ShopWiki/1.0 ( +http://www.shopwiki.com/wiki/Help:Bot)" "www.roomfurnish.com"
67.152.29.130 - - [02/Feb/2009:08:11:40 -0800] "GET / HTTP/1.1" 200 1315 "-" "ShopWiki/1.0 ( +http://www.shopwiki.com/wiki/Help:Bot)" "www.roomfurnish.com"
67.152.29.130 - - [02/Feb/2009:08:11:41 -0800] "GET /sitemap.html HTTP/1.1" 404 275 "-" "ShopWiki/1.0 ( +http://www.shopwiki.com/wiki/Help:Bot)" "www.roomfurnish.com"
67.152.29.130 - - [02/Feb/2009:08:11:42 -0800] "GET / HTTP/1.1" 200 1315 "-" "ShopWiki/1.0 ( +http://www.shopwiki.com/wiki/Help:Bot)" "www.roomfurnish.com"
74.6.24.90 - - [02/Feb/2009:09:33:12 -0800] "GET /robots.txt HTTP/1.0" 404 275 "-" "Mozilla/5.0 (compatible; Yahoo! Slurp; http://help.yahoo.com/help/us/ysearch/slurp)" "www.roomfurnish.com"
74.6.30.119 - - [02/Feb/2009:09:33:12 -0800] "GET / HTTP/1.0" 200 1315 "-" "Mozilla/5.0 (compatible; Yahoo! DE Slurp; http://help.yahoo.com/help/us/ysearch/slurp)" "www.roomfurnish.com"
66.249.73.228 - - [02/Feb/2009:09:42:44 -0800] "GET /robots.txt HTTP/1.1" 404 275 "-" "Mozilla/5.0 (compatible; Googlebot/2.1; +http://www.google.com/bot.html)" "roomfurnish.com"
66.249.73.228 - - [02/Feb/2009:09:42:44 -0800] "GET /index.html HTTP/1.1" 200 1315 "-" "Mozilla/5.0 (compatible; Googlebot/2.1; +http://www.google.com/bot.html)" "roomfurnish.com"
74.6.76.45 - - [02/Feb/2009:10:20:15 -0800] "GET / HTTP/1.0" 200 1315 "-" "Mozilla/5.0 (compatible; Yahoo! DE Slurp; http://help.yahoo.com/help/us/ysearch/slurp)" "www.roomfurnish.com"
67.152.29.130 - - [02/Feb/2009:11:46:23 -0800] "GET /robots.txt HTTP/1.1" 404 275 "-" "ShopWiki/1.0 ( +http://www.shopwiki.com/wiki/Help:Bot)" "www.roomfurnish.com"
67.152.29.130 - - [02/Feb/2009:11:46:23 -0800] "GET / HTTP/1.1" 200 1315 "-" "ShopWiki/1.0 ( +http://www.shopwiki.com/wiki/Help:Bot)" "www.roomfurnish.com"
67.152.29.130 - - [02/Feb/2009:11:46:24 -0800] "GET /sitemap.html HTTP/1.1" 404 275 "-" "ShopWiki/1.0 ( +http://www.shopwiki.com/wiki/Help:Bot)" "www.roomfurnish.com"
67.195.37.99 - - [02/Feb/2009:12:06:49 -0800] "GET /robots.txt HTTP/1.0" 404 275 "-" "Mozilla/5.0 (compatible; Yahoo! Slurp; http://help.yahoo.com/help/us/ysearch/slurp)" "www.roomfurnish.com"
67.195.37.99 - - [02/Feb/2009:12:06:49 -0800] "GET / HTTP/1.0" 200 1315 "-" "Mozilla/5.0 (compatible; Yahoo! DE Slurp; http://help.yahoo.com/help/us/ysearch/slurp)" "www.roomfurnish.com"
193.47.80.40 - - [02/Feb/2009:15:29:09 -0800] "GET / HTTP/1.1" 200 1315 "-" "Mozilla/5.0 (compatible; Exabot/3.0; +http://www.exabot.com/go/robot)" "roomfurnish.com"
208.80.194.37 - - [02/Feb/2009:20:32:50 -0800] "GET / HTTP/1.0" 200 1315 "-" "Mozilla/4.0 (compatible; MSIE 7.0; Windows NT 5.1; DigExt; MSN 8.0; MSN 8.5; MSNbMSNI; MSNmen-us; MSNcOTH)" "www.roomfurnish.com"
208.80.194.37 - - [02/Feb/2009:20:32:50 -0800] "GET / HTTP/1.0" 200 1315 "-" "Mozilla/4.0 (compatible; MSIE 5.5; Windows NT 5.0; .NET CLR 1.0.3705; .NET CLR 2.0.50727)" "roomfurnish.com"
202.160.178.82 - - [02/Feb/2009:20:38:10 -0800] "GET / HTTP/1.0" 200 1315 "-" "Mozilla/5.0 (compatible; Yahoo! Slurp China; http://misc.yahoo.com.cn/help.html)" "roomfurnish.com"
174.129.145.128 - - [02/Feb/2009:21:49:39 -0800] "GET / HTTP/1.0" 200 1315 "-" "-" "roomfurnish.com"
67.205.96.152 - - [02/Feb/2009:23:17:06 -0800] "GET / HTTP/1.1" 200 1315 "-" "Allrati/1.1 (+)" "roomfurnish.com"
61.135.249.210 - - [03/Feb/2009:01:42:00 -0800] "GET /robots.txt HTTP/1.1" 404 275 "-" "Mozilla/5.0 (compatible; YoudaoBot/1.0; http://www.youdao.com/help/webmaster/spider/; )" "roomfurnish.com"
61.135.249.210 - - [03/Feb/2009:01:42:01 -0800] "GET / HTTP/1.1" 200 1315 "-" "Mozilla/5.0 (compatible; YoudaoBot/1.0; http://www.youdao.com/help/webmaster/spider/; )" "roomfurnish.com"
66.229.128.168 - - [03/Feb/2009:07:26:07 -0800] "GET /robots.txt HTTP/1.0" 404 275 "-" "Jambot/0.1.1 (Jambot; http://www.jambot.com/blog; crawler@jambot.com)" "roomfurnish.com"
66.229.128.168 - - [03/Feb/2009:07:26:07 -0800] "GET / HTTP/1.0" 200 1315 "-" "Jambot/0.1.1 (Jambot; http://www.jambot.com/blog; crawler@jambot.com)" "roomfurnish.com"
74.6.7.187 - - [03/Feb/2009:11:16:57 -0800] "GET /robots.txt HTTP/1.0" 404 275 "-" "Mozilla/5.0 (compatible; Yahoo! Slurp; http://help.yahoo.com/help/us/ysearch/slurp)" "www.roomfurnish.com"
74.6.76.45 - - [03/Feb/2009:11:16:58 -0800] "GET / HTTP/1.0" 200 1315 "-" "Mozilla/5.0 (compatible; Yahoo! DE Slurp; http://help.yahoo.com/help/us/ysearch/slurp)" "www.roomfurnish.com"
74.6.30.119 - - [03/Feb/2009:12:18:41 -0800] "GET / HTTP/1.0" 200 1315 "-" "Mozilla/5.0 (compatible; Yahoo! DE Slurp; http://help.yahoo.com/help/us/ysearch/slurp)" "www.roomfurnish.com"
67.195.37.99 - - [03/Feb/2009:13:38:59 -0800] "GET /robots.txt HTTP/1.0" 404 275 "-" "Mozilla/5.0 (compatible; Yahoo! Slurp; http://help.yahoo.com/help/us/ysearch/slurp)" "www.roomfurnish.com"
67.195.37.99 - - [03/Feb/2009:13:38:59 -0800] "GET / HTTP/1.0" 200 1315 "-" "Mozilla/5.0 (compatible; Yahoo! DE Slurp; http://help.yahoo.com/help/us/ysearch/slurp)" "www.roomfurnish.com"
193.47.80.40 - - [03/Feb/2009:15:27:50 -0800] "GET /robots.txt HTTP/1.1" 404 275 "-" "Mozilla/5.0 (compatible; Exabot/3.0; +http://www.exabot.com/go/robot)" "roomfurnish.com"
193.47.80.40 - - [03/Feb/2009:15:27:51 -0800] "GET / HTTP/1.1" 200 1315 "-" "Mozilla/5.0 (compatible; Exabot/3.0; +http://www.exabot.com/go/robot)" "roomfurnish.com"
76.185.229.144 - - [03/Feb/2009:16:27:33 -0800] "GET / HTTP/1.1" 200 1315 "-" "Mozilla/4.0 (compatible; MSIE 6.0; Windows NT 5.1; SV1; .NET CLR 1.1.4322; .NET CLR 2.0.50727)" "roomfurnish.com"
67.152.29.130 - - [03/Feb/2009:17:29:51 -0800] "GET /robots.txt HTTP/1.1" 404 275 "-" "ShopWiki/1.0 ( +http://www.shopwiki.com/wiki/Help:Bot)" "www.roomfurnish.com"
67.152.29.130 - - [03/Feb/2009:17:29:52 -0800] "GET / HTTP/1.1" 200 1315 "-" "ShopWiki/1.0 ( +http://www.shopwiki.com/wiki/Help:Bot)" "www.roomfurnish.com"
67.152.29.130 - - [03/Feb/2009:17:29:53 -0800] "GET /sitemap.html HTTP/1.1" 404 275 "-" "ShopWiki/1.0 ( +http://www.shopwiki.com/wiki/Help:Bot)" "www.roomfurnish.com"
67.152.29.130 - - [03/Feb/2009:17:29:54 -0800] "GET / HTTP/1.1" 200 1315 "-" "ShopWiki/1.0 ( +http://www.shopwiki.com/wiki/Help:Bot)" "www.roomfurnish.com"
67.152.29.130 - - [03/Feb/2009:18:17:23 -0800] "GET / HTTP/1.1" 200 1315 "-" "ShopWiki/1.0 ( +http://www.shopwiki.com/wiki/Help:Bot)" "www.roomfurnish.com"
67.152.29.130 - - [03/Feb/2009:18:17:24 -0800] "GET /sitemap.html HTTP/1.1" 404 275 "-" "ShopWiki/1.0 ( +http://www.shopwiki.com/wiki/Help:Bot)" "www.roomfurnish.com"
64.1.215.165 - - [03/Feb/2009:19:23:21 -0800] "GET /robots.txt HTTP/1.0" 404 275 "-" "Mozilla/5.0 (Twiceler-0.9 http://www.cuil.com/twiceler/robot.html)" "roomfurnish.com"
114.111.36.26 - - [03/Feb/2009:20:12:29 -0800] "GET /robots.txt HTTP/1.1" 404 275 "-" "Mozilla/4.0 (compatible; NaverBot/1.0; http://help.naver.com/customer_webtxt_02.jsp)" "roomfurnish.com"
114.111.36.26 - - [03/Feb/2009:20:12:45 -0800] "GET / HTTP/1.1" 200 1315 "-" "Mozilla/4.0 (compatible; NaverBot/1.0; http://help.naver.com/customer_webtxt_02.jsp)" "roomfurnish.com"
208.36.144.10 - - [03/Feb/2009:23:49:23 -0800] "GET /robots.txt HTTP/1.0" 404 275 "-" "Mozilla/5.0 (Twiceler-0.9 http://www.cuil.com/twiceler/robot.html)" "www.roomfurnish.com"
88.131.106.12 - - [04/Feb/2009:01:57:48 -0800] "GET /robots.txt HTTP/1.0" 404 275 "-" "Speedy Spider (http://www.entireweb.com/about/search_tech/speedy_spider/)" "roomfurnish.com"
88.131.106.12 - - [04/Feb/2009:01:57:48 -0800] "GET / HTTP/1.0" 200 1315 "-" "Speedy Spider (http://www.entireweb.com/about/search_tech/speedy_spider/)" "roomfurnish.com"
64.124.148.28 - - [04/Feb/2009:02:05:33 -0800] "GET /robots.txt HTTP/1.1" 404 275 "-" "Mozilla/5.0 (compatible; FatBot 2.0; http://www.thefind.com/crawler)" "roomfurnish.com"
64.124.148.28 - - [04/Feb/2009:02:06:41 -0800] "GET / HTTP/1.1" 200 1315 "-" "Mozilla/5.0 (compatible; FatBot 2.0; http://www.thefind.com/crawler)" "roomfurnish.com"
208.80.194.30 - - [04/Feb/2009:08:31:57 -0800] "GET / HTTP/1.0" 200 1315 "-" "Mozilla/4.0 (compatible; MSIE 7.0; Windows NT 5.1; .NET CLR 1.1.4322; .NET CLR 2.0.50727; InfoPath.1; IEMB3; .NET CLR 3.0.04506.30; IEMB3)" "roomfurnish.com"
208.80.194.30 - - [04/Feb/2009:08:31:57 -0800] "GET / HTTP/1.0" 200 1315 "-" "Mozilla/4.0 (compatible; MSIE 6.0; Windows NT 5.1; iebar; .NET CLR 1.0.3705)" "www.roomfurnish.com"
98.173.26.143 - - [04/Feb/2009:08:46:36 -0800] "GET /robots.txt HTTP/1.0" 404 275 "-" "envolk/1.7 (+http://www.envolk.com/envolkspiderinfo.html)" "roomfurnish.com"
74.6.19.173 - - [04/Feb/2009:13:29:57 -0800] "GET /robots.txt HTTP/1.0" 404 275 "-" "Mozilla/5.0 (compatible; Yahoo! Slurp; http://help.yahoo.com/help/us/ysearch/slurp)" "www.roomfurnish.com"
74.6.30.119 - - [04/Feb/2009:13:29:58 -0800] "GET / HTTP/1.0" 200 1315 "-" "Mozilla/5.0 (compatible; Yahoo! DE Slurp; http://help.yahoo.com/help/us/ysearch/slurp)" "www.roomfurnish.com"
193.47.80.40 - - [04/Feb/2009:15:31:53 -0800] "GET /robots.txt HTTP/1.1" 404 275 "-" "Mozilla/5.0 (compatible; Exabot/3.0; +http://www.exabot.com/go/robot)" "roomfurnish.com"
193.47.80.40 - - [04/Feb/2009:15:31:54 -0800] "GET / HTTP/1.1" 200 1315 "-" "Mozilla/5.0 (compatible; Exabot/3.0; +http://www.exabot.com/go/robot)" "roomfurnish.com"
67.195.37.176 - - [04/Feb/2009:15:32:16 -0800] "GET /robots.txt HTTP/1.0" 404 275 "-" "Mozilla/5.0 (compatible; Yahoo! Slurp; http://help.yahoo.com/help/us/ysearch/slurp)" "www.roomfurnish.com"
67.195.37.176 - - [04/Feb/2009:15:32:17 -0800] "GET / HTTP/1.0" 200 1315 "-" "Mozilla/5.0 (compatible; Yahoo! DE Slurp; http://help.yahoo.com/help/us/ysearch/slurp)" "www.roomfurnish.com"
72.30.142.158 - - [04/Feb/2009:16:19:56 -0800] "GET /robots.txt HTTP/1.0" 404 275 "-" "Mozilla/5.0 (compatible; Yahoo! Slurp; http://help.yahoo.com/help/us/ysearch/slurp)" "roomfurnish.com"
72.30.142.158 - - [04/Feb/2009:16:20:48 -0800] "GET / HTTP/1.0" 200 1315 "-" "Mozilla/5.0 (compatible; Yahoo! Slurp; http://help.yahoo.com/help/us/ysearch/slurp)" "roomfurnish.com"
208.80.194.55 - - [04/Feb/2009:17:26:17 -0800] "GET / HTTP/1.0" 200 1315 "-" "Mozilla/4.0 (compatible; MSIE 7.0; Windows NT 6.0; WOW64; SLCC1; .NET CLR 2.0.50727; Media Center PC 5.0)" "www.roomfurnish.com"
208.80.194.55 - - [04/Feb/2009:17:26:17 -0800] "GET / HTTP/1.0" 200 1315 "-" "Mozilla/4.0 (compatible; MSIE 6.0; Windows NT 5.1; SV1; YPC 3.2.0; FunWebProducts; yplus 5.6.04b)" "roomfurnish.com"
67.152.29.130 - - [04/Feb/2009:17:53:26 -0800] "GET /robots.txt HTTP/1.1" 404 275 "-" "ShopWiki/1.0 ( +http://www.shopwiki.com/wiki/Help:Bot)" "www.roomfurnish.com"
67.152.29.130 - - [04/Feb/2009:17:53:26 -0800] "GET / HTTP/1.1" 200 1315 "-" "ShopWiki/1.0 ( +http://www.shopwiki.com/wiki/Help:Bot)" "www.roomfurnish.com"
67.152.29.130 - - [04/Feb/2009:17:53:27 -0800] "GET /sitemap.html HTTP/1.1" 404 275 "-" "ShopWiki/1.0 ( +http://www.shopwiki.com/wiki/Help:Bot)" "www.roomfurnish.com"
67.152.29.130 - - [04/Feb/2009:17:53:28 -0800] "GET / HTTP/1.1" 200 1315 "-" "ShopWiki/1.0 ( +http://www.shopwiki.com/wiki/Help:Bot)" "www.roomfurnish.com"
193.252.149.16 - - [04/Feb/2009:18:45:07 -0800] "GET / HTTP/1.1" 200 1315 "-" "Mozilla/5.0 (Windows; U; Windows NT 5.1; fr; rv:1.8.1) VoilaBot BETA 1.2 (support.voilabot@orange-ftgroup.com)" "www.roomfurnish.com"
67.152.29.130 - - [04/Feb/2009:20:36:08 -0800] "GET / HTTP/1.1" 200 1315 "-" "ShopWiki/1.0 ( +http://www.shopwiki.com/wiki/Help:Bot)" "www.roomfurnish.com"
67.152.29.130 - - [04/Feb/2009:20:36:09 -0800] "GET /sitemap.html HTTP/1.1" 404 275 "-" "ShopWiki/1.0 ( +http://www.shopwiki.com/wiki/Help:Bot)" "www.roomfurnish.com"
193.252.149.16 - - [04/Feb/2009:23:08:43 -0800] "GET /robots.txt HTTP/1.1" 404 275 "-" "Mozilla/5.0 (Windows; U; Windows NT 5.1; fr; rv:1.8.1) VoilaBot BETA 1.2 (support.voilabot@orange-ftgroup.com)" "roomfurnish.com"
193.252.149.16 - - [04/Feb/2009:23:08:53 -0800] "GET / HTTP/1.1" 200 1315 "-" "Mozilla/5.0 (Windows; U; Windows NT 5.1; fr; rv:1.8.1) VoilaBot BETA 1.2 (support.voilabot@orange-ftgroup.com)" "roomfurnish.com"
207.126.224.241 - - [05/Feb/2009:04:03:56 -0800] "GET / HTTP/1.0" 200 1315 "-" "Mozilla/4.05 [en]" "www.roomfurnish.com"
216.64.169.240 - - [05/Feb/2009:07:10:55 -0800] "GET / HTTP/1.1" 200 1315 "-" "Mozilla/4.0 (compatible; MSIE 6.0; Windows NT 5.0; .NET CLR 1.0.3705; .NET CLR 1.1.4322)" "roomfurnish.com"
208.80.194.45 - - [05/Feb/2009:07:51:06 -0800] "GET / HTTP/1.0" 200 1315 "-" "Mozilla/4.0 (compatible; MSIE 6.0; Windows NT 5.1; SV1; Sgrunt|V109|19|S-1396060623|dialno; snprtz|T18705400000070|2600#Service Pack 2#2#5#154321|isdn; HbTools 4.8.2)" "roomfurnish.com"
208.80.194.45 - - [05/Feb/2009:07:51:06 -0800] "GET / HTTP/1.0" 200 1315 "-" "Mozilla/4.0 (compatible; MSIE 5.5; Windows 98; IDG.pl; Alexa Toolbar)" "www.roomfurnish.com"
67.152.29.130 - - [05/Feb/2009:08:09:33 -0800] "GET /robots.txt HTTP/1.1" 404 275 "-" "ShopWiki/1.0 ( +http://www.shopwiki.com/wiki/Help:Bot)" "www.roomfurnish.com"
67.152.29.130 - - [05/Feb/2009:08:09:37 -0800] "GET / HTTP/1.1" 200 1315 "-" "ShopWiki/1.0 ( +http://www.shopwiki.com/wiki/Help:Bot)" "www.roomfurnish.com"
67.152.29.130 - - [05/Feb/2009:08:09:38 -0800] "GET /sitemap.html HTTP/1.1" 404 275 "-" "ShopWiki/1.0 ( +http://www.shopwiki.com/wiki/Help:Bot)" "www.roomfurnish.com"
69.84.207.147 - - [05/Feb/2009:13:55:44 -0800] "GET / HTTP/1.1" 200 1315 "-" "Mozilla/4.0 (compatible; MSIE 7.0;Windows NT 5.1;.NET CLR 1.1.4322;.NET CLR 2.0.50727;.NET CLR 3.0.04506.30)" "www.roomfurnish.com"
69.84.207.147 - - [05/Feb/2009:13:55:44 -0800] "GET / HTTP/1.1" 200 1315 "-" "Mozilla/4.0 (compatible; MSIE 7.0;Windows NT 5.1;.NET CLR 1.1.4322;.NET CLR 2.0.50727;.NET CLR 3.0.04506.30)" "roomfurnish.com"
74.6.12.35 - - [05/Feb/2009:15:06:23 -0800] "GET /robots.txt HTTP/1.0" 404 275 "-" "Mozilla/5.0 (compatible; Yahoo! Slurp; http://help.yahoo.com/help/us/ysearch/slurp)" "www.roomfurnish.com"
74.6.30.119 - - [05/Feb/2009:15:06:24 -0800] "GET / HTTP/1.0" 200 1315 "-" "Mozilla/5.0 (compatible; Yahoo! DE Slurp; http://help.yahoo.com/help/us/ysearch/slurp)" "www.roomfurnish.com"
67.195.37.98 - - [05/Feb/2009:15:38:47 -0800] "GET /robots.txt HTTP/1.0" 404 275 "-" "Mozilla/5.0 (compatible; Yahoo! Slurp; http://help.yahoo.com/help/us/ysearch/slurp)" "www.roomfurnish.com"
67.195.37.98 - - [05/Feb/2009:15:38:47 -0800] "GET / HTTP/1.0" 200 1315 "-" "Mozilla/5.0 (compatible; Yahoo! DE Slurp; http://help.yahoo.com/help/us/ysearch/slurp)" "www.roomfurnish.com"
67.152.29.130 - - [05/Feb/2009:15:47:29 -0800] "GET /robots.txt HTTP/1.1" 404 275 "-" "ShopWiki/1.0 ( +http://www.shopwiki.com/wiki/Help:Bot)" "www.roomfurnish.com"
67.152.29.130 - - [05/Feb/2009:15:47:31 -0800] "GET / HTTP/1.1" 200 1315 "-" "ShopWiki/1.0 ( +http://www.shopwiki.com/wiki/Help:Bot)" "www.roomfurnish.com"
67.152.29.130 - - [05/Feb/2009:15:47:32 -0800] "GET /sitemap.html HTTP/1.1" 404 275 "-" "ShopWiki/1.0 ( +http://www.shopwiki.com/wiki/Help:Bot)" "www.roomfurnish.com"
213.236.208.22 - - [06/Feb/2009:01:39:13 -0800] "GET /iphone HTTP/1.1" 404 275 "-" "Opera/9.10 (Windows NT 5.1; U; en)" "roomfurnish.com"
213.236.208.22 - - [06/Feb/2009:01:39:13 -0800] "GET /touch HTTP/1.1" 404 275 "-" "Opera/9.10 (Windows NT 5.1; U; en)" "roomfurnish.com"
213.236.208.22 - - [06/Feb/2009:01:39:13 -0800] "GET /apple-touch-icon.png HTTP/1.1" 404 275 "-" "Opera/9.10 (Windows NT 5.1; U; en)" "roomfurnish.com"
213.236.208.22 - - [06/Feb/2009:01:39:14 -0800] "GET /robots.txt HTTP/1.1" 404 275 "-" "Opera/9.10 (Windows NT 5.1; U; en)" "roomfurnish.com"
208.80.194.34 - - [06/Feb/2009:03:09:52 -0800] "GET / HTTP/1.0" 200 1315 "-" "Mozilla/4.0 (compatible; MSIE 6.0; Windows NT 5.1; SV1; FunWebProducts; InfoPath.1; .NET CLR 1.1.4322; ZangoToolbar 4.8.2)" "www.roomfurnish.com"
208.80.194.34 - - [06/Feb/2009:03:09:52 -0800] "GET / HTTP/1.0" 200 1315 "-" "Mozilla/4.0 (compatible; MSIE 6.0; Windows NT 5.1; AT&T CSM7.0; acc=; acc=none)" "roomfurnish.com"
208.36.144.10 - - [06/Feb/2009:04:00:23 -0800] "GET /robots.txt HTTP/1.0" 404 275 "-" "Mozilla/5.0 (Twiceler-0.9 http://www.cuil.com/twiceler/robot.html)" "www.roomfurnish.com"
70.38.112.18 - - [06/Feb/2009:10:25:00 -0800] "GET / HTTP/1.1" 200 1315 "-" "Mozilla/5.0 (compatible; X11; U; Linux i686 (x86_64); en-US; +http://gnomit.com/) Gecko/2008092416 Gnomit/1.0" "www.roomfurnish.com"
202.160.178.82 - - [06/Feb/2009:11:17:28 -0800] "GET / HTTP/1.0" 200 1315 "-" "Mozilla/5.0 (compatible; Yahoo! Slurp China; http://misc.yahoo.com.cn/help.html)" "roomfurnish.com"
67.202.55.193 - - [06/Feb/2009:11:28:16 -0800] "GET /robots.txt HTTP/1.0" 404 275 "-" "ia_archiver (+http://www.alexa.com/site/help/webmasters; crawler@alexa.com)" "roomfurnish.com"
67.202.55.193 - - [06/Feb/2009:11:28:16 -0800] "GET / HTTP/1.0" 200 1315 "-" "ia_archiver (+http://www.alexa.com/site/help/webmasters; crawler@alexa.com)" "roomfurnish.com"
67.195.37.98 - - [06/Feb/2009:16:31:39 -0800] "GET /robots.txt HTTP/1.0" 404 275 "-" "Mozilla/5.0 (compatible; Yahoo! Slurp; http://help.yahoo.com/help/us/ysearch/slurp)" "www.roomfurnish.com"
67.195.37.98 - - [06/Feb/2009:16:31:39 -0800] "GET / HTTP/1.0" 200 1315 "-" "Mozilla/5.0 (compatible; Yahoo! DE Slurp; http://help.yahoo.com/help/us/ysearch/slurp)" "www.roomfurnish.com"
89.149.217.207 - - [06/Feb/2009:16:32:01 -0800] "GET / HTTP/1.1" 200 1315 "http://www.ctube.net/" "Mozilla/4.0 (compatible; MSIE 6.0; Windows XP; SV1)" "roomfurnish.com"
74.6.7.163 - - [06/Feb/2009:17:28:00 -0800] "GET /robots.txt HTTP/1.0" 404 275 "-" "Mozilla/5.0 (compatible; Yahoo! Slurp; http://help.yahoo.com/help/us/ysearch/slurp)" "www.roomfurnish.com"
74.6.30.119 - - [06/Feb/2009:17:28:00 -0800] "GET / HTTP/1.0" 200 1315 "-" "Mozilla/5.0 (compatible; Yahoo! DE Slurp; http://help.yahoo.com/help/us/ysearch/slurp)" "www.roomfurnish.com"
66.249.67.19 - - [06/Feb/2009:22:44:26 -0800] "GET /robots.txt HTTP/1.1" 404 275 "-" "Mozilla/5.0 (compatible; Googlebot/2.1; +http://www.google.com/bot.html)" "www.roomfurnish.com"
66.249.67.19 - - [06/Feb/2009:22:44:26 -0800] "GET / HTTP/1.1" 200 1315 "-" "Mozilla/5.0 (compatible; Googlebot/2.1; +http://www.google.com/bot.html)" "www.roomfurnish.com"
207.88.210.8 - - [07/Feb/2009:02:24:43 -0800] "GET / HTTP/1.1" 200 1315 "-" "-" "roomfurnish.com"
67.205.96.152 - - [07/Feb/2009:02:42:26 -0800] "GET / HTTP/1.1" 200 1315 "-" "Allrati/1.1 (+)" "roomfurnish.com"
163.221.52.246 - - [07/Feb/2009:08:32:42 -0800] "GET / HTTP/1.1" 200 1315 "http://random.yahoo.com/bin/ryl" "WWW-Mechanize/1.34" "www.roomfurnish.com"
163.221.52.246 - - [07/Feb/2009:08:32:42 -0800] "GET / HTTP/1.1" 200 1315 "-" "Mozilla/4.0 (compatible; MSIE 7.0; Windows NT 5.1)" "www.roomfurnish.com"
208.80.194.41 - - [07/Feb/2009:08:47:24 -0800] "GET / HTTP/1.0" 200 1315 "-" "Mozilla/4.0 (compatible; MSIE 7.0; AOL 9.0; Windows NT 5.1; FunWebProducts; SIMBAR={AAD365AE-8ACB-442b-BE39-C7713A33EA5E}; .NET CLR 1.1.4322)" "www.roomfurnish.com"
208.80.194.41 - - [07/Feb/2009:08:47:24 -0800] "GET / HTTP/1.0" 200 1315 "-" "Mozilla/4.0 (compatible; MSIE 7.0; Windows NT 5.1; .NET CLR 1.0.3705; .NET CLR 1.1.4322; Media Center PC 4.0; Creative ZENcast v1.02.08)" "roomfurnish.com"
193.252.149.16 - - [07/Feb/2009:15:38:45 -0800] "GET / HTTP/1.1" 200 1315 "-" "Mozilla/5.0 (Windows; U; Windows NT 5.1; fr; rv:1.8.1) VoilaBot BETA 1.2 (support.voilabot@orange-ftgroup.com)" "roomfurnish.com"
88.131.106.12 - - [07/Feb/2009:15:42:50 -0800] "GET /robots.txt HTTP/1.0" 404 275 "-" "Speedy Spider (http://www.entireweb.com/about/search_tech/speedy_spider/)" "roomfurnish.com"
88.131.106.12 - - [07/Feb/2009:15:42:52 -0800] "GET /swatch.html HTTP/1.0" 404 275 "-" "Speedy Spider (http://www.entireweb.com/about/search_tech/speedy_spider/)" "roomfurnish.com"
67.195.37.98 - - [07/Feb/2009:17:26:49 -0800] "GET /robots.txt HTTP/1.0" 404 275 "-" "Mozilla/5.0 (compatible; Yahoo! Slurp; http://help.yahoo.com/help/us/ysearch/slurp)" "www.roomfurnish.com"
67.195.37.98 - - [07/Feb/2009:17:26:49 -0800] "GET / HTTP/1.0" 200 1315 "-" "Mozilla/5.0 (compatible; Yahoo! DE Slurp; http://help.yahoo.com/help/us/ysearch/slurp)" "www.roomfurnish.com"
74.6.27.93 - - [07/Feb/2009:17:40:59 -0800] "GET /robots.txt HTTP/1.0" 404 275 "-" "Mozilla/5.0 (compatible; Yahoo! Slurp; http://help.yahoo.com/help/us/ysearch/slurp)" "www.roomfurnish.com"
74.6.30.119 - - [07/Feb/2009:17:40:59 -0800] "GET / HTTP/1.0" 200 1315 "-" "Mozilla/5.0 (compatible; Yahoo! DE Slurp; http://help.yahoo.com/help/us/ysearch/slurp)" "www.roomfurnish.com"
193.252.149.16 - - [07/Feb/2009:18:09:43 -0800] "GET /robots.txt HTTP/1.1" 404 275 "-" "Mozilla/5.0 (Windows; U; Windows NT 5.1; fr; rv:1.8.1) VoilaBot BETA 1.2 (support.voilabot@orange-ftgroup.com)" "www.roomfurnish.com"
193.252.149.16 - - [07/Feb/2009:18:09:57 -0800] "GET / HTTP/1.1" 200 1315 "-" "Mozilla/5.0 (Windows; U; Windows NT 5.1; fr; rv:1.8.1) VoilaBot BETA 1.2 (support.voilabot@orange-ftgroup.com)" "www.roomfurnish.com"
216.183.81.221 - - [08/Feb/2009:00:59:48 -0800] "GET / HTTP/1.1" 200 1315 "-" "Wget/1.8.2" "www.roomfurnish.com"
208.80.194.38 - - [08/Feb/2009:01:13:45 -0800] "GET / HTTP/1.0" 200 1315 "-" "Mozilla/4.0 (compatible; MSIE 6.0; Windows NT 5.1; SV1; Stream Plugin; .NET CLR 1.1.4322; Zango 10.0.261.0)" "www.roomfurnish.com"
208.80.194.38 - - [08/Feb/2009:01:13:45 -0800] "GET / HTTP/1.0" 200 1315 "-" "Mozilla/4.0 (compatible; MSIE 7.0; Windows NT 5.1; FunWebProducts; (R1 1.5); Media Center PC 3.0; .NET CLR 1.0.3705; .NET CLR 1.1.4322)" "roomfurnish.com"
67.152.29.130 - - [08/Feb/2009:02:33:42 -0800] "GET /robots.txt HTTP/1.1" 404 275 "-" "ShopWiki/1.0 ( +http://www.shopwiki.com/wiki/Help:Bot)" "www.roomfurnish.com"
67.152.29.130 - - [08/Feb/2009:02:42:04 -0800] "GET / HTTP/1.1" 200 1315 "-" "ShopWiki/1.0 ( +http://www.shopwiki.com/wiki/Help:Bot)" "www.roomfurnish.com"
208.36.144.10 - - [08/Feb/2009:02:54:10 -0800] "GET /robots.txt HTTP/1.0" 404 275 "-" "Mozilla/5.0 (Twiceler-0.9 http://www.cuil.com/twiceler/robot.html)" "www.roomfurnish.com"
70.81.206.45 - - [08/Feb/2009:04:23:37 -0800] "GET / HTTP/1.1" 200 1315 "http://ca.dir.yahoo.com/Business_and_Economy/Shopping_and_Services/Home_and_Garden/Furnishings/Furniture/Retailers" "Mozilla/5.0 (Macintosh; U; PPC Mac OS X 10_4_11; en) AppleWebKit/525.27.1 (KHTML, like Gecko) Version/3.2.1 Safari/525.27.1" "www.roomfurnish.com"
70.81.206.45 - - [08/Feb/2009:04:23:37 -0800] "GET /favicon.ico HTTP/1.1" 404 275 "http://www.roomfurnish.com/" "Mozilla/5.0 (Macintosh; U; PPC Mac OS X 10_4_11; en) AppleWebKit/525.27.1 (KHTML, like Gecko) Version/3.2.1 Safari/525.27.1" "roomfurnish.com"
69.58.178.26 - - [08/Feb/2009:05:42:19 -0800] "GET /robots.txt HTTP/1.1" 404 275 "-" "Mozilla/5.0 (X11; U; Linux i686; en-US; rv:1.7.12; ips-agent) Gecko/20050922 Fedora/1.0.7-1.1.fc4 Firefox/1.0.7" "www.roomfurnish.com"
69.58.178.26 - - [08/Feb/2009:05:44:05 -0800] "GET / HTTP/1.1" 200 1315 "-" "Mozilla/5.0 (X11; U; Linux i686; en-US; rv:1.7.12; ips-agent) Gecko/20050922 Fedora/1.0.7-1.1.fc4 Firefox/1.0.7" "www.roomfurnish.com"
64.1.215.165 - - [08/Feb/2009:13:47:47 -0800] "GET /robots.txt HTTP/1.0" 404 275 "-" "Mozilla/5.0 (Twiceler-0.9 http://www.cuil.com/twiceler/robot.html)" "roomfurnish.com"
219.234.81.33 - - [08/Feb/2009:14:26:06 -0800] "GET / HTTP/1.1" 200 1315 "-" "Sogou web spider/4.0(+http://www.sogou.com/docs/help/webmasters.htm#07)" "www.roomfurnish.com"
67.195.37.189 - - [08/Feb/2009:17:38:30 -0800] "GET /robots.txt HTTP/1.0" 404 275 "-" "Mozilla/5.0 (compatible; Yahoo! Slurp; http://help.yahoo.com/help/us/ysearch/slurp)" "www.roomfurnish.com"
67.195.37.189 - - [08/Feb/2009:17:38:30 -0800] "GET / HTTP/1.0" 200 1315 "-" "Mozilla/5.0 (compatible; Yahoo! DE Slurp; http://help.yahoo.com/help/us/ysearch/slurp)" "www.roomfurnish.com"
74.6.16.178 - - [08/Feb/2009:19:43:33 -0800] "GET /robots.txt HTTP/1.0" 404 275 "-" "Mozilla/5.0 (compatible; Yahoo! Slurp; http://help.yahoo.com/help/us/ysearch/slurp)" "www.roomfurnish.com"
74.6.30.119 - - [08/Feb/2009:19:43:33 -0800] "GET / HTTP/1.0" 200 1315 "-" "Mozilla/5.0 (compatible; Yahoo! DE Slurp; http://help.yahoo.com/help/us/ysearch/slurp)" "www.roomfurnish.com"
88.131.106.12 - - [08/Feb/2009:21:29:22 -0800] "GET /robots.txt HTTP/1.0" 404 275 "-" "Speedy Spider (http://www.entireweb.com/about/search_tech/speedy_spider/)" "roomfurnish.com"
88.131.106.12 - - [08/Feb/2009:21:29:22 -0800] "GET /g-2035.html HTTP/1.0" 404 275 "-" "Speedy Spider (http://www.entireweb.com/about/search_tech/speedy_spider/)" "roomfurnish.com"
88.131.106.12 - - [08/Feb/2009:21:29:24 -0800] "GET /g-1935.html HTTP/1.0" 404 275 "-" "Speedy Spider (http://www.entireweb.com/about/search_tech/speedy_spider/)" "roomfurnish.com"
88.131.106.12 - - [08/Feb/2009:21:42:03 -0800] "GET /g17mach.html HTTP/1.0" 404 275 "-" "Speedy Spider (http://www.entireweb.com/about/search_tech/speedy_spider/)" "roomfurnish.com"
88.131.106.12 - - [08/Feb/2009:21:55:34 -0800] "GET /g-2034.html HTTP/1.0" 404 275 "-" "Speedy Spider (http://www.entireweb.com/about/search_tech/speedy_spider/)" "roomfurnish.com"
88.131.106.12 - - [08/Feb/2009:21:55:36 -0800] "GET /g-1934.html HTTP/1.0" 404 275 "-" "Speedy Spider (http://www.entireweb.com/about/search_tech/speedy_spider/)" "roomfurnish.com"
208.77.96.98 - - [09/Feb/2009:02:37:30 -0800] "HEAD / HTTP/1.0" 200 0 "http://www.sitidi.net" "Mozilla/4.0 (compatible; MSIE 6.0; Windows NT 5.1; SV1)" "roomfurnish.com"
208.77.96.98 - - [09/Feb/2009:02:37:30 -0800] "HEAD / HTTP/1.0" 200 0 "http://www.sitidi.net" "Mozilla/4.0 (compatible; MSIE 6.0; Windows NT 5.1; SV1)" "roomfurnish.com"
208.77.96.98 - - [09/Feb/2009:02:37:30 -0800] "HEAD / HTTP/1.0" 200 0 "http://www.sitidi.net" "Mozilla/4.0 (compatible; MSIE 6.0; Windows NT 5.1; SV1)" "roomfurnish.com"
66.249.67.19 - - [09/Feb/2009:07:27:19 -0800] "GET /robots.txt HTTP/1.1" 404 275 "-" "SAMSUNG-SGH-E250/1.0 Profile/MIDP-2.0 Configuration/CLDC-1.1 UP.Browser/6.2.3.3.c.1.101 (GUI) MMP/2.0 (compatible; Googlebot-Mobile/2.1; +http://www.google.com/bot.html)" "roomfurnish.com"
66.249.67.19 - - [09/Feb/2009:07:27:19 -0800] "GET / HTTP/1.1" 200 1315 "-" "SAMSUNG-SGH-E250/1.0 Profile/MIDP-2.0 Configuration/CLDC-1.1 UP.Browser/6.2.3.3.c.1.101 (GUI) MMP/2.0 (compatible; Googlebot-Mobile/2.1; +http://www.google.com/bot.html)" "roomfurnish.com"
216.183.81.221 - - [09/Feb/2009:08:35:30 -0800] "GET / HTTP/1.1" 200 1315 "-" "Wget/1.8.2" "www.roomfurnish.com"
208.80.194.32 - - [09/Feb/2009:10:08:51 -0800] "GET / HTTP/1.0" 200 1315 "-" "Mozilla/4.0 (compatible; MSIE 7.0; Windows NT 5.1; .NET CLR 1.0.3705; .NET CLR 1.1.4322; Media Center PC 4.0; SpamBlockerUtility 4.8.4; yplus 5.1.02b)" "www.roomfurnish.com"
208.80.194.32 - - [09/Feb/2009:10:08:51 -0800] "GET / HTTP/1.0" 200 1315 "-" "Mozilla/4.0 (compatible; MSIE 6.0; Windows NT 5.1; SV1; YPC 3.2.0; .NET CLR 1.1.4322; .NET CLR 2.0.50727; .NET CLR 3.0.04506.30; yplus 5.3.03b)" "roomfurnish.com"
66.235.124.14 - - [09/Feb/2009:13:02:46 -0800] "GET /robots.txt HTTP/1.1" 404 275 "-" "Mozilla/5.0 (compatible; Ask Jeeves/Teoma; +http://about.ask.com/en/docs/about/webmasters.shtml)" "roomfurnish.com"
66.235.124.14 - - [09/Feb/2009:13:02:46 -0800] "GET /info.html HTTP/1.1" 404 275 "-" "Mozilla/5.0 (compatible; Ask Jeeves/Teoma; +http://about.ask.com/en/docs/about/webmasters.shtml)" "roomfurnish.com"
64.246.165.237 - - [09/Feb/2009:15:51:05 -0800] "GET / HTTP/1.1" 200 1315 "-" "Mozilla/4.0 (compatible; MSIE 7.0; Windows NT 5.2; .NET CLR 1.1.4322)" "www.roomfurnish.com"
67.195.37.93 - - [09/Feb/2009:18:21:43 -0800] "GET /robots.txt HTTP/1.0" 404 275 "-" "Mozilla/5.0 (compatible; Yahoo! Slurp; http://help.yahoo.com/help/us/ysearch/slurp)" "www.roomfurnish.com"
67.195.37.93 - - [09/Feb/2009:18:21:43 -0800] "GET / HTTP/1.0" 200 1315 "-" "Mozilla/5.0 (compatible; Yahoo! DE Slurp; http://help.yahoo.com/help/us/ysearch/slurp)" "www.roomfurnish.com"
74.6.28.104 - - [09/Feb/2009:20:07:17 -0800] "GET /robots.txt HTTP/1.0" 404 275 "-" "Mozilla/5.0 (compatible; Yahoo! Slurp; http://help.yahoo.com/help/us/ysearch/slurp)" "www.roomfurnish.com"
74.6.30.119 - - [09/Feb/2009:20:07:17 -0800] "GET / HTTP/1.0" 200 1315 "-" "Mozilla/5.0 (compatible; Yahoo! DE Slurp; http://help.yahoo.com/help/us/ysearch/slurp)" "www.roomfurnish.com"
114.111.36.26 - - [10/Feb/2009:00:42:15 -0800] "GET /robots.txt HTTP/1.1" 404 275 "-" "Mozilla/4.0 (compatible; NaverBot/1.0; http://help.naver.com/customer_webtxt_02.jsp)" "roomfurnish.com"
114.111.36.26 - - [10/Feb/2009:00:42:30 -0800] "GET / HTTP/1.1" 200 1315 "-" "Mozilla/4.0 (compatible; NaverBot/1.0; http://help.naver.com/customer_webtxt_02.jsp)" "roomfurnish.com"
64.124.148.28 - - [10/Feb/2009:02:53:40 -0800] "GET /robots.txt HTTP/1.1" 404 275 "-" "Mozilla/5.0 (compatible; FatBot 2.0; http://www.thefind.com/crawler)" "roomfurnish.com"
64.124.148.28 - - [10/Feb/2009:02:54:46 -0800] "GET / HTTP/1.1" 200 1315 "-" "Mozilla/5.0 (compatible; FatBot 2.0; http://www.thefind.com/crawler)" "roomfurnish.com"
64.1.215.165 - - [10/Feb/2009:07:45:03 -0800] "GET /robots.txt HTTP/1.0" 404 275 "-" "Mozilla/5.0 (Twiceler-0.9 http://www.cuil.com/twiceler/robot.html)" "roomfurnish.com"
208.115.111.250 - - [10/Feb/2009:10:02:31 -0800] "GET /robots.txt HTTP/1.1" 404 275 "-" "Mozilla/5.0 (compatible; DotBot/1.1; http://www.dotnetdotcom.org/, crawler@dotnetdotcom.org)" "www.roomfurnish.com"
208.115.111.250 - - [10/Feb/2009:10:02:31 -0800] "GET /robots.txt HTTP/1.1" 404 275 "-" "Mozilla/5.0 (compatible; DotBot/1.1; http://www.dotnetdotcom.org/, crawler@dotnetdotcom.org)" "roomfurnish.com"
208.115.111.250 - - [10/Feb/2009:12:44:29 -0800] "GET / HTTP/1.1" 200 1315 "-" "Mozilla/5.0 (compatible; DotBot/1.1; http://www.dotnetdotcom.org/, crawler@dotnetdotcom.org)" "www.roomfurnish.com"
208.115.111.250 - - [10/Feb/2009:12:44:34 -0800] "GET / HTTP/1.1" 200 1315 "-" "Mozilla/5.0 (compatible; DotBot/1.1; http://www.dotnetdotcom.org/, crawler@dotnetdotcom.org)" "roomfurnish.com"
208.80.194.122 - - [10/Feb/2009:13:41:35 -0800] "GET / HTTP/1.0" 200 1315 "-" "Mozilla/4.0 (compatible; MSIE 6.0; Windows NT 5.1; SV1) Netscape/8.1.2" "www.roomfurnish.com"
208.80.194.122 - - [10/Feb/2009:13:41:35 -0800] "GET / HTTP/1.0" 200 1315 "-" "Mozilla/4.0 (compatible; MSIE 6.0; Windows NT 5.1; SV1; TNET5.0NL)" "roomfurnish.com"
67.152.29.130 - - [10/Feb/2009:13:44:01 -0800] "GET /robots.txt HTTP/1.1" 404 275 "-" "ShopWiki/1.0 ( +http://www.shopwiki.com/wiki/Help:Bot)" "www.roomfurnish.com"
67.152.29.130 - - [10/Feb/2009:13:44:02 -0800] "GET / HTTP/1.1" 200 1315 "-" "ShopWiki/1.0 ( +http://www.shopwiki.com/wiki/Help:Bot)" "www.roomfurnish.com"
67.152.29.130 - - [10/Feb/2009:13:45:15 -0800] "GET / HTTP/1.1" 200 1315 "-" "ShopWiki/1.0 ( +http://www.shopwiki.com/wiki/Help:Bot)" "www.roomfurnish.com"
67.152.29.130 - - [10/Feb/2009:13:45:16 -0800] "GET / HTTP/1.1" 200 1315 "-" "ShopWiki/1.0 ( +http://www.shopwiki.com/wiki/Help:Bot)" "www.roomfurnish.com"
208.111.154.16 - - [10/Feb/2009:13:49:33 -0800] "GET /robots.txt HTTP/1.1" 404 275 "-" "Mozilla/5.0 (compatible; Charlotte/1.1; http://www.searchme.com/support/)" "www.roomfurnish.com"
81.31.32.65 - - [10/Feb/2009:14:07:27 -0800] "GET / HTTP/1.1" 200 1315 "-" "Mozilla/5.0 (compatible; Konqueror/3.5; Linux) KHTML/3.5.5 (like Gecko) (Debian)" "roomfurnish.com"
61.247.221.88 - - [10/Feb/2009:14:33:07 -0800] "GET /robots.txt HTTP/1.1" 404 275 "-" "Mozilla/4.0 (compatible; NaverBot/1.0; http://help.naver.com/customer_webtxt_02.jsp)" "roomfurnish.com"
61.247.221.88 - - [10/Feb/2009:14:33:08 -0800] "GET /sitemap.html HTTP/1.1" 404 275 "-" "Mozilla/4.0 (compatible; NaverBot/1.0; http://help.naver.com/customer_webtxt_02.jsp)" "roomfurnish.com"
64.88.164.198 - - [10/Feb/2009:16:29:12 -0800] "GET /robots.txt HTTP/1.0" 404 275 "-" "SapphireWebCrawler/Nutch-1.0-dev (Sapphire Web Crawler using Nutch; http://boston.lti.cs.cmu.edu/crawler/; mhoy@cs.cmu.edu)" "roomfurnish.com"
64.88.164.198 - - [10/Feb/2009:16:29:13 -0800] "GET / HTTP/1.0" 200 1315 "-" "SapphireWebCrawler/Nutch-1.0-dev (Sapphire Web Crawler using Nutch; http://boston.lti.cs.cmu.edu/crawler/; mhoy@cs.cmu.edu)" "roomfurnish.com"
67.152.29.130 - - [10/Feb/2009:17:43:06 -0800] "GET /robots.txt HTTP/1.1" 404 275 "-" "ShopWiki/1.0 ( +http://www.shopwiki.com/wiki/Help:Bot)" "www.roomfurnish.com"
67.152.29.130 - - [10/Feb/2009:17:43:06 -0800] "GET / HTTP/1.1" 200 1315 "-" "ShopWiki/1.0 ( +http://www.shopwiki.com/wiki/Help:Bot)" "www.roomfurnish.com"
67.152.29.130 - - [10/Feb/2009:17:43:07 -0800] "GET /sitemap.html HTTP/1.1" 404 275 "-" "ShopWiki/1.0 ( +http://www.shopwiki.com/wiki/Help:Bot)" "www.roomfurnish.com"
67.152.29.130 - - [10/Feb/2009:17:43:08 -0800] "GET / HTTP/1.1" 200 1315 "-" "ShopWiki/1.0 ( +http://www.shopwiki.com/wiki/Help:Bot)" "www.roomfurnish.com"
65.55.107.229 - - [10/Feb/2009:18:03:52 -0800] "GET / HTTP/1.0" 200 1315 "http://search.live.com/results.aspx?q=under" "Mozilla/4.0 (compatible; MSIE 6.0; Windows NT 5.2; SV1; .NET CLR 1.1.4322)" "roomfurnish.com"
67.195.37.167 - - [10/Feb/2009:19:20:29 -0800] "GET /robots.txt HTTP/1.0" 404 275 "-" "Mozilla/5.0 (compatible; Yahoo! Slurp; http://help.yahoo.com/help/us/ysearch/slurp)" "www.roomfurnish.com"
67.195.37.167 - - [10/Feb/2009:19:20:29 -0800] "GET / HTTP/1.0" 200 1315 "-" "Mozilla/5.0 (compatible; Yahoo! DE Slurp; http://help.yahoo.com/help/us/ysearch/slurp)" "www.roomfurnish.com"
74.6.24.90 - - [10/Feb/2009:21:59:01 -0800] "GET /robots.txt HTTP/1.0" 404 275 "-" "Mozilla/5.0 (compatible; Yahoo! Slurp; http://help.yahoo.com/help/us/ysearch/slurp)" "www.roomfurnish.com"
74.6.30.119 - - [10/Feb/2009:21:59:01 -0800] "GET / HTTP/1.0" 200 1315 "-" "Mozilla/5.0 (compatible; Yahoo! DE Slurp; http://help.yahoo.com/help/us/ysearch/slurp)" "www.roomfurnish.com"
149.125.184.108 - - [10/Feb/2009:23:20:32 -0800] "GET / HTTP/1.1" 200 1315 "http://www.google.com/search?hl=en&client=firefox-a&rls=org.mozilla%3Aen-US%3Aofficial&hs=XkT&q=ROOM+FURNISH&btnG=Search" "Mozilla/5.0 (Windows; U; Windows NT 5.1; en-US; rv:1.8.1.16) Gecko/20080702 Firefox/2.0.0.16" "www.roomfurnish.com"
149.125.184.108 - - [10/Feb/2009:23:20:32 -0800] "GET /favicon.ico HTTP/1.1" 404 275 "-" "Mozilla/5.0 (Windows; U; Windows NT 5.1; en-US; rv:1.8.1.16) Gecko/20080702 Firefox/2.0.0.16" "roomfurnish.com"
149.125.184.108 - - [10/Feb/2009:23:20:57 -0800] "GET /favicon.ico HTTP/1.1" 404 275 "-" "Mozilla/5.0 (Windows; U; Windows NT 5.1; en-US; rv:1.8.1.16) Gecko/20080702 Firefox/2.0.0.16" "roomfurnish.com"
216.64.169.240 - - [10/Feb/2009:23:42:44 -0800] "GET / HTTP/1.1" 200 1315 "-" "Mozilla/4.0 (compatible; MSIE 6.0; Windows NT 5.0; .NET CLR 1.0.3705; .NET CLR 1.1.4322)" "roomfurnish.com"
114.111.36.26 - - [11/Feb/2009:00:17:58 -0800] "GET /robots.txt HTTP/1.1" 404 275 "-" "Mozilla/4.0 (compatible; NaverBot/1.0; http://help.naver.com/customer_webtxt_02.jsp)" "roomfurnish.com"
114.111.36.26 - - [11/Feb/2009:00:18:14 -0800] "GET / HTTP/1.1" 200 1315 "-" "Mozilla/4.0 (compatible; NaverBot/1.0; http://help.naver.com/customer_webtxt_02.jsp)" "roomfurnish.com"
98.173.26.143 - - [11/Feb/2009:10:46:32 -0800] "GET /robots.txt HTTP/1.0" 404 275 "-" "envolk/1.7 (+http://www.envolk.com/envolkspiderinfo.html)" "roomfurnish.com"
208.80.194.36 - - [11/Feb/2009:12:56:13 -0800] "GET / HTTP/1.0" 200 1315 "-" "Mozilla/4.0 (compatible; MSIE 7.0; Windows NT 5.1; SIMBAR={82361AD0-7470-4b1b-B9F9-060C3BA49FA9}; .NET CLR 1.1.4322)" "www.roomfurnish.com"
208.80.194.36 - - [11/Feb/2009:12:56:13 -0800] "GET / HTTP/1.0" 200 1315 "-" "Mozilla/4.0 (compatible; MSIE 6.0; Windows NT 5.1; SV1; .NET CLR 1.0.3705; Media Center PC 2.8; IEMB3)" "roomfurnish.com"
213.236.208.22 - - [11/Feb/2009:13:55:58 -0800] "GET /robots.txt HTTP/1.1" 404 275 "-" "Opera/9.10 (Windows NT 5.1; U; en)" "roomfurnish.com"
213.236.208.22 - - [11/Feb/2009:13:55:58 -0800] "GET / HTTP/1.1" 200 1315 "-" "Opera/9.10 (Windows NT 5.1; U; en)" "roomfurnish.com"
81.213.206.104 - - [11/Feb/2009:14:20:01 -0800] "GET / HTTP/1.0" 200 1315 "http://whois.domainlabs.eu/roomfurnish.com" "Mozilla/4.0 (compatible; MSIE 6.0; Windows NT 5.1)" "www.roomfurnish.com"
67.195.37.190 - - [11/Feb/2009:21:03:40 -0800] "GET /robots.txt HTTP/1.0" 404 275 "-" "Mozilla/5.0 (compatible; Yahoo! Slurp; http://help.yahoo.com/help/us/ysearch/slurp)" "www.roomfurnish.com"
67.195.37.190 - - [11/Feb/2009:21:03:40 -0800] "GET / HTTP/1.0" 200 1315 "-" "Mozilla/5.0 (compatible; Yahoo! DE Slurp; http://help.yahoo.com/help/us/ysearch/slurp)" "www.roomfurnish.com"
72.94.249.34 - - [11/Feb/2009:21:29:41 -0800] "GET / HTTP/1.1" 200 1315 "-" "Mozilla/4.0 (compatible; MSIE 6.0; Windows NT 5.1; SV1; .NET CLR 1.1.4322)" "www.roomfurnish.com"
67.152.29.130 - - [11/Feb/2009:22:13:32 -0800] "GET /robots.txt HTTP/1.1" 404 275 "-" "ShopWiki/1.0 ( +http://www.shopwiki.com/wiki/Help:Bot)" "www.roomfurnish.com"
67.152.29.130 - - [11/Feb/2009:22:13:35 -0800] "GET / HTTP/1.1" 200 1315 "-" "ShopWiki/1.0 ( +http://www.shopwiki.com/wiki/Help:Bot)" "www.roomfurnish.com"
67.152.29.130 - - [11/Feb/2009:22:13:36 -0800] "GET / HTTP/1.1" 200 1315 "-" "ShopWiki/1.0 ( +http://www.shopwiki.com/wiki/Help:Bot)" "www.roomfurnish.com"
