38.100.41.112 - - [14/Mar/2009:13:35:13 -0700] "GET / HTTP/1.1" 200 1315 "-" "Mozilla/4.0 (compatible; MSIE 7.0; Windows NT 5.2)" "www.roomfurnish.com"
216.183.81.221 - - [14/Mar/2009:18:18:48 -0700] "GET / HTTP/1.1" 200 1315 "-" "Wget/1.8.2" "www.roomfurnish.com"
193.47.80.40 - - [14/Mar/2009:18:33:44 -0700] "GET /robots.txt HTTP/1.1" 404 275 "-" "Mozilla/5.0 (compatible; Exabot/3.0; +http://www.exabot.com/go/robot)" "roomfurnish.com"
193.47.80.40 - - [14/Mar/2009:18:33:45 -0700] "GET / HTTP/1.1" 200 1315 "-" "Mozilla/5.0 (compatible; Exabot/3.0; +http://www.exabot.com/go/robot)" "roomfurnish.com"
90.183.39.29 - - [14/Mar/2009:19:52:13 -0700] "GET /robots.txt HTTP/1.1" 404 275 "-" "holmes/3.12.4 (http://morfeo.centrum.cz/bot)" "roomfurnish.com"
93.158.149.32 - - [14/Mar/2009:20:26:10 -0700] "GET /robots.txt HTTP/1.1" 404 275 "-" "Yandex/1.01.001 (compatible; Win16; I)" "roomfurnish.com"
93.158.149.32 - - [14/Mar/2009:20:26:11 -0700] "GET / HTTP/1.1" 200 1315 "-" "Yandex/1.01.001 (compatible; Win16; I)" "roomfurnish.com"
93.158.149.32 - - [14/Mar/2009:21:37:37 -0700] "GET /robots.txt HTTP/1.1" 404 275 "-" "Yandex/1.01.001 (compatible; Win16; I)" "www.roomfurnish.com"
93.158.149.32 - - [14/Mar/2009:21:37:40 -0700] "GET / HTTP/1.1" 200 1315 "-" "Yandex/1.01.001 (compatible; Win16; I)" "www.roomfurnish.com"
74.6.30.119 - - [15/Mar/2009:01:36:32 -0700] "GET / HTTP/1.0" 200 1315 "-" "Mozilla/5.0 (compatible; Yahoo! DE Slurp; http://help.yahoo.com/help/us/ysearch/slurp)" "www.roomfurnish.com"
208.80.195.51 - - [15/Mar/2009:05:39:49 -0700] "GET / HTTP/1.0" 200 1315 "-" "Mozilla/4.0 (compatible; MSIE 7.0; Windows NT 5.1; SV1; .NET CLR 1.0.3705; .NET CLR 1.1.4322; Media Center PC 3.1)" "roomfurnish.com"
208.80.195.51 - - [15/Mar/2009:05:39:49 -0700] "GET / HTTP/1.0" 200 1315 "-" "Mozilla/4.0 (compatible; MSIE 6.0; Windows NT 5.1; SV1; FreeprodTB)" "www.roomfurnish.com"
67.195.37.159 - - [15/Mar/2009:10:58:52 -0700] "GET / HTTP/1.0" 200 1315 "-" "Mozilla/5.0 (compatible; Yahoo! DE Slurp; http://help.yahoo.com/help/us/ysearch/slurp)" "www.roomfurnish.com"
220.181.61.234 - - [15/Mar/2009:20:54:26 -0700] "GET / HTTP/1.1" 200 1315 "-" "Sogou web spider/4.0(+http://www.sogou.com/docs/help/webmasters.htm#07)" "www.roomfurnish.com"
193.252.149.16 - - [16/Mar/2009:01:33:37 -0700] "GET /robots.txt HTTP/1.1" 404 275 "-" "Mozilla/5.0 (Windows; U; Windows NT 5.1; fr; rv:1.8.1) VoilaBot BETA 1.2 (support.voilabot@orange-ftgroup.com)" "roomfurnish.com"
193.252.149.16 - - [16/Mar/2009:01:33:41 -0700] "GET / HTTP/1.1" 200 1315 "-" "Mozilla/5.0 (Windows; U; Windows NT 5.1; fr; rv:1.8.1) VoilaBot BETA 1.2 (support.voilabot@orange-ftgroup.com)" "roomfurnish.com"
74.6.30.119 - - [16/Mar/2009:03:20:24 -0700] "GET / HTTP/1.0" 200 1315 "-" "Mozilla/5.0 (compatible; Yahoo! DE Slurp; http://help.yahoo.com/help/us/ysearch/slurp)" "www.roomfurnish.com"
61.135.249.210 - - [16/Mar/2009:06:27:53 -0700] "GET /robots.txt HTTP/1.1" 404 275 "-" "Mozilla/5.0 (compatible; YoudaoBot/1.0; http://www.youdao.com/help/webmaster/spider/; )" "roomfurnish.com"
61.135.249.210 - - [16/Mar/2009:06:28:04 -0700] "GET / HTTP/1.1" 200 1315 "-" "Mozilla/5.0 (compatible; YoudaoBot/1.0; http://www.youdao.com/help/webmaster/spider/; )" "roomfurnish.com"
67.202.30.224 - - [16/Mar/2009:06:35:17 -0700] "GET / HTTP/1.1" 200 1315 "-" "Java/1.6.0_04" "www.roomfurnish.com"
67.202.30.224 - - [16/Mar/2009:06:35:17 -0700] "GET / HTTP/1.1" 200 1315 "-" "Mozilla/4.0 (compatible; MSIE 6.0; Windows NT 5.1; SV1; .NET CLR 1.1.4322; InfoPath.1)" "www.roomfurnish.com"
77.248.58.241 - - [16/Mar/2009:06:35:17 -0700] "GET / HTTP/1.0" 200 1315 "http://random.yahoo.com/fast/ryl" "webcollage/1.140" "www.roomfurnish.com"
208.80.195.35 - - [16/Mar/2009:08:59:52 -0700] "GET / HTTP/1.0" 200 1315 "-" "Mozilla/4.0 (compatible; MSIE 6.0; Windows NT 5.1; {BE908F37-5E47-4FF6-B8DE-BD2F3BA615B5}; SV1; .NET CLR 1.1.4322)" "www.roomfurnish.com"
208.80.195.35 - - [16/Mar/2009:08:59:52 -0700] "GET / HTTP/1.0" 200 1315 "-" "Mozilla/4.0 (compatible; MSIE 6.0; Windows NT 5.1; generic_01_01; .NET CLR 1.1.4322; .NET CLR 1.0.3705)" "roomfurnish.com"
67.195.37.170 - - [16/Mar/2009:11:04:22 -0700] "GET / HTTP/1.0" 200 1315 "-" "Mozilla/5.0 (compatible; Yahoo! DE Slurp; http://help.yahoo.com/help/us/ysearch/slurp)" "www.roomfurnish.com"
119.63.193.62 - - [16/Mar/2009:13:40:02 -0700] "GET /robots.txt HTTP/1.1" 404 275 "-" "Baiduspider+(+http://www.baidu.jp/spider/)" "roomfurnish.com"
124.115.1.66 - - [16/Mar/2009:14:11:12 -0700] "GET / HTTP/1.1" 200 1315 "http://www.roomfurnish.com/" "Mozilla/4.0 (compatible; MSIE 6.0; Windows NT 5.1)" "www.roomfurnish.com"
124.115.10.193 - - [16/Mar/2009:14:53:50 -0700] "GET / HTTP/1.1" 200 1315 "http://www.roomfurnish.com/" "Mozilla/4.0 (compatible; MSIE 6.0; Windows NT 5.1)" "www.roomfurnish.com"
193.47.80.40 - - [16/Mar/2009:16:27:40 -0700] "GET /robots.txt HTTP/1.1" 404 275 "-" "Mozilla/5.0 (compatible; Exabot/3.0; +http://www.exabot.com/go/robot)" "roomfurnish.com"
193.47.80.40 - - [16/Mar/2009:16:27:40 -0700] "GET / HTTP/1.1" 200 1315 "-" "Mozilla/5.0 (compatible; Exabot/3.0; +http://www.exabot.com/go/robot)" "roomfurnish.com"
193.252.149.14 - - [16/Mar/2009:17:05:44 -0700] "GET /robots.txt HTTP/1.1" 404 275 "-" "Mozilla/5.0 (Windows; U; Windows NT 5.1; fr; rv:1.8.1) VoilaBot BETA 1.2 (support.voilabot@orange-ftgroup.com)" "www.roomfurnish.com"
193.252.149.14 - - [16/Mar/2009:17:06:04 -0700] "GET / HTTP/1.1" 200 1315 "-" "Mozilla/5.0 (Windows; U; Windows NT 5.1; fr; rv:1.8.1) VoilaBot BETA 1.2 (support.voilabot@orange-ftgroup.com)" "www.roomfurnish.com"
205.172.241.12 - - [17/Mar/2009:03:24:25 -0700] "GET / HTTP/1.0" 200 1315 "-" "Wget/1.10.2 (Red Hat modified)" "roomfurnish.com"
74.6.30.119 - - [17/Mar/2009:03:58:34 -0700] "GET / HTTP/1.0" 200 1315 "-" "Mozilla/5.0 (compatible; Yahoo! DE Slurp; http://help.yahoo.com/help/us/ysearch/slurp)" "www.roomfurnish.com"
124.115.10.193 - - [17/Mar/2009:09:25:49 -0700] "GET / HTTP/1.0" 200 1315 "http://www.roomfurnish.com/" "Mozilla/4.0 (compatible; MSIE 6.0; Windows NT 5.1)" "www.roomfurnish.com"
124.115.1.66 - - [17/Mar/2009:10:44:43 -0700] "GET / HTTP/1.1" 200 1315 "http://www.roomfurnish.com/" "Mozilla/4.0 (compatible; MSIE 6.0; Windows NT 5.1)" "www.roomfurnish.com"
67.195.37.91 - - [17/Mar/2009:11:55:01 -0700] "GET / HTTP/1.0" 200 1315 "-" "Mozilla/5.0 (compatible; Yahoo! DE Slurp; http://help.yahoo.com/help/us/ysearch/slurp)" "www.roomfurnish.com"
69.91.114.80 - - [17/Mar/2009:12:00:44 -0700] "GET / HTTP/1.1" 200 1315 "http://shopping.yahoo.com/stores/sd.html;_ylt=AocWngHVcZ4XzxEVIYWdf21DmmYB?p=sofa&did=1" "Mozilla/5.0 (Windows; U; Windows NT 5.1; en-US) AppleWebKit/530.1 (KHTML, like Gecko) Chrome/2.0.169.1 Safari/530.1" "www.roomfurnish.com"
69.91.114.80 - - [17/Mar/2009:12:00:45 -0700] "GET /favicon.ico HTTP/1.1" 404 275 "-" "Mozilla/5.0 (Windows; U; Windows NT 5.1; en-US) AppleWebKit/530.1 (KHTML, like Gecko) Chrome/2.0.169.1 Safari/530.1" "roomfurnish.com"
208.80.195.41 - - [17/Mar/2009:13:18:08 -0700] "GET / HTTP/1.0" 200 1315 "-" "Mozilla/4.0 (compatible; MSIE 7.0; Windows NT 5.1; FunWebProducts; 3B 3.4; .NET CLR 1.1.4322)" "roomfurnish.com"
208.80.195.41 - - [17/Mar/2009:13:18:08 -0700] "GET / HTTP/1.0" 200 1315 "-" "Mozilla/4.0 (compatible; MSIE 6.0; AOL 9.0; Windows NT 5.1; SV1; IEMB3; .NET CLR 1.1.4322)" "www.roomfurnish.com"
124.103.61.65 - - [17/Mar/2009:13:39:22 -0700] "GET / HTTP/1.1" 200 1315 "-" "Mozilla/4.0 (compatible; MSIE 7.0; Windows NT 5.1; GTB5; .NET CLR 1.1.4322; .NET CLR 2.0.50727)" "www.roomfurnish.com"
114.111.36.26 - - [17/Mar/2009:13:54:48 -0700] "GET /robots.txt HTTP/1.1" 404 275 "-" "Mozilla/4.0 (compatible; NaverBot/1.0; http://help.naver.com/customer_webtxt_02.jsp)" "roomfurnish.com"
114.111.36.26 - - [17/Mar/2009:13:55:03 -0700] "GET / HTTP/1.1" 200 1315 "-" "Mozilla/4.0 (compatible; NaverBot/1.0; http://help.naver.com/customer_webtxt_02.jsp)" "roomfurnish.com"
119.63.194.49 - - [17/Mar/2009:14:46:14 -0700] "GET / HTTP/1.1" 200 1315 "-" "Baiduspider+(+http://www.baidu.jp/spider/)" "roomfurnish.com"
208.96.54.71 - - [17/Mar/2009:15:23:50 -0700] "GET /robots.txt HTTP/1.1" 404 275 "-" "Mozilla/5.0 (compatible; discobot/1.0; +http://discoveryengine.com/discobot.html)" "roomfurnish.com"
193.47.80.40 - - [17/Mar/2009:16:28:08 -0700] "GET /robots.txt HTTP/1.1" 404 275 "-" "Mozilla/5.0 (compatible; Exabot/3.0; +http://www.exabot.com/go/robot)" "roomfurnish.com"
193.47.80.40 - - [17/Mar/2009:16:28:09 -0700] "GET / HTTP/1.1" 200 1315 "-" "Mozilla/5.0 (compatible; Exabot/3.0; +http://www.exabot.com/go/robot)" "roomfurnish.com"
58.61.164.140 - - [17/Mar/2009:16:52:57 -0700] "GET /robots.txt HTTP/1.1" 404 275 "http://www.roomfurnish.com/robots.txt" "Sosospider+(+http://help.soso.com/webspider.htm)" "www.roomfurnish.com"
220.181.61.227 - - [17/Mar/2009:17:20:50 -0700] "GET /robots.txt HTTP/1.1" 404 275 "-" "-" "roomfurnish.com"
220.181.61.227 - - [17/Mar/2009:17:21:10 -0700] "GET / HTTP/1.1" 200 1315 "-" "Sogou web spider/4.0(+http://www.sogou.com/docs/help/webmasters.htm#07)" "roomfurnish.com"
174.129.185.236 - - [17/Mar/2009:22:14:06 -0700] "GET / HTTP/1.0" 200 1315 "http://www.spdsales.com/" "Mozilla/4.0 (compatible; MSIE 6.0; Windows NT 5.1)" "www.roomfurnish.com"
98.173.26.143 - - [17/Mar/2009:22:15:29 -0700] "GET /robots.txt HTTP/1.0" 404 275 "-" "envolk/1.7 (+http://www.envolk.com/envolkspiderinfo.html)" "roomfurnish.com"
67.227.138.20 - - [17/Mar/2009:22:27:15 -0700] "GET / HTTP/1.1" 200 1315 "-" "Mozilla/5.0 (Windows XP; U) Opera 6.01 [en]" "roomfurnish.com"
124.115.10.193 - - [18/Mar/2009:01:42:46 -0700] "GET / HTTP/1.1" 200 1315 "http://www.roomfurnish.com/" "Mozilla/4.0 (compatible; MSIE 6.0; Windows NT 5.1)" "www.roomfurnish.com"
62.141.58.48 - - [18/Mar/2009:01:57:48 -0700] "GET / HTTP/1.0" 200 1315 "-" "Snoopy v1.2" "www.roomfurnish.com"
202.160.180.68 - - [18/Mar/2009:03:51:48 -0700] "GET /robots.txt HTTP/1.0" 404 275 "-" "Mozilla/5.0 (compatible; Yahoo! Slurp China; http://misc.yahoo.com.cn/help.html)" "roomfurnish.com"
202.160.178.82 - - [18/Mar/2009:03:52:56 -0700] "GET / HTTP/1.0" 200 1315 "-" "Mozilla/5.0 (compatible; Yahoo! Slurp China; http://misc.yahoo.com.cn/help.html)" "roomfurnish.com"
124.115.1.66 - - [18/Mar/2009:06:08:07 -0700] "GET / HTTP/1.1" 200 1315 "http://www.roomfurnish.com/" "Mozilla/4.0 (compatible; MSIE 6.0; Windows NT 5.1)" "www.roomfurnish.com"
67.152.29.130 - - [18/Mar/2009:06:16:43 -0700] "GET /robots.txt HTTP/1.1" 404 275 "-" "ShopWiki/1.0 ( +http://www.shopwiki.com/wiki/Help:Bot)" "www.roomfurnish.com"
67.152.29.130 - - [18/Mar/2009:06:16:43 -0700] "GET / HTTP/1.1" 200 1315 "-" "ShopWiki/1.0 ( +http://www.shopwiki.com/wiki/Help:Bot)" "www.roomfurnish.com"
67.152.29.130 - - [18/Mar/2009:06:16:44 -0700] "GET / HTTP/1.1" 200 1315 "-" "ShopWiki/1.0 ( +http://www.shopwiki.com/wiki/Help:Bot)" "www.roomfurnish.com"
74.6.30.119 - - [18/Mar/2009:07:13:24 -0700] "GET / HTTP/1.0" 200 1315 "-" "Mozilla/5.0 (compatible; Yahoo! DE Slurp; http://help.yahoo.com/help/us/ysearch/slurp)" "www.roomfurnish.com"
119.63.194.49 - - [18/Mar/2009:12:47:32 -0700] "GET / HTTP/1.1" 200 1315 "-" "Baiduspider+(+http://www.baidu.jp/spider/)" "roomfurnish.com"
67.195.37.173 - - [18/Mar/2009:13:33:35 -0700] "GET / HTTP/1.0" 200 1315 "-" "Mozilla/5.0 (compatible; Yahoo! DE Slurp; http://help.yahoo.com/help/us/ysearch/slurp)" "www.roomfurnish.com"
93.158.149.32 - - [18/Mar/2009:13:44:28 -0700] "GET /robots.txt HTTP/1.1" 404 275 "-" "Yandex/1.01.001 (compatible; Win16; I)" "roomfurnish.com"
93.158.149.32 - - [18/Mar/2009:13:44:29 -0700] "GET / HTTP/1.1" 200 1315 "-" "Yandex/1.01.001 (compatible; Win16; I)" "roomfurnish.com"
124.115.10.193 - - [18/Mar/2009:14:32:57 -0700] "GET / HTTP/1.1" 200 1315 "http://www.roomfurnish.com/" "Mozilla/4.0 (compatible; MSIE 6.0; Windows NT 5.1)" "www.roomfurnish.com"
67.152.29.130 - - [18/Mar/2009:14:46:52 -0700] "GET /robots.txt HTTP/1.1" 404 275 "-" "ShopWiki/1.0 ( +http://www.shopwiki.com/wiki/Help:Bot)" "www.roomfurnish.com"
67.152.29.130 - - [18/Mar/2009:14:46:52 -0700] "GET / HTTP/1.1" 200 1315 "-" "ShopWiki/1.0 ( +http://www.shopwiki.com/wiki/Help:Bot)" "www.roomfurnish.com"
93.158.149.32 - - [18/Mar/2009:15:07:43 -0700] "GET /robots.txt HTTP/1.1" 404 275 "-" "Yandex/1.01.001 (compatible; Win16; I)" "www.roomfurnish.com"
93.158.149.32 - - [18/Mar/2009:15:07:44 -0700] "GET / HTTP/1.1" 200 1315 "-" "Yandex/1.01.001 (compatible; Win16; I)" "www.roomfurnish.com"
208.36.144.10 - - [18/Mar/2009:16:18:50 -0700] "GET /robots.txt HTTP/1.0" 404 275 "-" "Mozilla/5.0 (Twiceler-0.9 http://www.cuil.com/twiceler/robot.html)" "www.roomfurnish.com"
193.47.80.40 - - [18/Mar/2009:16:34:46 -0700] "GET /robots.txt HTTP/1.1" 404 275 "-" "Mozilla/5.0 (compatible; Exabot/3.0; +http://www.exabot.com/go/robot)" "roomfurnish.com"
193.47.80.40 - - [18/Mar/2009:16:34:47 -0700] "GET / HTTP/1.1" 200 1315 "-" "Mozilla/5.0 (compatible; Exabot/3.0; +http://www.exabot.com/go/robot)" "roomfurnish.com"
208.80.195.44 - - [18/Mar/2009:17:56:26 -0700] "GET / HTTP/1.0" 200 1315 "-" "Mozilla/4.0 (compatible; MSIE 7.0; Windows NT 5.1; SV1; .NET CLR 1.0.3705; .NET CLR 1.1.4322; Media Center PC 3.1)" "roomfurnish.com"
208.80.195.44 - - [18/Mar/2009:17:56:26 -0700] "GET / HTTP/1.0" 200 1315 "-" "Mozilla/4.0 (compatible; MSIE 7.0; Windows NT 5.1; YPC 3.2.0; yplus 5.4.04b)" "www.roomfurnish.com"
124.115.1.66 - - [18/Mar/2009:18:45:25 -0700] "GET / HTTP/1.1" 200 1315 "http://www.roomfurnish.com/" "Mozilla/4.0 (compatible; MSIE 6.0; Windows NT 5.1)" "www.roomfurnish.com"
70.230.199.231 - - [18/Mar/2009:21:02:13 -0700] "GET / HTTP/1.1" 200 1315 "-" "Mozilla/5.0 (Windows; U; Windows NT 5.1; en-US; rv:1.9b5pre) Gecko/2008030706 Firefox/3.0b5pre" "www.roomfurnish.com"
124.115.10.193 - - [19/Mar/2009:03:44:34 -0700] "GET / HTTP/1.1" 200 1315 "http://www.roomfurnish.com/" "Mozilla/4.0 (compatible; MSIE 6.0; Windows NT 5.1)" "www.roomfurnish.com"
88.131.106.12 - - [19/Mar/2009:07:57:13 -0700] "GET /robots.txt HTTP/1.0" 404 275 "-" "Speedy Spider (http://www.entireweb.com/about/search_tech/speedy_spider/)" "roomfurnish.com"
88.131.106.12 - - [19/Mar/2009:07:57:14 -0700] "GET / HTTP/1.0" 200 1315 "-" "Speedy Spider (http://www.entireweb.com/about/search_tech/speedy_spider/)" "roomfurnish.com"
173.1.105.146 - - [19/Mar/2009:08:51:28 -0700] "GET / HTTP/1.1" 200 1315 "-" "Mozilla/4.0 (compatible; MSIE 6.0; Windows NT 5.1; SV1; .NET CLR 2.0.50727)" "www.roomfurnish.com"
124.115.1.66 - - [19/Mar/2009:09:56:01 -0700] "GET / HTTP/1.1" 200 1315 "http://www.roomfurnish.com/" "Mozilla/4.0 (compatible; MSIE 6.0; Windows NT 5.1)" "www.roomfurnish.com"
124.115.10.193 - - [19/Mar/2009:10:06:28 -0700] "GET / HTTP/1.1" 200 1315 "http://www.roomfurnish.com/" "Mozilla/4.0 (compatible; MSIE 6.0; Windows NT 5.1)" "www.roomfurnish.com"
74.6.30.119 - - [19/Mar/2009:10:27:44 -0700] "GET / HTTP/1.0" 200 1315 "-" "Mozilla/5.0 (compatible; Yahoo! DE Slurp; http://help.yahoo.com/help/us/ysearch/slurp)" "www.roomfurnish.com"
67.152.29.130 - - [19/Mar/2009:11:05:54 -0700] "GET /robots.txt HTTP/1.1" 404 275 "-" "ShopWiki/1.0 ( +http://www.shopwiki.com/wiki/Help:Bot)" "www.roomfurnish.com"
67.152.29.130 - - [19/Mar/2009:11:05:54 -0700] "GET / HTTP/1.1" 200 1315 "-" "ShopWiki/1.0 ( +http://www.shopwiki.com/wiki/Help:Bot)" "www.roomfurnish.com"
67.152.29.130 - - [19/Mar/2009:11:05:55 -0700] "GET / HTTP/1.1" 200 1315 "-" "ShopWiki/1.0 ( +http://www.shopwiki.com/wiki/Help:Bot)" "www.roomfurnish.com"
64.139.48.25 - - [19/Mar/2009:11:56:45 -0700] "GET /lesw.html HTTP/1.1" 404 275 "http://shopping.yahoo.com/search;_ylt=AjJZBSrpeyesB8OYXTf4AucbFt0A?p=swatch+leather+sofa&did=" "Mozilla/5.0 (Windows; U; Windows NT 5.1; en-US; rv:1.9.0.7) Gecko/2009021910 Firefox/3.0.7" "www.roomfurnish.com"
64.139.48.25 - - [19/Mar/2009:11:56:45 -0700] "GET /favicon.ico HTTP/1.1" 404 275 "-" "Mozilla/5.0 (Windows; U; Windows NT 5.1; en-US; rv:1.9.0.7) Gecko/2009021910 Firefox/3.0.7" "roomfurnish.com"
64.139.48.25 - - [19/Mar/2009:11:56:52 -0700] "GET /favicon.ico HTTP/1.1" 404 275 "-" "Mozilla/5.0 (Windows; U; Windows NT 5.1; en-US; rv:1.9.0.7) Gecko/2009021910 Firefox/3.0.7" "roomfurnish.com"
216.64.169.240 - - [19/Mar/2009:12:18:07 -0700] "GET / HTTP/1.1" 200 1315 "-" "Mozilla/4.0 (compatible; MSIE 6.0; Windows NT 5.0; .NET CLR 1.0.3705; .NET CLR 1.1.4322)" "roomfurnish.com"
67.152.29.130 - - [19/Mar/2009:12:34:34 -0700] "GET / HTTP/1.1" 200 1315 "-" "ShopWiki/1.0 ( +http://www.shopwiki.com/wiki/Help:Bot)" "www.roomfurnish.com"
208.111.154.16 - - [19/Mar/2009:13:34:08 -0700] "GET /robots.txt HTTP/1.1" 404 275 "-" "Mozilla/5.0 (compatible; Charlotte/1.1; http://www.searchme.com/support/)" "www.roomfurnish.com"
208.111.154.16 - - [19/Mar/2009:13:34:16 -0700] "GET / HTTP/1.1" 200 1315 "-" "Mozilla/5.0 (compatible; Charlotte/1.1; http://www.searchme.com/support/)" "www.roomfurnish.com"
209.30.201.44 - - [19/Mar/2009:14:30:24 -0700] "GET / HTTP/1.1" 200 1315 "http://shopping.yahoo.com/stores/sd.html;_ylt=AlQJ2nQ51gkQRIv3H5MotJpDmmYB?id=22658907&a=R&f=20" "Mozilla/4.0 (compatible; MSIE 7.0; Windows NT 5.1; YPC 3.0.3; FunWebProducts; GTB5; .NET CLR 1.1.4322; InfoPath.2; .NET CLR 2.0.50727)" "www.roomfurnish.com"
209.30.201.44 - - [19/Mar/2009:14:30:25 -0700] "GET /favicon.ico HTTP/1.1" 404 275 "-" "Mozilla/4.0 (compatible; MSIE 7.0; Windows NT 5.1; YPC 3.0.3; FunWebProducts; GTB5; .NET CLR 1.1.4322; InfoPath.2; .NET CLR 2.0.50727)" "roomfurnish.com"
67.195.37.173 - - [19/Mar/2009:15:04:48 -0700] "GET / HTTP/1.0" 200 1315 "-" "Mozilla/5.0 (compatible; Yahoo! DE Slurp; http://help.yahoo.com/help/us/ysearch/slurp)" "www.roomfurnish.com"
64.124.148.28 - - [19/Mar/2009:15:35:41 -0700] "GET /robots.txt HTTP/1.1" 404 275 "-" "Mozilla/5.0 (compatible; FatBot 2.0; http://www.thefind.com/crawler)" "roomfurnish.com"
64.124.148.28 - - [19/Mar/2009:15:50:28 -0700] "GET / HTTP/1.1" 200 1315 "-" "Mozilla/5.0 (compatible; FatBot 2.0; http://www.thefind.com/crawler)" "roomfurnish.com"
193.47.80.40 - - [19/Mar/2009:16:18:04 -0700] "GET / HTTP/1.1" 200 1315 "-" "Mozilla/5.0 (compatible; Exabot/3.0; +http://www.exabot.com/go/robot)" "roomfurnish.com"
67.152.29.130 - - [19/Mar/2009:18:27:18 -0700] "GET /robots.txt HTTP/1.1" 404 275 "-" "ShopWiki/1.0 ( +http://www.shopwiki.com/wiki/Help:Bot)" "www.roomfurnish.com"
67.152.29.130 - - [19/Mar/2009:18:27:19 -0700] "GET / HTTP/1.1" 200 1315 "-" "ShopWiki/1.0 ( +http://www.shopwiki.com/wiki/Help:Bot)" "www.roomfurnish.com"
65.55.37.229 - - [19/Mar/2009:19:07:17 -0700] "GET /robots.txt HTTP/1.1" 404 275 "-" "msnbot/1.1 (+http://search.msn.com/msnbot.htm)" "www.roomfurnish.com"
65.55.37.229 - - [19/Mar/2009:19:07:17 -0700] "GET / HTTP/1.1" 200 1315 "-" "msnbot/1.1 (+http://search.msn.com/msnbot.htm)" "www.roomfurnish.com"
208.36.144.10 - - [19/Mar/2009:19:29:38 -0700] "GET /robots.txt HTTP/1.0" 404 275 "-" "Mozilla/5.0 (Twiceler-0.9 http://www.cuil.com/twiceler/robot.html)" "www.roomfurnish.com"
124.115.1.66 - - [19/Mar/2009:19:43:49 -0700] "GET / HTTP/1.1" 200 1315 "http://www.roomfurnish.com/" "Mozilla/4.0 (compatible; MSIE 6.0; Windows NT 5.1)" "www.roomfurnish.com"
124.115.10.193 - - [19/Mar/2009:19:54:18 -0700] "GET / HTTP/1.1" 200 1315 "http://www.roomfurnish.com/" "Mozilla/4.0 (compatible; MSIE 6.0; Windows NT 5.1)" "www.roomfurnish.com"
208.36.144.10 - - [19/Mar/2009:20:32:33 -0700] "GET / HTTP/1.0" 200 1315 "-" "Mozilla/5.0 (Twiceler-0.9 http://www.cuil.com/twiceler/robot.html)" "www.roomfurnish.com"
193.252.149.16 - - [19/Mar/2009:21:37:48 -0700] "GET / HTTP/1.1" 200 1315 "-" "Mozilla/5.0 (Windows; U; Windows NT 5.1; fr; rv:1.8.1) VoilaBot BETA 1.2 (support.voilabot@orange-ftgroup.com)" "roomfurnish.com"
208.80.195.47 - - [19/Mar/2009:23:38:15 -0700] "GET / HTTP/1.0" 200 1315 "-" "Mozilla/4.0 (compatible; MSIE 7.0; Windows NT 5.1; FunWebProducts; .NET CLR 1.0.3705; .NET CLR 1.1.4322; Media Center PC 4.0; .NET CLR 2.0.50727; IEMB3; SpamBlockerUtility 4.8.4; IEMB3; yplus 5.6.04b)" "roomfurnish.com"
208.80.195.47 - - [19/Mar/2009:23:38:15 -0700] "GET / HTTP/1.0" 200 1315 "-" "Mozilla/4.0 (compatible; MSIE 7.0; Windows NT 5.1; {FB2AD421-F311-ECD3-2715-DACEC5EECB5C}; .NET CLR 1.1.4322)" "www.roomfurnish.com"
212.247.42.174 - - [20/Mar/2009:00:32:26 -0700] "GET / HTTP/1.1" 200 1315 "http://www.textlesson.com/" "Mozilla/5.0 (X11; U; Linux i686; en-US; rv:1.7.13) Gecko/20060417" "www.roomfurnish.com"
64.1.215.165 - - [20/Mar/2009:02:35:29 -0700] "GET /robots.txt HTTP/1.0" 404 275 "-" "Mozilla/5.0 (Twiceler-0.9 http://www.cuil.com/twiceler/robot.html)" "roomfurnish.com"
124.115.1.66 - - [20/Mar/2009:06:33:28 -0700] "GET / HTTP/1.1" 200 1315 "http://www.roomfurnish.com/" "Mozilla/4.0 (compatible; MSIE 6.0; Windows NT 5.1)" "www.roomfurnish.com"
74.6.30.119 - - [20/Mar/2009:12:38:31 -0700] "GET / HTTP/1.0" 200 1315 "-" "Mozilla/5.0 (compatible; Yahoo! DE Slurp; http://help.yahoo.com/help/us/ysearch/slurp)" "www.roomfurnish.com"
67.195.37.106 - - [20/Mar/2009:16:21:54 -0700] "GET / HTTP/1.0" 200 1315 "-" "Mozilla/5.0 (compatible; Yahoo! DE Slurp; http://help.yahoo.com/help/us/ysearch/slurp)" "www.roomfurnish.com"
193.47.80.40 - - [20/Mar/2009:16:25:17 -0700] "GET /robots.txt HTTP/1.1" 404 275 "-" "Mozilla/5.0 (compatible; Exabot/3.0; +http://www.exabot.com/go/robot)" "roomfurnish.com"
193.47.80.40 - - [20/Mar/2009:16:25:17 -0700] "GET / HTTP/1.1" 200 1315 "-" "Mozilla/5.0 (compatible; Exabot/3.0; +http://www.exabot.com/go/robot)" "roomfurnish.com"
216.101.241.187 - - [20/Mar/2009:16:32:35 -0700] "HEAD / HTTP/1.1" 200 0 "-" "-" "roomfurnish.com"
208.36.144.10 - - [20/Mar/2009:19:07:12 -0700] "GET /robots.txt HTTP/1.0" 404 275 "-" "Mozilla/5.0 (Twiceler-0.9 http://www.cuil.com/twiceler/robot.html)" "www.roomfurnish.com"
124.115.10.193 - - [20/Mar/2009:19:36:04 -0700] "GET / HTTP/1.1" 200 1315 "http://www.roomfurnish.com/" "Mozilla/4.0 (compatible; MSIE 6.0; Windows NT 5.1)" "www.roomfurnish.com"
124.115.1.66 - - [20/Mar/2009:19:44:47 -0700] "GET / HTTP/1.1" 200 1315 "http://www.roomfurnish.com/" "Mozilla/4.0 (compatible; MSIE 6.0; Windows NT 5.1)" "www.roomfurnish.com"
193.252.149.14 - - [20/Mar/2009:20:28:28 -0700] "GET / HTTP/1.1" 200 1315 "-" "Mozilla/5.0 (Windows; U; Windows NT 5.1; fr; rv:1.8.1) VoilaBot BETA 1.2 (support.voilabot@orange-ftgroup.com)" "www.roomfurnish.com"
76.126.254.73 - - [20/Mar/2009:21:58:59 -0700] "GET / HTTP/1.1" 200 1315 "-" "-" "www.roomfurnish.com"
64.1.215.165 - - [21/Mar/2009:02:08:55 -0700] "GET /robots.txt HTTP/1.0" 404 275 "-" "Mozilla/5.0 (Twiceler-0.9 http://www.cuil.com/twiceler/robot.html)" "roomfurnish.com"
208.80.195.45 - - [21/Mar/2009:04:52:35 -0700] "GET / HTTP/1.0" 200 1315 "-" "Mozilla/4.0 (compatible; MSIE 6.0; Windows NT 5.1; SV1; .NET CLR 1.1.4322; MSN 9.0;MSN 9.1; MSNbBC01; MSNmen-ca; MSNcOTH)" "roomfurnish.com"
208.80.195.45 - - [21/Mar/2009:04:52:35 -0700] "GET / HTTP/1.0" 200 1315 "-" "Mozilla/4.0 (compatible; MSIE 6.0; Windows NT 5.1; {A749FA34-A2D8-39E7-6C9E-DE31AEC36A7D}; .NET CLR 1.1.4322; ZangoToolbar 4.8.3)" "www.roomfurnish.com"
207.88.210.8 - - [21/Mar/2009:04:54:09 -0700] "GET / HTTP/1.1" 200 1315 "-" "-" "roomfurnish.com"
67.227.138.20 - - [21/Mar/2009:04:59:36 -0700] "GET / HTTP/1.1" 200 1315 "-" "Mozilla/5.0 (Windows XP; U) Opera 6.01 [en]" "roomfurnish.com"
91.205.124.5 - - [21/Mar/2009:09:13:37 -0700] "GET /robots.txt HTTP/1.1" 404 275 "-" "Yanga WorldSearch Bot v1.1/beta (http://www.yanga.co.uk/)" "www.roomfurnish.com"
91.205.124.5 - - [21/Mar/2009:09:13:38 -0700] "GET / HTTP/1.1" 200 1315 "-" "Yanga WorldSearch Bot v1.1/beta (http://www.yanga.co.uk/)" "www.roomfurnish.com"
74.6.22.121 - - [21/Mar/2009:12:17:00 -0700] "GET / HTTP/1.0" 200 1315 "-" "Mozilla/5.0 (compatible; Yahoo! Slurp/3.0; http://help.yahoo.com/help/us/ysearch/slurp)" "roomfurnish.com"
67.152.29.130 - - [21/Mar/2009:13:17:12 -0700] "GET /robots.txt HTTP/1.1" 404 275 "-" "ShopWiki/1.0 ( +http://www.shopwiki.com/wiki/Help:Bot)" "www.roomfurnish.com"
67.152.29.130 - - [21/Mar/2009:13:17:12 -0700] "GET / HTTP/1.1" 200 1315 "-" "ShopWiki/1.0 ( +http://www.shopwiki.com/wiki/Help:Bot)" "www.roomfurnish.com"
67.152.29.130 - - [21/Mar/2009:13:17:13 -0700] "GET / HTTP/1.1" 200 1315 "-" "ShopWiki/1.0 ( +http://www.shopwiki.com/wiki/Help:Bot)" "www.roomfurnish.com"
74.52.245.146 - - [21/Mar/2009:14:19:01 -0700] "GET / HTTP/1.0" 200 1315 "-" "Mozilla/5.0 (X11; U; Linux i686; en-US; rv:1.7.5) Gecko/20041107 Firefox/1.0" "www.roomfurnish.com"
71.242.124.18 - - [21/Mar/2009:14:33:45 -0700] "GET /favicon.ico HTTP/1.1" 404 275 "-" "Mozilla/4.0 (compatible; GoogleToolbar 5.0.2124.6042; Windows 6.0; MSIE 7.0.6000.16809)" "roomfurnish.com"
71.242.124.18 - - [21/Mar/2009:14:33:45 -0700] "GET /favicon.gif HTTP/1.1" 404 275 "-" "Mozilla/4.0 (compatible; GoogleToolbar 5.0.2124.6042; Windows 6.0; MSIE 7.0.6000.16809)" "roomfurnish.com"
67.152.29.130 - - [21/Mar/2009:15:52:59 -0700] "GET / HTTP/1.1" 200 1315 "-" "ShopWiki/1.0 ( +http://www.shopwiki.com/wiki/Help:Bot)" "www.roomfurnish.com"
193.47.80.40 - - [21/Mar/2009:16:30:26 -0700] "GET /robots.txt HTTP/1.1" 404 275 "-" "Mozilla/5.0 (compatible; Exabot/3.0; +http://www.exabot.com/go/robot)" "roomfurnish.com"
193.47.80.40 - - [21/Mar/2009:16:30:26 -0700] "GET / HTTP/1.1" 200 1315 "-" "Mozilla/5.0 (compatible; Exabot/3.0; +http://www.exabot.com/go/robot)" "roomfurnish.com"
74.6.30.119 - - [21/Mar/2009:16:37:42 -0700] "GET / HTTP/1.0" 200 1315 "-" "Mozilla/5.0 (compatible; Yahoo! DE Slurp; http://help.yahoo.com/help/us/ysearch/slurp)" "www.roomfurnish.com"
67.195.37.106 - - [21/Mar/2009:16:44:22 -0700] "GET / HTTP/1.0" 200 1315 "-" "Mozilla/5.0 (compatible; Yahoo! DE Slurp; http://help.yahoo.com/help/us/ysearch/slurp)" "www.roomfurnish.com"
58.61.164.140 - - [21/Mar/2009:18:59:46 -0700] "GET /robots.txt HTTP/1.1" 404 275 "http://www.roomfurnish.com/robots.txt" "Sosospider+(+http://help.soso.com/webspider.htm)" "www.roomfurnish.com"
119.63.194.49 - - [21/Mar/2009:21:14:27 -0700] "GET / HTTP/1.1" 200 1315 "-" "Baiduspider+(+http://www.baidu.jp/spider/)" "roomfurnish.com"
71.242.124.18 - - [21/Mar/2009:21:48:07 -0700] "GET /favicon.ico HTTP/1.1" 404 275 "-" "Mozilla/4.0 (compatible; GoogleToolbar 5.0.2124.6042; Windows 6.0; MSIE 7.0.6000.16809)" "roomfurnish.com"
71.242.124.18 - - [21/Mar/2009:21:48:07 -0700] "GET /favicon.gif HTTP/1.1" 404 275 "-" "Mozilla/4.0 (compatible; GoogleToolbar 5.0.2124.6042; Windows 6.0; MSIE 7.0.6000.16809)" "roomfurnish.com"
124.115.1.66 - - [21/Mar/2009:22:35:00 -0700] "GET / HTTP/1.1" 200 1315 "http://www.roomfurnish.com/" "Mozilla/4.0 (compatible; MSIE 6.0; Windows NT 5.1)" "www.roomfurnish.com"
124.115.10.193 - - [21/Mar/2009:22:39:54 -0700] "GET / HTTP/1.1" 200 1315 "http://www.roomfurnish.com/" "Mozilla/4.0 (compatible; MSIE 6.0; Windows NT 5.1)" "www.roomfurnish.com"
64.1.215.165 - - [21/Mar/2009:23:55:14 -0700] "GET / HTTP/1.0" 200 1315 "-" "Mozilla/5.0 (Twiceler-0.9 http://www.cuil.com/twiceler/robot.html)" "roomfurnish.com"
208.80.195.42 - - [22/Mar/2009:10:49:03 -0700] "GET / HTTP/1.0" 200 1315 "-" "Mozilla/4.0 (compatible; MSIE 7.0; Windows NT 5.1; SIMBAR={FCF320D1-D56A-4621-BF7C-0D895E0FFE8B}; .NET CLR 1.0.3705; .NET CLR 1.1.4322; Media Center PC 4.0)" "www.roomfurnish.com"
208.80.195.42 - - [22/Mar/2009:10:49:03 -0700] "GET / HTTP/1.0" 200 1315 "-" "Mozilla/4.0 (compatible; MSIE 6.0; Windows NT 5.1; SV1; .NET CLR 1.1.4322; SiteKiosk 6.0 Build 98)" "roomfurnish.com"
212.247.42.172 - - [22/Mar/2009:11:27:08 -0700] "GET / HTTP/1.1" 200 1315 "http://www.teedirect.com/" "Mozilla/5.0 (Windows; U; Windows NT 5.1; en-US; rv:1.7.13) Gecko/20060414" "www.roomfurnish.com"
93.158.149.32 - - [22/Mar/2009:13:45:15 -0700] "GET /robots.txt HTTP/1.1" 404 275 "-" "Yandex/1.01.001 (compatible; Win16; I)" "roomfurnish.com"
93.158.149.32 - - [22/Mar/2009:13:45:15 -0700] "GET / HTTP/1.1" 200 1315 "-" "Yandex/1.01.001 (compatible; Win16; I)" "roomfurnish.com"
93.158.149.32 - - [22/Mar/2009:13:57:54 -0700] "GET /robots.txt HTTP/1.1" 404 275 "-" "Yandex/1.01.001 (compatible; Win16; I)" "www.roomfurnish.com"
93.158.149.32 - - [22/Mar/2009:13:57:54 -0700] "GET / HTTP/1.1" 200 1315 "-" "Yandex/1.01.001 (compatible; Win16; I)" "www.roomfurnish.com"
83.18.253.131 - - [22/Mar/2009:15:15:17 -0700] "GET / HTTP/1.1" 200 1315 "http://www.vanessa-sucht.com/index3.php" "Mozilla/4.0 (compatible; MSIE 5.0; Windows 3.1)" "roomfurnish.com"
193.47.80.40 - - [22/Mar/2009:16:24:47 -0700] "GET / HTTP/1.1" 200 1315 "-" "Mozilla/5.0 (compatible; Exabot/3.0; +http://www.exabot.com/go/robot)" "roomfurnish.com"
124.115.1.66 - - [22/Mar/2009:18:07:50 -0700] "GET / HTTP/1.1" 200 1315 "http://www.roomfurnish.com/" "Mozilla/4.0 (compatible; MSIE 6.0; Windows NT 5.1)" "www.roomfurnish.com"
124.115.10.193 - - [22/Mar/2009:18:08:55 -0700] "GET / HTTP/1.1" 200 1315 "http://www.roomfurnish.com/" "Mozilla/4.0 (compatible; MSIE 6.0; Windows NT 5.1)" "www.roomfurnish.com"
67.195.37.106 - - [22/Mar/2009:18:34:04 -0700] "GET / HTTP/1.0" 200 1315 "-" "Mozilla/5.0 (compatible; Yahoo! DE Slurp; http://help.yahoo.com/help/us/ysearch/slurp)" "www.roomfurnish.com"
193.252.149.16 - - [22/Mar/2009:18:52:17 -0700] "GET /robots.txt HTTP/1.1" 404 275 "-" "Mozilla/5.0 (Windows; U; Windows NT 5.1; fr; rv:1.8.1) VoilaBot BETA 1.2 (support.voilabot@orange-ftgroup.com)" "roomfurnish.com"
193.252.149.16 - - [22/Mar/2009:18:52:29 -0700] "GET / HTTP/1.1" 200 1315 "-" "Mozilla/5.0 (Windows; U; Windows NT 5.1; fr; rv:1.8.1) VoilaBot BETA 1.2 (support.voilabot@orange-ftgroup.com)" "roomfurnish.com"
74.6.30.119 - - [22/Mar/2009:20:52:15 -0700] "GET / HTTP/1.0" 200 1315 "-" "Mozilla/5.0 (compatible; Yahoo! DE Slurp; http://help.yahoo.com/help/us/ysearch/slurp)" "www.roomfurnish.com"
124.179.174.85 - - [22/Mar/2009:21:00:22 -0700] "GET /lesw.html HTTP/1.1" 404 275 "http://shopping.yahoo.com/t-Art-Supplies/fabric-swatches" "Mozilla/4.0 (compatible; MSIE 7.0; Windows NT 5.1; GTB5; .NET CLR 1.1.4322; .NET CLR 2.0.50727)" "www.roomfurnish.com"
124.179.174.85 - - [22/Mar/2009:21:00:25 -0700] "GET /favicon.ico HTTP/1.1" 404 275 "-" "Mozilla/4.0 (compatible; MSIE 7.0; Windows NT 5.1; GTB5; .NET CLR 1.1.4322; .NET CLR 2.0.50727)" "roomfurnish.com"
124.179.174.85 - - [22/Mar/2009:21:00:27 -0700] "GET / HTTP/1.1" 200 1315 "-" "Mozilla/4.0 (compatible; MSIE 7.0; Windows NT 5.1; GTB5; .NET CLR 1.1.4322; .NET CLR 2.0.50727)" "www.roomfurnish.com"
124.179.174.85 - - [22/Mar/2009:21:00:32 -0700] "GET /lesw.html HTTP/1.1" 404 275 "http://shopping.yahoo.com/t-Art-Supplies/fabric-swatches" "Mozilla/4.0 (compatible; MSIE 7.0; Windows NT 5.1; GTB5; .NET CLR 1.1.4322; .NET CLR 2.0.50727)" "www.roomfurnish.com"
72.94.249.34 - - [22/Mar/2009:22:44:24 -0700] "GET / HTTP/1.1" 200 1315 "-" "Mozilla/4.0 (compatible; MSIE 6.0; Windows NT 5.1; SV1; .NET CLR 1.1.4322)" "www.roomfurnish.com"
207.126.224.241 - - [23/Mar/2009:00:14:30 -0700] "GET / HTTP/1.0" 200 1315 "-" "Mozilla/4.05 [en]" "www.roomfurnish.com"
68.178.232.58 - - [23/Mar/2009:02:48:15 -0700] "GET /? HTTP/1.0" 200 1315 "-" "Mozilla/4.0 (compatible; MSIE 6.0; Windows NT 5.0)" "roomfurnish.com"
208.115.111.250 - - [23/Mar/2009:09:51:00 -0700] "GET /robots.txt HTTP/1.1" 404 275 "-" "Mozilla/5.0 (compatible; DotBot/1.1; http://www.dotnetdotcom.org/, crawler@dotnetdotcom.org)" "www.roomfurnish.com"
208.115.111.250 - - [23/Mar/2009:09:51:00 -0700] "GET /robots.txt HTTP/1.1" 404 275 "-" "Mozilla/5.0 (compatible; DotBot/1.1; http://www.dotnetdotcom.org/, crawler@dotnetdotcom.org)" "roomfurnish.com"
208.115.111.250 - - [23/Mar/2009:12:56:11 -0700] "GET / HTTP/1.1" 200 1315 "-" "Mozilla/5.0 (compatible; DotBot/1.1; http://www.dotnetdotcom.org/, crawler@dotnetdotcom.org)" "www.roomfurnish.com"
208.115.111.250 - - [23/Mar/2009:12:56:12 -0700] "GET / HTTP/1.1" 200 1315 "-" "Mozilla/5.0 (compatible; DotBot/1.1; http://www.dotnetdotcom.org/, crawler@dotnetdotcom.org)" "roomfurnish.com"
89.149.244.57 - - [23/Mar/2009:15:11:49 -0700] "GET / HTTP/1.0" 200 1315 "ROOMFURNISH.com/" "Mozilla/4.0 (compatible; MSIE 6.0; Windows 98; Win 9x 4.90)" "roomfurnish.com"
94.194.152.95 - - [23/Mar/2009:15:53:26 -0700] "HEAD / HTTP/1.1" 200 0 "-" "Xenu Link Sleuth 1.2i" "www.roomfurnish.com"
208.80.195.53 - - [23/Mar/2009:15:54:33 -0700] "GET / HTTP/1.0" 200 1315 "-" "Mozilla/4.0 (compatible; MSIE 7.0; Windows NT 5.1; YPC 3.0.3; .NET CLR 1.1.4322; yplus 5.1.04b)" "roomfurnish.com"
208.80.195.53 - - [23/Mar/2009:15:54:33 -0700] "GET / HTTP/1.0" 200 1315 "-" "Mozilla/4.0 (compatible; MSIE 6.0; Windows NT 5.1; yie6_SBC; SV1; FunWebProducts; SpamBlockerUtility 4.6.1; HbTools 4.7.2; yplus 5.1.03b)" "www.roomfurnish.com"
193.47.80.40 - - [23/Mar/2009:16:30:20 -0700] "GET /robots.txt HTTP/1.1" 404 275 "-" "Mozilla/5.0 (compatible; Exabot/3.0; +http://www.exabot.com/go/robot)" "roomfurnish.com"
193.47.80.40 - - [23/Mar/2009:16:30:20 -0700] "GET / HTTP/1.1" 200 1315 "-" "Mozilla/5.0 (compatible; Exabot/3.0; +http://www.exabot.com/go/robot)" "roomfurnish.com"
193.252.149.14 - - [23/Mar/2009:17:37:58 -0700] "GET /robots.txt HTTP/1.1" 404 275 "-" "Mozilla/5.0 (Windows; U; Windows NT 5.1; fr; rv:1.8.1) VoilaBot BETA 1.2 (support.voilabot@orange-ftgroup.com)" "www.roomfurnish.com"
193.252.149.14 - - [23/Mar/2009:17:38:14 -0700] "GET / HTTP/1.1" 200 1315 "-" "Mozilla/5.0 (Windows; U; Windows NT 5.1; fr; rv:1.8.1) VoilaBot BETA 1.2 (support.voilabot@orange-ftgroup.com)" "www.roomfurnish.com"
124.115.1.66 - - [23/Mar/2009:18:13:06 -0700] "GET / HTTP/1.1" 200 1315 "http://www.roomfurnish.com/" "Mozilla/4.0 (compatible; MSIE 6.0; Windows NT 5.1)" "www.roomfurnish.com"
213.236.208.22 - - [23/Mar/2009:18:29:45 -0700] "GET / HTTP/1.1" 200 1315 "-" "Opera/9.10 (Windows NT 5.1; U; en)" "roomfurnish.com"
64.1.215.165 - - [23/Mar/2009:18:37:24 -0700] "GET /robots.txt HTTP/1.0" 404 275 "-" "Mozilla/5.0 (Twiceler-0.9 http://www.cuil.com/twiceler/robot.html)" "roomfurnish.com"
67.195.37.171 - - [23/Mar/2009:19:20:10 -0700] "GET / HTTP/1.0" 200 1315 "-" "Mozilla/5.0 (compatible; Yahoo! DE Slurp; http://help.yahoo.com/help/us/ysearch/slurp)" "www.roomfurnish.com"
124.115.10.193 - - [23/Mar/2009:22:29:21 -0700] "GET / HTTP/1.1" 200 1315 "http://www.roomfurnish.com/" "Mozilla/4.0 (compatible; MSIE 6.0; Windows NT 5.1)" "www.roomfurnish.com"
74.6.30.119 - - [24/Mar/2009:00:22:57 -0700] "GET / HTTP/1.0" 200 1315 "-" "Mozilla/5.0 (compatible; Yahoo! DE Slurp; http://help.yahoo.com/help/us/ysearch/slurp)" "www.roomfurnish.com"
75.37.160.85 - - [24/Mar/2009:00:41:04 -0700] "GET / HTTP/1.1" 200 1315 "-" "Mozilla/4.0 (compatible; MSIE 7.0; America Online Browser 1.1; rev1.5; Windows NT 5.1; .NET CLR 1.1.4322)" "roomfurnish.com"
80.34.206.35 - - [24/Mar/2009:08:08:38 -0700] "HEAD / HTTP/1.0" 200 0 "-" "Mozilla/4.0 (compatible; MSIE 5.01; Windows NT 5.0)" "roomfurnish.com"
8.11.2.20 - - [24/Mar/2009:11:18:47 -0700] "GET /robots.txt HTTP/1.1" 404 275 "-" "ShopWiki/1.0 ( +http://www.shopwiki.com/wiki/Help:Bot)" "www.roomfurnish.com"
8.11.2.20 - - [24/Mar/2009:11:18:47 -0700] "GET / HTTP/1.1" 200 1315 "-" "ShopWiki/1.0 ( +http://www.shopwiki.com/wiki/Help:Bot)" "www.roomfurnish.com"
8.11.2.20 - - [24/Mar/2009:11:18:48 -0700] "GET / HTTP/1.1" 200 1315 "-" "ShopWiki/1.0 ( +http://www.shopwiki.com/wiki/Help:Bot)" "www.roomfurnish.com"
114.111.36.26 - - [24/Mar/2009:13:05:38 -0700] "GET /robots.txt HTTP/1.1" 404 275 "-" "Mozilla/4.0 (compatible; NaverBot/1.0; http://help.naver.com/customer_webtxt_02.jsp)" "roomfurnish.com"
114.111.36.26 - - [24/Mar/2009:13:05:53 -0700] "GET / HTTP/1.1" 200 1315 "-" "Mozilla/4.0 (compatible; NaverBot/1.0; http://help.naver.com/customer_webtxt_02.jsp)" "roomfurnish.com"
193.47.80.40 - - [24/Mar/2009:16:21:40 -0700] "GET / HTTP/1.1" 200 1315 "-" "Mozilla/5.0 (compatible; Exabot/3.0; +http://www.exabot.com/go/robot)" "roomfurnish.com"
61.135.249.210 - - [24/Mar/2009:19:51:35 -0700] "GET /robots.txt HTTP/1.1" 404 275 "-" "Mozilla/5.0 (compatible; YoudaoBot/1.0; http://www.youdao.com/help/webmaster/spider/; )" "roomfurnish.com"
61.135.249.210 - - [24/Mar/2009:19:51:37 -0700] "GET / HTTP/1.1" 200 1315 "-" "Mozilla/5.0 (compatible; YoudaoBot/1.0; http://www.youdao.com/help/webmaster/spider/; )" "roomfurnish.com"
67.195.37.171 - - [24/Mar/2009:20:09:18 -0700] "GET / HTTP/1.0" 200 1315 "-" "Mozilla/5.0 (compatible; Yahoo! DE Slurp; http://help.yahoo.com/help/us/ysearch/slurp)" "www.roomfurnish.com"
68.178.232.58 - - [24/Mar/2009:21:07:27 -0700] "GET /? HTTP/1.0" 200 1315 "-" "Mozilla/4.0 (compatible; MSIE 6.0; Windows NT 5.0)" "roomfurnish.com"
98.173.26.143 - - [25/Mar/2009:00:40:58 -0700] "GET /robots.txt HTTP/1.0" 404 275 "-" "envolk/1.7 (+http://www.envolk.com/envolkspiderinfo.html)" "roomfurnish.com"
124.115.1.60 - - [25/Mar/2009:00:58:20 -0700] "GET / HTTP/1.1" 200 1315 "http://www.roomfurnish.com/" "Mozilla/4.0 (compatible; MSIE 6.0; Windows NT 5.1)" "www.roomfurnish.com"
74.6.30.119 - - [25/Mar/2009:01:21:30 -0700] "GET / HTTP/1.0" 200 1315 "-" "Mozilla/5.0 (compatible; Yahoo! DE Slurp; http://help.yahoo.com/help/us/ysearch/slurp)" "www.roomfurnish.com"
124.115.1.62 - - [25/Mar/2009:03:38:38 -0700] "GET / HTTP/1.1" 200 1315 "http://www.roomfurnish.com/" "Mozilla/4.0 (compatible; MSIE 6.0; Windows NT 5.1)" "www.roomfurnish.com"
124.115.1.59 - - [25/Mar/2009:04:17:48 -0700] "GET / HTTP/1.1" 200 1315 "http://www.roomfurnish.com/" "Mozilla/4.0 (compatible; MSIE 6.0; Windows NT 5.1)" "www.roomfurnish.com"
124.115.10.193 - - [25/Mar/2009:04:43:55 -0700] "GET / HTTP/1.1" 200 1315 "http://www.roomfurnish.com/" "Mozilla/4.0 (compatible; MSIE 6.0; Windows NT 5.1)" "www.roomfurnish.com"
202.160.178.79 - - [25/Mar/2009:04:44:00 -0700] "GET /robots.txt HTTP/1.0" 404 275 "-" "Mozilla/5.0 (compatible; Yahoo! Slurp China; http://misc.yahoo.com.cn/help.html)" "roomfurnish.com"
202.160.178.82 - - [25/Mar/2009:04:44:48 -0700] "GET / HTTP/1.0" 200 1315 "-" "Mozilla/5.0 (compatible; Yahoo! Slurp China; http://misc.yahoo.com.cn/help.html)" "roomfurnish.com"
124.115.1.61 - - [25/Mar/2009:05:44:38 -0700] "GET / HTTP/1.0" 200 1315 "http://www.roomfurnish.com/" "Mozilla/4.0 (compatible; MSIE 6.0; Windows NT 5.1)" "www.roomfurnish.com"
8.11.2.20 - - [25/Mar/2009:09:00:48 -0700] "GET /robots.txt HTTP/1.1" 404 275 "-" "ShopWiki/1.0 ( +http://www.shopwiki.com/wiki/Help:Bot)" "www.roomfurnish.com"
8.11.2.20 - - [25/Mar/2009:09:00:48 -0700] "GET / HTTP/1.1" 200 1315 "-" "ShopWiki/1.0 ( +http://www.shopwiki.com/wiki/Help:Bot)" "www.roomfurnish.com"
71.242.124.18 - - [25/Mar/2009:15:08:32 -0700] "GET /favicon.ico HTTP/1.1" 404 275 "-" "Mozilla/4.0 (compatible; GoogleToolbar 5.0.2124.6042; Windows 6.0; MSIE 7.0.6000.16809)" "roomfurnish.com"
71.242.124.18 - - [25/Mar/2009:15:08:33 -0700] "GET /favicon.gif HTTP/1.1" 404 275 "-" "Mozilla/4.0 (compatible; GoogleToolbar 5.0.2124.6042; Windows 6.0; MSIE 7.0.6000.16809)" "roomfurnish.com"
193.47.80.40 - - [25/Mar/2009:16:26:03 -0700] "GET /robots.txt HTTP/1.1" 404 275 "-" "Mozilla/5.0 (compatible; Exabot/3.0; +http://www.exabot.com/go/robot)" "roomfurnish.com"
193.47.80.40 - - [25/Mar/2009:16:26:03 -0700] "GET / HTTP/1.1" 200 1315 "-" "Mozilla/5.0 (compatible; Exabot/3.0; +http://www.exabot.com/go/robot)" "roomfurnish.com"
124.115.1.59 - - [25/Mar/2009:17:12:23 -0700] "GET / HTTP/1.1" 200 1315 "http://www.roomfurnish.com/" "Mozilla/4.0 (compatible; MSIE 6.0; Windows NT 5.1)" "www.roomfurnish.com"
124.115.10.193 - - [25/Mar/2009:17:13:15 -0700] "GET / HTTP/1.1" 200 1315 "http://www.roomfurnish.com/" "Mozilla/4.0 (compatible; MSIE 6.0; Windows NT 5.1)" "www.roomfurnish.com"
67.205.96.152 - - [25/Mar/2009:17:39:33 -0700] "GET / HTTP/1.1" 200 1315 "-" "Allrati/1.1 (+)" "roomfurnish.com"
208.80.195.42 - - [25/Mar/2009:19:26:10 -0700] "GET / HTTP/1.0" 200 1315 "-" "Mozilla/4.0 (compatible; MSIE 7.0; Windows NT 5.1; FunWebProducts; Mozilla/4.0 (compatible; MSIE 6.0; Windows NT 5.1; SV1) ; .NET CLR 1.1.4322; InfoPath.1; .NET CLR 2.0.50727; ZangoToolbar 4.8.3)" "www.roomfurnish.com"
208.80.195.42 - - [25/Mar/2009:19:26:10 -0700] "GET / HTTP/1.0" 200 1315 "-" "Mozilla/4.0 (compatible; MSIE 6.0; Windows NT 5.1; SV1; FunWebProducts; .NET CLR 1.1.4322; .NET CLR 1.0.3705; MSN 9.0;MSN 9.1; MSNbVZ02; MSNmen-us; MSNcOTH)" "roomfurnish.com"
88.131.106.12 - - [25/Mar/2009:20:05:28 -0700] "GET /robots.txt HTTP/1.0" 404 275 "-" "Speedy Spider (http://www.entireweb.com/about/search_tech/speedy_spider/)" "roomfurnish.com"
88.131.106.12 - - [25/Mar/2009:20:05:28 -0700] "GET /239grandesofa.html HTTP/1.0" 404 275 "-" "Speedy Spider (http://www.entireweb.com/about/search_tech/speedy_spider/)" "roomfurnish.com"
67.205.96.152 - - [25/Mar/2009:20:32:21 -0700] "GET / HTTP/1.1" 200 1315 "-" "Allrati/1.1 (+)" "roomfurnish.com"
67.195.37.177 - - [25/Mar/2009:20:40:06 -0700] "GET / HTTP/1.0" 200 1315 "-" "Mozilla/5.0 (compatible; Yahoo! DE Slurp; http://help.yahoo.com/help/us/ysearch/slurp)" "www.roomfurnish.com"
124.115.1.66 - - [26/Mar/2009:00:05:03 -0700] "GET / HTTP/1.1" 200 1315 "http://www.roomfurnish.com/" "Mozilla/4.0 (compatible; MSIE 6.0; Windows NT 5.1)" "www.roomfurnish.com"
124.115.1.62 - - [26/Mar/2009:00:38:23 -0700] "GET / HTTP/1.1" 200 1315 "http://www.roomfurnish.com/" "Mozilla/4.0 (compatible; MSIE 6.0; Windows NT 5.1)" "www.roomfurnish.com"
124.115.1.60 - - [26/Mar/2009:00:42:13 -0700] "GET / HTTP/1.1" 200 1315 "http://www.roomfurnish.com/" "Mozilla/4.0 (compatible; MSIE 6.0; Windows NT 5.1)" "www.roomfurnish.com"
193.252.149.16 - - [26/Mar/2009:02:42:23 -0700] "GET / HTTP/1.1" 200 1315 "-" "Mozilla/5.0 (Windows; U; Windows NT 5.1; fr; rv:1.8.1) VoilaBot BETA 1.2 (support.voilabot@orange-ftgroup.com)" "roomfurnish.com"
207.126.224.241 - - [26/Mar/2009:03:14:53 -0700] "GET / HTTP/1.0" 200 1315 "-" "Mozilla/4.05 [en]" "www.roomfurnish.com"
74.6.30.119 - - [26/Mar/2009:04:35:00 -0700] "GET / HTTP/1.0" 200 1315 "-" "Mozilla/5.0 (compatible; Yahoo! DE Slurp; http://help.yahoo.com/help/us/ysearch/slurp)" "www.roomfurnish.com"
8.11.2.20 - - [26/Mar/2009:06:28:21 -0700] "GET /robots.txt HTTP/1.1" 404 275 "-" "ShopWiki/1.0 ( +http://www.shopwiki.com/wiki/Help:Bot)" "www.roomfurnish.com"
8.11.2.20 - - [26/Mar/2009:06:28:21 -0700] "GET / HTTP/1.1" 200 1315 "-" "ShopWiki/1.0 ( +http://www.shopwiki.com/wiki/Help:Bot)" "www.roomfurnish.com"
8.11.2.20 - - [26/Mar/2009:06:28:22 -0700] "GET / HTTP/1.1" 200 1315 "-" "ShopWiki/1.0 ( +http://www.shopwiki.com/wiki/Help:Bot)" "www.roomfurnish.com"
58.61.164.140 - - [26/Mar/2009:07:12:16 -0700] "GET /robots.txt HTTP/1.1" 404 275 "http://www.roomfurnish.com/robots.txt" "Sosospider+(+http://help.soso.com/webspider.htm)" "www.roomfurnish.com"
124.115.1.66 - - [26/Mar/2009:11:04:58 -0700] "GET / HTTP/1.1" 200 1315 "http://www.roomfurnish.com/" "Mozilla/4.0 (compatible; MSIE 6.0; Windows NT 5.1)" "www.roomfurnish.com"
8.11.2.20 - - [26/Mar/2009:11:28:51 -0700] "GET /robots.txt HTTP/1.1" 404 275 "-" "ShopWiki/1.0 ( +http://www.shopwiki.com/wiki/Help:Bot)" "www.roomfurnish.com"
8.11.2.20 - - [26/Mar/2009:11:28:51 -0700] "GET / HTTP/1.1" 200 1315 "-" "ShopWiki/1.0 ( +http://www.shopwiki.com/wiki/Help:Bot)" "www.roomfurnish.com"
8.11.2.20 - - [26/Mar/2009:13:19:39 -0700] "GET / HTTP/1.1" 200 1315 "-" "ShopWiki/1.0 ( +http://www.shopwiki.com/wiki/Help:Bot)" "www.roomfurnish.com"
93.158.149.32 - - [26/Mar/2009:14:10:03 -0700] "GET /robots.txt HTTP/1.1" 404 275 "-" "Yandex/1.01.001 (compatible; Win16; I)" "roomfurnish.com"
93.158.149.32 - - [26/Mar/2009:14:10:03 -0700] "GET / HTTP/1.1" 200 1315 "-" "Yandex/1.01.001 (compatible; Win16; I)" "roomfurnish.com"
93.158.149.32 - - [26/Mar/2009:14:14:19 -0700] "GET /robots.txt HTTP/1.1" 404 275 "-" "Yandex/1.01.001 (compatible; Win16; I)" "www.roomfurnish.com"
93.158.149.32 - - [26/Mar/2009:14:14:20 -0700] "GET / HTTP/1.1" 200 1315 "-" "Yandex/1.01.001 (compatible; Win16; I)" "www.roomfurnish.com"
71.242.124.18 - - [26/Mar/2009:15:50:11 -0700] "GET /favicon.ico HTTP/1.1" 404 275 "-" "Mozilla/4.0 (compatible; GoogleToolbar 5.0.2124.6042; Windows 6.0; MSIE 7.0.6000.16809)" "roomfurnish.com"
71.242.124.18 - - [26/Mar/2009:15:50:11 -0700] "GET /favicon.gif HTTP/1.1" 404 275 "-" "Mozilla/4.0 (compatible; GoogleToolbar 5.0.2124.6042; Windows 6.0; MSIE 7.0.6000.16809)" "roomfurnish.com"
71.242.124.18 - - [26/Mar/2009:15:59:53 -0700] "GET /favicon.ico HTTP/1.1" 404 275 "-" "Mozilla/4.0 (compatible; GoogleToolbar 5.0.2124.6042; Windows 6.0; MSIE 7.0.6000.16809)" "roomfurnish.com"
71.242.124.18 - - [26/Mar/2009:15:59:54 -0700] "GET /favicon.gif HTTP/1.1" 404 275 "-" "Mozilla/4.0 (compatible; GoogleToolbar 5.0.2124.6042; Windows 6.0; MSIE 7.0.6000.16809)" "roomfurnish.com"
193.47.80.40 - - [26/Mar/2009:16:24:10 -0700] "GET / HTTP/1.1" 200 1315 "-" "Mozilla/5.0 (compatible; Exabot/3.0; +http://www.exabot.com/go/robot)" "roomfurnish.com"
124.115.1.61 - - [26/Mar/2009:17:06:33 -0700] "GET / HTTP/1.1" 200 1315 "http://www.roomfurnish.com/" "Mozilla/4.0 (compatible; MSIE 6.0; Windows NT 5.1)" "www.roomfurnish.com"
124.115.1.60 - - [26/Mar/2009:17:07:52 -0700] "GET / HTTP/1.1" 200 1315 "http://www.roomfurnish.com/" "Mozilla/4.0 (compatible; MSIE 6.0; Windows NT 5.1)" "www.roomfurnish.com"
124.115.1.66 - - [26/Mar/2009:17:45:18 -0700] "GET / HTTP/1.1" 200 1315 "http://www.roomfurnish.com/" "Mozilla/4.0 (compatible; MSIE 6.0; Windows NT 5.1)" "www.roomfurnish.com"
208.111.154.16 - - [26/Mar/2009:18:20:16 -0700] "GET /robots.txt HTTP/1.1" 404 275 "-" "Mozilla/5.0 (compatible; Charlotte/1.1; http://www.searchme.com/support/)" "www.roomfurnish.com"
208.111.154.16 - - [26/Mar/2009:18:20:18 -0700] "GET / HTTP/1.1" 200 1315 "-" "Mozilla/5.0 (compatible; Charlotte/1.1; http://www.searchme.com/support/)" "www.roomfurnish.com"
67.195.37.177 - - [26/Mar/2009:20:57:50 -0700] "GET / HTTP/1.0" 200 1315 "-" "Mozilla/5.0 (compatible; Yahoo! DE Slurp; http://help.yahoo.com/help/us/ysearch/slurp)" "www.roomfurnish.com"
193.252.149.14 - - [26/Mar/2009:21:00:57 -0700] "GET / HTTP/1.1" 200 1315 "-" "Mozilla/5.0 (Windows; U; Windows NT 5.1; fr; rv:1.8.1) VoilaBot BETA 1.2 (support.voilabot@orange-ftgroup.com)" "www.roomfurnish.com"
124.115.10.193 - - [26/Mar/2009:21:05:29 -0700] "GET / HTTP/1.1" 200 1315 "http://www.roomfurnish.com/" "Mozilla/4.0 (compatible; MSIE 6.0; Windows NT 5.1)" "www.roomfurnish.com"
119.63.194.49 - - [26/Mar/2009:22:11:18 -0700] "GET / HTTP/1.1" 200 1315 "-" "Baiduspider+(+http://www.baidu.jp/spider/)" "roomfurnish.com"
119.63.193.62 - - [26/Mar/2009:22:52:00 -0700] "GET /robots.txt HTTP/1.1" 404 275 "-" "Baiduspider+(+http://www.baidu.jp/spider/)" "roomfurnish.com"
124.115.1.62 - - [26/Mar/2009:23:51:34 -0700] "GET / HTTP/1.1" 200 1315 "http://www.roomfurnish.com/" "Mozilla/4.0 (compatible; MSIE 6.0; Windows NT 5.1)" "www.roomfurnish.com"
208.80.195.50 - - [27/Mar/2009:00:30:29 -0700] "GET / HTTP/1.0" 200 1315 "-" "Mozilla/4.0 (compatible; MSIE 7.0; Windows NT 6.0; WOW64; Comcast Install 1.0; SLCC1; .NET CLR 2.0.50727; .NET CLR 3.0.04506; .NET CLR 1.1.4322)" "www.roomfurnish.com"
208.80.195.50 - - [27/Mar/2009:00:30:29 -0700] "GET / HTTP/1.0" 200 1315 "-" "Mozilla/4.0 (compatible; MSIE 6.0; Windows 98; Win 9x 4.90; YPC 3.0.3; Maxthon; .NET CLR 1.1.4322)" "roomfurnish.com"
124.115.1.59 - - [27/Mar/2009:00:33:40 -0700] "GET / HTTP/1.1" 200 1315 "http://www.roomfurnish.com/" "Mozilla/4.0 (compatible; MSIE 6.0; Windows NT 5.1)" "www.roomfurnish.com"
65.55.209.15 - - [27/Mar/2009:04:05:36 -0700] "GET /robots.txt HTTP/1.1" 404 275 "-" "msnbot/1.1 (+http://search.msn.com/msnbot.htm)" "roomfurnish.com"
65.55.209.15 - - [27/Mar/2009:04:05:36 -0700] "GET / HTTP/1.1" 200 1315 "-" "msnbot/1.1 (+http://search.msn.com/msnbot.htm)" "roomfurnish.com"
61.247.222.45 - - [27/Mar/2009:04:21:03 -0700] "GET /robots.txt HTTP/1.1" 404 275 "-" "Yeti/1.0 (NHN Corp.; http://help.naver.com/robots/)" "roomfurnish.com"
61.247.222.45 - - [27/Mar/2009:04:21:03 -0700] "GET / HTTP/1.1" 200 1315 "-" "Yeti/1.0 (NHN Corp.; http://help.naver.com/robots/)" "roomfurnish.com"
74.6.30.119 - - [27/Mar/2009:06:37:59 -0700] "GET / HTTP/1.0" 200 1315 "-" "Mozilla/5.0 (compatible; Yahoo! DE Slurp; http://help.yahoo.com/help/us/ysearch/slurp)" "www.roomfurnish.com"
67.195.37.156 - - [27/Mar/2009:08:51:55 -0700] "GET / HTTP/1.0" 200 1315 "-" "Mozilla/5.0 (compatible; Yahoo! Slurp/3.0; http://help.yahoo.com/help/us/ysearch/slurp)" "www.roomfurnish.com"
193.47.80.40 - - [27/Mar/2009:16:29:09 -0700] "GET /robots.txt HTTP/1.1" 404 275 "-" "Mozilla/5.0 (compatible; Exabot/3.0; +http://www.exabot.com/go/robot)" "roomfurnish.com"
193.47.80.40 - - [27/Mar/2009:16:29:09 -0700] "GET / HTTP/1.1" 200 1315 "-" "Mozilla/5.0 (compatible; Exabot/3.0; +http://www.exabot.com/go/robot)" "roomfurnish.com"
66.29.219.12 - - [27/Mar/2009:16:59:18 -0700] "GET /robots.txt HTTP/1.1" 404 275 "-" "Mozilla/5.0 (compatible; Qualidator.com Bot 0.9;)" "roomfurnish.com"
66.29.219.12 - - [27/Mar/2009:16:59:18 -0700] "GET / HTTP/1.1" 200 1315 "-" "Mozilla/5.0 (compatible; Qualidator.com Bot 0.9;)" "roomfurnish.com"
66.29.219.12 - - [27/Mar/2009:16:59:19 -0700] "GET /robots.txt HTTP/1.1" 404 275 "-" "Mozilla/5.0 (compatible; Qualidator.com Bot 0.9;)" "roomfurnish.com"
124.115.1.66 - - [27/Mar/2009:20:27:41 -0700] "GET / HTTP/1.1" 200 1315 "http://www.roomfurnish.com/" "Mozilla/4.0 (compatible; MSIE 6.0; Windows NT 5.1)" "www.roomfurnish.com"
208.111.154.16 - - [27/Mar/2009:21:15:17 -0700] "GET /robots.txt HTTP/1.1" 404 275 "-" "Mozilla/5.0 (compatible; Charlotte/1.1; http://www.searchme.com/support/)" "www.roomfurnish.com"
208.111.154.16 - - [27/Mar/2009:21:15:26 -0700] "GET / HTTP/1.1" 200 1315 "-" "Mozilla/5.0 (compatible; Charlotte/1.1; http://www.searchme.com/support/)" "www.roomfurnish.com"
124.115.10.193 - - [27/Mar/2009:21:40:53 -0700] "GET / HTTP/1.1" 200 1315 "http://www.roomfurnish.com/" "Mozilla/4.0 (compatible; MSIE 6.0; Windows NT 5.1)" "www.roomfurnish.com"
67.195.37.156 - - [27/Mar/2009:21:49:33 -0700] "GET / HTTP/1.0" 200 1315 "-" "Mozilla/5.0 (compatible; Yahoo! DE Slurp; http://help.yahoo.com/help/us/ysearch/slurp)" "www.roomfurnish.com"
64.1.215.169 - - [27/Mar/2009:22:49:58 -0700] "GET /robots.txt HTTP/1.0" 404 275 "-" "Mozilla/5.0 (Twiceler-0.9 http://www.cuil.com/twiceler/robot.html)" "roomfurnish.com"
