12.47.49.197 - - [29/Apr/2009:17:07:44 -0700] "GET / HTTP/1.1" 200 1315 "-" "Mozilla/5.0 (Windows; U; Windows NT 5.1; en-US; rv:1.8.1.20) Gecko/20081217 Firefox/2.0.0.20" "www.roomfurnish.com"
12.47.49.197 - - [29/Apr/2009:17:07:47 -0700] "GET /favicon.ico HTTP/1.1" 404 275 "-" "Mozilla/5.0 (Windows; U; Windows NT 5.1; en-US; rv:1.8.1.20) Gecko/20081217 Firefox/2.0.0.20" "roomfurnish.com"
67.202.27.224 - - [29/Apr/2009:17:30:24 -0700] "GET / HTTP/1.1" 200 1315 "http://linkstories.com/roomfurnish.com" "Mozilla/5.0 (Windows; U; Windows NT 5.1; en-US; rv:1.8.1.14) Gecko/20080404 Firefox/2.0.0.14" "roomfurnish.com"
220.181.61.234 - - [29/Apr/2009:18:17:10 -0700] "GET / HTTP/1.1" 200 1315 "-" "Sogou web spider/4.0(+http://www.sogou.com/docs/help/webmasters.htm#07)" "www.roomfurnish.com"
74.86.2.202 - - [29/Apr/2009:19:26:10 -0700] "HEAD / HTTP/1.1" 200 0 "-" "Mozilla/4.0 (compatible; MSIE 6.0; Windows NT 5.1; .NET CLR 1.1.4322; Alexa Toolbar)" "www.roomfurnish.com"
208.80.195.34 - - [29/Apr/2009:20:13:46 -0700] "GET / HTTP/1.0" 200 1315 "-" "Mozilla/4.0 (compatible; MSIE 6.0; Windows NT 5.1; SV1; FunWebProducts; iebar; acc=kuwait150)" "roomfurnish.com"
208.80.195.34 - - [29/Apr/2009:20:13:46 -0700] "GET / HTTP/1.0" 200 1315 "-" "Mozilla/4.0 (compatible; MSIE 7.0; Windows NT 5.1; FunWebProducts; .NET CLR 1.1.4322; SpamBlockerUtility 4.7.1; IEMB3; IEMB3)" "www.roomfurnish.com"
88.131.106.12 - - [30/Apr/2009:01:27:05 -0700] "GET /robots.txt HTTP/1.0" 404 275 "-" "Speedy Spider (http://www.entireweb.com/about/search_tech/speedy_spider/)" "roomfurnish.com"
88.131.106.12 - - [30/Apr/2009:01:27:05 -0700] "GET /300briosofa.html HTTP/1.0" 404 275 "-" "Speedy Spider (http://www.entireweb.com/about/search_tech/speedy_spider/)" "roomfurnish.com"
67.195.37.154 - - [30/Apr/2009:01:39:40 -0700] "GET / HTTP/1.0" 200 1315 "-" "Mozilla/5.0 (compatible; Yahoo! DE Slurp; http://help.yahoo.com/help/us/ysearch/slurp)" "www.roomfurnish.com"
71.242.124.18 - - [30/Apr/2009:04:16:48 -0700] "GET /favicon.ico HTTP/1.1" 404 275 "-" "Mozilla/4.0 (compatible; GoogleToolbar 6.1.1518.856; Windows 6.0; MSIE 7.0.6000.16830)" "roomfurnish.com"
71.242.124.18 - - [30/Apr/2009:04:16:48 -0700] "GET /favicon.gif HTTP/1.1" 404 275 "-" "Mozilla/4.0 (compatible; GoogleToolbar 6.1.1518.856; Windows 6.0; MSIE 7.0.6000.16830)" "roomfurnish.com"
71.242.124.18 - - [30/Apr/2009:04:16:48 -0700] "GET /favicon.ico HTTP/1.1" 404 275 "-" "Mozilla/4.0 (compatible; GoogleToolbar 6.1.1518.856; Windows 6.0; MSIE 7.0.6000.16830)" "roomfurnish.com"
71.242.124.18 - - [30/Apr/2009:04:16:49 -0700] "GET /favicon.gif HTTP/1.1" 404 275 "-" "Mozilla/4.0 (compatible; GoogleToolbar 6.1.1518.856; Windows 6.0; MSIE 7.0.6000.16830)" "roomfurnish.com"
74.129.121.220 - - [30/Apr/2009:04:37:48 -0700] "GET /robots.txt HTTP/1.0" 404 275 "http://majestic12.co.uk/bot.php?I=8831678A82-259D6CFCD015245F-roomfurnish_com" "Mozilla/5.0 (compatible; MJ12bot/v1.2.4; http://www.majestic12.co.uk/bot.php?+)" "roomfurnish.com"
74.129.121.220 - - [30/Apr/2009:04:37:49 -0700] "GET /coricode.html HTTP/1.0" 404 275 "-" "Mozilla/5.0 (compatible; MJ12bot/v1.2.4; http://www.majestic12.co.uk/bot.php?+)" "roomfurnish.com"
74.129.121.220 - - [30/Apr/2009:04:37:49 -0700] "GET /gourmetfood.html HTTP/1.0" 404 275 "-" "Mozilla/5.0 (compatible; MJ12bot/v1.2.4; http://www.majestic12.co.uk/bot.php?+)" "roomfurnish.com"
74.129.121.220 - - [30/Apr/2009:04:37:52 -0700] "GET /info.html HTTP/1.0" 404 275 "-" "Mozilla/5.0 (compatible; MJ12bot/v1.2.4; http://www.majestic12.co.uk/bot.php?+)" "roomfurnish.com"
74.129.121.220 - - [30/Apr/2009:04:37:59 -0700] "GET /leathersofa.html HTTP/1.0" 404 275 "-" "Mozilla/5.0 (compatible; MJ12bot/v1.2.4; http://www.majestic12.co.uk/bot.php?+)" "roomfurnish.com"
74.129.121.220 - - [30/Apr/2009:04:38:13 -0700] "GET /robots.txt HTTP/1.0" 404 275 "http://majestic12.co.uk/bot.php?I=8831678A82-259D6CFCD015245F-www_roomfurnish_com" "Mozilla/5.0 (compatible; MJ12bot/v1.2.4; http://www.majestic12.co.uk/bot.php?+)" "www.roomfurnish.com"
65.55.230.184 - - [30/Apr/2009:08:46:39 -0700] "GET /robots.txt HTTP/1.1" 404 275 "-" "msnbot-media/1.1 (+http://search.msn.com/msnbot.htm)" "roomfurnish.com"
65.55.230.184 - - [30/Apr/2009:08:46:39 -0700] "GET / HTTP/1.1" 200 1315 "-" "msnbot-media/1.1 (+http://search.msn.com/msnbot.htm)" "roomfurnish.com"
74.6.30.119 - - [30/Apr/2009:10:55:36 -0700] "GET / HTTP/1.0" 200 1315 "-" "Mozilla/5.0 (compatible; Yahoo! DE Slurp; http://help.yahoo.com/help/us/ysearch/slurp)" "www.roomfurnish.com"
8.11.2.158 - - [30/Apr/2009:12:32:22 -0700] "GET /robots.txt HTTP/1.1" 404 275 "-" "ShopWiki/1.0 ( +http://www.shopwiki.com/wiki/Help:Bot)" "www.roomfurnish.com"
8.11.2.158 - - [30/Apr/2009:12:32:23 -0700] "GET / HTTP/1.1" 200 1315 "-" "ShopWiki/1.0 ( +http://www.shopwiki.com/wiki/Help:Bot)" "www.roomfurnish.com"
193.252.149.16 - - [30/Apr/2009:16:35:30 -0700] "GET / HTTP/1.1" 200 1315 "-" "Mozilla/5.0 (Windows; U; Windows NT 5.1; fr; rv:1.8.1) VoilaBot BETA 1.2 (support.voilabot@orange-ftgroup.com)" "roomfurnish.com"
8.11.2.158 - - [30/Apr/2009:19:39:47 -0700] "GET /robots.txt HTTP/1.1" 404 275 "-" "ShopWiki/1.0 ( +http://www.shopwiki.com/wiki/Help:Bot)" "www.roomfurnish.com"
8.11.2.158 - - [30/Apr/2009:19:39:47 -0700] "GET / HTTP/1.1" 200 1315 "-" "ShopWiki/1.0 ( +http://www.shopwiki.com/wiki/Help:Bot)" "www.roomfurnish.com"
8.11.2.158 - - [30/Apr/2009:19:40:06 -0700] "GET / HTTP/1.1" 200 1315 "-" "ShopWiki/1.0 ( +http://www.shopwiki.com/wiki/Help:Bot)" "www.roomfurnish.com"
8.11.2.158 - - [30/Apr/2009:19:40:07 -0700] "GET / HTTP/1.1" 200 1315 "-" "ShopWiki/1.0 ( +http://www.shopwiki.com/wiki/Help:Bot)" "www.roomfurnish.com"
98.28.85.130 - - [30/Apr/2009:20:38:54 -0700] "GET /queensleeper1.html HTTP/1.1" 404 275 "http://www.thefurniturecatalog.com/?ysc=Beds&yss=171" "Mozilla/4.0 (compatible; MSIE 8.0; Windows NT 6.0; Trident/4.0; SLCC1; .NET CLR 2.0.50727; Media Center PC 5.0; .NET CLR 3.5.30729; .NET CLR 3.0.30618; InfoPath.2)" "www.roomfurnish.com"
98.28.85.130 - - [30/Apr/2009:20:41:12 -0700] "GET /queensleeper1.html HTTP/1.1" 404 275 "http://www.thefurniturecatalog.com/?ysc=Beds&yss=171" "Mozilla/4.0 (compatible; MSIE 8.0; Windows NT 6.0; Trident/4.0; SLCC1; .NET CLR 2.0.50727; Media Center PC 5.0; .NET CLR 3.5.30729; .NET CLR 3.0.30618; InfoPath.2)" "www.roomfurnish.com"
208.80.195.39 - - [30/Apr/2009:23:54:33 -0700] "GET / HTTP/1.0" 200 1315 "-" "Mozilla/4.0 (compatible; MSIE 7.0; Windows NT 5.1; Mozilla/4.0 (compatible; MSIE 6.0; Windows NT 5.1; SV1) ; Embedded Web Browser from: http://bsalsa.com/; .NET CLR 2.0.50727; .NET CLR 1.1.4322; .NET CLR 3.0.04506.30)" "roomfurnish.com"
208.80.195.39 - - [30/Apr/2009:23:54:33 -0700] "GET / HTTP/1.0" 200 1315 "-" "Mozilla/4.0 (compatible; MSIE 7.0; Windows NT 5.1; {4F38BDAE-E7B7-31DD-BFA6-2E8B61260FFB}; .NET CLR 1.0.3705; .NET CLR 1.1.4322)" "www.roomfurnish.com"
216.183.81.221 - - [01/May/2009:02:30:45 -0700] "GET / HTTP/1.1" 200 1315 "-" "Wget/1.8.2" "www.roomfurnish.com"
67.195.37.154 - - [01/May/2009:02:57:22 -0700] "GET / HTTP/1.0" 200 1315 "-" "Mozilla/5.0 (compatible; Yahoo! DE Slurp; http://help.yahoo.com/help/us/ysearch/slurp)" "www.roomfurnish.com"
61.46.96.183 - - [01/May/2009:06:10:45 -0700] "GET / HTTP/1.1" 200 1315 "http://www.roomfurnish.com/" "Website Explorer/0.9.9.9" "www.roomfurnish.com"
8.11.2.158 - - [01/May/2009:14:01:50 -0700] "GET /robots.txt HTTP/1.1" 404 275 "-" "ShopWiki/1.0 ( +http://www.shopwiki.com/wiki/Help:Bot)" "www.roomfurnish.com"
8.11.2.158 - - [01/May/2009:14:01:50 -0700] "GET / HTTP/1.1" 200 1315 "-" "ShopWiki/1.0 ( +http://www.shopwiki.com/wiki/Help:Bot)" "www.roomfurnish.com"
8.11.2.158 - - [01/May/2009:14:02:21 -0700] "GET / HTTP/1.1" 200 1315 "-" "ShopWiki/1.0 ( +http://www.shopwiki.com/wiki/Help:Bot)" "www.roomfurnish.com"
8.11.2.158 - - [01/May/2009:14:02:22 -0700] "GET / HTTP/1.1" 200 1315 "-" "ShopWiki/1.0 ( +http://www.shopwiki.com/wiki/Help:Bot)" "www.roomfurnish.com"
74.6.30.119 - - [01/May/2009:14:37:27 -0700] "GET / HTTP/1.0" 200 1315 "-" "Mozilla/5.0 (compatible; Yahoo! DE Slurp; http://help.yahoo.com/help/us/ysearch/slurp)" "www.roomfurnish.com"
193.252.149.14 - - [01/May/2009:15:31:37 -0700] "GET / HTTP/1.1" 200 1315 "-" "Mozilla/5.0 (Windows; U; Windows NT 5.1; fr; rv:1.8.1) VoilaBot BETA 1.2 (support.voilabot@orange-ftgroup.com)" "www.roomfurnish.com"
74.93.237.141 - - [01/May/2009:16:57:56 -0700] "GET / HTTP/1.1" 200 1315 "http://webtools.mozilla.org/buster/random/random.html" "Mozilla/5.0 (Macintosh; U; Intel Mac OS X 10_5_6; en-us) AppleWebKit/525.27.1 (KHTML, like Gecko) Version/3.2.1 Safari/525.27.1" "www.roomfurnish.com"
41.251.70.207 - - [01/May/2009:16:57:59 -0700] "GET / HTTP/1.1" 200 1315 "http://www.arandompage.com/" "Mozilla/5.0 (Windows; U; Windows NT 5.1; es-ES; rv:1.9.0.9) Gecko/2009040821 Firefox/3.0.9" "www.roomfurnish.com"
220.181.61.234 - - [01/May/2009:17:22:46 -0700] "GET / HTTP/1.1" 200 1315 "-" "Sogou web spider/4.0(+http://www.sogou.com/docs/help/webmasters.htm#07)" "www.roomfurnish.com"
8.11.2.158 - - [01/May/2009:18:03:27 -0700] "GET /robots.txt HTTP/1.1" 404 275 "-" "ShopWiki/1.0 ( +http://www.shopwiki.com/wiki/Help:Bot)" "www.roomfurnish.com"
8.11.2.158 - - [01/May/2009:18:03:27 -0700] "GET / HTTP/1.1" 200 1315 "-" "ShopWiki/1.0 ( +http://www.shopwiki.com/wiki/Help:Bot)" "www.roomfurnish.com"
208.80.195.43 - - [02/May/2009:03:28:45 -0700] "GET / HTTP/1.0" 200 1315 "-" "Mozilla/4.0 (compatible; MSIE 7.0; Windows NT 5.1; {37C0A721-B63D-FE85-55FA-35414655E4F8}; .NET CLR 1.1.4322; .NET CLR 2.0.50727)" "www.roomfurnish.com"
208.80.195.43 - - [02/May/2009:03:28:45 -0700] "GET / HTTP/1.0" 200 1315 "-" "Mozilla/4.0 (compatible; MSIE 7.0; Windows NT 5.1; .NET CLR 1.0.3705; .NET CLR 1.1.4322; Media Center PC 3.1; .NET CLR 2.0.50727; IEMB3; SpamBlockerUtility 4.8.4; IEMB3)" "roomfurnish.com"
67.195.37.154 - - [02/May/2009:03:46:07 -0700] "GET / HTTP/1.0" 200 1315 "-" "Mozilla/5.0 (compatible; Yahoo! DE Slurp; http://help.yahoo.com/help/us/ysearch/slurp)" "www.roomfurnish.com"
8.11.2.158 - - [02/May/2009:05:21:43 -0700] "GET /robots.txt HTTP/1.1" 404 275 "-" "ShopWiki/1.0 ( +http://www.shopwiki.com/wiki/Help:Bot)" "www.roomfurnish.com"
8.11.2.158 - - [02/May/2009:05:21:43 -0700] "GET / HTTP/1.1" 200 1315 "-" "ShopWiki/1.0 ( +http://www.shopwiki.com/wiki/Help:Bot)" "www.roomfurnish.com"
8.11.2.158 - - [02/May/2009:05:24:14 -0700] "GET / HTTP/1.1" 200 1315 "-" "ShopWiki/1.0 ( +http://www.shopwiki.com/wiki/Help:Bot)" "www.roomfurnish.com"
8.11.2.158 - - [02/May/2009:05:24:15 -0700] "GET / HTTP/1.1" 200 1315 "-" "ShopWiki/1.0 ( +http://www.shopwiki.com/wiki/Help:Bot)" "www.roomfurnish.com"
74.222.3.186 - - [02/May/2009:09:48:19 -0700] "GET /robots.txt HTTP/1.0" 404 275 "-" "es_com_viewer (larbin2.6.3@unspecified.mail)" "roomfurnish.com"
74.222.3.186 - - [02/May/2009:09:48:20 -0700] "GET / HTTP/1.0" 200 1315 "-" "es_com_viewer larbin2.6.3@unspecified.mail" "roomfurnish.com"
74.6.30.119 - - [02/May/2009:16:22:48 -0700] "GET / HTTP/1.0" 200 1315 "-" "Mozilla/5.0 (compatible; Yahoo! DE Slurp; http://help.yahoo.com/help/us/ysearch/slurp)" "www.roomfurnish.com"
70.179.127.115 - - [02/May/2009:18:54:44 -0700] "GET /queensleeper1.html HTTP/1.1" 404 275 "http://shopping.yahoo.com/s:Beds:browsename=Furniture%20-%20Beds:refspaceid=14489115:squery=furniture;_ylt=AkzbH9sawCGpwaCO5TDxW9LGTRoF?y=nnnnnnnnnn&clink=&view=&ovstart=3&b=166" "Mozilla/4.0 (compatible; MSIE 7.0; Windows NT 6.0; WOW64; GTB5; SLCC1; .NET CLR 2.0.50727; .NET CLR 3.0.04506; Media Center PC 5.0)" "www.roomfurnish.com"
70.179.127.115 - - [02/May/2009:18:54:53 -0700] "GET /queensleeper1.html HTTP/1.1" 404 275 "http://shopping.yahoo.com/s:Beds:browsename=Furniture%20-%20Beds:refspaceid=14489115:squery=furniture;_ylt=AkzbH9sawCGpwaCO5TDxW9LGTRoF?y=nnnnnnnnnn&clink=&view=&ovstart=3&b=166" "Mozilla/4.0 (compatible; MSIE 7.0; Windows NT 6.0; WOW64; GTB5; SLCC1; .NET CLR 2.0.50727; .NET CLR 3.0.04506; Media Center PC 5.0)" "www.roomfurnish.com"
67.195.37.154 - - [03/May/2009:04:54:12 -0700] "GET / HTTP/1.0" 200 1315 "-" "Mozilla/5.0 (compatible; Yahoo! DE Slurp; http://help.yahoo.com/help/us/ysearch/slurp)" "www.roomfurnish.com"
208.80.195.42 - - [03/May/2009:06:05:36 -0700] "GET / HTTP/1.0" 200 1315 "-" "Mozilla/4.0 (compatible; MSIE 6.0; Windows NT 5.1; SV1; .NET CLR 1.1.4322; eMusic DLM/3)" "www.roomfurnish.com"
208.80.195.42 - - [03/May/2009:06:05:36 -0700] "GET / HTTP/1.0" 200 1315 "-" "Mozilla/4.0 (compatible; MSIE 6.0; Windows NT 5.1; SV1; .NET CLR 1.0.3705; Media Center PC 3.1; .NET CLR 1.1.4322; ZangoToolbar 4.8.2)" "roomfurnish.com"
194.153.113.8 - - [03/May/2009:08:10:20 -0700] "GET /robots.txt HTTP/1.1" 404 275 "-" "Mozilla/4.0 (compatible; MSIE 5.5; Windows NT 4.0; obot)" "roomfurnish.com"
194.153.113.8 - - [03/May/2009:08:10:20 -0700] "GET /a51ottosofa.html HTTP/1.1" 404 275 "-" "Mozilla/4.0 (compatible; MSIE 5.5; Windows NT 4.0; obot)" "roomfurnish.com"
194.153.113.8 - - [03/May/2009:08:10:21 -0700] "GET /index.html HTTP/1.1" 200 1315 "-" "Mozilla/4.0 (compatible; MSIE 5.5; Windows NT 4.0; obot)" "roomfurnish.com"
194.153.113.8 - - [03/May/2009:08:10:24 -0700] "GET /351romasofa.html HTTP/1.1" 404 275 "-" "Mozilla/4.0 (compatible; MSIE 5.5; Windows NT 4.0; obot)" "roomfurnish.com"
194.153.113.8 - - [03/May/2009:08:10:24 -0700] "GET /gourmetfood.html HTTP/1.1" 404 275 "-" "Mozilla/4.0 (compatible; MSIE 5.5; Windows NT 4.0; obot)" "roomfurnish.com"
194.153.113.8 - - [03/May/2009:08:10:24 -0700] "GET /sectionalsofa.html HTTP/1.1" 404 275 "-" "Mozilla/4.0 (compatible; MSIE 5.5; Windows NT 4.0; obot)" "roomfurnish.com"
194.153.113.8 - - [03/May/2009:08:10:25 -0700] "GET /swatch.html HTTP/1.1" 404 275 "-" "Mozilla/4.0 (compatible; MSIE 5.5; Windows NT 4.0; obot)" "roomfurnish.com"
194.153.113.8 - - [03/May/2009:08:10:25 -0700] "GET /coricode.html HTTP/1.1" 404 275 "-" "Mozilla/4.0 (compatible; MSIE 5.5; Windows NT 4.0; obot)" "roomfurnish.com"
194.153.113.8 - - [03/May/2009:08:10:25 -0700] "GET /373cascinasofa.html HTTP/1.1" 404 275 "-" "Mozilla/4.0 (compatible; MSIE 5.5; Windows NT 4.0; obot)" "roomfurnish.com"
194.153.113.8 - - [03/May/2009:08:10:26 -0700] "GET /b384sera.html HTTP/1.1" 404 275 "-" "Mozilla/4.0 (compatible; MSIE 5.5; Windows NT 4.0; obot)" "roomfurnish.com"
194.153.113.8 - - [03/May/2009:08:10:26 -0700] "GET /298vaso.html HTTP/1.1" 404 275 "-" "Mozilla/4.0 (compatible; MSIE 5.5; Windows NT 4.0; obot)" "roomfurnish.com"
194.153.113.8 - - [03/May/2009:08:10:27 -0700] "GET /236caso.html HTTP/1.1" 404 275 "-" "Mozilla/4.0 (compatible; MSIE 5.5; Windows NT 4.0; obot)" "roomfurnish.com"
194.153.113.8 - - [03/May/2009:08:10:27 -0700] "GET /lesw.html HTTP/1.1" 404 275 "-" "Mozilla/4.0 (compatible; MSIE 5.5; Windows NT 4.0; obot)" "roomfurnish.com"
194.153.113.8 - - [03/May/2009:08:10:27 -0700] "GET /leathersofa.html HTTP/1.1" 404 275 "-" "Mozilla/4.0 (compatible; MSIE 5.5; Windows NT 4.0; obot)" "roomfurnish.com"
194.153.113.8 - - [03/May/2009:08:10:28 -0700] "GET /347licenzasofa.html HTTP/1.1" 404 275 "-" "Mozilla/4.0 (compatible; MSIE 5.5; Windows NT 4.0; obot)" "roomfurnish.com"
194.153.113.8 - - [03/May/2009:08:10:28 -0700] "GET /221almosofa.html HTTP/1.1" 404 275 "-" "Mozilla/4.0 (compatible; MSIE 5.5; Windows NT 4.0; obot)" "roomfurnish.com"
194.153.113.8 - - [03/May/2009:08:10:28 -0700] "GET /950imso.html HTTP/1.1" 404 275 "-" "Mozilla/4.0 (compatible; MSIE 5.5; Windows NT 4.0; obot)" "roomfurnish.com"
194.153.113.8 - - [03/May/2009:08:10:29 -0700] "GET /297cabriosofa.html HTTP/1.1" 404 275 "-" "Mozilla/4.0 (compatible; MSIE 5.5; Windows NT 4.0; obot)" "roomfurnish.com"
194.153.113.8 - - [03/May/2009:08:10:29 -0700] "GET / HTTP/1.1" 200 1315 "-" "Mozilla/4.0 (compatible; MSIE 5.5; Windows NT 4.0; obot)" "roomfurnish.com"
194.153.113.8 - - [03/May/2009:08:10:30 -0700] "GET /372pisasofa.html HTTP/1.1" 404 275 "-" "Mozilla/4.0 (compatible; MSIE 5.5; Windows NT 4.0; obot)" "roomfurnish.com"
194.153.113.8 - - [03/May/2009:08:10:30 -0700] "GET /a50disl.html HTTP/1.1" 404 275 "-" "Mozilla/4.0 (compatible; MSIE 5.5; Windows NT 4.0; obot)" "roomfurnish.com"
194.153.113.8 - - [03/May/2009:08:10:30 -0700] "GET /c12hollandsofa.html HTTP/1.1" 404 275 "-" "Mozilla/4.0 (compatible; MSIE 5.5; Windows NT 4.0; obot)" "roomfurnish.com"
194.153.113.8 - - [03/May/2009:08:10:31 -0700] "GET /352lovesofa.html HTTP/1.1" 404 275 "-" "Mozilla/4.0 (compatible; MSIE 5.5; Windows NT 4.0; obot)" "roomfurnish.com"
194.153.113.8 - - [03/May/2009:08:10:31 -0700] "GET /b3trso.html HTTP/1.1" 404 275 "-" "Mozilla/4.0 (compatible; MSIE 5.5; Windows NT 4.0; obot)" "roomfurnish.com"
194.153.113.8 - - [03/May/2009:08:10:31 -0700] "GET /sitemap.html HTTP/1.1" 404 275 "-" "Mozilla/4.0 (compatible; MSIE 5.5; Windows NT 4.0; obot)" "roomfurnish.com"
194.153.113.8 - - [03/May/2009:08:10:32 -0700] "GET /privacypolicy.html HTTP/1.1" 404 275 "-" "Mozilla/4.0 (compatible; MSIE 5.5; Windows NT 4.0; obot)" "roomfurnish.com"
194.153.113.8 - - [03/May/2009:08:10:32 -0700] "GET /358miniatosofa.html HTTP/1.1" 404 275 "-" "Mozilla/4.0 (compatible; MSIE 5.5; Windows NT 4.0; obot)" "roomfurnish.com"
194.153.113.8 - - [03/May/2009:08:10:33 -0700] "GET /299elegantsofa.html HTTP/1.1" 404 275 "-" "Mozilla/4.0 (compatible; MSIE 5.5; Windows NT 4.0; obot)" "roomfurnish.com"
194.153.113.8 - - [03/May/2009:08:10:33 -0700] "GET /b3riso.html HTTP/1.1" 404 275 "-" "Mozilla/4.0 (compatible; MSIE 5.5; Windows NT 4.0; obot)" "roomfurnish.com"
194.153.113.8 - - [03/May/2009:08:10:33 -0700] "GET /info.html HTTP/1.1" 404 275 "-" "Mozilla/4.0 (compatible; MSIE 5.5; Windows NT 4.0; obot)" "roomfurnish.com"
194.153.113.8 - - [03/May/2009:08:10:34 -0700] "GET /contactus.html HTTP/1.1" 404 275 "-" "Mozilla/4.0 (compatible; MSIE 5.5; Windows NT 4.0; obot)" "roomfurnish.com"
74.52.245.146 - - [03/May/2009:09:03:34 -0700] "GET / HTTP/1.0" 200 1315 "-" "Mozilla/5.0 (X11; U; Linux i686; en-US; rv:1.7.5) Gecko/20041107 Firefox/1.0" "www.roomfurnish.com"
93.158.149.32 - - [03/May/2009:12:00:28 -0700] "GET /robots.txt HTTP/1.1" 404 275 "-" "Yandex/1.01.001 (compatible; Win16; I)" "www.roomfurnish.com"
93.158.149.32 - - [03/May/2009:12:00:28 -0700] "GET / HTTP/1.1" 200 1315 "-" "Yandex/1.01.001 (compatible; Win16; I)" "www.roomfurnish.com"
93.158.149.32 - - [03/May/2009:12:35:27 -0700] "GET /robots.txt HTTP/1.1" 404 275 "-" "Yandex/1.01.001 (compatible; Win16; I)" "roomfurnish.com"
93.158.149.32 - - [03/May/2009:12:35:28 -0700] "GET / HTTP/1.1" 200 1315 "-" "Yandex/1.01.001 (compatible; Win16; I)" "roomfurnish.com"
74.6.30.119 - - [03/May/2009:19:55:52 -0700] "GET / HTTP/1.0" 200 1315 "-" "Mozilla/5.0 (compatible; Yahoo! DE Slurp; http://help.yahoo.com/help/us/ysearch/slurp)" "www.roomfurnish.com"
193.252.149.16 - - [03/May/2009:20:02:59 -0700] "GET /robots.txt HTTP/1.1" 404 275 "-" "Mozilla/5.0 (Windows; U; Windows NT 5.1; fr; rv:1.8.1) VoilaBot BETA 1.2 (support.voilabot@orange-ftgroup.com)" "roomfurnish.com"
193.252.149.16 - - [03/May/2009:20:03:30 -0700] "GET / HTTP/1.1" 200 1315 "-" "Mozilla/5.0 (Windows; U; Windows NT 5.1; fr; rv:1.8.1) VoilaBot BETA 1.2 (support.voilabot@orange-ftgroup.com)" "roomfurnish.com"
140.112.41.58 - - [04/May/2009:00:36:12 -0700] "GET / HTTP/1.1" 200 1315 "-" "Python-urllib/2.5" "roomfurnish.com"
207.126.224.241 - - [04/May/2009:00:44:49 -0700] "GET / HTTP/1.0" 200 1315 "-" "Mozilla/4.05 [en]" "www.roomfurnish.com"
8.11.2.158 - - [04/May/2009:03:22:12 -0700] "GET /robots.txt HTTP/1.1" 404 275 "-" "ShopWiki/1.0 ( +http://www.shopwiki.com/wiki/Help:Bot)" "www.roomfurnish.com"
8.11.2.158 - - [04/May/2009:03:22:12 -0700] "GET / HTTP/1.1" 200 1315 "-" "ShopWiki/1.0 ( +http://www.shopwiki.com/wiki/Help:Bot)" "www.roomfurnish.com"
8.11.2.158 - - [04/May/2009:03:23:15 -0700] "GET / HTTP/1.1" 200 1315 "-" "ShopWiki/1.0 ( +http://www.shopwiki.com/wiki/Help:Bot)" "www.roomfurnish.com"
8.11.2.158 - - [04/May/2009:05:00:29 -0700] "GET / HTTP/1.1" 200 1315 "-" "ShopWiki/1.0 ( +http://www.shopwiki.com/wiki/Help:Bot)" "www.roomfurnish.com"
8.11.2.158 - - [04/May/2009:05:00:30 -0700] "GET / HTTP/1.1" 200 1315 "-" "ShopWiki/1.0 ( +http://www.shopwiki.com/wiki/Help:Bot)" "www.roomfurnish.com"
67.195.37.154 - - [04/May/2009:05:19:08 -0700] "GET / HTTP/1.0" 200 1315 "-" "Mozilla/5.0 (compatible; Yahoo! DE Slurp; http://help.yahoo.com/help/us/ysearch/slurp)" "www.roomfurnish.com"
208.80.195.39 - - [04/May/2009:09:20:12 -0700] "GET / HTTP/1.0" 200 1315 "-" "Mozilla/4.0 (compatible; MSIE 7.0; Windows NT 5.1; sv1; InfoPath.2; IEMB3; IEMB3)" "www.roomfurnish.com"
208.80.195.39 - - [04/May/2009:09:20:12 -0700] "GET / HTTP/1.0" 200 1315 "-" "Mozilla/4.0 (compatible; MSIE 6.0; Windows NT 5.0; iebar; acc=ventura5; ntdll.dll; (ventura5); FunWebProducts; PeoplePal 3.0)" "roomfurnish.com"
8.11.2.158 - - [04/May/2009:12:43:13 -0700] "GET /robots.txt HTTP/1.1" 404 275 "-" "ShopWiki/1.0 ( +http://www.shopwiki.com/wiki/Help:Bot)" "www.roomfurnish.com"
8.11.2.158 - - [04/May/2009:12:43:13 -0700] "GET / HTTP/1.1" 200 1315 "-" "ShopWiki/1.0 ( +http://www.shopwiki.com/wiki/Help:Bot)" "www.roomfurnish.com"
8.11.2.158 - - [04/May/2009:12:43:37 -0700] "GET / HTTP/1.1" 200 1315 "-" "ShopWiki/1.0 ( +http://www.shopwiki.com/wiki/Help:Bot)" "www.roomfurnish.com"
8.11.2.158 - - [04/May/2009:12:43:38 -0700] "GET / HTTP/1.1" 200 1315 "-" "ShopWiki/1.0 ( +http://www.shopwiki.com/wiki/Help:Bot)" "www.roomfurnish.com"
220.181.61.234 - - [04/May/2009:16:53:20 -0700] "GET / HTTP/1.1" 200 1315 "-" "Sogou web spider/4.0(+http://www.sogou.com/docs/help/webmasters.htm#07)" "www.roomfurnish.com"
193.252.149.14 - - [04/May/2009:17:12:50 -0700] "GET /robots.txt HTTP/1.1" 404 275 "-" "Mozilla/5.0 (Windows; U; Windows NT 5.1; fr; rv:1.8.1) VoilaBot BETA 1.2 (support.voilabot@orange-ftgroup.com)" "www.roomfurnish.com"
193.252.149.14 - - [04/May/2009:17:13:22 -0700] "GET / HTTP/1.0" 200 1315 "-" "Mozilla/5.0 (Windows; U; Windows NT 5.1; fr; rv:1.8.1) VoilaBot BETA 1.2 (support.voilabot@orange-ftgroup.com)" "www.roomfurnish.com"
74.6.30.119 - - [04/May/2009:23:45:59 -0700] "GET / HTTP/1.0" 200 1315 "-" "Mozilla/5.0 (compatible; Yahoo! DE Slurp; http://help.yahoo.com/help/us/ysearch/slurp)" "www.roomfurnish.com"
8.11.2.158 - - [05/May/2009:00:10:25 -0700] "GET /robots.txt HTTP/1.1" 404 275 "-" "ShopWiki/1.0 ( +http://www.shopwiki.com/wiki/Help:Bot)" "www.roomfurnish.com"
8.11.2.158 - - [05/May/2009:00:10:25 -0700] "GET / HTTP/1.1" 200 1315 "-" "ShopWiki/1.0 ( +http://www.shopwiki.com/wiki/Help:Bot)" "www.roomfurnish.com"
8.11.2.158 - - [05/May/2009:00:10:50 -0700] "GET / HTTP/1.1" 200 1315 "-" "ShopWiki/1.0 ( +http://www.shopwiki.com/wiki/Help:Bot)" "www.roomfurnish.com"
8.11.2.158 - - [05/May/2009:00:10:51 -0700] "GET / HTTP/1.1" 200 1315 "-" "ShopWiki/1.0 ( +http://www.shopwiki.com/wiki/Help:Bot)" "www.roomfurnish.com"
216.183.81.221 - - [05/May/2009:04:15:25 -0700] "GET / HTTP/1.0" 200 1315 "-" "Wget/1.8.2" "www.roomfurnish.com"
67.195.37.154 - - [05/May/2009:07:24:52 -0700] "GET / HTTP/1.0" 200 1315 "-" "Mozilla/5.0 (compatible; Yahoo! DE Slurp; http://help.yahoo.com/help/us/ysearch/slurp)" "www.roomfurnish.com"
216.183.81.221 - - [05/May/2009:08:37:55 -0700] "GET / HTTP/1.1" 200 1315 "-" "Wget/1.8.2" "www.roomfurnish.com"
8.11.2.158 - - [05/May/2009:10:12:01 -0700] "GET /robots.txt HTTP/1.1" 404 275 "-" "ShopWiki/1.0 ( +http://www.shopwiki.com/wiki/Help:Bot)" "www.roomfurnish.com"
8.11.2.158 - - [05/May/2009:10:12:01 -0700] "GET / HTTP/1.1" 200 1315 "-" "ShopWiki/1.0 ( +http://www.shopwiki.com/wiki/Help:Bot)" "www.roomfurnish.com"
8.11.2.158 - - [05/May/2009:10:12:02 -0700] "GET / HTTP/1.1" 200 1315 "-" "ShopWiki/1.0 ( +http://www.shopwiki.com/wiki/Help:Bot)" "www.roomfurnish.com"
67.205.96.152 - - [05/May/2009:10:32:12 -0700] "GET / HTTP/1.1" 200 1315 "-" "Allrati/1.1 (+)" "roomfurnish.com"
208.80.195.36 - - [05/May/2009:12:52:26 -0700] "GET / HTTP/1.0" 200 1315 "-" "Mozilla/4.0 (compatible; MSIE 7.0; Windows NT 5.1; i-NavFourF; Orange 7.4 ; NaviWoo1.1; .NET CLR 1.1.4322)" "roomfurnish.com"
208.80.195.36 - - [05/May/2009:12:52:26 -0700] "GET / HTTP/1.0" 200 1315 "-" "Mozilla/4.0 (compatible; MSIE 7.0; America Online Browser 1.1; Windows NT 5.1; FunWebProducts; .NET CLR 1.0.3705; Media Center PC 2.8; .NET CLR 2.0.50727)" "www.roomfurnish.com"
114.111.36.26 - - [05/May/2009:14:17:44 -0700] "GET /robots.txt HTTP/1.1" 404 275 "-" "Mozilla/4.0 (compatible; NaverBot/1.0; http://help.naver.com/customer_webtxt_02.jsp)" "roomfurnish.com"
114.111.36.26 - - [05/May/2009:14:17:59 -0700] "GET / HTTP/1.1" 200 1315 "-" "Mozilla/4.0 (compatible; NaverBot/1.0; http://help.naver.com/customer_webtxt_02.jsp)" "roomfurnish.com"
193.47.80.40 - - [05/May/2009:17:13:01 -0700] "GET /robots.txt HTTP/1.1" 404 275 "-" "Mozilla/5.0 (compatible; Exabot/3.0; +http://www.exabot.com/go/robot)" "roomfurnish.com"
193.47.80.40 - - [05/May/2009:17:13:02 -0700] "GET / HTTP/1.1" 200 1315 "-" "Mozilla/5.0 (compatible; Exabot/3.0; +http://www.exabot.com/go/robot)" "roomfurnish.com"
216.31.170.200 - - [05/May/2009:17:19:26 -0700] "GET / HTTP/1.1" 200 1315 "-" "Mozilla/4.0 (compatible; MSIE 7.0; Windows NT 5.1; GTB5; .NET CLR 1.1.4322; .NET CLR 2.0.50727; .NET CLR 3.0.04506.30; .NET CLR 3.0.04506.648; InfoPath.1; OfficeLiveConnector.1.3; OfficeLivePatch.0.0; .NET CLR 3.0.4506.2152; .NET CLR 3.5.30729)" "www.roomfurnish.com"
216.31.170.200 - - [05/May/2009:17:19:27 -0700] "GET /favicon.ico HTTP/1.1" 404 275 "-" "Mozilla/4.0 (compatible; MSIE 7.0; Windows NT 5.1; GTB5; .NET CLR 1.1.4322; .NET CLR 2.0.50727; .NET CLR 3.0.04506.30; .NET CLR 3.0.04506.648; InfoPath.1; OfficeLiveConnector.1.3; OfficeLivePatch.0.0; .NET CLR 3.0.4506.2152; .NET CLR 3.5.30729)" "roomfurnish.com"
216.31.170.200 - - [05/May/2009:17:19:27 -0700] "GET /favicon.ico HTTP/1.1" 404 275 "-" "Mozilla/5.0 (compatible; Google Desktop)" "roomfurnish.com"
38.98.120.68 - - [05/May/2009:17:20:56 -0700] "GET /robots.txt HTTP/1.1" 404 275 "-" "ShopWiki/1.0 ( +http://www.shopwiki.com/wiki/Help:Bot)" "www.roomfurnish.com"
38.98.120.68 - - [05/May/2009:17:20:57 -0700] "GET / HTTP/1.1" 200 1315 "-" "ShopWiki/1.0 ( +http://www.shopwiki.com/wiki/Help:Bot)" "www.roomfurnish.com"
38.98.120.68 - - [05/May/2009:17:20:58 -0700] "GET / HTTP/1.1" 200 1315 "-" "ShopWiki/1.0 ( +http://www.shopwiki.com/wiki/Help:Bot)" "www.roomfurnish.com"
124.103.61.65 - - [06/May/2009:00:16:41 -0700] "GET / HTTP/1.1" 200 1315 "-" "Mozilla/4.0 (compatible; MSIE 7.0; Windows NT 5.1; GTB5; .NET CLR 1.1.4322; .NET CLR 2.0.50727)" "www.roomfurnish.com"
76.65.77.166 - - [06/May/2009:00:45:55 -0700] "GET / HTTP/1.0" 200 1315 "-" "Mozilla/4.0 (compatible; MSIE 6.0; Windows NT 5.0)" "www.roomfurnish.com"
76.65.77.166 - - [06/May/2009:00:45:56 -0700] "GET / HTTP/1.0" 200 1315 "-" "Mozilla/4.0 (compatible; MSIE 6.0; Windows NT 5.0)" "roomfurnish.com"
74.6.30.119 - - [06/May/2009:02:20:50 -0700] "GET / HTTP/1.0" 200 1315 "-" "Mozilla/5.0 (compatible; Yahoo! DE Slurp; http://help.yahoo.com/help/us/ysearch/slurp)" "www.roomfurnish.com"
38.98.120.81 - - [06/May/2009:04:40:03 -0700] "GET /robots.txt HTTP/1.1" 404 275 "-" "ShopWiki/1.0 ( +http://www.shopwiki.com/wiki/Help:Bot)" "www.roomfurnish.com"
38.98.120.81 - - [06/May/2009:04:40:03 -0700] "GET / HTTP/1.1" 200 1315 "-" "ShopWiki/1.0 ( +http://www.shopwiki.com/wiki/Help:Bot)" "www.roomfurnish.com"
38.98.120.81 - - [06/May/2009:04:40:04 -0700] "GET / HTTP/1.1" 200 1315 "-" "ShopWiki/1.0 ( +http://www.shopwiki.com/wiki/Help:Bot)" "www.roomfurnish.com"
65.55.109.205 - - [06/May/2009:05:25:55 -0700] "GET / HTTP/1.0" 200 1315 "http://search.live.com/results.aspx?q=under" "Mozilla/4.0 (compatible; MSIE 6.0; Windows NT 5.2; SV1; .NET CLR 1.1.4322)" "roomfurnish.com"
38.98.120.84 - - [06/May/2009:06:41:31 -0700] "GET / HTTP/1.1" 200 1315 "-" "ShopWiki/1.0 ( +http://www.shopwiki.com/wiki/Help:Bot)" "www.roomfurnish.com"
38.98.120.84 - - [06/May/2009:06:41:32 -0700] "GET / HTTP/1.1" 200 1315 "-" "ShopWiki/1.0 ( +http://www.shopwiki.com/wiki/Help:Bot)" "www.roomfurnish.com"
38.98.120.82 - - [06/May/2009:06:52:42 -0700] "GET / HTTP/1.1" 200 1315 "-" "ShopWiki/1.0 ( +http://www.shopwiki.com/wiki/Help:Bot)" "www.roomfurnish.com"
38.98.120.82 - - [06/May/2009:06:52:43 -0700] "GET / HTTP/1.1" 200 1315 "-" "ShopWiki/1.0 ( +http://www.shopwiki.com/wiki/Help:Bot)" "www.roomfurnish.com"
67.195.37.154 - - [06/May/2009:09:00:59 -0700] "GET / HTTP/1.0" 200 1315 "-" "Mozilla/5.0 (compatible; Yahoo! DE Slurp; http://help.yahoo.com/help/us/ysearch/slurp)" "www.roomfurnish.com"
38.98.120.73 - - [06/May/2009:11:11:18 -0700] "GET /robots.txt HTTP/1.1" 404 275 "-" "ShopWiki/1.0 ( +http://www.shopwiki.com/wiki/Help:Bot)" "www.roomfurnish.com"
38.98.120.73 - - [06/May/2009:11:11:19 -0700] "GET / HTTP/1.1" 200 1315 "-" "ShopWiki/1.0 ( +http://www.shopwiki.com/wiki/Help:Bot)" "www.roomfurnish.com"
38.98.120.73 - - [06/May/2009:11:11:20 -0700] "GET / HTTP/1.1" 200 1315 "-" "ShopWiki/1.0 ( +http://www.shopwiki.com/wiki/Help:Bot)" "www.roomfurnish.com"
192.44.136.103 - - [06/May/2009:11:30:05 -0700] "GET / HTTP/1.1" 200 1315 "-" "Mozilla/4.0 (compatible; MSIE 6.0; Windows NT 5.1; SV1; .NET CLR 1.1.4322; .NET CLR 2.0.50727; MS-RTC LM 8)" "www.roomfurnish.com"
98.173.26.143 - - [06/May/2009:13:47:44 -0700] "GET /robots.txt HTTP/1.0" 404 275 "-" "envolk/1.7 (+http://www.envolk.com/envolkspiderinfo.html)" "roomfurnish.com"
208.80.195.39 - - [06/May/2009:15:50:14 -0700] "GET / HTTP/1.0" 200 1315 "-" "Mozilla/4.0 (compatible; MSIE 6.0; Windows NT 5.1; {52CA98BA-949E-9742-6FDE-1A7626F29B43}; SV1; FunWebProducts)" "www.roomfurnish.com"
208.80.195.39 - - [06/May/2009:15:50:14 -0700] "GET / HTTP/1.0" 200 1315 "-" "Mozilla/4.0 (compatible; MSIE 6.0; Windows NT 5.1; YPC 3.2.0; SV1; .NET CLR 1.1.4322; MSN 6.1; MSNbMSFT; MSNmen-us; MSNc00; v5m)" "roomfurnish.com"
220.181.61.234 - - [06/May/2009:17:33:32 -0700] "GET / HTTP/1.1" 200 1315 "-" "Sogou web spider/4.0(+http://www.sogou.com/docs/help/webmasters.htm#07)" "www.roomfurnish.com"
38.98.120.74 - - [06/May/2009:17:56:37 -0700] "GET /robots.txt HTTP/1.1" 404 275 "-" "ShopWiki/1.0 ( +http://www.shopwiki.com/wiki/Help:Bot)" "www.roomfurnish.com"
38.98.120.74 - - [06/May/2009:17:56:40 -0700] "GET / HTTP/1.1" 200 1315 "-" "ShopWiki/1.0 ( +http://www.shopwiki.com/wiki/Help:Bot)" "www.roomfurnish.com"
38.98.120.74 - - [06/May/2009:17:56:41 -0700] "GET / HTTP/1.1" 200 1315 "-" "ShopWiki/1.0 ( +http://www.shopwiki.com/wiki/Help:Bot)" "www.roomfurnish.com"
38.98.120.72 - - [06/May/2009:18:45:35 -0700] "GET / HTTP/1.1" 200 1315 "-" "ShopWiki/1.0 ( +http://www.shopwiki.com/wiki/Help:Bot)" "www.roomfurnish.com"
38.98.120.72 - - [06/May/2009:18:45:36 -0700] "GET / HTTP/1.1" 200 1315 "-" "ShopWiki/1.0 ( +http://www.shopwiki.com/wiki/Help:Bot)" "www.roomfurnish.com"
8.11.2.97 - - [06/May/2009:19:56:08 -0700] "GET / HTTP/1.1" 200 1315 "-" "ShopWiki/1.0 ( +http://www.shopwiki.com/wiki/Help:Bot)" "www.roomfurnish.com"
8.11.2.97 - - [06/May/2009:19:56:09 -0700] "GET / HTTP/1.1" 200 1315 "-" "ShopWiki/1.0 ( +http://www.shopwiki.com/wiki/Help:Bot)" "www.roomfurnish.com"
38.98.120.68 - - [06/May/2009:20:20:10 -0700] "GET / HTTP/1.1" 200 1315 "-" "ShopWiki/1.0 ( +http://www.shopwiki.com/wiki/Help:Bot)" "www.roomfurnish.com"
38.98.120.68 - - [06/May/2009:20:20:11 -0700] "GET / HTTP/1.1" 200 1315 "-" "ShopWiki/1.0 ( +http://www.shopwiki.com/wiki/Help:Bot)" "www.roomfurnish.com"
64.56.64.57 - - [06/May/2009:20:36:03 -0700] "GET /robots.txt HTTP/1.0" 404 275 "-" "com_web1 (larbin2.6.3@unspecified.mail)" "roomfurnish.com"
64.56.64.57 - - [06/May/2009:20:36:03 -0700] "GET / HTTP/1.0" 200 1315 "-" "com_web1 larbin2.6.3@unspecified.mail" "roomfurnish.com"
65.55.37.228 - - [06/May/2009:21:37:46 -0700] "GET /robots.txt HTTP/1.1" 404 275 "-" "msnbot/1.1 (+http://search.msn.com/msnbot.htm)" "www.roomfurnish.com"
65.55.37.228 - - [06/May/2009:21:37:46 -0700] "GET / HTTP/1.1" 200 1315 "-" "msnbot/1.1 (+http://search.msn.com/msnbot.htm)" "www.roomfurnish.com"
38.98.120.82 - - [06/May/2009:22:42:52 -0700] "GET /robots.txt HTTP/1.1" 404 275 "-" "ShopWiki/1.0 ( +http://www.shopwiki.com/wiki/Help:Bot)" "www.roomfurnish.com"
38.98.120.82 - - [06/May/2009:22:42:53 -0700] "GET / HTTP/1.1" 200 1315 "-" "ShopWiki/1.0 ( +http://www.shopwiki.com/wiki/Help:Bot)" "www.roomfurnish.com"
38.98.120.82 - - [06/May/2009:22:42:54 -0700] "GET / HTTP/1.1" 200 1315 "-" "ShopWiki/1.0 ( +http://www.shopwiki.com/wiki/Help:Bot)" "www.roomfurnish.com"
38.98.120.81 - - [07/May/2009:02:12:23 -0700] "GET /robots.txt HTTP/1.1" 404 275 "-" "ShopWiki/1.0 ( +http://www.shopwiki.com/wiki/Help:Bot)" "www.roomfurnish.com"
38.98.120.81 - - [07/May/2009:02:12:24 -0700] "GET / HTTP/1.1" 200 1315 "-" "ShopWiki/1.0 ( +http://www.shopwiki.com/wiki/Help:Bot)" "www.roomfurnish.com"
38.98.120.81 - - [07/May/2009:02:12:25 -0700] "GET / HTTP/1.1" 200 1315 "-" "ShopWiki/1.0 ( +http://www.shopwiki.com/wiki/Help:Bot)" "www.roomfurnish.com"
38.98.120.73 - - [07/May/2009:02:37:14 -0700] "GET / HTTP/1.1" 200 1315 "-" "ShopWiki/1.0 ( +http://www.shopwiki.com/wiki/Help:Bot)" "www.roomfurnish.com"
38.98.120.73 - - [07/May/2009:02:37:15 -0700] "GET / HTTP/1.1" 200 1315 "-" "ShopWiki/1.0 ( +http://www.shopwiki.com/wiki/Help:Bot)" "www.roomfurnish.com"
207.126.224.241 - - [07/May/2009:03:09:03 -0700] "GET / HTTP/1.0" 200 1315 "-" "Mozilla/4.05 [en]" "www.roomfurnish.com"
74.6.30.119 - - [07/May/2009:06:15:51 -0700] "GET / HTTP/1.0" 200 1315 "-" "Mozilla/5.0 (compatible; Yahoo! DE Slurp; http://help.yahoo.com/help/us/ysearch/slurp)" "www.roomfurnish.com"
65.55.37.228 - - [07/May/2009:08:42:50 -0700] "GET /robots.txt HTTP/1.1" 404 275 "-" "msnbot/1.1 (+http://search.msn.com/msnbot.htm)" "www.roomfurnish.com"
65.55.37.228 - - [07/May/2009:08:42:50 -0700] "GET / HTTP/1.1" 200 1315 "-" "msnbot/1.1 (+http://search.msn.com/msnbot.htm)" "www.roomfurnish.com"
67.195.37.154 - - [07/May/2009:09:31:34 -0700] "GET / HTTP/1.0" 200 1315 "-" "Mozilla/5.0 (compatible; Yahoo! DE Slurp; http://help.yahoo.com/help/us/ysearch/slurp)" "www.roomfurnish.com"
88.131.106.12 - - [07/May/2009:09:49:18 -0700] "GET /robots.txt HTTP/1.0" 404 275 "-" "Speedy Spider (http://www.entireweb.com/about/search_tech/speedy_spider/)" "roomfurnish.com"
88.131.106.12 - - [07/May/2009:09:49:39 -0700] "GET / HTTP/1.0" 200 1315 "-" "Speedy Spider (http://www.entireweb.com/about/search_tech/speedy_spider/)" "roomfurnish.com"
65.55.37.228 - - [07/May/2009:10:07:57 -0700] "GET /robots.txt HTTP/1.1" 404 275 "-" "msnbot/1.1 (+http://search.msn.com/msnbot.htm)" "www.roomfurnish.com"
65.55.37.228 - - [07/May/2009:10:07:57 -0700] "GET / HTTP/1.1" 200 1315 "-" "msnbot/1.1 (+http://search.msn.com/msnbot.htm)" "www.roomfurnish.com"
65.55.37.228 - - [07/May/2009:12:53:10 -0700] "GET /robots.txt HTTP/1.1" 404 275 "-" "msnbot/1.1 (+http://search.msn.com/msnbot.htm)" "www.roomfurnish.com"
65.55.37.228 - - [07/May/2009:12:53:10 -0700] "GET / HTTP/1.1" 200 1315 "-" "msnbot/1.1 (+http://search.msn.com/msnbot.htm)" "www.roomfurnish.com"
193.252.149.16 - - [07/May/2009:13:19:53 -0700] "GET / HTTP/1.1" 200 1315 "-" "Mozilla/5.0 (Windows; U; Windows NT 5.1; fr; rv:1.8.1) VoilaBot BETA 1.2 (support.voilabot@orange-ftgroup.com)" "roomfurnish.com"
8.11.2.96 - - [07/May/2009:13:22:42 -0700] "GET /robots.txt HTTP/1.1" 404 275 "-" "ShopWiki/1.0 ( +http://www.shopwiki.com/wiki/Help:Bot)" "www.roomfurnish.com"
8.11.2.96 - - [07/May/2009:13:22:43 -0700] "GET / HTTP/1.1" 200 1315 "-" "ShopWiki/1.0 ( +http://www.shopwiki.com/wiki/Help:Bot)" "www.roomfurnish.com"
8.11.2.96 - - [07/May/2009:13:22:44 -0700] "GET / HTTP/1.1" 200 1315 "-" "ShopWiki/1.0 ( +http://www.shopwiki.com/wiki/Help:Bot)" "www.roomfurnish.com"
38.98.120.75 - - [07/May/2009:13:48:00 -0700] "GET / HTTP/1.1" 200 1315 "-" "ShopWiki/1.0 ( +http://www.shopwiki.com/wiki/Help:Bot)" "www.roomfurnish.com"
38.98.120.75 - - [07/May/2009:13:48:01 -0700] "GET / HTTP/1.1" 200 1315 "-" "ShopWiki/1.0 ( +http://www.shopwiki.com/wiki/Help:Bot)" "www.roomfurnish.com"
193.47.80.40 - - [07/May/2009:15:33:46 -0700] "GET /robots.txt HTTP/1.1" 404 275 "-" "Mozilla/5.0 (compatible; Exabot/3.0; +http://www.exabot.com/go/robot)" "roomfurnish.com"
193.47.80.40 - - [07/May/2009:15:33:47 -0700] "GET / HTTP/1.1" 200 1315 "-" "Mozilla/5.0 (compatible; Exabot/3.0; +http://www.exabot.com/go/robot)" "roomfurnish.com"
61.135.249.220 - - [07/May/2009:16:43:08 -0700] "GET /robots.txt HTTP/1.1" 404 275 "-" "Mozilla/5.0 (compatible; YoudaoBot/1.0; http://www.youdao.com/help/webmaster/spider/; )" "roomfurnish.com"
61.135.249.220 - - [07/May/2009:16:43:09 -0700] "GET / HTTP/1.1" 200 1315 "-" "Mozilla/5.0 (compatible; YoudaoBot/1.0; http://www.youdao.com/help/webmaster/spider/; )" "roomfurnish.com"
208.80.195.39 - - [07/May/2009:17:48:28 -0700] "GET / HTTP/1.0" 200 1315 "-" "Mozilla/4.0 (compatible; MSIE 6.0; Windows NT 5.0; {CD1ECED2-110E-4825-981B-9D2A52AFFAB7}; .NET CLR 1.1.4322)" "roomfurnish.com"
208.80.195.39 - - [07/May/2009:17:48:28 -0700] "GET / HTTP/1.0" 200 1315 "-" "Mozilla/4.0 (compatible; MSIE 7.0; Windows NT 5.1; .NET CLR 1.1.4322; Windows-Media-Player/10.00.00.3990; InfoPath.1)" "www.roomfurnish.com"
93.158.149.32 - - [07/May/2009:18:47:07 -0700] "GET /robots.txt HTTP/1.1" 404 275 "-" "Yandex/1.01.001 (compatible; Win16; I)" "roomfurnish.com"
93.158.149.32 - - [07/May/2009:18:47:17 -0700] "GET / HTTP/1.1" 200 1315 "-" "Yandex/1.01.001 (compatible; Win16; I)" "roomfurnish.com"
93.158.149.32 - - [07/May/2009:19:23:25 -0700] "GET /robots.txt HTTP/1.1" 404 275 "-" "Yandex/1.01.001 (compatible; Win16; I)" "www.roomfurnish.com"
93.158.149.32 - - [07/May/2009:19:23:29 -0700] "GET / HTTP/1.1" 200 1315 "-" "Yandex/1.01.001 (compatible; Win16; I)" "www.roomfurnish.com"
173.34.48.180 - - [07/May/2009:20:04:12 -0700] "GET / HTTP/1.1" 200 1315 "http://ca.dir.yahoo.com/Business_and_Economy/Shopping_and_Services/Home_and_Garden/Furnishings/Furniture/Retailers/" "Mozilla/5.0 (Windows; U; Windows NT 5.1; en-US; rv:1.9.0.10) Gecko/2009042316 Firefox/3.0.10" "www.roomfurnish.com"
173.34.48.180 - - [07/May/2009:20:04:13 -0700] "GET /favicon.ico HTTP/1.1" 404 275 "-" "Mozilla/5.0 (Windows; U; Windows NT 5.1; en-US; rv:1.9.0.10) Gecko/2009042316 Firefox/3.0.10" "roomfurnish.com"
173.34.48.180 - - [07/May/2009:20:04:16 -0700] "GET /favicon.ico HTTP/1.1" 404 275 "-" "Mozilla/5.0 (Windows; U; Windows NT 5.1; en-US; rv:1.9.0.10) Gecko/2009042316 Firefox/3.0.10" "roomfurnish.com"
65.46.75.190 - - [07/May/2009:20:25:32 -0700] "GET /robots.txt HTTP/1.1" 404 275 "-" "ShopWiki/1.0 ( +http://www.shopwiki.com/wiki/Help:Bot)" "www.roomfurnish.com"
65.46.75.190 - - [07/May/2009:20:25:32 -0700] "GET / HTTP/1.1" 200 1315 "-" "ShopWiki/1.0 ( +http://www.shopwiki.com/wiki/Help:Bot)" "www.roomfurnish.com"
65.46.75.190 - - [07/May/2009:20:25:33 -0700] "GET / HTTP/1.1" 200 1315 "-" "ShopWiki/1.0 ( +http://www.shopwiki.com/wiki/Help:Bot)" "www.roomfurnish.com"
193.252.149.14 - - [07/May/2009:23:27:51 -0700] "GET / HTTP/1.1" 200 1315 "-" "Mozilla/5.0 (Windows; U; Windows NT 5.1; fr; rv:1.8.1) VoilaBot BETA 1.2 (support.voilabot@orange-ftgroup.com)" "www.roomfurnish.com"
69.121.82.100 - - [08/May/2009:04:46:10 -0700] "GET /lesw.html HTTP/1.1" 404 275 "http://shopping.yahoo.com/search;_ylc=X3oDMTIzOTVxaTRxBF9TAzc4NDcxNzI0MARfcwMxNDQ4OTExNQRwcnRucl9pZAMyMTE4MTE4BHNlYwNhZmZpbGlhdGUEc2xrA2xhbmRpbmc-?rd=1&p=Fabric%20Swatches&view=g&affiliate=rw&AID=10473284&PID=2118118&SID=ys2k233148-14983" "Mozilla/4.0 (compatible; MSIE 7.0; Windows NT 5.1; FunWebProducts; .NET CLR 1.1.4322)" "www.roomfurnish.com"
69.58.178.29 - - [08/May/2009:05:23:01 -0700] "GET /robots.txt HTTP/1.1" 404 275 "-" "Mozilla/5.0 (X11; U; Linux i686; en-US; rv:1.7.12; ips-agent) Gecko/20050922 Fedora/1.0.7-1.1.fc4 Firefox/1.0.7" "www.roomfurnish.com"
69.58.178.29 - - [08/May/2009:05:23:02 -0700] "GET / HTTP/1.1" 200 1315 "-" "Mozilla/5.0 (X11; U; Linux i686; en-US; rv:1.7.12; ips-agent) Gecko/20050922 Fedora/1.0.7-1.1.fc4 Firefox/1.0.7" "www.roomfurnish.com"
67.227.138.20 - - [08/May/2009:06:40:42 -0700] "GET / HTTP/1.1" 200 1315 "-" "Mozilla/5.0 (Windows XP; U) Opera 6.01 [en]" "roomfurnish.com"
38.98.120.83 - - [08/May/2009:06:42:34 -0700] "GET /robots.txt HTTP/1.1" 404 275 "-" "ShopWiki/1.0 ( +http://www.shopwiki.com/wiki/Help:Bot)" "www.roomfurnish.com"
38.98.120.83 - - [08/May/2009:06:42:36 -0700] "GET / HTTP/1.1" 200 1315 "-" "ShopWiki/1.0 ( +http://www.shopwiki.com/wiki/Help:Bot)" "www.roomfurnish.com"
38.98.120.83 - - [08/May/2009:06:42:37 -0700] "GET / HTTP/1.1" 200 1315 "-" "ShopWiki/1.0 ( +http://www.shopwiki.com/wiki/Help:Bot)" "www.roomfurnish.com"
71.6.131.189 - - [08/May/2009:08:49:28 -0700] "GET / HTTP/1.1" 200 1315 "-" "-" "www.roomfurnish.com"
74.6.30.119 - - [08/May/2009:09:36:03 -0700] "GET / HTTP/1.0" 200 1315 "-" "Mozilla/5.0 (compatible; Yahoo! DE Slurp; http://help.yahoo.com/help/us/ysearch/slurp)" "www.roomfurnish.com"
67.195.37.154 - - [08/May/2009:10:13:59 -0700] "GET / HTTP/1.0" 200 1315 "-" "Mozilla/5.0 (compatible; Yahoo! DE Slurp; http://help.yahoo.com/help/us/ysearch/slurp)" "www.roomfurnish.com"
38.98.120.81 - - [08/May/2009:12:07:51 -0700] "GET /robots.txt HTTP/1.1" 404 275 "-" "ShopWiki/1.0 ( +http://www.shopwiki.com/wiki/Help:Bot)" "www.roomfurnish.com"
38.98.120.81 - - [08/May/2009:12:07:51 -0700] "GET / HTTP/1.1" 200 1315 "-" "ShopWiki/1.0 ( +http://www.shopwiki.com/wiki/Help:Bot)" "www.roomfurnish.com"
38.98.120.81 - - [08/May/2009:12:07:52 -0700] "GET / HTTP/1.1" 200 1315 "-" "ShopWiki/1.0 ( +http://www.shopwiki.com/wiki/Help:Bot)" "www.roomfurnish.com"
74.94.128.147 - - [08/May/2009:13:44:52 -0700] "GET / HTTP/1.0" 200 1315 "-" "Wget/1.11.4" "roomfurnish.com"
193.47.80.40 - - [08/May/2009:16:14:19 -0700] "GET /robots.txt HTTP/1.1" 404 275 "-" "Mozilla/5.0 (compatible; Exabot/3.0; +http://www.exabot.com/go/robot)" "roomfurnish.com"
193.47.80.40 - - [08/May/2009:16:14:19 -0700] "GET / HTTP/1.1" 200 1315 "-" "Mozilla/5.0 (compatible; Exabot/3.0; +http://www.exabot.com/go/robot)" "roomfurnish.com"
220.181.61.234 - - [08/May/2009:16:54:44 -0700] "GET / HTTP/1.1" 200 1315 "-" "Sogou web spider/4.0(+http://www.sogou.com/docs/help/webmasters.htm#07)" "www.roomfurnish.com"
208.80.195.37 - - [08/May/2009:17:29:59 -0700] "GET / HTTP/1.0" 200 1315 "-" "Mozilla/4.0 (compatible; MSIE 5.5; Windows 98; IDG.pl; Alexa Toolbar)" "roomfurnish.com"
208.80.195.37 - - [08/May/2009:17:29:59 -0700] "GET / HTTP/1.0" 200 1315 "-" "Mozilla/4.0 (compatible; MSIE 6.0; Windows NT 5.1) Opera 7.54u1 [en]" "www.roomfurnish.com"
74.94.128.147 - - [08/May/2009:18:03:59 -0700] "GET / HTTP/1.0" 200 1315 "-" "Wget/1.11.4" "roomfurnish.com"
59.160.109.233 - - [08/May/2009:21:29:29 -0700] "HEAD / HTTP/1.1" 200 0 "-" "Xenu Link Sleuth 1.2i" "www.roomfurnish.com"
219.142.53.26 - - [08/May/2009:22:14:32 -0700] "GET /robots.txt HTTP/1.0" 404 275 "-" "renlifangbot/1.0 (+http://search.msn.com/msnbot.htm)" "roomfurnish.com"
219.142.53.21 - - [08/May/2009:22:14:33 -0700] "GET / HTTP/1.0" 200 1315 "-" "renlifangbot/1.0 (+http://search.msn.com/msnbot.htm)" "roomfurnish.com"
91.205.124.5 - - [08/May/2009:22:28:48 -0700] "GET /robots.txt HTTP/1.1" 404 275 "-" "Yanga WorldSearch Bot v1.1/beta (http://www.yanga.co.uk/)" "www.roomfurnish.com"
91.205.124.5 - - [08/May/2009:22:28:48 -0700] "GET / HTTP/1.1" 200 1315 "-" "Yanga WorldSearch Bot v1.1/beta (http://www.yanga.co.uk/)" "www.roomfurnish.com"
204.2.167.104 - - [09/May/2009:03:56:50 -0700] "GET / HTTP/1.1" 200 1315 "-" "Mozilla/4.0 (compatible; MSIE 6.0; Windows NT 5.1; SV1; .NET CLR 1.1.4322; InfoPath.1)" "www.roomfurnish.com"
91.208.16.27 - - [09/May/2009:05:11:37 -0700] "GET / HTTP/1.1" 200 1315 "-" "Mozilla/5.0 (Windows; U; MSIE 7.0; Windows NT 6.0; en-US)" "www.roomfurnish.com"
74.6.30.119 - - [09/May/2009:09:46:04 -0700] "GET / HTTP/1.0" 200 1315 "-" "Mozilla/5.0 (compatible; Yahoo! DE Slurp; http://help.yahoo.com/help/us/ysearch/slurp)" "www.roomfurnish.com"
67.195.37.154 - - [09/May/2009:11:10:40 -0700] "GET / HTTP/1.0" 200 1315 "-" "Mozilla/5.0 (compatible; Yahoo! DE Slurp; http://help.yahoo.com/help/us/ysearch/slurp)" "www.roomfurnish.com"
81.57.37.96 - - [09/May/2009:14:06:26 -0700] "GET / HTTP/1.0" 200 1315 "http://random.yahoo.com/fast/ryl" "webcollage/1.140" "www.roomfurnish.com"
69.234.33.40 - - [09/May/2009:14:06:27 -0700] "GET / HTTP/1.0" 200 1315 "http://random.yahoo.com/fast/ryl" "webcollage/1.143" "www.roomfurnish.com"
193.47.80.40 - - [09/May/2009:15:39:54 -0700] "GET / HTTP/1.1" 200 1315 "-" "Mozilla/5.0 (compatible; Exabot/3.0; +http://www.exabot.com/go/robot)" "roomfurnish.com"
208.80.195.39 - - [09/May/2009:18:15:24 -0700] "GET / HTTP/1.0" 200 1315 "-" "Mozilla/4.0 (compatible; MSIE 7.0; Windows NT 5.1; ESB{3FAECA93-2F9E-480C-87DC-FBB8B08BCA57}; Hotbar 4.5.0.0; ZangoToolbar 4.8.2)" "www.roomfurnish.com"
208.80.195.39 - - [09/May/2009:18:15:24 -0700] "GET / HTTP/1.0" 200 1315 "-" "Mozilla/4.0 (compatible; MSIE 6.0; Windows NT 5.1; SV1; SIMBAR={B9802259-B240-48fe-B199-5DE6D079FC43})" "roomfurnish.com"
38.98.120.69 - - [09/May/2009:18:31:50 -0700] "GET /robots.txt HTTP/1.1" 404 275 "-" "ShopWiki/1.0 ( +http://www.shopwiki.com/wiki/Help:Bot)" "www.roomfurnish.com"
38.98.120.69 - - [09/May/2009:18:31:51 -0700] "GET / HTTP/1.1" 200 1315 "-" "ShopWiki/1.0 ( +http://www.shopwiki.com/wiki/Help:Bot)" "www.roomfurnish.com"
38.98.120.69 - - [09/May/2009:18:31:55 -0700] "GET / HTTP/1.1" 200 1315 "-" "ShopWiki/1.0 ( +http://www.shopwiki.com/wiki/Help:Bot)" "www.roomfurnish.com"
38.98.120.75 - - [09/May/2009:19:33:53 -0700] "GET / HTTP/1.1" 200 1315 "-" "ShopWiki/1.0 ( +http://www.shopwiki.com/wiki/Help:Bot)" "www.roomfurnish.com"
38.98.120.75 - - [09/May/2009:19:33:53 -0700] "GET / HTTP/1.1" 200 1315 "-" "ShopWiki/1.0 ( +http://www.shopwiki.com/wiki/Help:Bot)" "www.roomfurnish.com"
38.98.120.74 - - [09/May/2009:19:50:31 -0700] "GET / HTTP/1.1" 200 1315 "-" "ShopWiki/1.0 ( +http://www.shopwiki.com/wiki/Help:Bot)" "www.roomfurnish.com"
38.98.120.74 - - [09/May/2009:19:50:31 -0700] "GET / HTTP/1.1" 200 1315 "-" "ShopWiki/1.0 ( +http://www.shopwiki.com/wiki/Help:Bot)" "www.roomfurnish.com"
38.98.120.72 - - [09/May/2009:21:12:54 -0700] "GET / HTTP/1.1" 200 1315 "-" "ShopWiki/1.0 ( +http://www.shopwiki.com/wiki/Help:Bot)" "www.roomfurnish.com"
38.98.120.72 - - [09/May/2009:21:12:55 -0700] "GET / HTTP/1.1" 200 1315 "-" "ShopWiki/1.0 ( +http://www.shopwiki.com/wiki/Help:Bot)" "www.roomfurnish.com"
193.252.149.16 - - [09/May/2009:22:04:27 -0700] "GET /robots.txt HTTP/1.1" 404 275 "-" "Mozilla/5.0 (Windows; U; Windows NT 5.1; fr; rv:1.8.1) VoilaBot BETA 1.2 (support.voilabot@orange-ftgroup.com)" "roomfurnish.com"
193.252.149.16 - - [09/May/2009:22:04:29 -0700] "GET / HTTP/1.1" 200 1315 "-" "Mozilla/5.0 (Windows; U; Windows NT 5.1; fr; rv:1.8.1) VoilaBot BETA 1.2 (support.voilabot@orange-ftgroup.com)" "roomfurnish.com"
88.131.106.12 - - [10/May/2009:04:57:35 -0700] "GET /robots.txt HTTP/1.0" 404 275 "-" "Speedy Spider (http://www.entireweb.com/about/search_tech/speedy_spider/)" "roomfurnish.com"
88.131.106.12 - - [10/May/2009:04:57:35 -0700] "GET /352lovesofa.html HTTP/1.0" 404 275 "-" "Speedy Spider (http://www.entireweb.com/about/search_tech/speedy_spider/)" "roomfurnish.com"
88.131.106.12 - - [10/May/2009:05:00:09 -0700] "GET /a50disl.html HTTP/1.0" 404 275 "-" "Speedy Spider (http://www.entireweb.com/about/search_tech/speedy_spider/)" "roomfurnish.com"
88.131.106.12 - - [10/May/2009:05:42:40 -0700] "GET /info.html HTTP/1.0" 404 275 "-" "Speedy Spider (http://www.entireweb.com/about/search_tech/speedy_spider/)" "roomfurnish.com"
88.131.106.12 - - [10/May/2009:05:48:34 -0700] "GET /privacypolicy.html HTTP/1.0" 404 275 "-" "Speedy Spider (http://www.entireweb.com/about/search_tech/speedy_spider/)" "roomfurnish.com"
204.2.167.104 - - [10/May/2009:07:43:38 -0700] "GET / HTTP/1.1" 200 1315 "-" "Mozilla/4.0 (compatible; MSIE 6.0; Windows NT 5.1; SV1; .NET CLR 1.1.4322; InfoPath.1)" "www.roomfurnish.com"
71.194.156.21 - - [10/May/2009:10:25:08 -0700] "GET / HTTP/1.1" 200 1315 "http://search.yahoo.com/search?p=www.roomfurnish.com&fr=fptb-msgr&toggle=1&cop=mss&ei=UTF-8" "Mozilla/4.0 (compatible; MSIE 7.0; Windows NT 6.0; FunWebProducts; GTB6; SLCC1; .NET CLR 2.0.50727; Media Center PC 5.0; .NET CLR 3.0.04506)" "www.roomfurnish.com"
71.194.156.21 - - [10/May/2009:10:25:08 -0700] "GET /favicon.ico HTTP/1.1" 404 275 "-" "Mozilla/4.0 (compatible; MSIE 7.0; Windows NT 6.0; FunWebProducts; GTB6; SLCC1; .NET CLR 2.0.50727; Media Center PC 5.0; .NET CLR 3.0.04506)" "roomfurnish.com"
71.194.156.21 - - [10/May/2009:10:26:01 -0700] "GET / HTTP/1.1" 200 1315 "http://search.yahoo.com/search?p=www.roomfurnish.com&fr=fptb-msgr&toggle=1&cop=mss&ei=UTF-8" "Mozilla/4.0 (compatible; MSIE 7.0; Windows NT 6.0; FunWebProducts; GTB6; SLCC1; .NET CLR 2.0.50727; Media Center PC 5.0; .NET CLR 3.0.04506)" "www.roomfurnish.com"
38.98.120.73 - - [10/May/2009:11:17:31 -0700] "GET /robots.txt HTTP/1.1" 404 275 "-" "ShopWiki/1.0 ( +http://www.shopwiki.com/wiki/Help:Bot)" "www.roomfurnish.com"
38.98.120.73 - - [10/May/2009:11:17:32 -0700] "GET / HTTP/1.1" 200 1315 "-" "ShopWiki/1.0 ( +http://www.shopwiki.com/wiki/Help:Bot)" "www.roomfurnish.com"
38.98.120.73 - - [10/May/2009:11:17:44 -0700] "GET / HTTP/1.1" 200 1315 "-" "ShopWiki/1.0 ( +http://www.shopwiki.com/wiki/Help:Bot)" "www.roomfurnish.com"
67.195.37.154 - - [10/May/2009:12:17:02 -0700] "GET / HTTP/1.0" 200 1315 "-" "Mozilla/5.0 (compatible; Yahoo! DE Slurp; http://help.yahoo.com/help/us/ysearch/slurp)" "www.roomfurnish.com"
64.56.65.44 - - [10/May/2009:12:47:01 -0700] "GET /robots.txt HTTP/1.0" 404 275 "-" "ru_com_viewer (larbin2.6.3@unspecified.mail)" "roomfurnish.com"
64.56.65.44 - - [10/May/2009:12:47:01 -0700] "GET / HTTP/1.0" 200 1315 "-" "ru_com_viewer larbin2.6.3@unspecified.mail" "roomfurnish.com"
193.47.80.40 - - [10/May/2009:15:47:51 -0700] "GET /robots.txt HTTP/1.1" 404 275 "-" "Mozilla/5.0 (compatible; Exabot/3.0; +http://www.exabot.com/go/robot)" "roomfurnish.com"
193.47.80.40 - - [10/May/2009:15:47:51 -0700] "GET / HTTP/1.1" 200 1315 "-" "Mozilla/5.0 (compatible; Exabot/3.0; +http://www.exabot.com/go/robot)" "roomfurnish.com"
