38.98.120.84 - - [10/May/2009:17:28:29 -0700] "GET /robots.txt HTTP/1.1" 404 275 "-" "ShopWiki/1.0 ( +http://www.shopwiki.com/wiki/Help:Bot)" "www.roomfurnish.com"
38.98.120.84 - - [10/May/2009:17:28:29 -0700] "GET / HTTP/1.1" 200 1315 "-" "ShopWiki/1.0 ( +http://www.shopwiki.com/wiki/Help:Bot)" "www.roomfurnish.com"
38.98.120.84 - - [10/May/2009:17:28:30 -0700] "GET / HTTP/1.1" 200 1315 "-" "ShopWiki/1.0 ( +http://www.shopwiki.com/wiki/Help:Bot)" "www.roomfurnish.com"
38.98.120.84 - - [10/May/2009:17:28:31 -0700] "GET / HTTP/1.1" 200 1315 "-" "ShopWiki/1.0 ( +http://www.shopwiki.com/wiki/Help:Bot)" "www.roomfurnish.com"
38.98.120.84 - - [10/May/2009:17:28:32 -0700] "GET /javascript:Help('http://help.yahoo.com/help/us/geo/context/context-03.html') HTTP/1.1" 404 275 "-" "ShopWiki/1.0 ( +http://www.shopwiki.com/wiki/Help:Bot)" "www.roomfurnish.com"
8.11.2.98 - - [10/May/2009:17:32:13 -0700] "GET / HTTP/1.1" 200 1315 "-" "ShopWiki/1.0 ( +http://www.shopwiki.com/wiki/Help:Bot)" "www.roomfurnish.com"
8.11.2.98 - - [10/May/2009:17:32:14 -0700] "GET / HTTP/1.1" 200 1315 "-" "ShopWiki/1.0 ( +http://www.shopwiki.com/wiki/Help:Bot)" "www.roomfurnish.com"
38.98.120.81 - - [10/May/2009:18:06:02 -0700] "GET / HTTP/1.1" 200 1315 "-" "ShopWiki/1.0 ( +http://www.shopwiki.com/wiki/Help:Bot)" "www.roomfurnish.com"
38.98.120.81 - - [10/May/2009:18:06:03 -0700] "GET / HTTP/1.1" 200 1315 "-" "ShopWiki/1.0 ( +http://www.shopwiki.com/wiki/Help:Bot)" "www.roomfurnish.com"
66.29.219.12 - - [10/May/2009:18:08:40 -0700] "GET /robots.txt HTTP/1.1" 404 275 "-" "Mozilla/5.0 (compatible; Qualidator.com Bot 1.0;)" "roomfurnish.com"
66.29.219.12 - - [10/May/2009:18:08:40 -0700] "GET / HTTP/1.1" 200 1315 "-" "Mozilla/5.0 (compatible; Qualidator.com Bot 1.0;)" "roomfurnish.com"
66.29.219.12 - - [10/May/2009:18:08:41 -0700] "GET /robots.txt HTTP/1.1" 404 275 "-" "Mozilla/5.0 (compatible; Qualidator.com Bot 1.0;)" "roomfurnish.com"
38.98.120.84 - - [10/May/2009:18:19:39 -0700] "GET / HTTP/1.1" 200 1315 "-" "ShopWiki/1.0 ( +http://www.shopwiki.com/wiki/Help:Bot)" "www.roomfurnish.com"
38.98.120.84 - - [10/May/2009:18:19:39 -0700] "GET / HTTP/1.1" 200 1315 "-" "ShopWiki/1.0 ( +http://www.shopwiki.com/wiki/Help:Bot)" "www.roomfurnish.com"
208.80.195.34 - - [10/May/2009:19:02:46 -0700] "GET / HTTP/1.0" 200 1315 "-" "Mozilla/4.0 (compatible; MSIE 6.0; Windows NT 5.1; IE5.x/Winxx/EZN/xx; SV1; iebar; acc=none; FunWebProducts; yplus 5.1.04b)" "roomfurnish.com"
208.80.195.34 - - [10/May/2009:19:02:46 -0700] "GET / HTTP/1.0" 200 1315 "-" "Mozilla/4.0 (compatible; MSIE 6.0; Windows NT 5.1; FunWebProducts; SV1; MSN 9.0;MSN 9.1; MSNbQ002; MSNmen-us; MSNcOTH)" "www.roomfurnish.com"
193.252.149.14 - - [10/May/2009:23:31:32 -0700] "GET /robots.txt HTTP/1.1" 404 275 "-" "Mozilla/5.0 (Windows; U; Windows NT 5.1; fr; rv:1.8.1) VoilaBot BETA 1.2 (support.voilabot@orange-ftgroup.com)" "www.roomfurnish.com"
193.252.149.14 - - [10/May/2009:23:32:09 -0700] "GET / HTTP/1.1" 200 1315 "-" "Mozilla/5.0 (Windows; U; Windows NT 5.1; fr; rv:1.8.1) VoilaBot BETA 1.2 (support.voilabot@orange-ftgroup.com)" "www.roomfurnish.com"
74.6.30.119 - - [10/May/2009:23:32:46 -0700] "GET / HTTP/1.0" 200 1315 "-" "Mozilla/5.0 (compatible; Yahoo! DE Slurp; http://help.yahoo.com/help/us/ysearch/slurp)" "www.roomfurnish.com"
204.2.167.104 - - [11/May/2009:02:32:15 -0700] "GET / HTTP/1.1" 200 1315 "-" "Mozilla/4.0 (compatible; MSIE 6.0; Windows NT 5.1; SV1; .NET CLR 1.1.4322; InfoPath.1)" "www.roomfurnish.com"
88.131.106.12 - - [11/May/2009:08:37:04 -0700] "GET /robots.txt HTTP/1.0" 404 275 "-" "Speedy Spider (http://www.entireweb.com/about/search_tech/speedy_spider/)" "roomfurnish.com"
88.131.106.12 - - [11/May/2009:08:37:04 -0700] "GET /b396lonatosofa.html HTTP/1.0" 404 275 "-" "Speedy Spider (http://www.entireweb.com/about/search_tech/speedy_spider/)" "roomfurnish.com"
88.131.106.12 - - [11/May/2009:08:37:53 -0700] "GET /faq.html HTTP/1.0" 404 275 "-" "Speedy Spider (http://www.entireweb.com/about/search_tech/speedy_spider/)" "roomfurnish.com"
88.131.106.12 - - [11/May/2009:08:37:55 -0700] "GET /g-2032.html HTTP/1.0" 404 275 "-" "Speedy Spider (http://www.entireweb.com/about/search_tech/speedy_spider/)" "roomfurnish.com"
88.131.106.12 - - [11/May/2009:09:26:00 -0700] "GET /gourmetfood.html HTTP/1.0" 404 275 "-" "Speedy Spider (http://www.entireweb.com/about/search_tech/speedy_spider/)" "roomfurnish.com"
93.158.149.32 - - [11/May/2009:12:40:18 -0700] "GET /robots.txt HTTP/1.1" 404 275 "-" "Yandex/1.01.001 (compatible; Win16; I)" "roomfurnish.com"
93.158.149.32 - - [11/May/2009:12:40:19 -0700] "GET / HTTP/1.1" 200 1315 "-" "Yandex/1.01.001 (compatible; Win16; I)" "roomfurnish.com"
93.158.149.32 - - [11/May/2009:12:43:52 -0700] "GET /robots.txt HTTP/1.1" 404 275 "-" "Yandex/1.01.001 (compatible; Win16; I)" "www.roomfurnish.com"
93.158.149.32 - - [11/May/2009:12:44:07 -0700] "GET / HTTP/1.1" 200 1315 "-" "Yandex/1.01.001 (compatible; Win16; I)" "www.roomfurnish.com"
67.195.37.154 - - [11/May/2009:13:03:00 -0700] "GET / HTTP/1.0" 200 1315 "-" "Mozilla/5.0 (compatible; Yahoo! DE Slurp; http://help.yahoo.com/help/us/ysearch/slurp)" "www.roomfurnish.com"
220.181.61.234 - - [11/May/2009:13:44:51 -0700] "GET / HTTP/1.1" 200 1315 "-" "Sogou web spider/4.0(+http://www.sogou.com/docs/help/webmasters.htm#07)" "www.roomfurnish.com"
208.80.195.37 - - [11/May/2009:19:57:26 -0700] "GET / HTTP/1.0" 200 1315 "-" "Mozilla/4.0 (compatible; MSIE 7.0; Windows NT 5.1; SIMBAR Enabled; SIMBAR={8F36CAE7-A501-4364-B134-16BBEFBC3A06}; .NET CLR 2.0.50727)" "roomfurnish.com"
208.80.195.37 - - [11/May/2009:19:57:26 -0700] "GET / HTTP/1.0" 200 1315 "-" "Mozilla/4.0 (compatible; MSIE 6.0; Windows NT 5.1; SV1; SIMBAR={9F00C12F-CB60-4c52-B911-4349B066F9DB}; .NET CLR 1.1.4322)" "www.roomfurnish.com"
193.47.80.40 - - [11/May/2009:20:00:07 -0700] "GET /robots.txt HTTP/1.1" 404 275 "-" "Mozilla/5.0 (compatible; Exabot/3.0; +http://www.exabot.com/go/robot)" "roomfurnish.com"
193.47.80.40 - - [11/May/2009:20:00:08 -0700] "GET / HTTP/1.1" 200 1315 "-" "Mozilla/5.0 (compatible; Exabot/3.0; +http://www.exabot.com/go/robot)" "roomfurnish.com"
74.94.128.147 - - [11/May/2009:20:57:23 -0700] "GET / HTTP/1.0" 200 1315 "-" "Wget/1.11.4" "roomfurnish.com"
8.11.2.97 - - [11/May/2009:22:33:21 -0700] "GET /robots.txt HTTP/1.0" 404 275 "-" "ShopWiki/1.0 ( +http://www.shopwiki.com/wiki/Help:Bot)" "www.roomfurnish.com"
8.11.2.97 - - [11/May/2009:22:33:25 -0700] "GET / HTTP/1.1" 200 1315 "-" "ShopWiki/1.0 ( +http://www.shopwiki.com/wiki/Help:Bot)" "www.roomfurnish.com"
8.11.2.97 - - [11/May/2009:22:33:26 -0700] "GET / HTTP/1.1" 200 1315 "-" "ShopWiki/1.0 ( +http://www.shopwiki.com/wiki/Help:Bot)" "www.roomfurnish.com"
65.55.37.228 - - [11/May/2009:22:34:48 -0700] "GET /robots.txt HTTP/1.1" 404 275 "-" "msnbot/1.1 (+http://search.msn.com/msnbot.htm)" "www.roomfurnish.com"
65.55.37.228 - - [11/May/2009:22:34:48 -0700] "GET / HTTP/1.1" 200 1315 "-" "msnbot/1.1 (+http://search.msn.com/msnbot.htm)" "www.roomfurnish.com"
38.98.120.82 - - [11/May/2009:23:21:07 -0700] "GET / HTTP/1.1" 200 1315 "-" "ShopWiki/1.0 ( +http://www.shopwiki.com/wiki/Help:Bot)" "www.roomfurnish.com"
38.98.120.82 - - [11/May/2009:23:21:08 -0700] "GET / HTTP/1.1" 200 1315 "-" "ShopWiki/1.0 ( +http://www.shopwiki.com/wiki/Help:Bot)" "www.roomfurnish.com"
74.6.30.119 - - [11/May/2009:23:38:16 -0700] "GET / HTTP/1.0" 200 1315 "-" "Mozilla/5.0 (compatible; Yahoo! DE Slurp; http://help.yahoo.com/help/us/ysearch/slurp)" "www.roomfurnish.com"
38.98.120.70 - - [12/May/2009:03:43:48 -0700] "GET /robots.txt HTTP/1.1" 404 275 "-" "ShopWiki/1.0 ( +http://www.shopwiki.com/wiki/Help:Bot)" "www.roomfurnish.com"
38.98.120.70 - - [12/May/2009:03:43:55 -0700] "GET / HTTP/1.1" 200 1315 "-" "ShopWiki/1.0 ( +http://www.shopwiki.com/wiki/Help:Bot)" "www.roomfurnish.com"
38.98.120.70 - - [12/May/2009:03:43:56 -0700] "GET / HTTP/1.1" 200 1315 "-" "ShopWiki/1.0 ( +http://www.shopwiki.com/wiki/Help:Bot)" "www.roomfurnish.com"
88.131.106.12 - - [12/May/2009:04:31:50 -0700] "GET /robots.txt HTTP/1.0" 404 275 "-" "Speedy Spider (http://www.entireweb.com/about/search_tech/speedy_spider/)" "roomfurnish.com"
88.131.106.12 - - [12/May/2009:04:31:51 -0700] "GET /347licenzasofa.html HTTP/1.0" 404 275 "-" "Speedy Spider (http://www.entireweb.com/about/search_tech/speedy_spider/)" "roomfurnish.com"
74.94.128.147 - - [12/May/2009:08:29:48 -0700] "GET / HTTP/1.0" 200 1315 "-" "Wget/1.11.4" "roomfurnish.com"
8.11.2.96 - - [12/May/2009:09:28:56 -0700] "GET /robots.txt HTTP/1.1" 404 275 "-" "ShopWiki/1.0 ( +http://www.shopwiki.com/wiki/Help:Bot)" "www.roomfurnish.com"
8.11.2.96 - - [12/May/2009:09:28:57 -0700] "GET / HTTP/1.1" 200 1315 "-" "ShopWiki/1.0 ( +http://www.shopwiki.com/wiki/Help:Bot)" "www.roomfurnish.com"
8.11.2.96 - - [12/May/2009:09:28:58 -0700] "GET / HTTP/1.1" 200 1315 "-" "ShopWiki/1.0 ( +http://www.shopwiki.com/wiki/Help:Bot)" "www.roomfurnish.com"
38.98.120.75 - - [12/May/2009:09:33:01 -0700] "GET / HTTP/1.1" 200 1315 "-" "ShopWiki/1.0 ( +http://www.shopwiki.com/wiki/Help:Bot)" "www.roomfurnish.com"
38.98.120.75 - - [12/May/2009:09:33:02 -0700] "GET / HTTP/1.1" 200 1315 "-" "ShopWiki/1.0 ( +http://www.shopwiki.com/wiki/Help:Bot)" "www.roomfurnish.com"
38.98.120.82 - - [12/May/2009:10:11:38 -0700] "GET / HTTP/1.1" 200 1315 "-" "ShopWiki/1.0 ( +http://www.shopwiki.com/wiki/Help:Bot)" "www.roomfurnish.com"
38.98.120.82 - - [12/May/2009:10:11:41 -0700] "GET / HTTP/1.1" 200 1315 "-" "ShopWiki/1.0 ( +http://www.shopwiki.com/wiki/Help:Bot)" "www.roomfurnish.com"
67.195.37.154 - - [12/May/2009:13:46:44 -0700] "GET / HTTP/1.0" 200 1315 "-" "Mozilla/5.0 (compatible; Yahoo! DE Slurp; http://help.yahoo.com/help/us/ysearch/slurp)" "www.roomfurnish.com"
88.131.106.12 - - [12/May/2009:13:46:47 -0700] "GET /robots.txt HTTP/1.0" 404 275 "-" "Speedy Spider (http://www.entireweb.com/about/search_tech/speedy_spider/)" "roomfurnish.com"
88.131.106.12 - - [12/May/2009:13:46:48 -0700] "GET /shipping.html HTTP/1.0" 404 275 "-" "Speedy Spider (http://www.entireweb.com/about/search_tech/speedy_spider/)" "roomfurnish.com"
88.131.106.12 - - [12/May/2009:14:00:30 -0700] "GET /299elegantsofa.html HTTP/1.0" 404 275 "-" "Speedy Spider (http://www.entireweb.com/about/search_tech/speedy_spider/)" "roomfurnish.com"
217.212.224.183 - - [12/May/2009:14:48:07 -0700] "GET /robots.txt HTTP/1.0" 404 275 "-" "psbot/0.1 (+http://www.picsearch.com/bot.html)" "roomfurnish.com"
217.212.224.181 - - [12/May/2009:14:48:07 -0700] "GET / HTTP/1.0" 200 1315 "-" "psbot/0.1 (+http://www.picsearch.com/bot.html)" "roomfurnish.com"
38.98.120.83 - - [12/May/2009:16:18:47 -0700] "GET /robots.txt HTTP/1.1" 404 275 "-" "ShopWiki/1.0 ( +http://www.shopwiki.com/wiki/Help:Bot)" "www.roomfurnish.com"
38.98.120.83 - - [12/May/2009:16:18:47 -0700] "GET / HTTP/1.1" 200 1315 "-" "ShopWiki/1.0 ( +http://www.shopwiki.com/wiki/Help:Bot)" "www.roomfurnish.com"
38.98.120.83 - - [12/May/2009:16:18:48 -0700] "GET / HTTP/1.1" 200 1315 "-" "ShopWiki/1.0 ( +http://www.shopwiki.com/wiki/Help:Bot)" "www.roomfurnish.com"
65.46.75.190 - - [12/May/2009:16:40:50 -0700] "GET / HTTP/1.1" 200 1315 "-" "ShopWiki/1.0 ( +http://www.shopwiki.com/wiki/Help:Bot)" "www.roomfurnish.com"
65.46.75.190 - - [12/May/2009:16:40:51 -0700] "GET / HTTP/1.1" 200 1315 "-" "ShopWiki/1.0 ( +http://www.shopwiki.com/wiki/Help:Bot)" "www.roomfurnish.com"
38.98.120.94 - - [12/May/2009:16:45:57 -0700] "GET / HTTP/1.1" 200 1315 "-" "ShopWiki/1.0 ( +http://www.shopwiki.com/wiki/Help:Bot)" "www.roomfurnish.com"
38.98.120.94 - - [12/May/2009:16:46:02 -0700] "GET / HTTP/1.1" 200 1315 "-" "ShopWiki/1.0 ( +http://www.shopwiki.com/wiki/Help:Bot)" "www.roomfurnish.com"
38.98.120.85 - - [12/May/2009:17:22:02 -0700] "GET / HTTP/1.1" 200 1315 "-" "ShopWiki/1.0 ( +http://www.shopwiki.com/wiki/Help:Bot)" "www.roomfurnish.com"
38.98.120.85 - - [12/May/2009:17:22:03 -0700] "GET / HTTP/1.1" 200 1315 "-" "ShopWiki/1.0 ( +http://www.shopwiki.com/wiki/Help:Bot)" "www.roomfurnish.com"
114.111.36.26 - - [12/May/2009:18:50:01 -0700] "GET /robots.txt HTTP/1.1" 404 275 "-" "Mozilla/4.0 (compatible; NaverBot/1.0; http://help.naver.com/customer_webtxt_02.jsp)" "roomfurnish.com"
114.111.36.26 - - [12/May/2009:18:50:16 -0700] "GET / HTTP/1.1" 200 1315 "-" "Mozilla/4.0 (compatible; NaverBot/1.0; http://help.naver.com/customer_webtxt_02.jsp)" "roomfurnish.com"
38.98.120.94 - - [12/May/2009:19:52:08 -0700] "GET /robots.txt HTTP/1.1" 404 275 "-" "ShopWiki/1.0 ( +http://www.shopwiki.com/wiki/Help:Bot)" "www.roomfurnish.com"
38.98.120.94 - - [12/May/2009:19:52:08 -0700] "GET / HTTP/1.1" 200 1315 "-" "ShopWiki/1.0 ( +http://www.shopwiki.com/wiki/Help:Bot)" "www.roomfurnish.com"
38.98.120.94 - - [12/May/2009:19:52:09 -0700] "GET / HTTP/1.1" 200 1315 "-" "ShopWiki/1.0 ( +http://www.shopwiki.com/wiki/Help:Bot)" "www.roomfurnish.com"
208.80.195.37 - - [12/May/2009:21:12:07 -0700] "GET / HTTP/1.0" 200 1315 "-" "Mozilla/4.0 (compatible; MSIE 6.0; Windows NT 5.1; Mozilla/4.0(compatible; MSIE 6; WindowsNT; ISP26; SV1; PeoplePal 3.0)" "www.roomfurnish.com"
208.80.195.37 - - [12/May/2009:21:12:07 -0700] "GET / HTTP/1.0" 200 1315 "-" "Mozilla/4.0 (compatible; MSIE 6.0; Windows NT 4.0; T312461; .NET CLR 1.0.3705; .NET CLR 1.1.4322)" "roomfurnish.com"
74.6.30.119 - - [12/May/2009:23:42:42 -0700] "GET / HTTP/1.0" 200 1315 "-" "Mozilla/5.0 (compatible; Yahoo! DE Slurp; http://help.yahoo.com/help/us/ysearch/slurp)" "www.roomfurnish.com"
38.98.120.94 - - [13/May/2009:03:22:40 -0700] "GET /robots.txt HTTP/1.0" 404 275 "-" "ShopWiki/1.0 ( +http://www.shopwiki.com/wiki/Help:Bot)" "www.roomfurnish.com"
38.98.120.94 - - [13/May/2009:03:22:41 -0700] "GET / HTTP/1.1" 200 1315 "-" "ShopWiki/1.0 ( +http://www.shopwiki.com/wiki/Help:Bot)" "www.roomfurnish.com"
38.98.120.94 - - [13/May/2009:03:22:42 -0700] "GET / HTTP/1.1" 200 1315 "-" "ShopWiki/1.0 ( +http://www.shopwiki.com/wiki/Help:Bot)" "www.roomfurnish.com"
64.124.140.226 - - [13/May/2009:05:43:41 -0700] "GET /robots.txt HTTP/1.1" 404 275 "-" "Mozilla/5.0 (compatible; FatBot 2.0; http://www.thefind.com/crawler)" "roomfurnish.com"
64.124.140.226 - - [13/May/2009:05:45:38 -0700] "GET / HTTP/1.1" 200 1315 "-" "Mozilla/5.0 (compatible; FatBot 2.0; http://www.thefind.com/crawler)" "roomfurnish.com"
98.173.26.143 - - [13/May/2009:07:35:49 -0700] "GET /robots.txt HTTP/1.0" 404 275 "-" "envolk/1.7 (+http://www.envolk.com/envolkspiderinfo.html)" "roomfurnish.com"
67.205.96.152 - - [13/May/2009:11:00:59 -0700] "GET / HTTP/1.1" 200 1315 "-" "Allrati/1.1 (+)" "roomfurnish.com"
220.181.61.234 - - [13/May/2009:13:32:23 -0700] "GET / HTTP/1.1" 200 1315 "-" "Sogou web spider/4.0(+http://www.sogou.com/docs/help/webmasters.htm#07)" "www.roomfurnish.com"
67.195.37.154 - - [13/May/2009:13:50:13 -0700] "GET / HTTP/1.0" 200 1315 "-" "Mozilla/5.0 (compatible; Yahoo! DE Slurp; http://help.yahoo.com/help/us/ysearch/slurp)" "www.roomfurnish.com"
193.47.80.40 - - [13/May/2009:15:26:30 -0700] "GET /robots.txt HTTP/1.1" 404 275 "-" "Mozilla/5.0 (compatible; Exabot/3.0; +http://www.exabot.com/go/robot)" "roomfurnish.com"
193.47.80.40 - - [13/May/2009:15:26:30 -0700] "GET / HTTP/1.1" 200 1315 "-" "Mozilla/5.0 (compatible; Exabot/3.0; +http://www.exabot.com/go/robot)" "roomfurnish.com"
193.252.149.16 - - [13/May/2009:15:46:56 -0700] "GET / HTTP/1.1" 200 1315 "-" "Mozilla/5.0 (Windows; U; Windows NT 5.1; fr; rv:1.8.1) VoilaBot BETA 1.2 (support.voilabot@orange-ftgroup.com)" "roomfurnish.com"
67.202.53.239 - - [13/May/2009:16:23:58 -0700] "GET /robots.txt HTTP/1.0" 404 275 "-" "rdfbot/1.0 (rdfbotsupport AT rediffmailpro DOT com)" "www.roomfurnish.com"
67.202.53.239 - - [13/May/2009:16:23:58 -0700] "GET / HTTP/1.0" 200 1315 "-" "rdfbot/1.0 (rdfbotsupport AT rediffmailpro DOT com)" "www.roomfurnish.com"
74.94.128.147 - - [13/May/2009:17:59:38 -0700] "GET / HTTP/1.0" 200 1315 "-" "Wget/1.11.4" "roomfurnish.com"
88.131.106.12 - - [13/May/2009:19:01:30 -0700] "GET /robots.txt HTTP/1.0" 404 275 "-" "Speedy Spider (http://www.entireweb.com/about/search_tech/speedy_spider/)" "roomfurnish.com"
88.131.106.12 - - [13/May/2009:19:01:30 -0700] "GET /239grandesofa.html HTTP/1.0" 404 275 "-" "Speedy Spider (http://www.entireweb.com/about/search_tech/speedy_spider/)" "roomfurnish.com"
193.252.149.14 - - [13/May/2009:20:41:30 -0700] "GET / HTTP/1.1" 200 1315 "-" "Mozilla/5.0 (Windows; U; Windows NT 5.1; fr; rv:1.8.1) VoilaBot BETA 1.2 (support.voilabot@orange-ftgroup.com)" "www.roomfurnish.com"
38.98.120.70 - - [13/May/2009:20:52:49 -0700] "GET /robots.txt HTTP/1.1" 404 275 "-" "ShopWiki/1.0 ( +http://www.shopwiki.com/wiki/Help:Bot)" "www.roomfurnish.com"
38.98.120.70 - - [13/May/2009:20:52:49 -0700] "GET / HTTP/1.1" 200 1315 "-" "ShopWiki/1.0 ( +http://www.shopwiki.com/wiki/Help:Bot)" "www.roomfurnish.com"
38.98.120.70 - - [13/May/2009:20:52:50 -0700] "GET / HTTP/1.1" 200 1315 "-" "ShopWiki/1.0 ( +http://www.shopwiki.com/wiki/Help:Bot)" "www.roomfurnish.com"
208.80.195.39 - - [13/May/2009:22:13:55 -0700] "GET / HTTP/1.0" 200 1315 "-" "Mozilla/4.0 (compatible; MSIE 6.0; Windows NT 5.0; yie6_SBC; YPC 3.2.0; yplus 5.1.04b)" "www.roomfurnish.com"
208.80.195.39 - - [13/May/2009:22:13:55 -0700] "GET / HTTP/1.0" 200 1315 "-" "Mozilla/4.0 (compatible; MSIE 7.0; Windows NT 6.0; SLCC1; .NET CLR 2.0.50727; Media Center PC 5.0; .NET CLR 3.0.04506; .NET CLR 1.1.4322; UGDC 1.1.33.0)" "roomfurnish.com"
38.98.120.73 - - [13/May/2009:22:26:51 -0700] "GET / HTTP/1.1" 200 1315 "-" "ShopWiki/1.0 ( +http://www.shopwiki.com/wiki/Help:Bot)" "www.roomfurnish.com"
38.98.120.73 - - [13/May/2009:22:26:51 -0700] "GET / HTTP/1.1" 200 1315 "-" "ShopWiki/1.0 ( +http://www.shopwiki.com/wiki/Help:Bot)" "www.roomfurnish.com"
8.11.2.98 - - [13/May/2009:22:48:02 -0700] "GET / HTTP/1.1" 200 1315 "-" "ShopWiki/1.0 ( +http://www.shopwiki.com/wiki/Help:Bot)" "www.roomfurnish.com"
8.11.2.98 - - [13/May/2009:22:48:03 -0700] "GET / HTTP/1.1" 200 1315 "-" "ShopWiki/1.0 ( +http://www.shopwiki.com/wiki/Help:Bot)" "www.roomfurnish.com"
74.6.30.119 - - [14/May/2009:00:31:48 -0700] "GET / HTTP/1.0" 200 1315 "-" "Mozilla/5.0 (compatible; Yahoo! DE Slurp; http://help.yahoo.com/help/us/ysearch/slurp)" "www.roomfurnish.com"
125.173.55.45 - - [14/May/2009:00:49:18 -0700] "GET / HTTP/1.1" 200 1315 "-" "-" "www.roomfurnish.com"
75.101.168.1 - - [14/May/2009:01:15:24 -0700] "GET /robots.txt HTTP/1.0" 404 275 "-" "rdfbot/1.0 (rdfbotsupport AT rediffmailpro DOT com)" "www.roomfurnish.com"
75.101.168.1 - - [14/May/2009:01:15:24 -0700] "GET / HTTP/1.0" 200 1315 "-" "rdfbot/1.0 (rdfbotsupport AT rediffmailpro DOT com)" "www.roomfurnish.com"
38.98.120.80 - - [14/May/2009:02:23:44 -0700] "GET /robots.txt HTTP/1.1" 404 275 "-" "ShopWiki/1.0 ( +http://www.shopwiki.com/wiki/Help:Bot)" "www.roomfurnish.com"
38.98.120.80 - - [14/May/2009:02:23:45 -0700] "GET / HTTP/1.1" 200 1315 "-" "ShopWiki/1.0 ( +http://www.shopwiki.com/wiki/Help:Bot)" "www.roomfurnish.com"
38.98.120.80 - - [14/May/2009:02:23:46 -0700] "GET / HTTP/1.1" 200 1315 "-" "ShopWiki/1.0 ( +http://www.shopwiki.com/wiki/Help:Bot)" "www.roomfurnish.com"
38.98.120.73 - - [14/May/2009:02:48:25 -0700] "GET / HTTP/1.0" 200 1315 "-" "ShopWiki/1.0 ( +http://www.shopwiki.com/wiki/Help:Bot)" "www.roomfurnish.com"
38.98.120.73 - - [14/May/2009:02:48:26 -0700] "GET / HTTP/1.0" 200 1315 "-" "ShopWiki/1.0 ( +http://www.shopwiki.com/wiki/Help:Bot)" "www.roomfurnish.com"
88.131.106.12 - - [14/May/2009:03:36:41 -0700] "GET /robots.txt HTTP/1.0" 404 275 "-" "Speedy Spider (http://www.entireweb.com/about/search_tech/speedy_spider/)" "roomfurnish.com"
88.131.106.12 - - [14/May/2009:03:36:42 -0700] "GET /301barlettsofa.html HTTP/1.0" 404 275 "-" "Speedy Spider (http://www.entireweb.com/about/search_tech/speedy_spider/)" "roomfurnish.com"
8.11.2.97 - - [14/May/2009:07:16:29 -0700] "GET /robots.txt HTTP/1.1" 404 275 "-" "ShopWiki/1.0 ( +http://www.shopwiki.com/wiki/Help:Bot)" "www.roomfurnish.com"
8.11.2.97 - - [14/May/2009:07:16:29 -0700] "GET / HTTP/1.1" 200 1315 "-" "ShopWiki/1.0 ( +http://www.shopwiki.com/wiki/Help:Bot)" "www.roomfurnish.com"
8.11.2.97 - - [14/May/2009:07:16:30 -0700] "GET / HTTP/1.1" 200 1315 "-" "ShopWiki/1.0 ( +http://www.shopwiki.com/wiki/Help:Bot)" "www.roomfurnish.com"
38.98.120.69 - - [14/May/2009:07:17:37 -0700] "GET / HTTP/1.1" 200 1315 "-" "ShopWiki/1.0 ( +http://www.shopwiki.com/wiki/Help:Bot)" "www.roomfurnish.com"
38.98.120.69 - - [14/May/2009:07:17:38 -0700] "GET / HTTP/1.1" 200 1315 "-" "ShopWiki/1.0 ( +http://www.shopwiki.com/wiki/Help:Bot)" "www.roomfurnish.com"
88.131.106.12 - - [14/May/2009:08:57:24 -0700] "GET /robots.txt HTTP/1.0" 404 275 "-" "Speedy Spider (http://www.entireweb.com/about/search_tech/speedy_spider/)" "roomfurnish.com"
88.131.106.12 - - [14/May/2009:08:57:24 -0700] "GET /290colanosofa.html HTTP/1.0" 404 275 "-" "Speedy Spider (http://www.entireweb.com/about/search_tech/speedy_spider/)" "roomfurnish.com"
88.131.106.12 - - [14/May/2009:09:15:47 -0700] "GET /s-06.html HTTP/1.0" 404 275 "-" "Speedy Spider (http://www.entireweb.com/about/search_tech/speedy_spider/)" "roomfurnish.com"
88.131.106.12 - - [14/May/2009:09:48:10 -0700] "GET /sectionalgroup.html HTTP/1.0" 404 275 "-" "Speedy Spider (http://www.entireweb.com/about/search_tech/speedy_spider/)" "roomfurnish.com"
193.201.206.222 - - [14/May/2009:13:13:27 -0700] "GET /info.html HTTP/1.0" 404 275 "http://www.roomfurnish.com/info.html" "Opera/9.63 (Windows NT 5.1; U; ru) Presto/2.1.1" "www.roomfurnish.com"
193.201.206.222 - - [14/May/2009:13:13:27 -0700] "GET /privacypolicy.html HTTP/1.0" 404 275 "http://www.roomfurnish.com/privacypolicy.html" "GameSpyHTTP/1.0" "www.roomfurnish.com"
193.201.206.222 - - [14/May/2009:13:13:28 -0700] "GET /contactus.html HTTP/1.0" 404 275 "http://www.roomfurnish.com/contactus.html" "YahooFeedSeeker/2.0 (compatible; Mozilla 4.0; MSIE 5.5; http://publisher.yahoo.com/rssguide; users X; views X)" "www.roomfurnish.com"
38.98.120.68 - - [14/May/2009:13:19:55 -0700] "GET /robots.txt HTTP/1.1" 404 275 "-" "ShopWiki/1.0 ( +http://www.shopwiki.com/wiki/Help:Bot)" "www.roomfurnish.com"
38.98.120.68 - - [14/May/2009:13:19:55 -0700] "GET / HTTP/1.1" 200 1315 "-" "ShopWiki/1.0 ( +http://www.shopwiki.com/wiki/Help:Bot)" "www.roomfurnish.com"
38.98.120.68 - - [14/May/2009:13:19:56 -0700] "GET / HTTP/1.1" 200 1315 "-" "ShopWiki/1.0 ( +http://www.shopwiki.com/wiki/Help:Bot)" "www.roomfurnish.com"
67.195.37.154 - - [14/May/2009:15:03:05 -0700] "GET / HTTP/1.0" 200 1315 "-" "Mozilla/5.0 (compatible; Yahoo! DE Slurp; http://help.yahoo.com/help/us/ysearch/slurp)" "www.roomfurnish.com"
193.47.80.40 - - [14/May/2009:15:35:25 -0700] "GET /robots.txt HTTP/1.1" 404 275 "-" "Mozilla/5.0 (compatible; Exabot/3.0; +http://www.exabot.com/go/robot)" "roomfurnish.com"
193.47.80.40 - - [14/May/2009:15:35:25 -0700] "GET / HTTP/1.1" 200 1315 "-" "Mozilla/5.0 (compatible; Exabot/3.0; +http://www.exabot.com/go/robot)" "roomfurnish.com"
88.131.106.12 - - [14/May/2009:18:01:27 -0700] "GET /robots.txt HTTP/1.0" 404 275 "-" "Speedy Spider (http://www.entireweb.com/about/search_tech/speedy_spider/)" "roomfurnish.com"
88.131.106.12 - - [14/May/2009:18:01:27 -0700] "GET /s-886.html HTTP/1.0" 404 275 "-" "Speedy Spider (http://www.entireweb.com/about/search_tech/speedy_spider/)" "roomfurnish.com"
8.11.2.96 - - [14/May/2009:20:33:09 -0700] "GET /robots.txt HTTP/1.1" 404 275 "-" "ShopWiki/1.0 ( +http://www.shopwiki.com/wiki/Help:Bot)" "www.roomfurnish.com"
8.11.2.96 - - [14/May/2009:20:33:09 -0700] "GET / HTTP/1.1" 200 1315 "-" "ShopWiki/1.0 ( +http://www.shopwiki.com/wiki/Help:Bot)" "www.roomfurnish.com"
8.11.2.96 - - [14/May/2009:20:33:10 -0700] "GET / HTTP/1.1" 200 1315 "http://www.roomfurnish.com/" "ShopWiki/1.0 ( +http://www.shopwiki.com/wiki/Help:Bot)" "www.roomfurnish.com"
8.11.2.96 - - [14/May/2009:20:33:12 -0700] "GET / HTTP/1.1" 200 1315 "http://www.roomfurnish.com/" "ShopWiki/1.0 ( +http://www.shopwiki.com/wiki/Help:Bot)" "www.roomfurnish.com"
8.11.2.96 - - [14/May/2009:20:33:13 -0700] "GET / HTTP/1.1" 200 1315 "-" "ShopWiki/1.0 ( +http://www.shopwiki.com/wiki/Help:Bot)" "www.roomfurnish.com"
8.11.2.96 - - [14/May/2009:20:33:13 -0700] "GET / HTTP/1.1" 200 1315 "-" "ShopWiki/1.0 ( +http://www.shopwiki.com/wiki/Help:Bot)" "www.roomfurnish.com"
88.131.106.12 - - [14/May/2009:22:16:11 -0700] "GET /robots.txt HTTP/1.0" 404 275 "-" "Speedy Spider (http://www.entireweb.com/about/search_tech/speedy_spider/)" "roomfurnish.com"
88.131.106.12 - - [14/May/2009:22:16:11 -0700] "GET /lesw.html HTTP/1.0" 404 275 "-" "Speedy Spider (http://www.entireweb.com/about/search_tech/speedy_spider/)" "roomfurnish.com"
208.80.195.33 - - [14/May/2009:23:02:46 -0700] "GET / HTTP/1.0" 200 1315 "-" "Mozilla/4.0 (compatible; MSIE 6.0; Windows NT 5.1; SV1; SIMBAR Enabled; SIMBAR={DBD40D60-0EF2-49dc-B27E-986265AFA3CB}; InfoPath.1)" "www.roomfurnish.com"
208.80.195.33 - - [14/May/2009:23:02:46 -0700] "GET / HTTP/1.0" 200 1315 "-" "Mozilla/4.0 (compatible; MSIE 6.0; Windows NT 5.1; Sgrunt|V109|34|S608507405|dialno; snprtz|dialno)" "roomfurnish.com"
88.131.106.12 - - [15/May/2009:00:03:49 -0700] "GET /lb-08.html HTTP/1.0" 404 275 "-" "Speedy Spider (http://www.entireweb.com/about/search_tech/speedy_spider/)" "roomfurnish.com"
88.131.106.12 - - [15/May/2009:00:53:58 -0700] "GET /310camarosofa.html HTTP/1.0" 404 275 "-" "Speedy Spider (http://www.entireweb.com/about/search_tech/speedy_spider/)" "roomfurnish.com"
38.98.120.74 - - [15/May/2009:01:59:27 -0700] "GET /robots.txt HTTP/1.1" 404 275 "-" "ShopWiki/1.0 ( +http://www.shopwiki.com/wiki/Help:Bot)" "www.roomfurnish.com"
38.98.120.74 - - [15/May/2009:01:59:46 -0700] "GET / HTTP/1.1" 200 1315 "-" "ShopWiki/1.0 ( +http://www.shopwiki.com/wiki/Help:Bot)" "www.roomfurnish.com"
59.160.109.233 - - [15/May/2009:02:53:21 -0700] "HEAD / HTTP/1.1" 200 0 "-" "Xenu Link Sleuth 1.2i" "www.roomfurnish.com"
74.6.30.119 - - [15/May/2009:03:08:42 -0700] "GET / HTTP/1.0" 200 1315 "-" "Mozilla/5.0 (compatible; Yahoo! DE Slurp; http://help.yahoo.com/help/us/ysearch/slurp)" "www.roomfurnish.com"
88.131.106.12 - - [15/May/2009:07:48:05 -0700] "GET /robots.txt HTTP/1.0" 404 275 "-" "Speedy Spider (http://www.entireweb.com/about/search_tech/speedy_spider/)" "roomfurnish.com"
88.131.106.12 - - [15/May/2009:07:48:05 -0700] "GET /a51ottosofa.html HTTP/1.0" 404 275 "-" "Speedy Spider (http://www.entireweb.com/about/search_tech/speedy_spider/)" "roomfurnish.com"
88.131.106.12 - - [15/May/2009:07:57:25 -0700] "GET /robots.txt HTTP/1.0" 404 275 "-" "Speedy Spider (http://www.entireweb.com/about/search_tech/speedy_spider/)" "www.roomfurnish.com"
88.131.106.12 - - [15/May/2009:07:57:26 -0700] "GET /a40.html HTTP/1.0" 404 275 "-" "Speedy Spider (http://www.entireweb.com/about/search_tech/speedy_spider/)" "www.roomfurnish.com"
88.131.106.12 - - [15/May/2009:07:57:36 -0700] "GET /g-2041.html HTTP/1.0" 404 275 "-" "Speedy Spider (http://www.entireweb.com/about/search_tech/speedy_spider/)" "roomfurnish.com"
88.131.106.12 - - [15/May/2009:07:57:37 -0700] "GET /g-1881.html HTTP/1.0" 404 275 "-" "Speedy Spider (http://www.entireweb.com/about/search_tech/speedy_spider/)" "roomfurnish.com"
88.131.106.12 - - [15/May/2009:07:57:39 -0700] "GET /g-1941.html HTTP/1.0" 404 275 "-" "Speedy Spider (http://www.entireweb.com/about/search_tech/speedy_spider/)" "roomfurnish.com"
38.98.120.72 - - [15/May/2009:08:16:35 -0700] "GET /robots.txt HTTP/1.1" 404 275 "-" "ShopWiki/1.0 ( +http://www.shopwiki.com/wiki/Help:Bot)" "www.roomfurnish.com"
38.98.120.72 - - [15/May/2009:08:16:35 -0700] "GET / HTTP/1.1" 200 1315 "-" "ShopWiki/1.0 ( +http://www.shopwiki.com/wiki/Help:Bot)" "www.roomfurnish.com"
88.131.106.12 - - [15/May/2009:08:23:43 -0700] "GET /romasofagroup.html HTTP/1.0" 404 275 "-" "Speedy Spider (http://www.entireweb.com/about/search_tech/speedy_spider/)" "roomfurnish.com"
38.98.120.85 - - [15/May/2009:09:07:18 -0700] "GET / HTTP/1.1" 200 1315 "-" "ShopWiki/1.0 ( +http://www.shopwiki.com/wiki/Help:Bot)" "www.roomfurnish.com"
93.158.149.32 - - [15/May/2009:10:47:04 -0700] "GET /robots.txt HTTP/1.1" 404 275 "-" "Yandex/1.01.001 (compatible; Win16; I)" "roomfurnish.com"
93.158.149.32 - - [15/May/2009:10:47:05 -0700] "GET / HTTP/1.1" 200 1315 "-" "Yandex/1.01.001 (compatible; Win16; I)" "roomfurnish.com"
93.158.149.32 - - [15/May/2009:10:50:02 -0700] "GET /robots.txt HTTP/1.1" 404 275 "-" "Yandex/1.01.001 (compatible; Win16; I)" "www.roomfurnish.com"
93.158.149.32 - - [15/May/2009:10:50:02 -0700] "GET / HTTP/1.1" 200 1315 "-" "Yandex/1.01.001 (compatible; Win16; I)" "www.roomfurnish.com"
88.131.106.12 - - [15/May/2009:12:41:52 -0700] "GET /robots.txt HTTP/1.0" 404 275 "-" "Speedy Spider (http://www.entireweb.com/about/search_tech/speedy_spider/)" "roomfurnish.com"
88.131.106.12 - - [15/May/2009:12:41:53 -0700] "GET /g-2040.html HTTP/1.0" 404 275 "-" "Speedy Spider (http://www.entireweb.com/about/search_tech/speedy_spider/)" "roomfurnish.com"
88.131.106.12 - - [15/May/2009:12:41:54 -0700] "GET /g-1940.html HTTP/1.0" 404 275 "-" "Speedy Spider (http://www.entireweb.com/about/search_tech/speedy_spider/)" "roomfurnish.com"
88.131.106.12 - - [15/May/2009:12:41:56 -0700] "GET /g-1980.html HTTP/1.0" 404 275 "-" "Speedy Spider (http://www.entireweb.com/about/search_tech/speedy_spider/)" "roomfurnish.com"
88.131.106.12 - - [15/May/2009:13:09:30 -0700] "GET /291pompeisofa.html HTTP/1.0" 404 275 "-" "Speedy Spider (http://www.entireweb.com/about/search_tech/speedy_spider/)" "roomfurnish.com"
220.181.61.234 - - [15/May/2009:13:12:41 -0700] "GET / HTTP/1.1" 200 1315 "-" "Sogou web spider/4.0(+http://www.sogou.com/docs/help/webmasters.htm#07)" "www.roomfurnish.com"
88.131.106.12 - - [15/May/2009:13:22:13 -0700] "GET /boldsofagroup.html HTTP/1.0" 404 275 "-" "Speedy Spider (http://www.entireweb.com/about/search_tech/speedy_spider/)" "roomfurnish.com"
88.131.106.12 - - [15/May/2009:13:26:10 -0700] "GET /g-2043.html HTTP/1.0" 404 275 "-" "Speedy Spider (http://www.entireweb.com/about/search_tech/speedy_spider/)" "roomfurnish.com"
88.131.106.12 - - [15/May/2009:13:26:14 -0700] "GET /g-1883.html HTTP/1.0" 404 275 "-" "Speedy Spider (http://www.entireweb.com/about/search_tech/speedy_spider/)" "roomfurnish.com"
88.131.106.12 - - [15/May/2009:13:26:16 -0700] "GET /g-1943.html HTTP/1.0" 404 275 "-" "Speedy Spider (http://www.entireweb.com/about/search_tech/speedy_spider/)" "roomfurnish.com"
88.131.106.12 - - [15/May/2009:13:26:17 -0700] "GET /g-1983.html HTTP/1.0" 404 275 "-" "Speedy Spider (http://www.entireweb.com/about/search_tech/speedy_spider/)" "roomfurnish.com"
88.131.106.12 - - [15/May/2009:13:31:49 -0700] "GET /323pisasofa.html HTTP/1.0" 404 275 "-" "Speedy Spider (http://www.entireweb.com/about/search_tech/speedy_spider/)" "roomfurnish.com"
88.131.106.12 - - [15/May/2009:13:32:13 -0700] "GET /372pisasofa.html HTTP/1.0" 404 275 "-" "Speedy Spider (http://www.entireweb.com/about/search_tech/speedy_spider/)" "roomfurnish.com"
88.131.106.12 - - [15/May/2009:13:43:44 -0700] "GET /robots.txt HTTP/1.0" 404 275 "-" "Speedy Spider (http://www.entireweb.com/about/search_tech/speedy_spider/)" "www.roomfurnish.com"
88.131.106.12 - - [15/May/2009:13:43:45 -0700] "GET /a41.html HTTP/1.0" 404 275 "-" "Speedy Spider (http://www.entireweb.com/about/search_tech/speedy_spider/)" "www.roomfurnish.com"
88.131.106.12 - - [15/May/2009:13:43:52 -0700] "GET /g-1942.html HTTP/1.0" 404 275 "-" "Speedy Spider (http://www.entireweb.com/about/search_tech/speedy_spider/)" "roomfurnish.com"
88.131.106.12 - - [15/May/2009:13:43:54 -0700] "GET /g-1982.html HTTP/1.0" 404 275 "-" "Speedy Spider (http://www.entireweb.com/about/search_tech/speedy_spider/)" "roomfurnish.com"
88.131.106.12 - - [15/May/2009:13:59:12 -0700] "GET /342elenasofa.html HTTP/1.0" 404 275 "-" "Speedy Spider (http://www.entireweb.com/about/search_tech/speedy_spider/)" "roomfurnish.com"
88.131.106.12 - - [15/May/2009:14:00:52 -0700] "GET /a44.html HTTP/1.0" 404 275 "-" "Speedy Spider (http://www.entireweb.com/about/search_tech/speedy_spider/)" "www.roomfurnish.com"
88.131.106.12 - - [15/May/2009:14:01:02 -0700] "GET /g-1885.html HTTP/1.0" 404 275 "-" "Speedy Spider (http://www.entireweb.com/about/search_tech/speedy_spider/)" "roomfurnish.com"
88.131.106.12 - - [15/May/2009:14:01:03 -0700] "GET /g-1785.html HTTP/1.0" 404 275 "-" "Speedy Spider (http://www.entireweb.com/about/search_tech/speedy_spider/)" "roomfurnish.com"
88.131.106.12 - - [15/May/2009:14:18:18 -0700] "GET /g-1844.html HTTP/1.0" 404 275 "-" "Speedy Spider (http://www.entireweb.com/about/search_tech/speedy_spider/)" "roomfurnish.com"
88.131.106.12 - - [15/May/2009:14:18:19 -0700] "GET /g-1884.html HTTP/1.0" 404 275 "-" "Speedy Spider (http://www.entireweb.com/about/search_tech/speedy_spider/)" "roomfurnish.com"
88.131.106.12 - - [15/May/2009:14:18:21 -0700] "GET /g-1944.html HTTP/1.0" 404 275 "-" "Speedy Spider (http://www.entireweb.com/about/search_tech/speedy_spider/)" "roomfurnish.com"
88.131.106.12 - - [15/May/2009:14:18:22 -0700] "GET /g-1984.html HTTP/1.0" 404 275 "-" "Speedy Spider (http://www.entireweb.com/about/search_tech/speedy_spider/)" "roomfurnish.com"
88.131.106.12 - - [15/May/2009:14:33:42 -0700] "GET /a46.html HTTP/1.0" 404 275 "-" "Speedy Spider (http://www.entireweb.com/about/search_tech/speedy_spider/)" "www.roomfurnish.com"
88.131.106.12 - - [15/May/2009:14:33:45 -0700] "GET /g-1847.html HTTP/1.0" 404 275 "-" "Speedy Spider (http://www.entireweb.com/about/search_tech/speedy_spider/)" "roomfurnish.com"
88.131.106.12 - - [15/May/2009:14:33:53 -0700] "GET /g-1887.html HTTP/1.0" 404 275 "-" "Speedy Spider (http://www.entireweb.com/about/search_tech/speedy_spider/)" "roomfurnish.com"
88.131.106.12 - - [15/May/2009:14:33:55 -0700] "GET /g-1947.html HTTP/1.0" 404 275 "-" "Speedy Spider (http://www.entireweb.com/about/search_tech/speedy_spider/)" "roomfurnish.com"
88.131.106.12 - - [15/May/2009:14:33:57 -0700] "GET /g-1747.html HTTP/1.0" 404 275 "-" "Speedy Spider (http://www.entireweb.com/about/search_tech/speedy_spider/)" "roomfurnish.com"
88.131.106.12 - - [15/May/2009:14:41:36 -0700] "GET /287minitasofa.html HTTP/1.0" 404 275 "-" "Speedy Spider (http://www.entireweb.com/about/search_tech/speedy_spider/)" "roomfurnish.com"
88.131.106.12 - - [15/May/2009:14:42:30 -0700] "GET /a45.html HTTP/1.0" 404 275 "-" "Speedy Spider (http://www.entireweb.com/about/search_tech/speedy_spider/)" "www.roomfurnish.com"
88.131.106.12 - - [15/May/2009:14:42:33 -0700] "GET /g-1886.html HTTP/1.0" 404 275 "-" "Speedy Spider (http://www.entireweb.com/about/search_tech/speedy_spider/)" "roomfurnish.com"
88.131.106.12 - - [15/May/2009:14:42:34 -0700] "GET /g-1946.html HTTP/1.0" 404 275 "-" "Speedy Spider (http://www.entireweb.com/about/search_tech/speedy_spider/)" "roomfurnish.com"
88.131.106.12 - - [15/May/2009:14:50:21 -0700] "GET /a48.html HTTP/1.0" 404 275 "-" "Speedy Spider (http://www.entireweb.com/about/search_tech/speedy_spider/)" "www.roomfurnish.com"
88.131.106.12 - - [15/May/2009:14:50:29 -0700] "GET /g-1849.html HTTP/1.0" 404 275 "-" "Speedy Spider (http://www.entireweb.com/about/search_tech/speedy_spider/)" "roomfurnish.com"
88.131.106.12 - - [15/May/2009:14:50:31 -0700] "GET /g-1889.html HTTP/1.0" 404 275 "-" "Speedy Spider (http://www.entireweb.com/about/search_tech/speedy_spider/)" "roomfurnish.com"
88.131.106.12 - - [15/May/2009:14:50:33 -0700] "GET /g-1949.html HTTP/1.0" 404 275 "-" "Speedy Spider (http://www.entireweb.com/about/search_tech/speedy_spider/)" "roomfurnish.com"
88.131.106.12 - - [15/May/2009:14:59:31 -0700] "GET /g-1848.html HTTP/1.0" 404 275 "-" "Speedy Spider (http://www.entireweb.com/about/search_tech/speedy_spider/)" "roomfurnish.com"
88.131.106.12 - - [15/May/2009:14:59:33 -0700] "GET /g-1888.html HTTP/1.0" 404 275 "-" "Speedy Spider (http://www.entireweb.com/about/search_tech/speedy_spider/)" "roomfurnish.com"
88.131.106.12 - - [15/May/2009:14:59:34 -0700] "GET /g-1948.html HTTP/1.0" 404 275 "-" "Speedy Spider (http://www.entireweb.com/about/search_tech/speedy_spider/)" "roomfurnish.com"
193.47.80.40 - - [15/May/2009:15:24:58 -0700] "GET / HTTP/1.1" 200 1315 "-" "Mozilla/5.0 (compatible; Exabot/3.0; +http://www.exabot.com/go/robot)" "roomfurnish.com"
67.195.37.154 - - [15/May/2009:15:41:23 -0700] "GET / HTTP/1.0" 200 1315 "-" "Mozilla/5.0 (compatible; Yahoo! DE Slurp; http://help.yahoo.com/help/us/ysearch/slurp)" "www.roomfurnish.com"
216.31.170.200 - - [15/May/2009:16:18:09 -0700] "GET / HTTP/1.1" 200 1315 "-" "Mozilla/4.0 (compatible; MSIE 7.0; Windows NT 5.1; GTB5; .NET CLR 1.1.4322; .NET CLR 2.0.50727; .NET CLR 3.0.04506.30; .NET CLR 3.0.04506.648; InfoPath.1; OfficeLiveConnector.1.3; OfficeLivePatch.0.0; .NET CLR 3.0.4506.2152; .NET CLR 3.5.30729)" "www.roomfurnish.com"
216.31.170.200 - - [15/May/2009:16:18:14 -0700] "GET /favicon.ico HTTP/1.1" 404 275 "-" "Mozilla/5.0 (compatible; Google Desktop)" "roomfurnish.com"
88.131.106.12 - - [15/May/2009:20:46:09 -0700] "GET /robots.txt HTTP/1.0" 404 275 "-" "Speedy Spider (http://www.entireweb.com/about/search_tech/speedy_spider/)" "roomfurnish.com"
88.131.106.12 - - [15/May/2009:20:46:09 -0700] "GET /221almosofa.html HTTP/1.0" 404 275 "-" "Speedy Spider (http://www.entireweb.com/about/search_tech/speedy_spider/)" "roomfurnish.com"
88.131.106.12 - - [15/May/2009:20:53:10 -0700] "GET /322nicollesofa.html HTTP/1.0" 404 275 "-" "Speedy Spider (http://www.entireweb.com/about/search_tech/speedy_spider/)" "roomfurnish.com"
88.131.106.12 - - [15/May/2009:21:44:02 -0700] "GET /361fuziosofa.html HTTP/1.0" 404 275 "-" "Speedy Spider (http://www.entireweb.com/about/search_tech/speedy_spider/)" "roomfurnish.com"
88.131.106.12 - - [15/May/2009:21:52:18 -0700] "GET /terms.html HTTP/1.0" 404 275 "-" "Speedy Spider (http://www.entireweb.com/about/search_tech/speedy_spider/)" "roomfurnish.com"
74.6.22.101 - - [15/May/2009:22:24:54 -0700] "GET / HTTP/1.0" 200 1315 "-" "Mozilla/5.0 (compatible; Yahoo! Slurp/3.0; http://help.yahoo.com/help/us/ysearch/slurp)" "www.roomfurnish.com"
208.80.195.34 - - [15/May/2009:23:45:21 -0700] "GET / HTTP/1.0" 200 1315 "-" "Mozilla/4.0 (compatible; MSIE 6.0; Windows NT 5.1; YPC 3.0.1; SV1; .NET CLR 1.1.4322; HbTools 4.8.2; yplus 4.1.00b)" "roomfurnish.com"
208.80.195.34 - - [15/May/2009:23:45:21 -0700] "GET / HTTP/1.0" 200 1315 "-" "Mozilla/4.0 (compatible; MSIE 6.0; Windows NT 5.1; NN5.0.4.14; SV1)" "www.roomfurnish.com"
216.183.81.221 - - [16/May/2009:02:19:09 -0700] "GET / HTTP/1.1" 200 1315 "-" "Wget/1.8.2" "www.roomfurnish.com"
88.131.106.12 - - [16/May/2009:03:44:44 -0700] "GET /robots.txt HTTP/1.0" 404 275 "-" "Speedy Spider (http://www.entireweb.com/about/search_tech/speedy_spider/)" "roomfurnish.com"
88.131.106.12 - - [16/May/2009:03:44:45 -0700] "GET /c12hollandsofa.html HTTP/1.0" 404 275 "-" "Speedy Spider (http://www.entireweb.com/about/search_tech/speedy_spider/)" "roomfurnish.com"
88.131.106.12 - - [16/May/2009:03:50:20 -0700] "GET /s-872.html HTTP/1.0" 404 275 "-" "Speedy Spider (http://www.entireweb.com/about/search_tech/speedy_spider/)" "roomfurnish.com"
88.131.106.12 - - [16/May/2009:03:54:29 -0700] "GET /origincoffee.html HTTP/1.0" 404 275 "-" "Speedy Spider (http://www.entireweb.com/about/search_tech/speedy_spider/)" "roomfurnish.com"
74.6.30.119 - - [16/May/2009:04:40:47 -0700] "GET / HTTP/1.0" 200 1315 "-" "Mozilla/5.0 (compatible; Yahoo! DE Slurp; http://help.yahoo.com/help/us/ysearch/slurp)" "www.roomfurnish.com"
216.183.81.221 - - [16/May/2009:04:45:26 -0700] "GET / HTTP/1.1" 200 1315 "-" "Wget/1.8.2" "www.roomfurnish.com"
216.183.81.221 - - [16/May/2009:04:45:26 -0700] "GET / HTTP/1.1" 200 1315 "-" "Wget/1.8.2" "www.roomfurnish.com"
88.131.106.12 - - [16/May/2009:05:01:32 -0700] "GET /355florence.html HTTP/1.0" 404 275 "-" "Speedy Spider (http://www.entireweb.com/about/search_tech/speedy_spider/)" "roomfurnish.com"
119.63.194.49 - - [16/May/2009:06:03:53 -0700] "GET / HTTP/1.1" 200 1315 "-" "Baiduspider+(+http://www.baidu.jp/spider/)" "roomfurnish.com"
124.103.61.65 - - [16/May/2009:06:43:50 -0700] "GET / HTTP/1.1" 200 1315 "-" "Mozilla/4.0 (compatible; MSIE 7.0; Windows NT 5.1; GTB5; .NET CLR 1.1.4322; .NET CLR 2.0.50727)" "www.roomfurnish.com"
144.118.29.83 - - [16/May/2009:12:21:06 -0700] "GET / HTTP/1.1" 200 1315 "-" "libwww-perl/5.79" "roomfurnish.com"
144.118.29.82 - - [16/May/2009:12:30:03 -0700] "GET / HTTP/1.1" 200 1315 "-" "libwww-perl/5.79" "roomfurnish.com"
65.55.209.25 - - [16/May/2009:13:23:47 -0700] "GET /robots.txt HTTP/1.1" 404 275 "-" "msnbot/1.1 (+http://search.msn.com/msnbot.htm)" "roomfurnish.com"
65.55.209.25 - - [16/May/2009:13:23:47 -0700] "GET / HTTP/1.1" 200 1315 "-" "msnbot/1.1 (+http://search.msn.com/msnbot.htm)" "roomfurnish.com"
88.131.106.12 - - [16/May/2009:14:55:15 -0700] "GET /robots.txt HTTP/1.0" 404 275 "-" "Speedy Spider (http://www.entireweb.com/about/search_tech/speedy_spider/)" "roomfurnish.com"
88.131.106.12 - - [16/May/2009:14:55:16 -0700] "GET /s-878.html HTTP/1.0" 404 275 "-" "Speedy Spider (http://www.entireweb.com/about/search_tech/speedy_spider/)" "roomfurnish.com"
88.131.106.12 - - [16/May/2009:15:09:47 -0700] "GET /358miniatosofa.html HTTP/1.0" 404 275 "-" "Speedy Spider (http://www.entireweb.com/about/search_tech/speedy_spider/)" "roomfurnish.com"
88.131.106.12 - - [16/May/2009:15:10:18 -0700] "GET /365masianosofa.html HTTP/1.0" 404 275 "-" "Speedy Spider (http://www.entireweb.com/about/search_tech/speedy_spider/)" "roomfurnish.com"
61.135.249.220 - - [16/May/2009:15:14:46 -0700] "GET /robots.txt HTTP/1.1" 404 275 "-" "Mozilla/5.0 (compatible; YoudaoBot/1.0; http://www.youdao.com/help/webmaster/spider/; )" "roomfurnish.com"
61.135.249.220 - - [16/May/2009:15:14:48 -0700] "GET / HTTP/1.1" 200 1315 "-" "Mozilla/5.0 (compatible; YoudaoBot/1.0; http://www.youdao.com/help/webmaster/spider/; )" "roomfurnish.com"
88.131.106.12 - - [16/May/2009:15:17:30 -0700] "GET /2005style.html HTTP/1.0" 404 275 "-" "Speedy Spider (http://www.entireweb.com/about/search_tech/speedy_spider/)" "roomfurnish.com"
88.131.106.12 - - [16/May/2009:15:18:31 -0700] "GET /2004style.html HTTP/1.0" 404 275 "-" "Speedy Spider (http://www.entireweb.com/about/search_tech/speedy_spider/)" "roomfurnish.com"
193.252.149.16 - - [16/May/2009:15:30:35 -0700] "GET /robots.txt HTTP/1.1" 404 275 "-" "Mozilla/5.0 (Windows; U; Windows NT 5.1; fr; rv:1.8.1) VoilaBot BETA 1.2 (support.voilabot@orange-ftgroup.com)" "roomfurnish.com"
193.252.149.16 - - [16/May/2009:15:30:39 -0700] "GET / HTTP/1.1" 200 1315 "-" "Mozilla/5.0 (Windows; U; Windows NT 5.1; fr; rv:1.8.1) VoilaBot BETA 1.2 (support.voilabot@orange-ftgroup.com)" "roomfurnish.com"
193.47.80.40 - - [16/May/2009:15:31:17 -0700] "GET /robots.txt HTTP/1.1" 404 275 "-" "Mozilla/5.0 (compatible; Exabot/3.0; +http://www.exabot.com/go/robot)" "roomfurnish.com"
193.47.80.40 - - [16/May/2009:15:31:17 -0700] "GET / HTTP/1.1" 200 1315 "-" "Mozilla/5.0 (compatible; Exabot/3.0; +http://www.exabot.com/go/robot)" "roomfurnish.com"
88.131.106.12 - - [16/May/2009:15:33:28 -0700] "GET /robots.txt HTTP/1.0" 404 275 "-" "Speedy Spider (http://www.entireweb.com/about/search_tech/speedy_spider/)" "www.roomfurnish.com"
88.131.106.12 - - [16/May/2009:15:33:29 -0700] "GET /336brso.html HTTP/1.0" 404 275 "-" "Speedy Spider (http://www.entireweb.com/about/search_tech/speedy_spider/)" "www.roomfurnish.com"
88.131.106.12 - - [16/May/2009:15:34:24 -0700] "GET /306poso.html HTTP/1.0" 404 275 "-" "Speedy Spider (http://www.entireweb.com/about/search_tech/speedy_spider/)" "roomfurnish.com"
88.131.106.12 - - [16/May/2009:15:38:05 -0700] "GET /236caso.html HTTP/1.0" 404 275 "-" "Speedy Spider (http://www.entireweb.com/about/search_tech/speedy_spider/)" "roomfurnish.com"
88.131.106.12 - - [16/May/2009:15:38:12 -0700] "GET /298vaso.html HTTP/1.0" 404 275 "-" "Speedy Spider (http://www.entireweb.com/about/search_tech/speedy_spider/)" "roomfurnish.com"
88.131.106.12 - - [16/May/2009:15:38:15 -0700] "GET /295soso.html HTTP/1.0" 404 275 "-" "Speedy Spider (http://www.entireweb.com/about/search_tech/speedy_spider/)" "roomfurnish.com"
88.131.106.12 - - [16/May/2009:15:38:16 -0700] "GET /212giso.html HTTP/1.0" 404 275 "-" "Speedy Spider (http://www.entireweb.com/about/search_tech/speedy_spider/)" "roomfurnish.com"
88.131.106.12 - - [16/May/2009:15:54:38 -0700] "GET /a30.html HTTP/1.0" 404 275 "-" "Speedy Spider (http://www.entireweb.com/about/search_tech/speedy_spider/)" "roomfurnish.com"
88.131.106.12 - - [16/May/2009:15:54:43 -0700] "GET /g-2031.html HTTP/1.0" 404 275 "-" "Speedy Spider (http://www.entireweb.com/about/search_tech/speedy_spider/)" "roomfurnish.com"
88.131.106.12 - - [16/May/2009:15:54:44 -0700] "GET /g-2131.html HTTP/1.0" 404 275 "-" "Speedy Spider (http://www.entireweb.com/about/search_tech/speedy_spider/)" "roomfurnish.com"
88.131.106.12 - - [16/May/2009:15:54:52 -0700] "GET /g-1931.html HTTP/1.0" 404 275 "-" "Speedy Spider (http://www.entireweb.com/about/search_tech/speedy_spider/)" "roomfurnish.com"
88.131.106.12 - - [16/May/2009:16:04:23 -0700] "GET /950imso.html HTTP/1.0" 404 275 "-" "Speedy Spider (http://www.entireweb.com/about/search_tech/speedy_spider/)" "roomfurnish.com"
88.131.106.12 - - [16/May/2009:16:05:47 -0700] "GET /comfysofagroup.html HTTP/1.0" 404 275 "-" "Speedy Spider (http://www.entireweb.com/about/search_tech/speedy_spider/)" "roomfurnish.com"
88.131.106.12 - - [16/May/2009:16:06:44 -0700] "GET /g-2130.html HTTP/1.0" 404 275 "-" "Speedy Spider (http://www.entireweb.com/about/search_tech/speedy_spider/)" "roomfurnish.com"
88.131.106.12 - - [16/May/2009:16:06:47 -0700] "GET /g-1930.html HTTP/1.0" 404 275 "-" "Speedy Spider (http://www.entireweb.com/about/search_tech/speedy_spider/)" "roomfurnish.com"
193.252.149.14 - - [16/May/2009:16:11:14 -0700] "GET /robots.txt HTTP/1.1" 404 275 "-" "Mozilla/5.0 (Windows; U; Windows NT 5.1; fr; rv:1.8.1) VoilaBot BETA 1.2 (support.voilabot@orange-ftgroup.com)" "www.roomfurnish.com"
193.252.149.14 - - [16/May/2009:16:11:16 -0700] "GET / HTTP/1.1" 200 1315 "-" "Mozilla/5.0 (Windows; U; Windows NT 5.1; fr; rv:1.8.1) VoilaBot BETA 1.2 (support.voilabot@orange-ftgroup.com)" "www.roomfurnish.com"
88.131.106.12 - - [16/May/2009:16:12:21 -0700] "GET /a41cach.html HTTP/1.0" 404 275 "-" "Speedy Spider (http://www.entireweb.com/about/search_tech/speedy_spider/)" "roomfurnish.com"
88.131.106.12 - - [16/May/2009:16:12:59 -0700] "GET /g-2033.html HTTP/1.0" 404 275 "-" "Speedy Spider (http://www.entireweb.com/about/search_tech/speedy_spider/)" "roomfurnish.com"
88.131.106.12 - - [16/May/2009:16:13:01 -0700] "GET /g-1933.html HTTP/1.0" 404 275 "-" "Speedy Spider (http://www.entireweb.com/about/search_tech/speedy_spider/)" "roomfurnish.com"
67.195.37.154 - - [16/May/2009:16:15:38 -0700] "GET / HTTP/1.0" 200 1315 "-" "Mozilla/5.0 (compatible; Yahoo! DE Slurp; http://help.yahoo.com/help/us/ysearch/slurp)" "www.roomfurnish.com"
88.131.106.12 - - [16/May/2009:20:15:24 -0700] "GET /robots.txt HTTP/1.0" 404 275 "-" "Speedy Spider (http://www.entireweb.com/about/search_tech/speedy_spider/)" "roomfurnish.com"
88.131.106.12 - - [16/May/2009:20:15:24 -0700] "GET / HTTP/1.0" 200 1315 "-" "Speedy Spider (http://www.entireweb.com/about/search_tech/speedy_spider/)" "roomfurnish.com"
88.131.106.12 - - [16/May/2009:21:20:22 -0700] "GET /lb-11.html HTTP/1.0" 404 275 "-" "Speedy Spider (http://www.entireweb.com/about/search_tech/speedy_spider/)" "roomfurnish.com"
216.183.81.221 - - [16/May/2009:21:38:00 -0700] "GET / HTTP/1.1" 200 1315 "-" "Wget/1.8.2" "www.roomfurnish.com"
88.131.106.12 - - [16/May/2009:21:42:19 -0700] "GET /b359monzasofa.html HTTP/1.0" 404 275 "-" "Speedy Spider (http://www.entireweb.com/about/search_tech/speedy_spider/)" "roomfurnish.com"
88.131.106.12 - - [16/May/2009:22:21:38 -0700] "GET /contactus.html HTTP/1.0" 404 275 "-" "Speedy Spider (http://www.entireweb.com/about/search_tech/speedy_spider/)" "roomfurnish.com"
88.131.106.12 - - [16/May/2009:22:23:59 -0700] "GET /s-890.html HTTP/1.0" 404 275 "-" "Speedy Spider (http://www.entireweb.com/about/search_tech/speedy_spider/)" "roomfurnish.com"
208.80.195.34 - - [17/May/2009:00:45:05 -0700] "GET / HTTP/1.0" 200 1315 "-" "Mozilla/4.0 (compatible; MSIE 6.0; Windows NT 5.0; {89B138B8-D3CD-4255-D278-6C92AC2DA7AB}; FunWebProducts; .NET CLR 1.1.4322)" "roomfurnish.com"
208.80.195.34 - - [17/May/2009:00:45:05 -0700] "GET / HTTP/1.0" 200 1315 "-" "Mozilla/4.0 (compatible; MSIE 7.0; Windows NT 5.1; {317C7AAC-6299-9769-3019-9D3068F302D7}; IEMB3; IEMB3)" "www.roomfurnish.com"
88.131.106.12 - - [17/May/2009:03:10:18 -0700] "GET /robots.txt HTTP/1.0" 404 275 "-" "Speedy Spider (http://www.entireweb.com/about/search_tech/speedy_spider/)" "roomfurnish.com"
88.131.106.12 - - [17/May/2009:03:10:18 -0700] "GET /s-893.html HTTP/1.0" 404 275 "-" "Speedy Spider (http://www.entireweb.com/about/search_tech/speedy_spider/)" "roomfurnish.com"
88.131.106.12 - - [17/May/2009:03:44:43 -0700] "GET /258rosssofa.html HTTP/1.0" 404 275 "-" "Speedy Spider (http://www.entireweb.com/about/search_tech/speedy_spider/)" "roomfurnish.com"
88.131.106.12 - - [17/May/2009:03:46:03 -0700] "GET /351romasofa.html HTTP/1.0" 404 275 "-" "Speedy Spider (http://www.entireweb.com/about/search_tech/speedy_spider/)" "roomfurnish.com"
88.131.106.12 - - [17/May/2009:03:46:41 -0700] "GET /212boldsofa.html HTTP/1.0" 404 275 "-" "Speedy Spider (http://www.entireweb.com/about/search_tech/speedy_spider/)" "roomfurnish.com"
88.131.106.12 - - [17/May/2009:03:59:12 -0700] "GET /lb-12.html HTTP/1.0" 404 275 "-" "Speedy Spider (http://www.entireweb.com/about/search_tech/speedy_spider/)" "roomfurnish.com"
88.131.106.12 - - [17/May/2009:04:26:06 -0700] "GET /sectionalsofa.html HTTP/1.0" 404 275 "-" "Speedy Spider (http://www.entireweb.com/about/search_tech/speedy_spider/)" "roomfurnish.com"
74.6.30.119 - - [17/May/2009:07:31:24 -0700] "GET / HTTP/1.0" 200 1315 "-" "Mozilla/5.0 (compatible; Yahoo! DE Slurp; http://help.yahoo.com/help/us/ysearch/slurp)" "www.roomfurnish.com"
