88.131.106.12 - - [13/Jun/2009:13:01:24 -0700] "GET /300briosofa.html HTTP/1.0" 404 275 "-" "Speedy Spider (http://www.entireweb.com/about/search_tech/speedy_spider/)" "roomfurnish.com"
93.158.145.28 - - [13/Jun/2009:13:14:59 -0700] "GET /robots.txt HTTP/1.1" 404 275 "-" "YandexSomething/1.0" "roomfurnish.com"
93.158.145.28 - - [13/Jun/2009:13:15:30 -0700] "GET /robots.txt HTTP/1.1" 404 275 "-" "YandexSomething/1.0" "www.roomfurnish.com"
93.158.145.28 - - [13/Jun/2009:13:15:45 -0700] "GET / HTTP/1.1" 200 1315 "-" "YandexSomething/1.0" "roomfurnish.com"
93.158.145.28 - - [13/Jun/2009:13:16:48 -0700] "GET / HTTP/1.1" 200 1315 "-" "YandexSomething/1.0" "www.roomfurnish.com"
193.47.80.40 - - [13/Jun/2009:15:26:03 -0700] "GET / HTTP/1.1" 200 1315 "-" "Mozilla/5.0 (compatible; Exabot/3.0; +http://www.exabot.com/go/robot)" "roomfurnish.com"
66.249.66.242 - - [13/Jun/2009:23:46:51 -0700] "GET /robots.txt HTTP/1.1" 404 275 "-" "Mozilla/5.0 (iPhone; U; CPU like Mac OS X; en) AppleWebKit/420+ (KHTML, like Gecko) Version/3.0 Mobile/1A543a Safari/419.3 (compatible; Googlebot-Mobile/2.1; +http://www.google.com/bot.html)" "roomfurnish.com"
66.249.66.242 - - [13/Jun/2009:23:46:51 -0700] "GET /index.html HTTP/1.1" 200 1315 "-" "Mozilla/5.0 (iPhone; U; CPU like Mac OS X; en) AppleWebKit/420+ (KHTML, like Gecko) Version/3.0 Mobile/1A543a Safari/419.3 (compatible; Googlebot-Mobile/2.1; +http://www.google.com/bot.html)" "roomfurnish.com"
208.80.195.34 - - [14/Jun/2009:02:33:12 -0700] "GET / HTTP/1.0" 200 1315 "-" "Mozilla/4.0 (compatible; MSIE 6.0; Windows NT 5.1; SV1; .NET CLR 1.0.3705; .NET CLR 1.1.4322; Media Center PC 4.0; InfoPath.1; yplus 5.1.04b)" "www.roomfurnish.com"
208.80.195.34 - - [14/Jun/2009:02:33:12 -0700] "GET / HTTP/1.0" 200 1315 "-" "Mozilla/4.0 (compatible; MSIE 6.0; Windows 98; PalmSource/hspr-H102; Blazer/4.0) 16;320x320" "roomfurnish.com"
74.6.30.119 - - [14/Jun/2009:05:39:40 -0700] "GET / HTTP/1.0" 200 1315 "-" "Mozilla/5.0 (compatible; Yahoo! DE Slurp; http://help.yahoo.com/help/us/ysearch/slurp)" "www.roomfurnish.com"
67.195.37.154 - - [14/Jun/2009:06:34:05 -0700] "GET / HTTP/1.0" 200 1315 "-" "Mozilla/5.0 (compatible; Yahoo! DE Slurp; http://help.yahoo.com/help/us/ysearch/slurp)" "www.roomfurnish.com"
114.80.93.71 - - [14/Jun/2009:08:44:39 -0700] "GET / HTTP/1.1" 200 1315 "http://www.roomfurnish.com/" "Mozilla/4.0 (compatible; MSIE 6.0; Windows NT 5.1)" "www.roomfurnish.com"
119.63.194.49 - - [14/Jun/2009:11:20:40 -0700] "GET / HTTP/1.1" 200 1315 "-" "Baiduspider+(+http://www.baidu.jp/spider/)" "roomfurnish.com"
216.64.169.240 - - [14/Jun/2009:12:08:22 -0700] "GET / HTTP/1.1" 200 1315 "-" "Mozilla/4.0 (compatible; MSIE 6.0; Windows NT 5.0; .NET CLR 1.0.3705; .NET CLR 1.1.4322)" "roomfurnish.com"
61.135.249.220 - - [14/Jun/2009:12:27:58 -0700] "GET /robots.txt HTTP/1.1" 404 275 "-" "Mozilla/5.0 (compatible; YoudaoBot/1.0; http://www.youdao.com/help/webmaster/spider/; )" "roomfurnish.com"
61.135.249.220 - - [14/Jun/2009:12:28:19 -0700] "GET / HTTP/1.1" 200 1315 "-" "Mozilla/5.0 (compatible; YoudaoBot/1.0; http://www.youdao.com/help/webmaster/spider/; )" "roomfurnish.com"
193.47.80.40 - - [14/Jun/2009:15:25:32 -0700] "GET /robots.txt HTTP/1.1" 404 275 "-" "Mozilla/5.0 (compatible; Exabot/3.0; +http://www.exabot.com/go/robot)" "roomfurnish.com"
193.47.80.40 - - [14/Jun/2009:15:25:32 -0700] "GET / HTTP/1.1" 200 1315 "-" "Mozilla/5.0 (compatible; Exabot/3.0; +http://www.exabot.com/go/robot)" "roomfurnish.com"
64.124.140.226 - - [14/Jun/2009:17:45:59 -0700] "GET /robots.txt HTTP/1.1" 404 275 "-" "Mozilla/5.0 (compatible; FatBot 2.0; http://www.thefind.com/crawler)" "roomfurnish.com"
64.124.140.226 - - [14/Jun/2009:17:48:38 -0700] "GET / HTTP/1.1" 200 1315 "-" "Mozilla/5.0 (compatible; FatBot 2.0; http://www.thefind.com/crawler)" "roomfurnish.com"
193.252.149.14 - - [14/Jun/2009:22:17:11 -0700] "GET / HTTP/1.1" 200 1315 "-" "Mozilla/5.0 (Windows; U; Windows NT 5.1; fr; rv:1.8.1) VoilaBot BETA 1.2 (support.voilabot@orange-ftgroup.com)" "www.roomfurnish.com"
208.80.195.42 - - [14/Jun/2009:23:05:47 -0700] "GET / HTTP/1.0" 200 1315 "-" "Mozilla/4.0 (compatible; MSIE 7.0; Windows NT 6.0; SLCC1; .NET CLR 2.0.50727; .NET CLR 3.0.04506; .NET CLR 1.1.4322; IEMB3)" "roomfurnish.com"
208.80.195.42 - - [14/Jun/2009:23:05:47 -0700] "GET / HTTP/1.0" 200 1315 "-" "Mozilla/4.0 (compatible; MSIE 6.0; Windows NT 5.1; {4C782700-B603-E9F6-7230-16054D597DC1}; Sgrunt|V110|29|S839718926|dial; Sgrunt|V110|29|S839718926|dialno; snprtz|T13537600000230|2600#Service Pack 2#2#5#1)" "www.roomfurnish.com"
207.126.224.241 - - [15/Jun/2009:01:11:59 -0700] "GET / HTTP/1.0" 200 1315 "-" "Mozilla/4.05 [en]" "www.roomfurnish.com"
74.6.30.119 - - [15/Jun/2009:06:16:46 -0700] "GET / HTTP/1.0" 200 1315 "-" "Mozilla/5.0 (compatible; Yahoo! DE Slurp; http://help.yahoo.com/help/us/ysearch/slurp)" "www.roomfurnish.com"
67.195.37.154 - - [15/Jun/2009:07:04:25 -0700] "GET / HTTP/1.0" 200 1315 "-" "Mozilla/5.0 (compatible; Yahoo! DE Slurp; http://help.yahoo.com/help/us/ysearch/slurp)" "www.roomfurnish.com"
114.80.93.71 - - [15/Jun/2009:08:29:42 -0700] "GET / HTTP/1.1" 200 1315 "http://www.roomfurnish.com/" "Mozilla/4.0 (compatible; MSIE 6.0; Windows NT 5.1)" "www.roomfurnish.com"
193.252.149.16 - - [15/Jun/2009:09:40:48 -0700] "GET / HTTP/1.1" 200 1315 "-" "Mozilla/5.0 (Windows; U; Windows NT 5.1; fr; rv:1.8.1) VoilaBot BETA 1.2 (support.voilabot@orange-ftgroup.com)" "roomfurnish.com"
122.167.45.68 - - [15/Jun/2009:10:31:40 -0700] "GET / HTTP/1.1" 200 1315 "http://www.synapse.co.in/clients/b2c_yahoostore_homefurnish.shtml" "Mozilla/5.0 (Windows; U; Windows NT 5.1; en-US; rv:1.9.0.10) Gecko/2009042316 Firefox/3.0.10" "www.roomfurnish.com"
122.167.45.68 - - [15/Jun/2009:10:31:44 -0700] "GET /favicon.ico HTTP/1.1" 404 275 "-" "Mozilla/5.0 (Windows; U; Windows NT 5.1; en-US; rv:1.9.0.10) Gecko/2009042316 Firefox/3.0.10" "www.roomfurnish.com"
122.167.45.68 - - [15/Jun/2009:10:31:47 -0700] "GET /favicon.ico HTTP/1.1" 404 275 "-" "Mozilla/5.0 (Windows; U; Windows NT 5.1; en-US; rv:1.9.0.10) Gecko/2009042316 Firefox/3.0.10" "www.roomfurnish.com"
38.98.120.69 - - [15/Jun/2009:12:31:31 -0700] "GET /robots.txt HTTP/1.0" 404 275 "-" "ShopWiki/1.0 ( +http://www.shopwiki.com/wiki/Help:Bot)" "www.roomfurnish.com"
38.98.120.69 - - [15/Jun/2009:12:31:31 -0700] "GET / HTTP/1.1" 200 1315 "-" "ShopWiki/1.0 ( +http://www.shopwiki.com/wiki/Help:Bot)" "www.roomfurnish.com"
38.98.120.69 - - [15/Jun/2009:12:31:32 -0700] "GET / HTTP/1.1" 200 1315 "-" "ShopWiki/1.0 ( +http://www.shopwiki.com/wiki/Help:Bot)" "www.roomfurnish.com"
220.181.61.234 - - [15/Jun/2009:14:34:53 -0700] "GET / HTTP/1.1" 200 1315 "-" "Sogou web spider/4.0(+http://www.sogou.com/docs/help/webmasters.htm#07)" "www.roomfurnish.com"
193.47.80.40 - - [15/Jun/2009:15:23:40 -0700] "GET / HTTP/1.1" 200 1315 "-" "Mozilla/5.0 (compatible; Exabot/3.0; +http://www.exabot.com/go/robot)" "roomfurnish.com"
216.31.170.200 - - [15/Jun/2009:17:20:12 -0700] "GET / HTTP/1.1" 200 1315 "-" "Mozilla/4.0 (compatible; MSIE 7.0; Windows NT 5.1; GTB6; .NET CLR 1.1.4322; .NET CLR 2.0.50727; .NET CLR 3.0.04506.30; .NET CLR 3.0.04506.648; InfoPath.1; OfficeLiveConnector.1.3; OfficeLivePatch.0.0; .NET CLR 3.0.4506.2152; .NET CLR 3.5.30729)" "www.roomfurnish.com"
216.31.170.200 - - [15/Jun/2009:17:20:13 -0700] "GET /favicon.ico HTTP/1.1" 404 275 "-" "Mozilla/4.0 (compatible; MSIE 7.0; Windows NT 5.1; GTB6; .NET CLR 1.1.4322; .NET CLR 2.0.50727; .NET CLR 3.0.04506.30; .NET CLR 3.0.04506.648; InfoPath.1; OfficeLiveConnector.1.3; OfficeLivePatch.0.0; .NET CLR 3.0.4506.2152; .NET CLR 3.5.30729)" "www.roomfurnish.com"
216.31.170.200 - - [15/Jun/2009:17:20:14 -0700] "GET /favicon.ico HTTP/1.1" 404 275 "-" "Mozilla/5.0 (compatible; Google Desktop)" "www.roomfurnish.com"
208.80.195.31 - - [15/Jun/2009:19:56:33 -0700] "GET / HTTP/1.0" 200 1315 "-" "Mozilla/4.0 (compatible; MSIE 6.0; Windows NT 5.1; SV1; YPC 3.2.0; FunWebProducts; .NET CLR 1.1.4322; .NET CLR 2.0.50727; yplus 5.5.01b)" "roomfurnish.com"
208.80.195.31 - - [15/Jun/2009:19:56:33 -0700] "GET / HTTP/1.0" 200 1315 "-" "Mozilla/4.0 (compatible; MSIE 7.0; Windows NT 5.1; .NET CLR 1.0.3705; .NET CLR 1.1.4322; Media Center PC 4.0) Netscape/8.0.3.4" "www.roomfurnish.com"
220.181.61.227 - - [15/Jun/2009:21:00:01 -0700] "GET /robots.txt HTTP/1.1" 404 275 "-" "-" "roomfurnish.com"
220.181.61.227 - - [15/Jun/2009:21:00:21 -0700] "GET / HTTP/1.1" 200 1315 "-" "Sogou web spider/4.0(+http://www.sogou.com/docs/help/webmasters.htm#07)" "roomfurnish.com"
94.100.181.241 - - [16/Jun/2009:00:28:13 -0700] "GET /robots.txt HTTP/1.0" 404 275 "-" "Mail.Ru/1.0" "roomfurnish.com"
94.100.181.241 - - [16/Jun/2009:00:28:13 -0700] "GET / HTTP/1.0" 200 1315 "-" "Mail.Ru/1.0" "roomfurnish.com"
66.249.68.70 - - [16/Jun/2009:04:37:54 -0700] "GET /robots.txt HTTP/1.1" 404 275 "-" "Mozilla/5.0 (iPhone; U; CPU like Mac OS X; en) AppleWebKit/420+ (KHTML, like Gecko) Version/3.0 Mobile/1A543a Safari/419.3 (compatible; Googlebot-Mobile/2.1; +http://www.google.com/bot.html)" "www.roomfurnish.com"
66.249.68.70 - - [16/Jun/2009:04:37:54 -0700] "GET / HTTP/1.1" 200 1315 "-" "Mozilla/5.0 (iPhone; U; CPU like Mac OS X; en) AppleWebKit/420+ (KHTML, like Gecko) Version/3.0 Mobile/1A543a Safari/419.3 (compatible; Googlebot-Mobile/2.1; +http://www.google.com/bot.html)" "www.roomfurnish.com"
65.55.209.14 - - [16/Jun/2009:07:12:15 -0700] "GET /robots.txt HTTP/1.1" 404 275 "-" "msnbot/1.1 (+http://search.msn.com/msnbot.htm)" "roomfurnish.com"
65.55.209.14 - - [16/Jun/2009:07:12:16 -0700] "GET / HTTP/1.1" 200 1315 "-" "msnbot/1.1 (+http://search.msn.com/msnbot.htm)" "roomfurnish.com"
208.101.80.78 - - [16/Jun/2009:07:29:11 -0700] "GET /queensleeper1.html HTTP/1.1" 404 275 "http://www.thefurniturecatalog.com/?ysc=Beds&yss=201" "Mozilla/4.0 (compatible; MSIE 7.0; Windows NT 6.0; SLCC1; .NET CLR 2.0.50727; Media Center PC 5.0; .NET CLR 3.0.04506)" "www.roomfurnish.com"
114.80.93.71 - - [16/Jun/2009:07:36:02 -0700] "GET / HTTP/1.1" 200 1315 "http://www.roomfurnish.com/" "Mozilla/4.0 (compatible; MSIE 6.0; Windows NT 5.1)" "www.roomfurnish.com"
114.80.93.71 - - [16/Jun/2009:07:36:03 -0700] "GET / HTTP/1.1" 200 1315 "http://www.roomfurnish.com/" "Mozilla/4.0 (compatible; MSIE 6.0; Windows NT 5.1)" "www.roomfurnish.com"
67.195.37.154 - - [16/Jun/2009:07:47:23 -0700] "GET / HTTP/1.0" 200 1315 "-" "Mozilla/5.0 (compatible; Yahoo! DE Slurp; http://help.yahoo.com/help/us/ysearch/slurp)" "www.roomfurnish.com"
58.61.164.140 - - [16/Jun/2009:08:12:37 -0700] "GET /robots.txt HTTP/1.1" 404 275 "http://www.roomfurnish.com/robots.txt" "Sosospider+(+http://help.soso.com/webspider.htm)" "www.roomfurnish.com"
74.6.30.119 - - [16/Jun/2009:08:42:19 -0700] "GET / HTTP/1.0" 200 1315 "-" "Mozilla/5.0 (compatible; Yahoo! DE Slurp; http://help.yahoo.com/help/us/ysearch/slurp)" "www.roomfurnish.com"
38.98.120.78 - - [16/Jun/2009:10:20:06 -0700] "GET /robots.txt HTTP/1.1" 404 275 "-" "ShopWiki/1.0 ( +http://www.shopwiki.com/wiki/Help:Bot)" "www.roomfurnish.com"
38.98.120.78 - - [16/Jun/2009:10:20:06 -0700] "GET / HTTP/1.1" 200 1315 "-" "ShopWiki/1.0 ( +http://www.shopwiki.com/wiki/Help:Bot)" "www.roomfurnish.com"
124.115.2.231 - - [16/Jun/2009:13:01:21 -0700] "GET /robots.txt HTTP/1.1" 404 275 "http://www.roomfurnish.com/robots.txt" "Mozilla/4.0 (compatible; MSIE 6.0; Windows NT 5.1)" "www.roomfurnish.com"
90.183.39.17 - - [16/Jun/2009:13:18:47 -0700] "GET /robots.txt HTTP/1.1" 404 275 "-" "holmes/3.12.4 (http://morfeo.centrum.cz/bot)" "roomfurnish.com"
193.47.80.40 - - [16/Jun/2009:15:25:36 -0700] "GET /robots.txt HTTP/1.1" 404 275 "-" "Mozilla/5.0 (compatible; Exabot/3.0; +http://www.exabot.com/go/robot)" "roomfurnish.com"
193.47.80.40 - - [16/Jun/2009:15:25:37 -0700] "GET / HTTP/1.1" 200 1315 "-" "Mozilla/5.0 (compatible; Exabot/3.0; +http://www.exabot.com/go/robot)" "roomfurnish.com"
208.80.195.36 - - [16/Jun/2009:16:54:46 -0700] "GET / HTTP/1.0" 200 1315 "-" "Mozilla/4.0 (compatible; MSIE 6.0; Windows NT 5.1; SV1; Hotbar4.5.3.0; .NET CLR 1.0.3705; .NET CLR 1.1.4322; .NET CLR 2.0.50727)" "roomfurnish.com"
208.80.195.36 - - [16/Jun/2009:16:54:46 -0700] "GET / HTTP/1.0" 200 1315 "-" "Mozilla/4.0 (compatible; MSIE 6.0; Windows NT 5.1; SV1; sbcydsl 3.12; YComp 5.0.0.0; ZangoToolbar 4.8.3; yplus 3.01)" "www.roomfurnish.com"
219.131.196.66 - - [16/Jun/2009:17:22:00 -0700] "GET / HTTP/1.1" 200 1315 "-" "Mozilla/4.0 (compatible; MSIE 6.0; Windows NT 5.1; SV1)" "roomfurnish.com"
192.129.3.46 - - [17/Jun/2009:03:38:58 -0700] "GET / HTTP/1.0" 200 1315 "-" "MSIE 6.0" "www.roomfurnish.com"
192.129.3.46 - - [17/Jun/2009:03:38:59 -0700] "GET / HTTP/1.0" 200 1315 "-" "MSIE 6.0" "www.roomfurnish.com"
192.129.3.46 - - [17/Jun/2009:03:38:59 -0700] "GET /javascript:Help( HTTP/1.0" 404 275 "-" "MSIE 6.0" "www.roomfurnish.com"
192.129.3.46 - - [17/Jun/2009:03:39:00 -0700] "GET /javascript:Help( HTTP/1.0" 404 275 "-" "MSIE 6.0" "www.roomfurnish.com"
65.55.37.228 - - [17/Jun/2009:07:49:01 -0700] "GET /robots.txt HTTP/1.1" 404 275 "-" "msnbot/1.1 (+http://search.msn.com/msnbot.htm)" "www.roomfurnish.com"
65.55.37.228 - - [17/Jun/2009:07:49:01 -0700] "GET / HTTP/1.1" 200 1315 "-" "msnbot/1.1 (+http://search.msn.com/msnbot.htm)" "www.roomfurnish.com"
67.195.37.154 - - [17/Jun/2009:08:25:19 -0700] "GET / HTTP/1.0" 200 1315 "-" "Mozilla/5.0 (compatible; Yahoo! DE Slurp; http://help.yahoo.com/help/us/ysearch/slurp)" "www.roomfurnish.com"
93.158.145.28 - - [17/Jun/2009:10:09:03 -0700] "GET /robots.txt HTTP/1.1" 404 275 "-" "YandexSomething/1.0" "www.roomfurnish.com"
93.158.145.28 - - [17/Jun/2009:10:09:04 -0700] "GET / HTTP/1.1" 200 1315 "-" "YandexSomething/1.0" "www.roomfurnish.com"
93.158.145.28 - - [17/Jun/2009:10:17:08 -0700] "GET /robots.txt HTTP/1.1" 404 275 "-" "YandexSomething/1.0" "roomfurnish.com"
93.158.145.28 - - [17/Jun/2009:10:17:09 -0700] "GET / HTTP/1.1" 200 1315 "-" "YandexSomething/1.0" "roomfurnish.com"
74.6.30.119 - - [17/Jun/2009:10:20:14 -0700] "GET / HTTP/1.0" 200 1315 "-" "Mozilla/5.0 (compatible; Yahoo! DE Slurp; http://help.yahoo.com/help/us/ysearch/slurp)" "www.roomfurnish.com"
208.80.195.41 - - [17/Jun/2009:13:05:32 -0700] "GET / HTTP/1.0" 200 1315 "-" "Mozilla/4.0 (compatible; MSIE 6.0; Windows NT 4.0; ADP-WBT)" "www.roomfurnish.com"
208.80.195.41 - - [17/Jun/2009:13:05:32 -0700] "GET / HTTP/1.0" 200 1315 "-" "Mozilla/4.0 (compatible; MSIE 6.0; AOL 9.0; Windows NT 5.1; SV1; FunWebProducts; .NET CLR 1.0.3705; .NET CLR 1.1.4322; Media Center PC 3.1; SpamBlockerUtility 4.8.4)" "roomfurnish.com"
38.98.120.80 - - [17/Jun/2009:13:15:11 -0700] "GET /robots.txt HTTP/1.1" 404 275 "-" "ShopWiki/1.0 ( +http://www.shopwiki.com/wiki/Help:Bot)" "www.roomfurnish.com"
38.98.120.80 - - [17/Jun/2009:13:15:13 -0700] "GET / HTTP/1.1" 200 1315 "-" "ShopWiki/1.0 ( +http://www.shopwiki.com/wiki/Help:Bot)" "www.roomfurnish.com"
220.181.61.234 - - [17/Jun/2009:14:53:58 -0700] "GET / HTTP/1.1" 200 1315 "-" "Sogou web spider/4.0(+http://www.sogou.com/docs/help/webmasters.htm#07)" "www.roomfurnish.com"
193.47.80.40 - - [17/Jun/2009:20:00:32 -0700] "GET /robots.txt HTTP/1.1" 404 275 "-" "Mozilla/5.0 (compatible; Exabot/3.0; +http://www.exabot.com/go/robot)" "roomfurnish.com"
193.47.80.40 - - [17/Jun/2009:20:00:32 -0700] "GET / HTTP/1.1" 200 1315 "-" "Mozilla/5.0 (compatible; Exabot/3.0; +http://www.exabot.com/go/robot)" "roomfurnish.com"
8.11.2.97 - - [17/Jun/2009:21:40:01 -0700] "GET /robots.txt HTTP/1.1" 404 275 "-" "ShopWiki/1.0 ( +http://www.shopwiki.com/wiki/Help:Bot)" "www.roomfurnish.com"
8.11.2.97 - - [17/Jun/2009:21:40:02 -0700] "GET / HTTP/1.1" 200 1315 "-" "ShopWiki/1.0 ( +http://www.shopwiki.com/wiki/Help:Bot)" "www.roomfurnish.com"
8.11.2.97 - - [17/Jun/2009:21:40:03 -0700] "GET / HTTP/1.1" 200 1315 "-" "ShopWiki/1.0 ( +http://www.shopwiki.com/wiki/Help:Bot)" "www.roomfurnish.com"
221.184.168.94 - - [17/Jun/2009:22:39:48 -0700] "GET / HTTP/1.1" 200 1315 "-" "Mozilla/4.0 (compatible; MSIE 7.0; Windows NT 5.1; GTB5; .NET CLR 1.1.4322; .NET CLR 2.0.50727)" "www.roomfurnish.com"
124.115.2.231 - - [17/Jun/2009:23:05:47 -0700] "GET /robots.txt HTTP/1.1" 404 275 "http://www.roomfurnish.com/robots.txt" "Mozilla/4.0 (compatible; MSIE 6.0; Windows NT 5.1)" "www.roomfurnish.com"
193.252.149.13 - - [18/Jun/2009:04:20:54 -0700] "GET /robots.txt HTTP/1.1" 404 275 "-" "Mozilla/5.0 (Windows; U; Windows NT 5.1; fr; rv:1.8.1) VoilaBot BETA 1.2 (support.voilabot@orange-ftgroup.com)" "www.roomfurnish.com"
193.252.149.13 - - [18/Jun/2009:04:20:56 -0700] "GET / HTTP/1.1" 200 1315 "-" "Mozilla/5.0 (Windows; U; Windows NT 5.1; fr; rv:1.8.1) VoilaBot BETA 1.2 (support.voilabot@orange-ftgroup.com)" "www.roomfurnish.com"
207.126.224.241 - - [18/Jun/2009:04:29:31 -0700] "GET / HTTP/1.0" 200 1315 "-" "Mozilla/4.05 [en]" "www.roomfurnish.com"
174.129.121.81 - - [18/Jun/2009:06:19:16 -0700] "GET /robots.txt HTTP/1.0" 404 275 "-" "SimilarPages/Nutch-1.0-dev (SimilarPages Nutch Crawler; http://www.similarpages.com; info@similarpages.com)" "roomfurnish.com"
174.129.121.81 - - [18/Jun/2009:06:19:16 -0700] "GET / HTTP/1.0" 200 1315 "-" "SimilarPages/Nutch-1.0-dev (SimilarPages Nutch Crawler; http://www.similarpages.com; info@similarpages.com)" "roomfurnish.com"
67.202.6.84 - - [18/Jun/2009:06:28:12 -0700] "GET /robots.txt HTTP/1.0" 404 275 "-" "SimilarPages/Nutch-1.0-dev (SimilarPages Nutch Crawler; http://www.similarpages.com; info@similarpages.com)" "www.roomfurnish.com"
67.202.6.84 - - [18/Jun/2009:06:28:12 -0700] "GET /favicon.ico HTTP/1.0" 404 275 "-" "SimilarPages/Nutch-1.0-dev (SimilarPages Nutch Crawler; http://www.similarpages.com; info@similarpages.com)" "www.roomfurnish.com"
67.195.37.154 - - [18/Jun/2009:08:49:04 -0700] "GET / HTTP/1.0" 200 1315 "-" "Mozilla/5.0 (compatible; Yahoo! DE Slurp; http://help.yahoo.com/help/us/ysearch/slurp)" "www.roomfurnish.com"
208.80.195.42 - - [18/Jun/2009:09:41:10 -0700] "GET / HTTP/1.0" 200 1315 "-" "Mozilla/4.0 (compatible; MSIE 7.0; Windows NT 5.1; snprtz|T05041833490253; .NET CLR 1.1.4322)" "roomfurnish.com"
208.80.195.42 - - [18/Jun/2009:09:41:10 -0700] "GET / HTTP/1.0" 200 1315 "-" "Mozilla/4.0 (compatible; MSIE 6.0; Windows NT 5.1; SV1; YPC 3.2.0; Tablet PC 1.7; .NET CLR 1.0.3705; .NET CLR 1.1.4322; yplus 5.1.04b)" "www.roomfurnish.com"
74.6.30.119 - - [18/Jun/2009:11:18:49 -0700] "GET / HTTP/1.0" 200 1315 "-" "Mozilla/5.0 (compatible; Yahoo! DE Slurp; http://help.yahoo.com/help/us/ysearch/slurp)" "www.roomfurnish.com"
87.118.124.11 - - [18/Jun/2009:11:51:36 -0700] "GET / HTTP/1.0" 200 1315 "roomfurnish.com/" "Mozilla/4.0 (compatible; MSIE 6.0; Windows 98; Win 9x 4.90)" "roomfurnish.com"
67.202.6.84 - - [18/Jun/2009:12:05:50 -0700] "GET /robots.txt HTTP/1.0" 404 275 "-" "SimilarPages/Nutch-1.0-dev (SimilarPages Nutch Crawler; http://www.similarpages.com; info@similarpages.com)" "www.roomfurnish.com"
67.202.6.84 - - [18/Jun/2009:12:05:51 -0700] "GET /favicon.ico HTTP/1.0" 404 275 "-" "SimilarPages/Nutch-1.0-dev (SimilarPages Nutch Crawler; http://www.similarpages.com; info@similarpages.com)" "www.roomfurnish.com"
79.111.113.203 - - [18/Jun/2009:14:40:11 -0700] "GET / HTTP/1.0" 200 1315 "http://nicevideo15.com/view/1/1401/0" "Mozilla/4.0 (compatible; MSIE 5.0; Windows 2000) Opera 6.0 [en]" "roomfurnish.com"
65.55.37.228 - - [18/Jun/2009:14:49:22 -0700] "GET /robots.txt HTTP/1.1" 404 275 "-" "msnbot/1.1 (+http://search.msn.com/msnbot.htm)" "www.roomfurnish.com"
65.55.37.228 - - [18/Jun/2009:14:49:22 -0700] "GET / HTTP/1.1" 200 1315 "-" "msnbot/1.1 (+http://search.msn.com/msnbot.htm)" "www.roomfurnish.com"
38.98.120.75 - - [18/Jun/2009:14:49:46 -0700] "GET /robots.txt HTTP/1.0" 404 275 "-" "ShopWiki/1.0 ( +http://www.shopwiki.com/wiki/Help:Bot)" "www.roomfurnish.com"
38.98.120.75 - - [18/Jun/2009:14:49:47 -0700] "GET / HTTP/1.1" 200 1315 "-" "ShopWiki/1.0 ( +http://www.shopwiki.com/wiki/Help:Bot)" "www.roomfurnish.com"
193.252.149.16 - - [18/Jun/2009:14:53:02 -0700] "GET /robots.txt HTTP/1.1" 404 275 "-" "Mozilla/5.0 (Windows; U; Windows NT 5.1; fr; rv:1.8.1) VoilaBot BETA 1.2 (support.voilabot@orange-ftgroup.com)" "roomfurnish.com"
193.252.149.16 - - [18/Jun/2009:14:53:17 -0700] "GET / HTTP/1.1" 200 1315 "-" "Mozilla/5.0 (Windows; U; Windows NT 5.1; fr; rv:1.8.1) VoilaBot BETA 1.2 (support.voilabot@orange-ftgroup.com)" "roomfurnish.com"
58.61.164.140 - - [18/Jun/2009:22:03:55 -0700] "GET /robots.txt HTTP/1.1" 404 275 "http://www.roomfurnish.com/robots.txt" "Sosospider+(+http://help.soso.com/webspider.htm)" "www.roomfurnish.com"
88.131.106.12 - - [19/Jun/2009:01:30:41 -0700] "GET /robots.txt HTTP/1.0" 404 275 "-" "Speedy Spider (http://www.entireweb.com/about/search_tech/speedy_spider/)" "roomfurnish.com"
88.131.106.12 - - [19/Jun/2009:01:30:43 -0700] "GET / HTTP/1.0" 200 1315 "-" "Speedy Spider (http://www.entireweb.com/about/search_tech/speedy_spider/)" "roomfurnish.com"
67.202.6.84 - - [19/Jun/2009:02:15:28 -0700] "GET /robots.txt HTTP/1.0" 404 275 "-" "SimilarPages/Nutch-1.0-dev (SimilarPages Nutch Crawler; http://www.similarpages.com; info@similarpages.com)" "roomfurnish.com"
67.202.6.84 - - [19/Jun/2009:02:15:28 -0700] "GET /favicon.ico HTTP/1.0" 404 275 "-" "SimilarPages/Nutch-1.0-dev (SimilarPages Nutch Crawler; http://www.similarpages.com; info@similarpages.com)" "roomfurnish.com"
65.55.37.228 - - [19/Jun/2009:04:18:09 -0700] "GET /robots.txt HTTP/1.1" 404 275 "-" "msnbot/1.1 (+http://search.msn.com/msnbot.htm)" "www.roomfurnish.com"
65.55.37.228 - - [19/Jun/2009:04:18:10 -0700] "GET / HTTP/1.1" 200 1315 "-" "msnbot/1.1 (+http://search.msn.com/msnbot.htm)" "www.roomfurnish.com"
220.255.7.212 - - [19/Jun/2009:05:22:43 -0700] "GET / HTTP/1.1" 200 1315 "-" "Mozilla/5.0 (Windows; U; Windows NT 5.1; en-US; rv:1.9.0.11) Gecko/2009060215 Firefox/3.0.11" "www.roomfurnish.com"
220.255.7.141 - - [19/Jun/2009:05:22:44 -0700] "GET /favicon.ico HTTP/1.1" 404 275 "-" "Mozilla/5.0 (Windows; U; Windows NT 5.1; en-US; rv:1.9.0.11) Gecko/2009060215 Firefox/3.0.11" "www.roomfurnish.com"
208.80.195.39 - - [19/Jun/2009:05:49:22 -0700] "GET / HTTP/1.0" 200 1315 "-" "Mozilla/4.0 (compatible; MSIE 6.0; Windows NT 5.1; istb 702; SV1; FunWebProducts; .NET CLR 1.1.4322)" "www.roomfurnish.com"
208.80.195.39 - - [19/Jun/2009:05:49:22 -0700] "GET / HTTP/1.0" 200 1315 "-" "Mozilla/4.0 (compatible; MSIE 6.0; America Online Browser 1.6-embedded; rev1.6; Windows NT 5.1; {15379924-D196-A88D-48A8-13ABCEA413C2}; .NET CLR 1.1.4322)" "roomfurnish.com"
174.129.151.89 - - [19/Jun/2009:07:27:16 -0700] "GET /robots.txt HTTP/1.0" 404 275 "-" "SimilarPages/Nutch-1.0-dev (SimilarPages Nutch Crawler; http://www.similarpages.com; info@similarpages.com)" "www.roomfurnish.com"
174.129.151.89 - - [19/Jun/2009:07:27:19 -0700] "GET /favicon.ico HTTP/1.0" 404 275 "-" "SimilarPages/Nutch-1.0-dev (SimilarPages Nutch Crawler; http://www.similarpages.com; info@similarpages.com)" "www.roomfurnish.com"
174.129.151.89 - - [19/Jun/2009:08:46:52 -0700] "GET /robots.txt HTTP/1.0" 404 275 "-" "SimilarPages/Nutch-1.0-dev (SimilarPages Nutch Crawler; http://www.similarpages.com; info@similarpages.com)" "roomfurnish.com"
174.129.151.89 - - [19/Jun/2009:08:46:52 -0700] "GET /favicon.ico HTTP/1.0" 404 275 "-" "SimilarPages/Nutch-1.0-dev (SimilarPages Nutch Crawler; http://www.similarpages.com; info@similarpages.com)" "roomfurnish.com"
67.195.37.154 - - [19/Jun/2009:09:28:55 -0700] "GET / HTTP/1.0" 200 1315 "-" "Mozilla/5.0 (compatible; Yahoo! DE Slurp; http://help.yahoo.com/help/us/ysearch/slurp)" "www.roomfurnish.com"
114.80.93.71 - - [19/Jun/2009:11:25:36 -0700] "GET / HTTP/1.1" 200 1315 "http://www.roomfurnish.com/" "Mozilla/4.0 (compatible; MSIE 6.0; Windows NT 5.1)" "www.roomfurnish.com"
74.6.30.119 - - [19/Jun/2009:11:48:27 -0700] "GET / HTTP/1.0" 200 1315 "-" "Mozilla/5.0 (compatible; Yahoo! DE Slurp; http://help.yahoo.com/help/us/ysearch/slurp)" "www.roomfurnish.com"
72.44.49.137 - - [19/Jun/2009:12:26:17 -0700] "GET /robots.txt HTTP/1.0" 404 275 "-" "SimilarPages/Nutch-1.0-dev (SimilarPages Nutch Crawler; http://www.similarpages.com; info@similarpages.com)" "www.roomfurnish.com"
72.44.49.137 - - [19/Jun/2009:12:26:20 -0700] "GET /favicon.ico HTTP/1.0" 404 275 "-" "SimilarPages/Nutch-1.0-dev (SimilarPages Nutch Crawler; http://www.similarpages.com; info@similarpages.com)" "www.roomfurnish.com"
72.44.49.137 - - [19/Jun/2009:13:35:27 -0700] "GET /robots.txt HTTP/1.0" 404 275 "-" "SimilarPages/Nutch-1.0-dev (SimilarPages Nutch Crawler; http://www.similarpages.com; info@similarpages.com)" "roomfurnish.com"
72.44.49.137 - - [19/Jun/2009:13:35:27 -0700] "GET /favicon.ico HTTP/1.0" 404 275 "-" "SimilarPages/Nutch-1.0-dev (SimilarPages Nutch Crawler; http://www.similarpages.com; info@similarpages.com)" "roomfurnish.com"
174.129.162.190 - - [19/Jun/2009:14:41:01 -0700] "GET /robots.txt HTTP/1.0" 404 275 "-" "SimilarPages/Nutch-1.0-dev (SimilarPages Nutch Crawler; http://www.similarpages.com; info@similarpages.com)" "www.roomfurnish.com"
174.129.162.190 - - [19/Jun/2009:14:41:04 -0700] "GET /favicon.ico HTTP/1.0" 404 275 "-" "SimilarPages/Nutch-1.0-dev (SimilarPages Nutch Crawler; http://www.similarpages.com; info@similarpages.com)" "www.roomfurnish.com"
193.47.80.40 - - [19/Jun/2009:15:18:57 -0700] "GET /robots.txt HTTP/1.1" 404 275 "-" "Mozilla/5.0 (compatible; Exabot/3.0; +http://www.exabot.com/go/robot)" "roomfurnish.com"
193.47.80.40 - - [19/Jun/2009:15:18:58 -0700] "GET / HTTP/1.1" 200 1315 "-" "Mozilla/5.0 (compatible; Exabot/3.0; +http://www.exabot.com/go/robot)" "roomfurnish.com"
174.129.162.190 - - [19/Jun/2009:15:51:51 -0700] "GET /robots.txt HTTP/1.0" 404 275 "-" "SimilarPages/Nutch-1.0-dev (SimilarPages Nutch Crawler; http://www.similarpages.com; info@similarpages.com)" "roomfurnish.com"
174.129.162.190 - - [19/Jun/2009:15:51:51 -0700] "GET /favicon.ico HTTP/1.0" 404 275 "-" "SimilarPages/Nutch-1.0-dev (SimilarPages Nutch Crawler; http://www.similarpages.com; info@similarpages.com)" "roomfurnish.com"
220.181.61.234 - - [19/Jun/2009:16:09:42 -0700] "GET / HTTP/1.1" 200 1315 "-" "Sogou web spider/4.0(+http://www.sogou.com/docs/help/webmasters.htm#07)" "www.roomfurnish.com"
208.80.195.51 - - [20/Jun/2009:02:06:35 -0700] "GET / HTTP/1.0" 200 1315 "-" "Mozilla/4.0 (compatible; MSIE 7.0; Windows NT 5.1; sbcydsl 3.12; YComp 5.0.0.0; .NET CLR 1.1.4322; .NET CLR 2.0.50727; .NET CLR 3.0.04506.30)" "roomfurnish.com"
208.80.195.51 - - [20/Jun/2009:02:06:35 -0700] "GET / HTTP/1.0" 200 1315 "-" "Mozilla/4.0 (compatible; MSIE 7.0; Windows NT 5.1; {659672F4-1344-4A1D-829E-C9A4CEBB1966})" "www.roomfurnish.com"
58.61.164.140 - - [20/Jun/2009:03:59:50 -0700] "GET /robots.txt HTTP/1.1" 404 275 "http://www.roomfurnish.com/robots.txt" "Sosospider+(+http://help.soso.com/webspider.htm)" "www.roomfurnish.com"
38.98.120.81 - - [20/Jun/2009:09:59:45 -0700] "GET /robots.txt HTTP/1.1" 404 275 "-" "ShopWiki/1.0 ( +http://www.shopwiki.com/wiki/Help:Bot)" "www.roomfurnish.com"
38.98.120.81 - - [20/Jun/2009:09:59:45 -0700] "GET / HTTP/1.1" 200 1315 "-" "ShopWiki/1.0 ( +http://www.shopwiki.com/wiki/Help:Bot)" "www.roomfurnish.com"
38.98.120.81 - - [20/Jun/2009:09:59:46 -0700] "GET / HTTP/1.1" 200 1315 "-" "ShopWiki/1.0 ( +http://www.shopwiki.com/wiki/Help:Bot)" "www.roomfurnish.com"
67.195.37.154 - - [20/Jun/2009:10:17:08 -0700] "GET / HTTP/1.0" 200 1315 "-" "Mozilla/5.0 (compatible; Yahoo! DE Slurp; http://help.yahoo.com/help/us/ysearch/slurp)" "www.roomfurnish.com"
193.47.80.40 - - [20/Jun/2009:15:25:23 -0700] "GET /robots.txt HTTP/1.1" 404 275 "-" "Mozilla/5.0 (compatible; Exabot/3.0; +http://www.exabot.com/go/robot)" "roomfurnish.com"
193.47.80.40 - - [20/Jun/2009:15:25:23 -0700] "GET / HTTP/1.1" 200 1315 "-" "Mozilla/5.0 (compatible; Exabot/3.0; +http://www.exabot.com/go/robot)" "roomfurnish.com"
174.129.151.89 - - [20/Jun/2009:15:34:58 -0700] "GET /robots.txt HTTP/1.0" 404 275 "-" "SimilarPages/Nutch-1.0-dev (SimilarPages Nutch Crawler; http://www.similarpages.com; info@similarpages.com)" "www.roomfurnish.com"
174.129.151.89 - - [20/Jun/2009:15:34:58 -0700] "GET / HTTP/1.0" 200 1315 "-" "SimilarPages/Nutch-1.0-dev (SimilarPages Nutch Crawler; http://www.similarpages.com; info@similarpages.com)" "www.roomfurnish.com"
193.252.149.13 - - [20/Jun/2009:15:50:20 -0700] "GET / HTTP/1.1" 200 1315 "-" "Mozilla/5.0 (Windows; U; Windows NT 5.1; fr; rv:1.8.1) VoilaBot BETA 1.2 (support.voilabot@orange-ftgroup.com)" "www.roomfurnish.com"
66.150.224.245 - - [20/Jun/2009:16:03:32 -0700] "GET / HTTP/1.1" 200 1315 "-" "Mozilla/5.0 (compatible; WebDataCentreBot/1.0; +http://WebDataCentre.com/)" "roomfurnish.com"
66.150.224.245 - - [20/Jun/2009:16:03:32 -0700] "GET / HTTP/1.1" 200 1315 "-" "Mozilla/5.0 (compatible; WebDataCentreBot/1.0; +http://WebDataCentre.com/)" "www.roomfurnish.com"
66.150.224.245 - - [20/Jun/2009:16:03:34 -0700] "GET / HTTP/1.1" 200 1315 "-" "Mozilla/5.0 (compatible; WebDataCentreBot/1.0; +http://WebDataCentre.com/)" "roomfurnish.com"
66.150.224.245 - - [20/Jun/2009:16:03:34 -0700] "GET / HTTP/1.1" 200 1315 "-" "Mozilla/5.0 (compatible; WebDataCentreBot/1.0; +http://WebDataCentre.com/)" "www.roomfurnish.com"
174.129.151.89 - - [20/Jun/2009:16:10:52 -0700] "GET /robots.txt HTTP/1.0" 404 275 "-" "SimilarPages/Nutch-1.0-dev (SimilarPages Nutch Crawler; http://www.similarpages.com; info@similarpages.com)" "roomfurnish.com"
174.129.151.89 - - [20/Jun/2009:16:10:52 -0700] "GET / HTTP/1.0" 200 1315 "-" "SimilarPages/Nutch-1.0-dev (SimilarPages Nutch Crawler; http://www.similarpages.com; info@similarpages.com)" "roomfurnish.com"
64.124.140.226 - - [20/Jun/2009:17:22:31 -0700] "GET /robots.txt HTTP/1.1" 404 275 "-" "Mozilla/5.0 (compatible; FatBot 2.0; http://www.thefind.com/crawler)" "roomfurnish.com"
64.124.140.226 - - [20/Jun/2009:17:24:32 -0700] "GET / HTTP/1.1" 200 1315 "-" "Mozilla/5.0 (compatible; FatBot 2.0; http://www.thefind.com/crawler)" "roomfurnish.com"
38.98.120.72 - - [20/Jun/2009:17:50:57 -0700] "GET /robots.txt HTTP/1.1" 404 275 "-" "ShopWiki/1.0 ( +http://www.shopwiki.com/wiki/Help:Bot)" "www.roomfurnish.com"
38.98.120.72 - - [20/Jun/2009:17:50:57 -0700] "GET / HTTP/1.1" 200 1315 "-" "ShopWiki/1.0 ( +http://www.shopwiki.com/wiki/Help:Bot)" "www.roomfurnish.com"
74.6.30.119 - - [20/Jun/2009:18:21:58 -0700] "GET / HTTP/1.0" 200 1315 "-" "Mozilla/5.0 (compatible; Yahoo! DE Slurp; http://help.yahoo.com/help/us/ysearch/slurp)" "www.roomfurnish.com"
193.252.149.16 - - [20/Jun/2009:18:27:19 -0700] "GET / HTTP/1.1" 200 1315 "-" "Mozilla/5.0 (Windows; U; Windows NT 5.1; fr; rv:1.8.1) VoilaBot BETA 1.2 (support.voilabot@orange-ftgroup.com)" "roomfurnish.com"
98.173.26.142 - - [20/Jun/2009:19:36:48 -0700] "GET /robots.txt HTTP/1.0" 404 275 "-" "envolk/1.7 (+http://www.envolk.com/envolkspiderinfo.html)" "roomfurnish.com"
208.80.195.51 - - [20/Jun/2009:23:01:31 -0700] "GET / HTTP/1.0" 200 1315 "-" "Mozilla/4.0 (compatible; MSIE 6.0; Windows NT 5.0; FunWebProducts; .NET CLR 1.1.4322; .NET CLR 2.0.50727; InfoPath.1)" "roomfurnish.com"
208.80.195.51 - - [20/Jun/2009:23:01:31 -0700] "GET / HTTP/1.0" 200 1315 "-" "Mozilla/4.0 (compatible; MSIE 7.0; Windows NT 5.1; FunWebProducts; Mozilla/4.0 (compatible; MSIE 6.0; Windows NT 5.1; SV1; yplus 5.1.04b) ; .NET CLR 1.1.4322; SeekmoToolbar 4.8.4; Zango 10.0.253.0)" "www.roomfurnish.com"
67.195.37.154 - - [21/Jun/2009:11:02:48 -0700] "GET / HTTP/1.0" 200 1315 "-" "Mozilla/5.0 (compatible; Yahoo! DE Slurp; http://help.yahoo.com/help/us/ysearch/slurp)" "www.roomfurnish.com"
114.80.93.71 - - [21/Jun/2009:11:04:51 -0700] "GET / HTTP/1.1" 200 1315 "http://www.roomfurnish.com/" "Mozilla/4.0 (compatible; MSIE 6.0; Windows NT 5.1)" "www.roomfurnish.com"
58.61.164.140 - - [21/Jun/2009:11:31:04 -0700] "GET /robots.txt HTTP/1.1" 404 275 "http://www.roomfurnish.com/robots.txt" "Sosospider+(+http://help.soso.com/webspider.htm)" "www.roomfurnish.com"
119.63.198.195 - - [21/Jun/2009:15:17:54 -0700] "GET / HTTP/1.1" 200 1315 "-" "Baiduspider+(+http://www.baidu.jp/spider/)" "roomfurnish.com"
193.47.80.40 - - [21/Jun/2009:15:23:17 -0700] "GET / HTTP/1.1" 200 1315 "-" "Mozilla/5.0 (compatible; Exabot/3.0; +http://www.exabot.com/go/robot)" "roomfurnish.com"
119.63.193.62 - - [21/Jun/2009:15:23:57 -0700] "GET /robots.txt HTTP/1.1" 404 275 "-" "Baiduspider+(+http://www.baidu.jp/spider/)" "roomfurnish.com"
74.6.30.119 - - [21/Jun/2009:18:42:57 -0700] "GET / HTTP/1.0" 200 1315 "-" "Mozilla/5.0 (compatible; Yahoo! DE Slurp; http://help.yahoo.com/help/us/ysearch/slurp)" "www.roomfurnish.com"
72.20.109.34 - - [21/Jun/2009:19:31:01 -0700] "GET /robots.txt HTTP/1.1" 404 275 "-" "Mozilla/5.0 (compatible; GurujiBot/1.0; +http://www.guruji.com/en/WebmasterFAQ.html)" "www.roomfurnish.com"
72.20.109.34 - - [21/Jun/2009:19:31:01 -0700] "GET / HTTP/1.1" 200 1315 "-" "Mozilla/5.0 (compatible; GurujiBot/1.0; +http://www.guruji.com/en/WebmasterFAQ.html)" "www.roomfurnish.com"
208.80.195.27 - - [21/Jun/2009:19:51:40 -0700] "GET / HTTP/1.0" 200 1315 "-" "Mozilla/4.0 (compatible; MSIE 7.0; Windows NT 5.1; FunWebProducts; SIMBAR=0; 3B/3.8; .NET CLR 1.0.3705; .NET CLR 1.1.4322; Comcast; Comcast)" "roomfurnish.com"
208.80.195.27 - - [21/Jun/2009:19:51:40 -0700] "GET / HTTP/1.0" 200 1315 "-" "Mozilla/4.0 (compatible; MSIE 6.0; Windows NT 5.0; .NET CLR 1.1.4322; .NET CLR 2.0.50727; SpamBlockerUtility 4.8.4; PeoplePal 3.0)" "www.roomfurnish.com"
188.98.69.204 - - [21/Jun/2009:21:53:28 -0700] "GET / HTTP/1.0" 200 1315 "-" "Mozilla/4.0 (compatible; MSIE 6.0; Windows NT 5.1)" "roomfurnish.com"
67.205.96.152 - - [21/Jun/2009:22:36:31 -0700] "GET / HTTP/1.1" 200 1315 "-" "Allrati/1.1 (+)" "roomfurnish.com"
208.96.54.70 - - [22/Jun/2009:11:56:16 -0700] "GET /robots.txt HTTP/1.1" 404 275 "-" "Mozilla/5.0 (compatible; discobot/1.1; +http://discoveryengine.com/discobot.html)" "roomfurnish.com"
208.96.54.70 - - [22/Jun/2009:11:56:25 -0700] "GET / HTTP/1.1" 200 1315 "-" "Mozilla/5.0 (compatible; discobot/1.1; +http://discoveryengine.com/discobot.html)" "roomfurnish.com"
220.181.61.234 - - [22/Jun/2009:14:52:27 -0700] "GET / HTTP/1.1" 200 1315 "-" "Sogou web spider/4.0(+http://www.sogou.com/docs/help/webmasters.htm#07)" "www.roomfurnish.com"
208.80.195.55 - - [22/Jun/2009:17:02:34 -0700] "GET / HTTP/1.0" 200 1315 "-" "Mozilla/4.0 (compatible; MSIE 6.0; Windows NT 5.1; SV1; YPC 3.2.0; .NET CLR 1.0.3705; .NET CLR 1.1.4322; Media Center PC 3.1; HbTools 4.8.4; yplus 5.1.02b)" "roomfurnish.com"
208.80.195.55 - - [22/Jun/2009:17:02:34 -0700] "GET / HTTP/1.0" 200 1315 "-" "Mozilla/4.0 (compatible; MSIE 7.0; Windows NT 5.1; .NET CLR 1.1.4322; MSN 9.0; MSNbMSNI; MSNmen-us; MSNcIA; MPLUS)" "www.roomfurnish.com"
67.195.37.154 - - [22/Jun/2009:18:09:48 -0700] "GET / HTTP/1.0" 200 1315 "-" "Mozilla/5.0 (compatible; Yahoo! DE Slurp; http://help.yahoo.com/help/us/ysearch/slurp)" "www.roomfurnish.com"
38.98.120.82 - - [22/Jun/2009:19:53:48 -0700] "GET /robots.txt HTTP/1.1" 404 275 "-" "ShopWiki/1.0 ( +http://www.shopwiki.com/wiki/Help:Bot)" "www.roomfurnish.com"
38.98.120.82 - - [22/Jun/2009:19:53:48 -0700] "GET / HTTP/1.1" 200 1315 "-" "ShopWiki/1.0 ( +http://www.shopwiki.com/wiki/Help:Bot)" "www.roomfurnish.com"
38.98.120.82 - - [22/Jun/2009:19:53:49 -0700] "GET / HTTP/1.1" 200 1315 "-" "ShopWiki/1.0 ( +http://www.shopwiki.com/wiki/Help:Bot)" "www.roomfurnish.com"
58.61.164.140 - - [22/Jun/2009:20:24:50 -0700] "GET /robots.txt HTTP/1.1" 404 275 "http://www.roomfurnish.com/robots.txt" "Sosospider+(+http://help.soso.com/webspider.htm)" "www.roomfurnish.com"
74.6.30.119 - - [23/Jun/2009:00:02:45 -0700] "GET / HTTP/1.0" 200 1315 "-" "Mozilla/5.0 (compatible; Yahoo! DE Slurp; http://help.yahoo.com/help/us/ysearch/slurp)" "www.roomfurnish.com"
114.80.93.71 - - [23/Jun/2009:04:37:29 -0700] "GET / HTTP/1.1" 200 1315 "http://www.roomfurnish.com/" "Mozilla/4.0 (compatible; MSIE 6.0; Windows NT 5.1)" "www.roomfurnish.com"
208.80.195.32 - - [23/Jun/2009:14:34:59 -0700] "GET / HTTP/1.0" 200 1315 "-" "Mozilla/4.0 (compatible; MSIE 7.0; Windows NT 5.1; .NET CLR 1.0.3705; .NET CLR 1.1.4322; Media Center PC 4.0; PeoplePal 3.0; ZangoToolbar 4.8.3)" "www.roomfurnish.com"
208.80.195.32 - - [23/Jun/2009:14:34:59 -0700] "GET / HTTP/1.0" 200 1315 "-" "Mozilla/4.0 (compatible; MSIE 6.0; Windows NT 5.1; SV1; FunWebProducts; YPC 3.2.0; .NET CLR 1.0.3705; yplus 5.1.04b)" "roomfurnish.com"
193.252.149.16 - - [23/Jun/2009:15:38:48 -0700] "GET /robots.txt HTTP/1.1" 404 275 "-" "Mozilla/5.0 (Windows; U; Windows NT 5.1; fr; rv:1.8.1) VoilaBot BETA 1.2 (support.voilabot@orange-ftgroup.com)" "roomfurnish.com"
193.252.149.16 - - [23/Jun/2009:15:38:56 -0700] "GET / HTTP/1.1" 200 1315 "-" "Mozilla/5.0 (Windows; U; Windows NT 5.1; fr; rv:1.8.1) VoilaBot BETA 1.2 (support.voilabot@orange-ftgroup.com)" "roomfurnish.com"
220.255.7.163 - - [23/Jun/2009:17:03:00 -0700] "GET /BOSSTON/BOSSTON.zip HTTP/1.1" 200 1507328 "-" "Mozilla/4.0 (compatible; MSIE 7.0; Windows NT 5.1; GTB6; Mozilla/4.0 (compatible; MSIE 6.0; Windows NT 5.1; SV1) )" "site.roomfurnish.com"
193.252.149.13 - - [23/Jun/2009:17:12:08 -0700] "GET /robots.txt HTTP/1.1" 404 275 "-" "Mozilla/5.0 (Windows; U; Windows NT 5.1; fr; rv:1.8.1) VoilaBot BETA 1.2 (support.voilabot@orange-ftgroup.com)" "www.roomfurnish.com"
193.252.149.13 - - [23/Jun/2009:17:12:10 -0700] "GET / HTTP/1.1" 200 1315 "-" "Mozilla/5.0 (Windows; U; Windows NT 5.1; fr; rv:1.8.1) VoilaBot BETA 1.2 (support.voilabot@orange-ftgroup.com)" "www.roomfurnish.com"
220.255.7.166 - - [23/Jun/2009:17:38:45 -0700] "GET /BOSSTON/BOSSTON.zip HTTP/1.1" 200 4784128 "-" "Mozilla/4.0 (compatible; MSIE 7.0; Windows NT 5.1; GTB6; Mozilla/4.0 (compatible; MSIE 6.0; Windows NT 5.1; SV1) )" "site.roomfurnish.com"
67.195.37.154 - - [23/Jun/2009:19:05:56 -0700] "GET / HTTP/1.0" 200 1315 "-" "Mozilla/5.0 (compatible; Yahoo! DE Slurp; http://help.yahoo.com/help/us/ysearch/slurp)" "www.roomfurnish.com"
204.62.53.201 - - [23/Jun/2009:21:16:18 -0700] "GET /robots.txt HTTP/1.1" 404 275 "-" "Mozilla/5.0 (compatible; Charlotte/1.1; http://www.searchme.com/support/)" "www.roomfurnish.com"
204.62.53.201 - - [23/Jun/2009:21:16:22 -0700] "GET / HTTP/1.1" 200 1315 "-" "Mozilla/5.0 (compatible; Charlotte/1.1; http://www.searchme.com/support/)" "www.roomfurnish.com"
74.6.30.119 - - [24/Jun/2009:01:42:38 -0700] "GET / HTTP/1.0" 200 1315 "-" "Mozilla/5.0 (compatible; Yahoo! DE Slurp; http://help.yahoo.com/help/us/ysearch/slurp)" "www.roomfurnish.com"
58.61.164.140 - - [24/Jun/2009:06:23:47 -0700] "GET /robots.txt HTTP/1.1" 404 275 "http://www.roomfurnish.com/robots.txt" "Sosospider+(+http://help.soso.com/webspider.htm)" "www.roomfurnish.com"
88.131.106.12 - - [24/Jun/2009:07:08:54 -0700] "GET /robots.txt HTTP/1.0" 404 275 "-" "Speedy Spider (http://www.entireweb.com/about/search_tech/speedy_spider/)" "roomfurnish.com"
88.131.106.12 - - [24/Jun/2009:07:08:54 -0700] "GET /239grandesofa.html HTTP/1.0" 404 275 "-" "Speedy Spider (http://www.entireweb.com/about/search_tech/speedy_spider/)" "roomfurnish.com"
38.98.120.73 - - [24/Jun/2009:07:40:54 -0700] "GET /robots.txt HTTP/1.1" 404 275 "-" "ShopWiki/1.0 ( +http://www.shopwiki.com/wiki/Help:Bot)" "www.roomfurnish.com"
38.98.120.73 - - [24/Jun/2009:07:40:54 -0700] "GET / HTTP/1.1" 200 1315 "-" "ShopWiki/1.0 ( +http://www.shopwiki.com/wiki/Help:Bot)" "www.roomfurnish.com"
208.96.54.76 - - [24/Jun/2009:08:26:08 -0700] "GET /robots.txt HTTP/1.1" 404 275 "-" "Mozilla/5.0 (compatible; discobot/1.1; +http://discoveryengine.com/discobot.html)" "roomfurnish.com"
208.96.54.76 - - [24/Jun/2009:08:26:16 -0700] "GET / HTTP/1.1" 200 1315 "-" "Mozilla/5.0 (compatible; discobot/1.1; +http://discoveryengine.com/discobot.html)" "roomfurnish.com"
114.80.93.71 - - [24/Jun/2009:08:36:47 -0700] "GET / HTTP/1.1" 200 1315 "http://www.roomfurnish.com/" "Mozilla/4.0 (compatible; MSIE 6.0; Windows NT 5.1)" "www.roomfurnish.com"
208.80.195.45 - - [24/Jun/2009:16:43:53 -0700] "GET / HTTP/1.0" 200 1315 "-" "Mozilla/4.0 (compatible; MSIE 6.0; Windows NT 5.1; SV1; .NET CLR 1.0.3705; .NET CLR 1.1.4322; IEMB3)" "roomfurnish.com"
208.80.195.45 - - [24/Jun/2009:16:43:53 -0700] "GET / HTTP/1.0" 200 1315 "-" "Mozilla/4.0 (compatible; MSIE 7.0; Windows NT 5.1; AT&T CSM6.0)" "www.roomfurnish.com"
38.98.120.83 - - [24/Jun/2009:17:27:14 -0700] "GET /robots.txt HTTP/1.1" 404 275 "-" "ShopWiki/1.0 ( +http://www.shopwiki.com/wiki/Help:Bot)" "www.roomfurnish.com"
38.98.120.83 - - [24/Jun/2009:17:27:14 -0700] "GET / HTTP/1.1" 200 1315 "-" "ShopWiki/1.0 ( +http://www.shopwiki.com/wiki/Help:Bot)" "www.roomfurnish.com"
38.98.120.83 - - [24/Jun/2009:17:27:15 -0700] "GET / HTTP/1.1" 200 1315 "-" "ShopWiki/1.0 ( +http://www.shopwiki.com/wiki/Help:Bot)" "www.roomfurnish.com"
38.98.120.83 - - [24/Jun/2009:17:27:16 -0700] "GET /javascript:Help('http://help.yahoo.com/help/us/geo/context/context-03.html') HTTP/1.1" 404 275 "-" "ShopWiki/1.0 ( +http://www.shopwiki.com/wiki/Help:Bot)" "www.roomfurnish.com"
38.98.120.83 - - [24/Jun/2009:17:27:17 -0700] "GET / HTTP/1.1" 200 1315 "-" "ShopWiki/1.0 ( +http://www.shopwiki.com/wiki/Help:Bot)" "www.roomfurnish.com"
220.181.61.234 - - [24/Jun/2009:19:43:13 -0700] "GET / HTTP/1.1" 200 1315 "-" "Sogou web spider/4.0(+http://www.sogou.com/docs/help/webmasters.htm#07)" "www.roomfurnish.com"
67.195.37.154 - - [24/Jun/2009:19:59:21 -0700] "GET / HTTP/1.0" 200 1315 "-" "Mozilla/5.0 (compatible; Yahoo! DE Slurp; http://help.yahoo.com/help/us/ysearch/slurp)" "www.roomfurnish.com"
74.6.30.119 - - [25/Jun/2009:02:11:37 -0700] "GET / HTTP/1.0" 200 1315 "-" "Mozilla/5.0 (compatible; Yahoo! DE Slurp; http://help.yahoo.com/help/us/ysearch/slurp)" "www.roomfurnish.com"
65.98.224.7 - - [25/Jun/2009:05:15:43 -0700] "GET /robots.txt HTTP/1.0" 404 275 "-" "TurnitinBot/2.1 (http://www.turnitin.com/robot/crawlerinfo.html)" "roomfurnish.com"
65.98.224.7 - - [25/Jun/2009:05:17:28 -0700] "GET / HTTP/1.0" 200 1315 "-" "TurnitinBot/2.1 (http://www.turnitin.com/robot/crawlerinfo.html)" "roomfurnish.com"
219.234.81.33 - - [25/Jun/2009:07:07:57 -0700] "GET /robots.txt HTTP/1.1" 404 275 "-" "-" "www.roomfurnish.com"
219.234.81.33 - - [25/Jun/2009:07:07:59 -0700] "GET / HTTP/1.1" 200 1315 "-" "Mozilla/4.0 (compatible; MSIE 6.0; Windows NT 5.1; SV1; Avant Browser; InfoPath.1; .NET CLR 2.0.50727; .NET CLR1.1.4322)" "www.roomfurnish.com"
203.6.203.78 - - [25/Jun/2009:10:13:50 -0700] "GET /robots.txt HTTP/1.0" 404 275 "-" "CatchBot/1.0; +http://www.catchbot.com" "roomfurnish.com"
203.6.203.78 - - [25/Jun/2009:10:13:50 -0700] "GET / HTTP/1.0" 200 1315 "-" "CatchBot/1.0; +http://www.catchbot.com" "roomfurnish.com"
65.98.224.7 - - [25/Jun/2009:14:20:02 -0700] "GET /robots.txt HTTP/1.0" 404 275 "-" "TurnitinBot/2.1 (http://www.turnitin.com/robot/crawlerinfo.html)" "www.roomfurnish.com"
65.98.224.7 - - [25/Jun/2009:14:26:28 -0700] "GET /robots.txt HTTP/1.0" 404 275 "-" "TurnitinBot/2.1 (http://www.turnitin.com/robot/crawlerinfo.html)" "www.roomfurnish.com"
65.98.224.7 - - [25/Jun/2009:14:35:53 -0700] "GET /gourmetcoffee.html HTTP/1.0" 404 275 "-" "TurnitinBot/2.1 (http://www.turnitin.com/robot/crawlerinfo.html)" "www.roomfurnish.com"
65.98.224.7 - - [25/Jun/2009:14:36:23 -0700] "GET /faq.html HTTP/1.0" 404 275 "-" "TurnitinBot/2.1 (http://www.turnitin.com/robot/crawlerinfo.html)" "www.roomfurnish.com"
65.98.224.7 - - [25/Jun/2009:14:36:53 -0700] "GET /cs.html HTTP/1.0" 404 275 "-" "TurnitinBot/2.1 (http://www.turnitin.com/robot/crawlerinfo.html)" "www.roomfurnish.com"
65.98.224.7 - - [25/Jun/2009:14:37:29 -0700] "GET /c12hollandsofa.html HTTP/1.0" 404 275 "-" "TurnitinBot/2.1 (http://www.turnitin.com/robot/crawlerinfo.html)" "www.roomfurnish.com"
65.98.224.7 - - [25/Jun/2009:14:37:58 -0700] "GET /a08furiosofa.html HTTP/1.0" 404 275 "-" "TurnitinBot/2.1 (http://www.turnitin.com/robot/crawlerinfo.html)" "www.roomfurnish.com"
65.98.224.7 - - [25/Jun/2009:14:38:28 -0700] "GET /367fortesofa.html HTTP/1.0" 404 275 "-" "TurnitinBot/2.1 (http://www.turnitin.com/robot/crawlerinfo.html)" "www.roomfurnish.com"
193.47.80.40 - - [25/Jun/2009:14:56:56 -0700] "GET /robots.txt HTTP/1.1" 404 275 "-" "Mozilla/5.0 (compatible; Exabot/3.0; +http://www.exabot.com/go/robot)" "roomfurnish.com"
193.47.80.40 - - [25/Jun/2009:14:56:57 -0700] "GET / HTTP/1.1" 200 1315 "-" "Mozilla/5.0 (compatible; Exabot/3.0; +http://www.exabot.com/go/robot)" "roomfurnish.com"
58.61.164.140 - - [25/Jun/2009:17:29:55 -0700] "GET /robots.txt HTTP/1.1" 404 275 "http://www.roomfurnish.com/robots.txt" "Sosospider+(+http://help.soso.com/webspider.htm)" "www.roomfurnish.com"
64.124.140.226 - - [25/Jun/2009:18:32:42 -0700] "GET /robots.txt HTTP/1.1" 404 275 "-" "Mozilla/5.0 (compatible; FatBot 2.0; http://www.thefind.com/crawler)" "roomfurnish.com"
64.124.140.226 - - [25/Jun/2009:18:34:52 -0700] "GET / HTTP/1.1" 200 1315 "-" "Mozilla/5.0 (compatible; FatBot 2.0; http://www.thefind.com/crawler)" "roomfurnish.com"
124.115.1.66 - - [25/Jun/2009:19:52:54 -0700] "GET / HTTP/1.1" 200 1315 "http://www.roomfurnish.com/" "Mozilla/4.0 (compatible; MSIE 6.0; Windows NT 5.1)" "www.roomfurnish.com"
124.115.1.61 - - [25/Jun/2009:19:53:06 -0700] "GET / HTTP/1.1" 200 1315 "http://www.roomfurnish.com/" "Mozilla/4.0 (compatible; MSIE 6.0; Windows NT 5.1)" "www.roomfurnish.com"
124.115.1.60 - - [25/Jun/2009:19:53:39 -0700] "GET / HTTP/1.1" 200 1315 "http://www.roomfurnish.com/" "Mozilla/4.0 (compatible; MSIE 6.0; Windows NT 5.1)" "www.roomfurnish.com"
124.115.1.62 - - [25/Jun/2009:19:54:21 -0700] "GET / HTTP/1.1" 200 1315 "http://www.roomfurnish.com/" "Mozilla/4.0 (compatible; MSIE 6.0; Windows NT 5.1)" "www.roomfurnish.com"
124.115.10.193 - - [25/Jun/2009:19:55:50 -0700] "GET / HTTP/1.1" 200 1315 "http://www.roomfurnish.com/" "Mozilla/4.0 (compatible; MSIE 6.0; Windows NT 5.1)" "www.roomfurnish.com"
204.62.53.201 - - [25/Jun/2009:20:12:29 -0700] "GET /robots.txt HTTP/1.1" 404 275 "-" "Mozilla/5.0 (compatible; Charlotte/1.1; http://www.searchme.com/support/)" "roomfurnish.com"
204.62.53.201 - - [25/Jun/2009:20:12:32 -0700] "GET / HTTP/1.1" 200 1315 "-" "Mozilla/5.0 (compatible; Charlotte/1.1; http://www.searchme.com/support/)" "roomfurnish.com"
124.115.1.59 - - [25/Jun/2009:20:13:25 -0700] "GET / HTTP/1.1" 200 1315 "http://www.roomfurnish.com/" "Mozilla/4.0 (compatible; MSIE 6.0; Windows NT 5.1)" "www.roomfurnish.com"
67.195.37.154 - - [25/Jun/2009:22:01:38 -0700] "GET / HTTP/1.0" 200 1315 "-" "Mozilla/5.0 (compatible; Yahoo! DE Slurp; http://help.yahoo.com/help/us/ysearch/slurp)" "www.roomfurnish.com"
88.131.106.12 - - [26/Jun/2009:02:35:16 -0700] "GET /robots.txt HTTP/1.0" 404 275 "-" "Speedy Spider (http://www.entireweb.com/about/search_tech/speedy_spider/)" "roomfurnish.com"
88.131.106.12 - - [26/Jun/2009:02:35:17 -0700] "GET /lb-11.html HTTP/1.0" 404 275 "-" "Speedy Spider (http://www.entireweb.com/about/search_tech/speedy_spider/)" "roomfurnish.com"
173.75.235.222 - - [26/Jun/2009:04:31:28 -0700] "GET /favicon.ico HTTP/1.1" 404 275 "-" "Mozilla/4.0 (compatible; GoogleToolbar 6.1.1715.1442; Windows 6.0; MSIE 7.0.6000.16851)" "roomfurnish.com"
173.75.235.222 - - [26/Jun/2009:04:31:28 -0700] "GET /favicon.gif HTTP/1.1" 404 275 "-" "Mozilla/4.0 (compatible; GoogleToolbar 6.1.1715.1442; Windows 6.0; MSIE 7.0.6000.16851)" "roomfurnish.com"
173.75.235.222 - - [26/Jun/2009:04:31:28 -0700] "GET /favicon.ico HTTP/1.1" 404 275 "-" "Mozilla/4.0 (compatible; GoogleToolbar 6.1.1715.1442; Windows 6.0; MSIE 7.0.6000.16851)" "roomfurnish.com"
173.75.235.222 - - [26/Jun/2009:04:31:28 -0700] "GET /favicon.gif HTTP/1.1" 404 275 "-" "Mozilla/4.0 (compatible; GoogleToolbar 6.1.1715.1442; Windows 6.0; MSIE 7.0.6000.16851)" "roomfurnish.com"
74.6.30.119 - - [26/Jun/2009:07:05:58 -0700] "GET / HTTP/1.0" 200 1315 "-" "Mozilla/5.0 (compatible; Yahoo! DE Slurp; http://help.yahoo.com/help/us/ysearch/slurp)" "www.roomfurnish.com"
65.55.209.14 - - [26/Jun/2009:10:03:28 -0700] "GET /robots.txt HTTP/1.1" 404 275 "-" "msnbot/1.1 (+http://search.msn.com/msnbot.htm)" "roomfurnish.com"
65.55.209.14 - - [26/Jun/2009:10:03:29 -0700] "GET / HTTP/1.1" 200 1315 "-" "msnbot/1.1 (+http://search.msn.com/msnbot.htm)" "roomfurnish.com"
208.80.195.123 - - [26/Jun/2009:11:08:19 -0700] "GET / HTTP/1.0" 200 1315 "-" "Mozilla/4.0 (compatible; MSIE 6.0; Windows NT 5.1; MSN 8.0; MSNbMSNI; MSNmen-us; MSNcOTH)" "roomfurnish.com"
208.80.195.123 - - [26/Jun/2009:11:08:19 -0700] "GET / HTTP/1.0" 200 1315 "-" "Mozilla/4.0 (compatible; MSIE 6.0; Windows NT 5.1; {3280C765-135C-4A6C-8EE6-6CC052ED6696}; SV1; .NET CLR 1.1.4322)" "www.roomfurnish.com"
220.181.61.234 - - [26/Jun/2009:14:25:02 -0700] "GET / HTTP/1.1" 200 1315 "-" "Sogou web spider/4.0(+http://www.sogou.com/docs/help/webmasters.htm#07)" "www.roomfurnish.com"
88.131.106.12 - - [26/Jun/2009:16:11:04 -0700] "GET /robots.txt HTTP/1.0" 404 275 "-" "Speedy Spider (http://www.entireweb.com/about/search_tech/speedy_spider/)" "roomfurnish.com"
88.131.106.12 - - [26/Jun/2009:16:11:05 -0700] "GET / HTTP/1.0" 200 1315 "-" "Speedy Spider (http://www.entireweb.com/about/search_tech/speedy_spider/)" "roomfurnish.com"
193.252.149.13 - - [26/Jun/2009:16:13:28 -0700] "GET / HTTP/1.1" 200 1315 "-" "Mozilla/5.0 (Windows; U; Windows NT 5.1; fr; rv:1.8.1) VoilaBot BETA 1.2 (support.voilabot@orange-ftgroup.com)" "www.roomfurnish.com"
38.98.120.74 - - [26/Jun/2009:16:45:22 -0700] "GET /robots.txt HTTP/1.1" 404 275 "-" "ShopWiki/1.0 ( +http://www.shopwiki.com/wiki/Help:Bot)" "www.roomfurnish.com"
38.98.120.74 - - [26/Jun/2009:16:45:22 -0700] "GET / HTTP/1.1" 200 1315 "-" "ShopWiki/1.0 ( +http://www.shopwiki.com/wiki/Help:Bot)" "www.roomfurnish.com"
38.98.120.74 - - [26/Jun/2009:16:45:23 -0700] "GET / HTTP/1.1" 200 1315 "http://www.roomfurnish.com/" "ShopWiki/1.0 ( +http://www.shopwiki.com/wiki/Help:Bot)" "www.roomfurnish.com"
38.98.120.74 - - [26/Jun/2009:16:45:24 -0700] "GET / HTTP/1.1" 200 1315 "http://www.roomfurnish.com/" "ShopWiki/1.0 ( +http://www.shopwiki.com/wiki/Help:Bot)" "www.roomfurnish.com"
38.98.120.74 - - [26/Jun/2009:16:45:25 -0700] "GET / HTTP/1.0" 200 1315 "-" "ShopWiki/1.0 ( +http://www.shopwiki.com/wiki/Help:Bot)" "www.roomfurnish.com"
