217.14.6.210 - - [03/Oct/2009:11:52:55 -0700] "GET /access_070301.log HTTP/1.1" 404 275 "-" "Mozilla/5.0 (compatible; MJ12bot/v1.2.5; http://www.majestic12.co.uk/bot.php?+)" "www.roomfurnish.com"
217.14.6.210 - - [03/Oct/2009:11:52:57 -0700] "GET /access_070330.log HTTP/1.1" 404 275 "-" "Mozilla/5.0 (compatible; MJ12bot/v1.2.5; http://www.majestic12.co.uk/bot.php?+)" "www.roomfurnish.com"
217.14.6.210 - - [03/Oct/2009:11:53:02 -0700] "GET /access_070501.log HTTP/1.1" 404 275 "-" "Mozilla/5.0 (compatible; MJ12bot/v1.2.5; http://www.majestic12.co.uk/bot.php?+)" "www.roomfurnish.com"
217.14.6.210 - - [03/Oct/2009:11:53:06 -0700] "GET /access_070530.log HTTP/1.1" 404 275 "-" "Mozilla/5.0 (compatible; MJ12bot/v1.2.5; http://www.majestic12.co.uk/bot.php?+)" "www.roomfurnish.com"
217.14.6.210 - - [03/Oct/2009:11:53:07 -0700] "GET /access_070630.log HTTP/1.1" 404 275 "-" "Mozilla/5.0 (compatible; MJ12bot/v1.2.5; http://www.majestic12.co.uk/bot.php?+)" "www.roomfurnish.com"
217.14.6.210 - - [03/Oct/2009:11:53:11 -0700] "GET /access_070730.log HTTP/1.1" 404 275 "-" "Mozilla/5.0 (compatible; MJ12bot/v1.2.5; http://www.majestic12.co.uk/bot.php?+)" "www.roomfurnish.com"
217.14.6.210 - - [03/Oct/2009:11:53:13 -0700] "GET /access_070830.log HTTP/1.1" 404 275 "-" "Mozilla/5.0 (compatible; MJ12bot/v1.2.5; http://www.majestic12.co.uk/bot.php?+)" "www.roomfurnish.com"
217.14.6.210 - - [03/Oct/2009:11:53:16 -0700] "GET /access_070930.log HTTP/1.1" 404 275 "-" "Mozilla/5.0 (compatible; MJ12bot/v1.2.5; http://www.majestic12.co.uk/bot.php?+)" "www.roomfurnish.com"
217.14.6.210 - - [03/Oct/2009:11:53:17 -0700] "GET /access_071030.log HTTP/1.1" 404 275 "-" "Mozilla/5.0 (compatible; MJ12bot/v1.2.5; http://www.majestic12.co.uk/bot.php?+)" "www.roomfurnish.com"
67.195.115.183 - - [03/Oct/2009:11:53:18 -0700] "GET /logs/access_070630.log HTTP/1.0" 200 249942 "-" "Mozilla/5.0 (compatible; Yahoo! Slurp/3.0; http://help.yahoo.com/help/us/ysearch/slurp)" "www.roomfurnish.com"
217.14.6.210 - - [03/Oct/2009:11:53:21 -0700] "GET /access_071130.log HTTP/1.1" 404 275 "-" "Mozilla/5.0 (compatible; MJ12bot/v1.2.5; http://www.majestic12.co.uk/bot.php?+)" "www.roomfurnish.com"
217.14.6.210 - - [03/Oct/2009:11:53:23 -0700] "GET /access_071230.log HTTP/1.1" 404 275 "-" "Mozilla/5.0 (compatible; MJ12bot/v1.2.5; http://www.majestic12.co.uk/bot.php?+)" "www.roomfurnish.com"
217.14.6.210 - - [03/Oct/2009:11:53:25 -0700] "GET /access_080130.log HTTP/1.1" 404 275 "-" "Mozilla/5.0 (compatible; MJ12bot/v1.2.5; http://www.majestic12.co.uk/bot.php?+)" "www.roomfurnish.com"
217.14.6.210 - - [03/Oct/2009:11:53:28 -0700] "GET /access_080301.log HTTP/1.1" 404 275 "-" "Mozilla/5.0 (compatible; MJ12bot/v1.2.5; http://www.majestic12.co.uk/bot.php?+)" "www.roomfurnish.com"
217.14.6.210 - - [03/Oct/2009:11:53:31 -0700] "GET /access_080330.log HTTP/1.1" 404 275 "-" "Mozilla/5.0 (compatible; MJ12bot/v1.2.5; http://www.majestic12.co.uk/bot.php?+)" "www.roomfurnish.com"
217.14.6.210 - - [03/Oct/2009:11:53:33 -0700] "GET /access_080430.log HTTP/1.1" 404 275 "-" "Mozilla/5.0 (compatible; MJ12bot/v1.2.5; http://www.majestic12.co.uk/bot.php?+)" "www.roomfurnish.com"
217.14.6.210 - - [03/Oct/2009:11:53:36 -0700] "GET /access_080530.log HTTP/1.1" 404 275 "-" "Mozilla/5.0 (compatible; MJ12bot/v1.2.5; http://www.majestic12.co.uk/bot.php?+)" "www.roomfurnish.com"
217.14.6.210 - - [03/Oct/2009:11:53:38 -0700] "GET /access_080630.log HTTP/1.1" 404 275 "-" "Mozilla/5.0 (compatible; MJ12bot/v1.2.5; http://www.majestic12.co.uk/bot.php?+)" "www.roomfurnish.com"
217.14.6.210 - - [03/Oct/2009:11:53:41 -0700] "GET /access_080730.log HTTP/1.1" 404 275 "-" "Mozilla/5.0 (compatible; MJ12bot/v1.2.5; http://www.majestic12.co.uk/bot.php?+)" "www.roomfurnish.com"
217.14.6.210 - - [03/Oct/2009:11:53:50 -0700] "GET /access_080830.log HTTP/1.1" 404 275 "-" "Mozilla/5.0 (compatible; MJ12bot/v1.2.5; http://www.majestic12.co.uk/bot.php?+)" "www.roomfurnish.com"
217.14.6.210 - - [03/Oct/2009:11:53:54 -0700] "GET /access_080930.log HTTP/1.1" 404 275 "-" "Mozilla/5.0 (compatible; MJ12bot/v1.2.5; http://www.majestic12.co.uk/bot.php?+)" "www.roomfurnish.com"
217.14.6.210 - - [03/Oct/2009:11:53:57 -0700] "GET /access_081030.log HTTP/1.1" 404 275 "-" "Mozilla/5.0 (compatible; MJ12bot/v1.2.5; http://www.majestic12.co.uk/bot.php?+)" "www.roomfurnish.com"
217.14.6.210 - - [03/Oct/2009:11:53:59 -0700] "GET /access_081130.log HTTP/1.1" 404 275 "-" "Mozilla/5.0 (compatible; MJ12bot/v1.2.5; http://www.majestic12.co.uk/bot.php?+)" "www.roomfurnish.com"
217.14.6.210 - - [03/Oct/2009:11:54:01 -0700] "GET /access_081230.log HTTP/1.1" 404 275 "-" "Mozilla/5.0 (compatible; MJ12bot/v1.2.5; http://www.majestic12.co.uk/bot.php?+)" "www.roomfurnish.com"
217.14.6.210 - - [03/Oct/2009:11:54:08 -0700] "GET /access_090130.log HTTP/1.1" 404 275 "-" "Mozilla/5.0 (compatible; MJ12bot/v1.2.5; http://www.majestic12.co.uk/bot.php?+)" "www.roomfurnish.com"
217.14.6.210 - - [03/Oct/2009:11:54:11 -0700] "GET /access_090301.log HTTP/1.1" 404 275 "-" "Mozilla/5.0 (compatible; MJ12bot/v1.2.5; http://www.majestic12.co.uk/bot.php?+)" "www.roomfurnish.com"
217.14.6.210 - - [03/Oct/2009:11:54:13 -0700] "GET /access_090330.log HTTP/1.0" 404 275 "-" "Mozilla/5.0 (compatible; MJ12bot/v1.2.5; http://www.majestic12.co.uk/bot.php?+)" "www.roomfurnish.com"
217.14.6.210 - - [03/Oct/2009:11:54:17 -0700] "GET /access_090430.log HTTP/1.1" 404 275 "-" "Mozilla/5.0 (compatible; MJ12bot/v1.2.5; http://www.majestic12.co.uk/bot.php?+)" "www.roomfurnish.com"
217.14.6.210 - - [03/Oct/2009:11:54:19 -0700] "GET /access_090530.log HTTP/1.1" 404 275 "-" "Mozilla/5.0 (compatible; MJ12bot/v1.2.5; http://www.majestic12.co.uk/bot.php?+)" "www.roomfurnish.com"
217.14.6.210 - - [03/Oct/2009:11:54:22 -0700] "GET /access_090630.log HTTP/1.1" 404 275 "-" "Mozilla/5.0 (compatible; MJ12bot/v1.2.5; http://www.majestic12.co.uk/bot.php?+)" "www.roomfurnish.com"
217.14.6.210 - - [03/Oct/2009:11:54:24 -0700] "GET /access_090730.log HTTP/1.1" 404 275 "-" "Mozilla/5.0 (compatible; MJ12bot/v1.2.5; http://www.majestic12.co.uk/bot.php?+)" "www.roomfurnish.com"
217.14.6.210 - - [03/Oct/2009:11:54:28 -0700] "GET /access_090830.log HTTP/1.1" 404 275 "-" "Mozilla/5.0 (compatible; MJ12bot/v1.2.5; http://www.majestic12.co.uk/bot.php?+)" "www.roomfurnish.com"
217.14.6.210 - - [03/Oct/2009:11:54:31 -0700] "GET /back HTTP/1.1" 404 275 "-" "Mozilla/5.0 (compatible; MJ12bot/v1.2.5; http://www.majestic12.co.uk/bot.php?+)" "www.roomfurnish.com"
217.14.6.210 - - [03/Oct/2009:11:54:33 -0700] "GET /dtcsolution?D=A HTTP/1.1" 301 106 "-" "Mozilla/5.0 (compatible; MJ12bot/v1.2.5; http://www.majestic12.co.uk/bot.php?+)" "www.roomfurnish.com"
217.14.6.210 - - [03/Oct/2009:11:54:34 -0700] "GET /dtcsolution/?D=A HTTP/1.1" 200 2040 "http://www.roomfurnish.com/dtcsolution?D=A" "Mozilla/5.0 (compatible; MJ12bot/v1.2.5; http://www.majestic12.co.uk/bot.php?+)" "www.roomfurnish.com"
217.14.6.210 - - [03/Oct/2009:11:54:38 -0700] "GET /dtcsolution?M=A HTTP/1.1" 301 106 "-" "Mozilla/5.0 (compatible; MJ12bot/v1.2.5; http://www.majestic12.co.uk/bot.php?+)" "www.roomfurnish.com"
217.14.6.210 - - [03/Oct/2009:11:54:39 -0700] "GET /dtcsolution/?M=A HTTP/1.1" 200 2040 "http://www.roomfurnish.com/dtcsolution?M=A" "Mozilla/5.0 (compatible; MJ12bot/v1.2.5; http://www.majestic12.co.uk/bot.php?+)" "www.roomfurnish.com"
217.14.6.210 - - [03/Oct/2009:11:54:41 -0700] "GET /dtcsolution?N=D HTTP/1.1" 301 106 "-" "Mozilla/5.0 (compatible; MJ12bot/v1.2.5; http://www.majestic12.co.uk/bot.php?+)" "www.roomfurnish.com"
217.14.6.210 - - [03/Oct/2009:11:54:42 -0700] "GET /dtcsolution/?N=D HTTP/1.1" 200 2040 "http://www.roomfurnish.com/dtcsolution?N=D" "Mozilla/5.0 (compatible; MJ12bot/v1.2.5; http://www.majestic12.co.uk/bot.php?+)" "www.roomfurnish.com"
217.14.6.210 - - [03/Oct/2009:11:54:44 -0700] "GET /dtcsolution?S=A HTTP/1.1" 301 106 "-" "Mozilla/5.0 (compatible; MJ12bot/v1.2.5; http://www.majestic12.co.uk/bot.php?+)" "www.roomfurnish.com"
217.14.6.210 - - [03/Oct/2009:11:54:47 -0700] "GET /dtcsolution/?S=A HTTP/1.1" 200 2040 "http://www.roomfurnish.com/dtcsolution?S=A" "Mozilla/5.0 (compatible; MJ12bot/v1.2.5; http://www.majestic12.co.uk/bot.php?+)" "www.roomfurnish.com"
217.14.6.210 - - [03/Oct/2009:11:54:49 -0700] "GET /html HTTP/1.1" 404 275 "-" "Mozilla/5.0 (compatible; MJ12bot/v1.2.5; http://www.majestic12.co.uk/bot.php?+)" "www.roomfurnish.com"
217.14.6.210 - - [03/Oct/2009:11:54:52 -0700] "GET /images HTTP/1.1" 404 275 "-" "Mozilla/5.0 (compatible; MJ12bot/v1.2.5; http://www.majestic12.co.uk/bot.php?+)" "www.roomfurnish.com"
217.14.6.210 - - [03/Oct/2009:11:54:54 -0700] "GET /logs?D=A HTTP/1.1" 301 99 "-" "Mozilla/5.0 (compatible; MJ12bot/v1.2.5; http://www.majestic12.co.uk/bot.php?+)" "www.roomfurnish.com"
217.14.6.210 - - [03/Oct/2009:11:54:55 -0700] "GET /logs/?D=A HTTP/1.1" 200 8946 "http://www.roomfurnish.com/logs?D=A" "Mozilla/5.0 (compatible; MJ12bot/v1.2.5; http://www.majestic12.co.uk/bot.php?+)" "www.roomfurnish.com"
217.14.6.210 - - [03/Oct/2009:11:54:59 -0700] "GET /logs?M=A HTTP/1.1" 301 99 "-" "Mozilla/5.0 (compatible; MJ12bot/v1.2.5; http://www.majestic12.co.uk/bot.php?+)" "www.roomfurnish.com"
217.14.6.210 - - [03/Oct/2009:11:55:00 -0700] "GET /logs/?M=A HTTP/1.1" 200 8946 "http://www.roomfurnish.com/logs?M=A" "Mozilla/5.0 (compatible; MJ12bot/v1.2.5; http://www.majestic12.co.uk/bot.php?+)" "www.roomfurnish.com"
217.14.6.210 - - [03/Oct/2009:11:55:05 -0700] "GET /logs?N=D HTTP/1.1" 301 99 "-" "Mozilla/5.0 (compatible; MJ12bot/v1.2.5; http://www.majestic12.co.uk/bot.php?+)" "www.roomfurnish.com"
217.14.6.210 - - [03/Oct/2009:11:55:06 -0700] "GET /logs/?N=D HTTP/1.1" 200 8946 "http://www.roomfurnish.com/logs?N=D" "Mozilla/5.0 (compatible; MJ12bot/v1.2.5; http://www.majestic12.co.uk/bot.php?+)" "www.roomfurnish.com"
217.14.6.210 - - [03/Oct/2009:11:55:10 -0700] "GET /logs?S=A HTTP/1.1" 301 99 "-" "Mozilla/5.0 (compatible; MJ12bot/v1.2.5; http://www.majestic12.co.uk/bot.php?+)" "www.roomfurnish.com"
217.14.6.210 - - [03/Oct/2009:11:55:10 -0700] "GET /logs/?S=A HTTP/1.1" 200 8946 "http://www.roomfurnish.com/logs?S=A" "Mozilla/5.0 (compatible; MJ12bot/v1.2.5; http://www.majestic12.co.uk/bot.php?+)" "www.roomfurnish.com"
217.14.6.210 - - [03/Oct/2009:11:55:13 -0700] "GET /mailError.log HTTP/1.1" 404 275 "-" "Mozilla/5.0 (compatible; MJ12bot/v1.2.5; http://www.majestic12.co.uk/bot.php?+)" "www.roomfurnish.com"
217.14.6.210 - - [03/Oct/2009:11:55:15 -0700] "GET /nantian?D=A HTTP/1.1" 301 102 "-" "Mozilla/5.0 (compatible; MJ12bot/v1.2.5; http://www.majestic12.co.uk/bot.php?+)" "www.roomfurnish.com"
217.14.6.210 - - [03/Oct/2009:11:55:16 -0700] "GET /nantian/?D=A HTTP/1.1" 200 10769 "http://www.roomfurnish.com/nantian?D=A" "Mozilla/5.0 (compatible; MJ12bot/v1.2.5; http://www.majestic12.co.uk/bot.php?+)" "www.roomfurnish.com"
217.14.6.210 - - [03/Oct/2009:11:55:20 -0700] "GET /nantian?M=A HTTP/1.1" 301 102 "-" "Mozilla/5.0 (compatible; MJ12bot/v1.2.5; http://www.majestic12.co.uk/bot.php?+)" "www.roomfurnish.com"
217.14.6.210 - - [03/Oct/2009:11:55:21 -0700] "GET /nantian/?M=A HTTP/1.1" 200 10769 "http://www.roomfurnish.com/nantian?M=A" "Mozilla/5.0 (compatible; MJ12bot/v1.2.5; http://www.majestic12.co.uk/bot.php?+)" "www.roomfurnish.com"
217.14.6.210 - - [03/Oct/2009:11:55:24 -0700] "GET /nantian?N=D HTTP/1.1" 301 102 "-" "Mozilla/5.0 (compatible; MJ12bot/v1.2.5; http://www.majestic12.co.uk/bot.php?+)" "www.roomfurnish.com"
217.14.6.210 - - [03/Oct/2009:11:55:25 -0700] "GET /nantian/?N=D HTTP/1.1" 200 10769 "http://www.roomfurnish.com/nantian?N=D" "Mozilla/5.0 (compatible; MJ12bot/v1.2.5; http://www.majestic12.co.uk/bot.php?+)" "www.roomfurnish.com"
217.14.6.210 - - [03/Oct/2009:11:55:28 -0700] "GET /nantian?S=A HTTP/1.1" 301 102 "-" "Mozilla/5.0 (compatible; MJ12bot/v1.2.5; http://www.majestic12.co.uk/bot.php?+)" "www.roomfurnish.com"
217.14.6.210 - - [03/Oct/2009:11:55:30 -0700] "GET /nantian/?S=A HTTP/1.1" 200 10769 "http://www.roomfurnish.com/nantian?S=A" "Mozilla/5.0 (compatible; MJ12bot/v1.2.5; http://www.majestic12.co.uk/bot.php?+)" "www.roomfurnish.com"
217.14.6.210 - - [03/Oct/2009:11:55:33 -0700] "GET /psd HTTP/1.1" 404 275 "-" "Mozilla/5.0 (compatible; MJ12bot/v1.2.5; http://www.majestic12.co.uk/bot.php?+)" "www.roomfurnish.com"
217.14.6.210 - - [03/Oct/2009:11:55:36 -0700] "GET /scripts.log HTTP/1.1" 404 275 "-" "Mozilla/5.0 (compatible; MJ12bot/v1.2.5; http://www.majestic12.co.uk/bot.php?+)" "www.roomfurnish.com"
67.195.115.183 - - [03/Oct/2009:11:58:50 -0700] "GET /BOSSTON/3Sofa/?D=A HTTP/1.0" 200 2613 "-" "Mozilla/5.0 (compatible; Yahoo! Slurp/3.0; http://help.yahoo.com/help/us/ysearch/slurp)" "www.roomfurnish.com"
67.195.115.183 - - [03/Oct/2009:12:02:40 -0700] "GET /QM/?D=A HTTP/1.0" 200 1324 "-" "Mozilla/5.0 (compatible; Yahoo! Slurp/3.0; http://help.yahoo.com/help/us/ysearch/slurp)" "www.roomfurnish.com"
67.195.115.183 - - [03/Oct/2009:12:02:42 -0700] "GET /QM/?S=A HTTP/1.0" 200 1324 "-" "Mozilla/5.0 (compatible; Yahoo! Slurp/3.0; http://help.yahoo.com/help/us/ysearch/slurp)" "www.roomfurnish.com"
67.195.115.183 - - [03/Oct/2009:12:02:52 -0700] "GET /QM/Bedroom/ HTTP/1.0" 200 2342 "-" "Mozilla/5.0 (compatible; Yahoo! Slurp/3.0; http://help.yahoo.com/help/us/ysearch/slurp)" "www.roomfurnish.com"
67.195.115.183 - - [03/Oct/2009:12:04:49 -0700] "GET /QM/Other/ HTTP/1.0" 200 2530 "-" "Mozilla/5.0 (compatible; Yahoo! Slurp/3.0; http://help.yahoo.com/help/us/ysearch/slurp)" "www.roomfurnish.com"
67.195.115.183 - - [03/Oct/2009:12:05:11 -0700] "GET /QM/Bedroom/?N=D HTTP/1.0" 200 2342 "-" "Mozilla/5.0 (compatible; Yahoo! Slurp/3.0; http://help.yahoo.com/help/us/ysearch/slurp)" "www.roomfurnish.com"
67.195.115.183 - - [03/Oct/2009:12:06:14 -0700] "GET /QM/LivingRoom/ HTTP/1.0" 200 5132 "-" "Mozilla/5.0 (compatible; Yahoo! Slurp/3.0; http://help.yahoo.com/help/us/ysearch/slurp)" "www.roomfurnish.com"
67.195.115.183 - - [03/Oct/2009:12:08:02 -0700] "GET /QM/Other/?N=D HTTP/1.0" 200 2530 "-" "Mozilla/5.0 (compatible; Yahoo! Slurp/3.0; http://help.yahoo.com/help/us/ysearch/slurp)" "www.roomfurnish.com"
67.195.115.183 - - [03/Oct/2009:12:08:34 -0700] "GET /QM/Bedroom/?D=A HTTP/1.0" 200 2342 "-" "Mozilla/5.0 (compatible; Yahoo! Slurp/3.0; http://help.yahoo.com/help/us/ysearch/slurp)" "www.roomfurnish.com"
67.195.115.183 - - [03/Oct/2009:12:08:46 -0700] "GET /QM/Bedroom/?S=A HTTP/1.0" 200 2342 "-" "Mozilla/5.0 (compatible; Yahoo! Slurp/3.0; http://help.yahoo.com/help/us/ysearch/slurp)" "www.roomfurnish.com"
67.195.115.183 - - [03/Oct/2009:12:09:11 -0700] "GET /BOSSTON/BOSSTON-CD/Chair/ HTTP/1.0" 200 2374 "-" "Mozilla/5.0 (compatible; Yahoo! Slurp/3.0; http://help.yahoo.com/help/us/ysearch/slurp)" "www.roomfurnish.com"
67.195.115.183 - - [03/Oct/2009:12:10:26 -0700] "GET /QM/Other/?M=A HTTP/1.0" 200 2530 "-" "Mozilla/5.0 (compatible; Yahoo! Slurp/3.0; http://help.yahoo.com/help/us/ysearch/slurp)" "www.roomfurnish.com"
67.195.115.183 - - [03/Oct/2009:12:12:28 -0700] "GET /QM/LivingRoom/?M=A HTTP/1.0" 200 5132 "-" "Mozilla/5.0 (compatible; Yahoo! Slurp/3.0; http://help.yahoo.com/help/us/ysearch/slurp)" "www.roomfurnish.com"
67.195.115.183 - - [03/Oct/2009:12:12:37 -0700] "GET /QM/LivingRoom/?S=A HTTP/1.0" 200 5132 "-" "Mozilla/5.0 (compatible; Yahoo! Slurp/3.0; http://help.yahoo.com/help/us/ysearch/slurp)" "www.roomfurnish.com"
67.195.115.183 - - [03/Oct/2009:12:14:40 -0700] "GET /QM/Other/?D=A HTTP/1.0" 200 2530 "-" "Mozilla/5.0 (compatible; Yahoo! Slurp/3.0; http://help.yahoo.com/help/us/ysearch/slurp)" "www.roomfurnish.com"
67.195.115.183 - - [03/Oct/2009:12:33:55 -0700] "GET /QM/HomeOffice/ HTTP/1.0" 200 2108 "-" "Mozilla/5.0 (compatible; Yahoo! Slurp/3.0; http://help.yahoo.com/help/us/ysearch/slurp)" "www.roomfurnish.com"
67.195.115.183 - - [03/Oct/2009:12:36:16 -0700] "GET /logs/access_050530.log HTTP/1.0" 200 57677443 "-" "Mozilla/5.0 (compatible; Yahoo! Slurp/3.0; http://help.yahoo.com/help/us/ysearch/slurp)" "www.roomfurnish.com"
67.195.115.183 - - [03/Oct/2009:12:36:23 -0700] "GET /QM/HomeOffice/?S=A HTTP/1.0" 200 2108 "-" "Mozilla/5.0 (compatible; Yahoo! Slurp/3.0; http://help.yahoo.com/help/us/ysearch/slurp)" "www.roomfurnish.com"
67.195.115.183 - - [03/Oct/2009:12:36:30 -0700] "GET /QM/Other/?S=A HTTP/1.0" 200 2530 "-" "Mozilla/5.0 (compatible; Yahoo! Slurp/3.0; http://help.yahoo.com/help/us/ysearch/slurp)" "www.roomfurnish.com"
67.195.115.183 - - [03/Oct/2009:12:38:58 -0700] "GET /QM/HomeOffice/?N=D HTTP/1.0" 200 2108 "-" "Mozilla/5.0 (compatible; Yahoo! Slurp/3.0; http://help.yahoo.com/help/us/ysearch/slurp)" "www.roomfurnish.com"
67.195.115.183 - - [03/Oct/2009:12:52:54 -0700] "GET / HTTP/1.0" 200 2564 "-" "Mozilla/5.0 (compatible; Yahoo! DE Slurp; http://help.yahoo.com/help/us/ysearch/slurp)" "www.roomfurnish.com"
67.195.115.183 - - [03/Oct/2009:13:09:12 -0700] "GET /dtcsolution/LIBRARY/BUTTONS/ HTTP/1.0" 200 2037 "-" "Mozilla/5.0 (compatible; Yahoo! Slurp/3.0; http://help.yahoo.com/help/us/ysearch/slurp)" "www.roomfurnish.com"
67.195.115.183 - - [03/Oct/2009:13:40:47 -0700] "GET /logs/access_070301.log HTTP/1.0" 200 286495 "-" "Mozilla/5.0 (compatible; Yahoo! Slurp/3.0; http://help.yahoo.com/help/us/ysearch/slurp)" "www.roomfurnish.com"
67.195.115.183 - - [03/Oct/2009:13:40:49 -0700] "GET /logs/access_090430.log HTTP/1.0" 200 136047 "-" "Mozilla/5.0 (compatible; Yahoo! Slurp/3.0; http://help.yahoo.com/help/us/ysearch/slurp)" "www.roomfurnish.com"
67.195.115.183 - - [03/Oct/2009:13:41:09 -0700] "GET /QM/HomeOffice/?M=A HTTP/1.0" 200 2108 "-" "Mozilla/5.0 (compatible; Yahoo! Slurp/3.0; http://help.yahoo.com/help/us/ysearch/slurp)" "www.roomfurnish.com"
67.195.115.183 - - [03/Oct/2009:14:08:20 -0700] "GET /QM/LivingRoom/?D=A HTTP/1.0" 200 5132 "-" "Mozilla/5.0 (compatible; Yahoo! Slurp/3.0; http://help.yahoo.com/help/us/ysearch/slurp)" "www.roomfurnish.com"
67.195.115.183 - - [03/Oct/2009:14:19:05 -0700] "GET /dtcsolution/LIBRARY/?S=A HTTP/1.0" 200 1380 "-" "Mozilla/5.0 (compatible; Yahoo! Slurp/3.0; http://help.yahoo.com/help/us/ysearch/slurp)" "www.roomfurnish.com"
67.195.115.183 - - [03/Oct/2009:14:21:10 -0700] "GET /QM/HomeOffice/?D=A HTTP/1.0" 200 2108 "-" "Mozilla/5.0 (compatible; Yahoo! Slurp/3.0; http://help.yahoo.com/help/us/ysearch/slurp)" "www.roomfurnish.com"
67.195.115.183 - - [03/Oct/2009:14:23:00 -0700] "GET /QM/Other/?M=A HTTP/1.0" 200 2530 "-" "Mozilla/5.0 (compatible; Yahoo! Slurp/3.0; http://help.yahoo.com/help/us/ysearch/slurp)" "www.roomfurnish.com"
67.195.115.183 - - [03/Oct/2009:14:38:08 -0700] "GET /BOSSTON/?S=A HTTP/1.0" 200 928 "-" "Mozilla/5.0 (compatible; Yahoo! Slurp/3.0; http://help.yahoo.com/help/us/ysearch/slurp)" "www.roomfurnish.com"
65.46.75.190 - - [03/Oct/2009:14:45:03 -0700] "GET /robots.txt HTTP/1.0" 404 275 "-" "ShopWiki/1.0 ( +http://www.shopwiki.com/wiki/Help:Bot)" "www.roomfurnish.com"
38.98.120.94 - - [03/Oct/2009:14:45:04 -0700] "GET / HTTP/1.1" 200 2580 "-" "ShopWiki/1.0 ( +http://www.shopwiki.com/wiki/Help:Bot)" "www.roomfurnish.com"
65.46.75.190 - - [03/Oct/2009:14:45:05 -0700] "GET /dtcsolution/FONTS/framd.ttf HTTP/1.1" 200 135984 "-" "ShopWiki/1.0 ( +http://www.shopwiki.com/wiki/Help:Bot)" "www.roomfurnish.com"
65.46.75.190 - - [03/Oct/2009:14:45:09 -0700] "GET /dtcsolution/FONTS/framdit.ttf HTTP/1.1" 200 152844 "-" "ShopWiki/1.0 ( +http://www.shopwiki.com/wiki/Help:Bot)" "www.roomfurnish.com"
38.98.120.94 - - [03/Oct/2009:14:45:09 -0700] "GET /BOSSTON/BOSSTON-CD/Chair/ HTTP/1.1" 200 2390 "-" "ShopWiki/1.0 ( +http://www.shopwiki.com/wiki/Help:Bot)" "www.roomfurnish.com"
38.98.120.94 - - [03/Oct/2009:14:45:10 -0700] "GET /dtcsolution/FONTS/FRAMDCN.TTF HTTP/1.1" 200 122352 "-" "ShopWiki/1.0 ( +http://www.shopwiki.com/wiki/Help:Bot)" "www.roomfurnish.com"
65.46.75.190 - - [03/Oct/2009:14:45:11 -0700] "GET /dtcsolution/FONTS/HELIOSBO.PFB HTTP/1.1" 200 33926 "-" "ShopWiki/1.0 ( +http://www.shopwiki.com/wiki/Help:Bot)" "www.roomfurnish.com"
65.46.75.190 - - [03/Oct/2009:14:45:12 -0700] "GET /dtcsolution/FONTS/HELIOSBO.PFM HTTP/1.1" 200 679 "-" "ShopWiki/1.0 ( +http://www.shopwiki.com/wiki/Help:Bot)" "www.roomfurnish.com"
65.46.75.190 - - [03/Oct/2009:14:45:13 -0700] "GET /dtcsolution/FONTS/FRADM.TTF HTTP/1.1" 200 134240 "-" "ShopWiki/1.0 ( +http://www.shopwiki.com/wiki/Help:Bot)" "www.roomfurnish.com"
8.11.2.10 - - [03/Oct/2009:14:45:14 -0700] "GET /dtcsolution/FONTS/FRADMIT.TTF HTTP/1.1" 200 125624 "-" "ShopWiki/1.0 ( +http://www.shopwiki.com/wiki/Help:Bot)" "www.roomfurnish.com"
8.11.2.10 - - [03/Oct/2009:14:45:15 -0700] "GET /BOSSTON/BOSSTON-CD/Chaise/ HTTP/1.1" 200 3233 "-" "ShopWiki/1.0 ( +http://www.shopwiki.com/wiki/Help:Bot)" "www.roomfurnish.com"
65.46.75.190 - - [03/Oct/2009:14:45:16 -0700] "GET /dtcsolution/FONTS/HELIOSEX.PFB HTTP/1.0" 200 32139 "-" "ShopWiki/1.0 ( +http://www.shopwiki.com/wiki/Help:Bot)" "www.roomfurnish.com"
65.46.75.190 - - [03/Oct/2009:14:45:17 -0700] "GET /dtcsolution/FONTS/FRABKIT.TTF HTTP/1.1" 200 158892 "-" "ShopWiki/1.0 ( +http://www.shopwiki.com/wiki/Help:Bot)" "www.roomfurnish.com"
65.46.75.190 - - [03/Oct/2009:14:45:18 -0700] "GET /dtcsolution/FONTS/tahomabd.ttf HTTP/1.1" 200 260472 "-" "ShopWiki/1.0 ( +http://www.shopwiki.com/wiki/Help:Bot)" "www.roomfurnish.com"
8.11.2.10 - - [03/Oct/2009:14:45:19 -0700] "GET /dtcsolution/FONTS/HELIOSEX.PFM HTTP/1.1" 200 680 "-" "ShopWiki/1.0 ( +http://www.shopwiki.com/wiki/Help:Bot)" "www.roomfurnish.com"
38.98.120.94 - - [03/Oct/2009:14:45:20 -0700] "GET /dtcsolution/FONTS/HELIOSCB.PFB HTTP/1.1" 200 34535 "-" "ShopWiki/1.0 ( +http://www.shopwiki.com/wiki/Help:Bot)" "www.roomfurnish.com"
65.46.75.190 - - [03/Oct/2009:14:45:21 -0700] "GET /dtcsolution/FONTS/FRAHVIT.TTF HTTP/1.1" 200 142168 "-" "ShopWiki/1.0 ( +http://www.shopwiki.com/wiki/Help:Bot)" "www.roomfurnish.com"
65.46.75.190 - - [03/Oct/2009:14:45:22 -0700] "GET /BOSSTON/BOSSTON-CD/20048/ HTTP/1.1" 200 6391 "-" "ShopWiki/1.0 ( +http://www.shopwiki.com/wiki/Help:Bot)" "www.roomfurnish.com"
38.98.120.94 - - [03/Oct/2009:14:45:23 -0700] "GET /dtcsolution/FONTS/HELIOSEB.PFB HTTP/1.1" 200 32523 "-" "ShopWiki/1.0 ( +http://www.shopwiki.com/wiki/Help:Bot)" "www.roomfurnish.com"
65.46.75.190 - - [03/Oct/2009:14:45:24 -0700] "GET /dtcsolution/FONTS/HELIOSEB.PFM HTTP/1.1" 200 685 "-" "ShopWiki/1.0 ( +http://www.shopwiki.com/wiki/Help:Bot)" "www.roomfurnish.com"
65.46.75.190 - - [03/Oct/2009:14:45:25 -0700] "GET /BOSSTON/BOSSTON-CD/20049/ HTTP/1.1" 200 1412 "-" "ShopWiki/1.0 ( +http://www.shopwiki.com/wiki/Help:Bot)" "www.roomfurnish.com"
65.46.75.190 - - [03/Oct/2009:14:45:26 -0700] "GET /dtcsolution/FONTS/FRADMCN.TTF HTTP/1.1" 200 108164 "-" "ShopWiki/1.0 ( +http://www.shopwiki.com/wiki/Help:Bot)" "www.roomfurnish.com"
65.46.75.190 - - [03/Oct/2009:14:45:29 -0700] "GET /dtcsolution/LIBRARY/LOGOS/ HTTP/1.1" 200 3255 "-" "ShopWiki/1.0 ( +http://www.shopwiki.com/wiki/Help:Bot)" "www.roomfurnish.com"
38.98.120.94 - - [03/Oct/2009:14:45:30 -0700] "GET /dtcsolution/FONTS/tahoma.ttf HTTP/1.1" 200 265528 "-" "ShopWiki/1.0 ( +http://www.shopwiki.com/wiki/Help:Bot)" "www.roomfurnish.com"
65.46.75.190 - - [03/Oct/2009:14:45:31 -0700] "GET /dtcsolution/FONTS/verdanab.ttf HTTP/1.1" 200 136032 "-" "ShopWiki/1.0 ( +http://www.shopwiki.com/wiki/Help:Bot)" "www.roomfurnish.com"
65.46.75.190 - - [03/Oct/2009:14:45:32 -0700] "GET /dtcsolution/FONTS/HELIOSCB.PFM HTTP/1.1" 200 687 "-" "ShopWiki/1.0 ( +http://www.shopwiki.com/wiki/Help:Bot)" "www.roomfurnish.com"
38.98.120.94 - - [03/Oct/2009:14:45:33 -0700] "GET /dtcsolution/FONTS/PupularScript.ttf HTTP/1.1" 200 225424 "-" "ShopWiki/1.0 ( +http://www.shopwiki.com/wiki/Help:Bot)" "www.roomfurnish.com"
65.46.75.190 - - [03/Oct/2009:14:45:34 -0700] "GET /dtcsolution/FONTS/FRABK.TTF HTTP/1.1" 200 141768 "-" "ShopWiki/1.0 ( +http://www.shopwiki.com/wiki/Help:Bot)" "www.roomfurnish.com"
38.98.120.94 - - [03/Oct/2009:14:45:35 -0700] "GET /dtcsolution/LIBRARY/BUTTONS/ HTTP/1.1" 200 2053 "-" "ShopWiki/1.0 ( +http://www.shopwiki.com/wiki/Help:Bot)" "www.roomfurnish.com"
8.11.2.10 - - [03/Oct/2009:14:45:36 -0700] "GET /dtcsolution/FONTS/FRAHV.TTF HTTP/1.1" 200 130720 "-" "ShopWiki/1.0 ( +http://www.shopwiki.com/wiki/Help:Bot)" "www.roomfurnish.com"
38.98.120.84 - - [03/Oct/2009:15:17:58 -0700] "GET / HTTP/1.1" 200 2580 "-" "ShopWiki/1.0 ( +http://www.shopwiki.com/wiki/Help:Bot)" "www.roomfurnish.com"
38.98.120.84 - - [03/Oct/2009:15:17:58 -0700] "GET /dtcsolution/LIBRARY/LOGOS/ HTTP/1.1" 200 3255 "-" "ShopWiki/1.0 ( +http://www.shopwiki.com/wiki/Help:Bot)" "www.roomfurnish.com"
38.98.120.84 - - [03/Oct/2009:15:17:59 -0700] "GET /BOSSTON/BOSSTON-CD/Chaise/ HTTP/1.1" 200 3233 "-" "ShopWiki/1.0 ( +http://www.shopwiki.com/wiki/Help:Bot)" "www.roomfurnish.com"
38.98.120.84 - - [03/Oct/2009:15:18:00 -0700] "GET /BOSSTON/BOSSTON-CD/20049/ HTTP/1.1" 200 1412 "-" "ShopWiki/1.0 ( +http://www.shopwiki.com/wiki/Help:Bot)" "www.roomfurnish.com"
38.98.120.84 - - [03/Oct/2009:15:18:01 -0700] "GET /BOSSTON/BOSSTON-CD/Chair/ HTTP/1.1" 200 2390 "-" "ShopWiki/1.0 ( +http://www.shopwiki.com/wiki/Help:Bot)" "www.roomfurnish.com"
38.98.120.84 - - [03/Oct/2009:15:18:02 -0700] "GET /dtcsolution/LIBRARY/BUTTONS/ HTTP/1.1" 200 2053 "-" "ShopWiki/1.0 ( +http://www.shopwiki.com/wiki/Help:Bot)" "www.roomfurnish.com"
38.98.120.84 - - [03/Oct/2009:15:18:03 -0700] "GET /BOSSTON/BOSSTON-CD/20048/ HTTP/1.1" 200 6391 "-" "ShopWiki/1.0 ( +http://www.shopwiki.com/wiki/Help:Bot)" "www.roomfurnish.com"
67.195.115.183 - - [03/Oct/2009:15:38:37 -0700] "GET /BOSSTON/BOSSTON-CD/20049/ HTTP/1.0" 200 1396 "-" "Mozilla/5.0 (compatible; Yahoo! Slurp/3.0; http://help.yahoo.com/help/us/ysearch/slurp)" "www.roomfurnish.com"
38.98.120.84 - - [03/Oct/2009:16:10:00 -0700] "GET / HTTP/1.1" 200 2580 "-" "ShopWiki/1.0 ( +http://www.shopwiki.com/wiki/Help:Bot)" "www.roomfurnish.com"
38.98.120.84 - - [03/Oct/2009:16:10:01 -0700] "GET /dtcsolution/LIBRARY/LOGOS/ HTTP/1.1" 200 3255 "-" "ShopWiki/1.0 ( +http://www.shopwiki.com/wiki/Help:Bot)" "www.roomfurnish.com"
38.98.120.84 - - [03/Oct/2009:16:10:05 -0700] "GET /BOSSTON/BOSSTON-CD/Chaise/ HTTP/1.1" 200 3233 "-" "ShopWiki/1.0 ( +http://www.shopwiki.com/wiki/Help:Bot)" "www.roomfurnish.com"
38.98.120.84 - - [03/Oct/2009:16:10:06 -0700] "GET /BOSSTON/BOSSTON-CD/20049/ HTTP/1.1" 200 1412 "-" "ShopWiki/1.0 ( +http://www.shopwiki.com/wiki/Help:Bot)" "www.roomfurnish.com"
38.98.120.84 - - [03/Oct/2009:16:10:07 -0700] "GET /BOSSTON/BOSSTON-CD/Chair/ HTTP/1.1" 200 2390 "-" "ShopWiki/1.0 ( +http://www.shopwiki.com/wiki/Help:Bot)" "www.roomfurnish.com"
38.98.120.84 - - [03/Oct/2009:16:10:08 -0700] "GET /dtcsolution/LIBRARY/BUTTONS/ HTTP/1.1" 200 2053 "-" "ShopWiki/1.0 ( +http://www.shopwiki.com/wiki/Help:Bot)" "www.roomfurnish.com"
38.98.120.84 - - [03/Oct/2009:16:10:09 -0700] "GET /BOSSTON/BOSSTON-CD/20048/ HTTP/1.1" 200 6391 "-" "ShopWiki/1.0 ( +http://www.shopwiki.com/wiki/Help:Bot)" "www.roomfurnish.com"
67.202.31.110 - - [03/Oct/2009:16:50:25 -0700] "GET /favicon.ico HTTP/1.1" 404 275 "-" "-" "roomfurnish.com"
67.195.115.183 - - [03/Oct/2009:17:12:28 -0700] "GET /dtcsolution/?N=D HTTP/1.0" 200 2024 "-" "Mozilla/5.0 (compatible; Yahoo! Slurp/3.0; http://help.yahoo.com/help/us/ysearch/slurp)" "www.roomfurnish.com"
67.195.115.183 - - [03/Oct/2009:17:15:05 -0700] "GET /logs/access_050830.log HTTP/1.0" 200 65536 "-" "Mozilla/5.0 (compatible; Yahoo! Slurp/3.0; http://help.yahoo.com/help/us/ysearch/slurp)" "www.roomfurnish.com"
67.195.115.183 - - [03/Oct/2009:17:23:15 -0700] "GET /logs/access_050430.log HTTP/1.0" 200 65536 "-" "Mozilla/5.0 (compatible; Yahoo! Slurp/3.0; http://help.yahoo.com/help/us/ysearch/slurp)" "www.roomfurnish.com"
193.252.149.16 - - [03/Oct/2009:17:24:07 -0700] "GET /robots.txt HTTP/1.1" 404 275 "-" "Mozilla/5.0 (Windows; U; Windows NT 5.1; fr; rv:1.8.1) VoilaBot BETA 1.2 (support.voilabot@orange-ftgroup.com)" "roomfurnish.com"
193.252.149.16 - - [03/Oct/2009:17:24:08 -0700] "GET / HTTP/1.1" 200 2580 "-" "Mozilla/5.0 (Windows; U; Windows NT 5.1; fr; rv:1.8.1) VoilaBot BETA 1.2 (support.voilabot@orange-ftgroup.com)" "roomfurnish.com"
67.195.115.183 - - [03/Oct/2009:17:29:12 -0700] "GET /nantian/?S=A HTTP/1.0" 200 10753 "-" "Mozilla/5.0 (compatible; Yahoo! Slurp/3.0; http://help.yahoo.com/help/us/ysearch/slurp)" "www.roomfurnish.com"
67.202.10.225 - - [03/Oct/2009:17:53:45 -0700] "GET /favicon.ico HTTP/1.1" 404 275 "-" "-" "roomfurnish.com"
174.129.137.187 - - [03/Oct/2009:17:53:47 -0700] "GET /favicon.ico HTTP/1.1" 404 275 "-" "-" "roomfurnish.com"
38.98.120.84 - - [03/Oct/2009:18:02:51 -0700] "GET /robots.txt HTTP/1.1" 404 275 "-" "ShopWiki/1.0 ( +http://www.shopwiki.com/wiki/Help:Bot)" "www.roomfurnish.com"
38.98.120.84 - - [03/Oct/2009:18:02:51 -0700] "GET / HTTP/1.1" 200 2580 "-" "ShopWiki/1.0 ( +http://www.shopwiki.com/wiki/Help:Bot)" "www.roomfurnish.com"
38.98.120.84 - - [03/Oct/2009:18:02:52 -0700] "GET /dtcsolution/LIBRARY/LOGOS/ HTTP/1.1" 200 3255 "-" "ShopWiki/1.0 ( +http://www.shopwiki.com/wiki/Help:Bot)" "www.roomfurnish.com"
38.98.120.84 - - [03/Oct/2009:18:02:53 -0700] "GET /BOSSTON/BOSSTON-CD/Chaise/ HTTP/1.1" 200 3233 "-" "ShopWiki/1.0 ( +http://www.shopwiki.com/wiki/Help:Bot)" "www.roomfurnish.com"
38.98.120.84 - - [03/Oct/2009:18:02:54 -0700] "GET /BOSSTON/BOSSTON-CD/20049/ HTTP/1.1" 200 1412 "-" "ShopWiki/1.0 ( +http://www.shopwiki.com/wiki/Help:Bot)" "www.roomfurnish.com"
38.98.120.84 - - [03/Oct/2009:18:02:55 -0700] "GET /BOSSTON/BOSSTON-CD/Chair/ HTTP/1.1" 200 2390 "-" "ShopWiki/1.0 ( +http://www.shopwiki.com/wiki/Help:Bot)" "www.roomfurnish.com"
38.98.120.84 - - [03/Oct/2009:18:02:56 -0700] "GET /dtcsolution/LIBRARY/BUTTONS/ HTTP/1.1" 200 2053 "-" "ShopWiki/1.0 ( +http://www.shopwiki.com/wiki/Help:Bot)" "www.roomfurnish.com"
38.98.120.84 - - [03/Oct/2009:18:02:57 -0700] "GET /BOSSTON/BOSSTON-CD/20048/ HTTP/1.1" 200 6391 "-" "ShopWiki/1.0 ( +http://www.shopwiki.com/wiki/Help:Bot)" "www.roomfurnish.com"
218.186.12.248 - - [03/Oct/2009:18:04:15 -0700] "GET /html/ HTTP/1.1" 200 13037 "http://www.dtcsolution.com/" "Mozilla/5.0 (Windows; U; Windows NT 6.0; en-US; rv:1.9.0.14) Gecko/2009082707 Firefox/3.0.14 (.NET CLR 3.5.30729)" "dtcsolution.roomfurnish.com"
218.186.12.10 - - [03/Oct/2009:18:04:16 -0700] "GET /html/images/but.jpg HTTP/1.1" 200 1685 "http://dtcsolution.roomfurnish.com/html/" "Mozilla/5.0 (Windows; U; Windows NT 6.0; en-US; rv:1.9.0.14) Gecko/2009082707 Firefox/3.0.14 (.NET CLR 3.5.30729)" "dtcsolution.roomfurnish.com"
218.186.12.10 - - [03/Oct/2009:18:04:19 -0700] "GET /html/images/name.jpg HTTP/1.1" 200 2150 "http://dtcsolution.roomfurnish.com/html/" "Mozilla/5.0 (Windows; U; Windows NT 6.0; en-US; rv:1.9.0.14) Gecko/2009082707 Firefox/3.0.14 (.NET CLR 3.5.30729)" "dtcsolution.roomfurnish.com"
72.30.81.162 - - [03/Oct/2009:18:07:01 -0700] "GET /html/ HTTP/1.0" 200 13037 "http://www.dtcsolution.com/" "Mozilla/5.0 (compatible; Yahoo! Slurp/3.0; http://help.yahoo.com/help/us/ysearch/slurp)" "dtcsolution.roomfurnish.com"
65.46.75.190 - - [03/Oct/2009:18:16:43 -0700] "GET / HTTP/1.1" 200 2580 "-" "ShopWiki/1.0 ( +http://www.shopwiki.com/wiki/Help:Bot)" "www.roomfurnish.com"
65.46.75.190 - - [03/Oct/2009:18:16:44 -0700] "GET /dtcsolution/LIBRARY/LOGOS/ HTTP/1.1" 200 3255 "-" "ShopWiki/1.0 ( +http://www.shopwiki.com/wiki/Help:Bot)" "www.roomfurnish.com"
8.11.2.10 - - [03/Oct/2009:18:16:45 -0700] "GET /BOSSTON/BOSSTON-CD/Chaise/ HTTP/1.1" 200 3233 "-" "ShopWiki/1.0 ( +http://www.shopwiki.com/wiki/Help:Bot)" "www.roomfurnish.com"
65.46.75.190 - - [03/Oct/2009:18:16:46 -0700] "GET /BOSSTON/BOSSTON-CD/20049/ HTTP/1.1" 200 1412 "-" "ShopWiki/1.0 ( +http://www.shopwiki.com/wiki/Help:Bot)" "www.roomfurnish.com"
65.46.75.190 - - [03/Oct/2009:18:16:48 -0700] "GET /BOSSTON/BOSSTON-CD/Chair/ HTTP/1.1" 200 2390 "-" "ShopWiki/1.0 ( +http://www.shopwiki.com/wiki/Help:Bot)" "www.roomfurnish.com"
8.11.2.10 - - [03/Oct/2009:18:16:49 -0700] "GET /dtcsolution/LIBRARY/BUTTONS/ HTTP/1.1" 200 2053 "-" "ShopWiki/1.0 ( +http://www.shopwiki.com/wiki/Help:Bot)" "www.roomfurnish.com"
65.46.75.190 - - [03/Oct/2009:18:16:50 -0700] "GET /BOSSTON/BOSSTON-CD/20048/ HTTP/1.1" 200 6391 "-" "ShopWiki/1.0 ( +http://www.shopwiki.com/wiki/Help:Bot)" "www.roomfurnish.com"
218.186.13.241 - - [03/Oct/2009:18:35:55 -0700] "GET /html/ HTTP/1.1" 200 13037 "http://www.dtcsolution.com/" "Mozilla/4.0 (compatible; MSIE 6.0; Windows NT 5.1; SV1)" "dtcsolution.roomfurnish.com"
218.186.12.249 - - [03/Oct/2009:18:54:47 -0700] "GET /html/ HTTP/1.1" 200 13037 "http://www.dtcsolution.com/" "Mozilla/4.0 (compatible; MSIE 6.0; Windows NT 5.1; SV1; .NET CLR 2.0.50727; .NET CLR 3.0.4506.2152; .NET CLR 3.5.30729)" "dtcsolution.roomfurnish.com"
67.195.115.183 - - [03/Oct/2009:18:55:02 -0700] "GET /BOSSTON/BOSSTON-CD/20049/ HTTP/1.0" 200 1396 "-" "Mozilla/5.0 (compatible; Yahoo! Slurp/3.0; http://help.yahoo.com/help/us/ysearch/slurp)" "www.roomfurnish.com"
220.255.7.139 - - [03/Oct/2009:19:00:17 -0700] "GET /html/ HTTP/1.1" 200 13037 "http://www.dtcsolution.com/" "Mozilla/5.0 (Windows; U; Windows NT 6.0; en-US) AppleWebKit/532.0 (KHTML, like Gecko) Chrome/3.0.195.21 Safari/532.0" "dtcsolution.roomfurnish.com"
67.195.115.183 - - [03/Oct/2009:19:02:55 -0700] "GET /dtcsolution/?M=D HTTP/1.0" 200 2024 "-" "Mozilla/5.0 (compatible; Yahoo! Slurp/3.0; http://help.yahoo.com/help/us/ysearch/slurp)" "www.roomfurnish.com"
67.195.115.183 - - [03/Oct/2009:19:24:41 -0700] "GET /QM/?M=A HTTP/1.0" 200 1324 "-" "Mozilla/5.0 (compatible; Yahoo! Slurp/3.0; http://help.yahoo.com/help/us/ysearch/slurp)" "www.roomfurnish.com"
67.195.115.183 - - [03/Oct/2009:19:34:08 -0700] "GET /nantian/Thumbs.db HTTP/1.0" 200 550912 "-" "Mozilla/5.0 (compatible; Yahoo! Slurp/3.0; http://help.yahoo.com/help/us/ysearch/slurp)" "www.roomfurnish.com"
65.55.106.187 - - [03/Oct/2009:19:35:51 -0700] "GET /robots.txt HTTP/1.1" 404 275 "-" "msnbot/2.0b (+http://search.msn.com/msnbot.htm)" "roomfurnish.com"
65.55.106.187 - - [03/Oct/2009:19:52:55 -0700] "GET /test/ HTTP/1.1" 200 798 "-" "msnbot/2.0b (+http://search.msn.com/msnbot.htm)" "roomfurnish.com"
67.195.115.183 - - [03/Oct/2009:19:53:55 -0700] "GET /logs/access_090530.log HTTP/1.0" 200 0 "-" "Mozilla/5.0 (compatible; Yahoo! Slurp/3.0; http://help.yahoo.com/help/us/ysearch/slurp)" "www.roomfurnish.com"
218.186.12.241 - - [03/Oct/2009:20:31:13 -0700] "GET /html/ HTTP/1.1" 200 13037 "http://www.dtcsolution.com/" "Mozilla/4.0 (compatible; MSIE 8.0; Windows NT 5.1; Trident/4.0; GTB6; .NET CLR 2.0.50727; .NET CLR 3.0.4506.2152; .NET CLR 3.5.30729)" "dtcsolution.roomfurnish.com"
218.186.12.13 - - [03/Oct/2009:20:31:17 -0700] "GET /html/images/bg.jpg HTTP/1.1" 200 549 "http://dtcsolution.roomfurnish.com/html/" "Mozilla/4.0 (compatible; MSIE 8.0; Windows NT 5.1; Trident/4.0; GTB6; .NET CLR 2.0.50727; .NET CLR 3.0.4506.2152; .NET CLR 3.5.30729)" "dtcsolution.roomfurnish.com"
67.195.115.183 - - [03/Oct/2009:21:11:16 -0700] "GET /QM/Other/?N=A HTTP/1.0" 200 2530 "-" "Mozilla/5.0 (compatible; Yahoo! Slurp/3.0; http://help.yahoo.com/help/us/ysearch/slurp)" "www.roomfurnish.com"
72.30.81.162 - - [03/Oct/2009:21:31:34 -0700] "GET /html/ HTTP/1.0" 200 13037 "http://dtcsolution.com/partner.html" "Mozilla/5.0 (compatible; Yahoo! Slurp/3.0; http://help.yahoo.com/help/us/ysearch/slurp)" "dtcsolution.roomfurnish.com"
67.195.115.183 - - [03/Oct/2009:21:39:14 -0700] "GET /logs/access_080930.log HTTP/1.0" 200 197741 "-" "Mozilla/5.0 (compatible; Yahoo! Slurp/3.0; http://help.yahoo.com/help/us/ysearch/slurp)" "www.roomfurnish.com"
74.52.245.146 - - [03/Oct/2009:22:17:40 -0700] "GET /html/ HTTP/1.0" 200 13037 "-" "Mozilla/5.0 (X11; U; Linux i686; en-US; rv:1.7.5) Gecko/20041107 Firefox/1.0" "dtcsolution.roomfurnish.com"
74.6.30.119 - - [03/Oct/2009:22:21:23 -0700] "GET / HTTP/1.0" 200 2564 "-" "Mozilla/5.0 (compatible; Yahoo! DE Slurp; http://help.yahoo.com/help/us/ysearch/slurp)" "www.roomfurnish.com"
67.195.115.183 - - [03/Oct/2009:22:24:16 -0700] "GET /logs/access_081130.log HTTP/1.0" 200 142110 "-" "Mozilla/5.0 (compatible; Yahoo! Slurp/3.0; http://help.yahoo.com/help/us/ysearch/slurp)" "www.roomfurnish.com"
67.195.115.183 - - [03/Oct/2009:23:01:08 -0700] "GET /dtcsolution/LIBRARY/?N=D HTTP/1.0" 200 1380 "-" "Mozilla/5.0 (compatible; Yahoo! Slurp/3.0; http://help.yahoo.com/help/us/ysearch/slurp)" "www.roomfurnish.com"
67.202.12.64 - - [03/Oct/2009:23:46:18 -0700] "GET /favicon.ico HTTP/1.1" 404 275 "-" "-" "roomfurnish.com"
67.202.22.111 - - [03/Oct/2009:23:46:25 -0700] "GET /favicon.ico HTTP/1.1" 404 275 "-" "-" "roomfurnish.com"
65.55.107.180 - - [04/Oct/2009:00:01:09 -0700] "GET /robots.txt HTTP/1.1" 404 275 "-" "msnbot/2.0b (+http://search.msn.com/msnbot.htm)" "roomfurnish.com"
65.55.107.180 - - [04/Oct/2009:00:04:47 -0700] "GET /logs/ HTTP/1.1" 200 8946 "-" "msnbot/2.0b (+http://search.msn.com/msnbot.htm)" "roomfurnish.com"
72.30.161.215 - - [04/Oct/2009:00:22:58 -0700] "GET /test/ HTTP/1.0" 200 782 "-" "Mozilla/5.0 (compatible; Yahoo! Slurp/3.0; http://help.yahoo.com/help/us/ysearch/slurp)" "www.roomfurnish.com"
67.195.115.183 - - [04/Oct/2009:01:00:25 -0700] "GET /logs/access_050430.log HTTP/1.0" 200 65536 "-" "Mozilla/5.0 (compatible; Yahoo! Slurp/3.0; http://help.yahoo.com/help/us/ysearch/slurp)" "www.roomfurnish.com"
202.156.14.244 - - [04/Oct/2009:01:43:51 -0700] "GET /html/ HTTP/1.1" 200 13037 "http://www.dtcsolution.com/" "Mozilla/5.0 (Windows; U; Windows NT 6.0; en-US; rv:1.9.1.3) Gecko/20090824 Firefox/3.5.3 (.NET CLR 3.5.30729)" "dtcsolution.roomfurnish.com"
202.156.14.74 - - [04/Oct/2009:01:43:54 -0700] "GET /html/images/cchecks.jpg HTTP/1.1" 200 1203 "http://dtcsolution.roomfurnish.com/html/" "Mozilla/5.0 (Windows; U; Windows NT 6.0; en-US; rv:1.9.1.3) Gecko/20090824 Firefox/3.5.3 (.NET CLR 3.5.30729)" "dtcsolution.roomfurnish.com"
202.156.14.74 - - [04/Oct/2009:01:43:55 -0700] "GET /html/images/bottom.jpg HTTP/1.1" 200 3496 "http://dtcsolution.roomfurnish.com/html/" "Mozilla/5.0 (Windows; U; Windows NT 6.0; en-US; rv:1.9.1.3) Gecko/20090824 Firefox/3.5.3 (.NET CLR 3.5.30729)" "dtcsolution.roomfurnish.com"
218.186.12.13 - - [04/Oct/2009:01:45:39 -0700] "GET /dtcsolution/html/images/DeltaCom_Logo.jpg HTTP/1.1" 200 71109 "http://singapore.craigslist.com.sg/sys/1389449325.html" "Mozilla/5.0 (Windows; U; Windows NT 5.1; en-US; rv:1.9.1.3) Gecko/20090824 Firefox/3.5.3" "site.roomfurnish.com"
67.195.115.183 - - [04/Oct/2009:01:53:42 -0700] "GET /nantian/m1115.xls HTTP/1.0" 200 34816 "-" "Mozilla/5.0 (compatible; Yahoo! Slurp/3.0; http://help.yahoo.com/help/us/ysearch/slurp)" "www.roomfurnish.com"
65.55.106.113 - - [04/Oct/2009:01:59:45 -0700] "GET /robots.txt HTTP/1.1" 404 275 "-" "msnbot/2.0b (+http://search.msn.com/msnbot.htm)" "dtcsolution.roomfurnish.com"
65.55.106.113 - - [04/Oct/2009:02:18:25 -0700] "GET /html/ HTTP/1.1" 200 13037 "-" "msnbot/2.0b (+http://search.msn.com/msnbot.htm)" "dtcsolution.roomfurnish.com"
208.80.193.40 - - [04/Oct/2009:02:19:16 -0700] "GET / HTTP/1.0" 200 2564 "-" "Mozilla/4.0 (compatible; MSIE 6.0; Windows NT 5.1; YPC 3.0.3; .NET CLR 1.0.3705; .NET CLR 1.1.4322; yplus 4.0.00d)" "www.roomfurnish.com"
208.80.193.40 - - [04/Oct/2009:02:19:16 -0700] "GET / HTTP/1.0" 200 2564 "-" "Mozilla/4.0 (compatible; MSIE 6.0; Windows NT 5.1; ESB{A870D12D-2065-4B80-A6C1-1075CD5DF44E}; SV1; .NET CLR 1.1.4322)" "roomfurnish.com"
65.55.209.32 - - [04/Oct/2009:02:33:24 -0700] "GET /robots.txt HTTP/1.1" 404 275 "-" "msnbot/1.1 (+http://search.msn.com/msnbot.htm)" "roomfurnish.com"
65.55.209.32 - - [04/Oct/2009:02:33:26 -0700] "GET /swatch/ HTTP/1.1" 200 662 "-" "msnbot/1.1 (+http://search.msn.com/msnbot.htm)" "roomfurnish.com"
67.195.115.183 - - [04/Oct/2009:02:34:19 -0700] "GET /logs/access_080530.log HTTP/1.0" 200 196379 "-" "Mozilla/5.0 (compatible; Yahoo! Slurp/3.0; http://help.yahoo.com/help/us/ysearch/slurp)" "www.roomfurnish.com"
67.195.115.183 - - [04/Oct/2009:02:34:21 -0700] "GET /logs/access_070930.log HTTP/1.0" 200 546351 "-" "Mozilla/5.0 (compatible; Yahoo! Slurp/3.0; http://help.yahoo.com/help/us/ysearch/slurp)" "www.roomfurnish.com"
67.195.115.183 - - [04/Oct/2009:02:37:20 -0700] "GET /logs/access_090301.log HTTP/1.0" 200 106831 "-" "Mozilla/5.0 (compatible; Yahoo! Slurp/3.0; http://help.yahoo.com/help/us/ysearch/slurp)" "www.roomfurnish.com"
87.82.169.33 - - [04/Oct/2009:02:40:31 -0700] "GET /html/ HTTP/1.1" 200 13037 "http://www.dtcsolution.com/" "Mozilla/4.0 (compatible; MSIE 8.0; Windows NT 6.0; Trident/4.0; GTB6; SLCC1; .NET CLR 2.0.50727; Media Center PC 5.0; Tablet PC 2.0; OfficeLiveConnector.1.3; OfficeLivePatch.0.0; .NET CLR 3.5.30729; .NET CLR 3.0.30618)" "dtcsolution.roomfurnish.com"
202.156.14.244 - - [04/Oct/2009:03:28:00 -0700] "GET /html/ HTTP/1.1" 200 13037 "http://www.dtcsolution.com/" "Mozilla/4.0 (compatible; MSIE 7.0; Windows NT 6.0; Avant Browser; SLCC1; .NET CLR 2.0.50727; Media Center PC 5.0; Tablet PC 2.0; .NET CLR 3.5.30729; .NET CLR 3.0.30618; Creative ZENcast v1.02.08)" "dtcsolution.roomfurnish.com"
67.195.115.183 - - [04/Oct/2009:03:33:23 -0700] "GET /BOSSTON/BOSSTON-CD/20049/ HTTP/1.0" 200 1396 "-" "Mozilla/5.0 (compatible; Yahoo! Slurp/3.0; http://help.yahoo.com/help/us/ysearch/slurp)" "www.roomfurnish.com"
220.255.7.225 - - [04/Oct/2009:03:39:23 -0700] "GET /html/ HTTP/1.1" 200 13037 "http://www.dtcsolution.com/" "Mozilla/4.0 (compatible; MSIE 7.0; Windows NT 6.0; SLCC1; .NET CLR 2.0.50727; Media Center PC 5.0; .NET CLR 3.5.21022; .NET CLR 3.5.30729; .NET CLR 3.0.30729)" "dtcsolution.roomfurnish.com"
65.55.207.29 - - [04/Oct/2009:03:56:33 -0700] "GET /robots.txt HTTP/1.1" 404 275 "-" "msnbot/2.0b (+http://search.msn.com/msnbot.htm)" "roomfurnish.com"
65.55.207.29 - - [04/Oct/2009:04:11:51 -0700] "GET /FL/ HTTP/1.1" 200 70819 "-" "msnbot/2.0b (+http://search.msn.com/msnbot.htm)" "roomfurnish.com"
210.24.211.83 - - [04/Oct/2009:04:12:46 -0700] "GET /html/ HTTP/1.1" 200 13037 "http://www.dtcsolution.com/" "Mozilla/5.0 (Windows; U; Windows NT 6.0; en-US) AppleWebKit/532.0 (KHTML, like Gecko) Chrome/3.0.195.24 Safari/532.0" "dtcsolution.roomfurnish.com"
67.195.115.183 - - [04/Oct/2009:04:40:32 -0700] "GET /QM/Bedroom/?N=A HTTP/1.0" 200 2342 "-" "Mozilla/5.0 (compatible; Yahoo! Slurp/3.0; http://help.yahoo.com/help/us/ysearch/slurp)" "www.roomfurnish.com"
218.186.12.251 - - [04/Oct/2009:05:28:10 -0700] "GET /html/ HTTP/1.1" 200 13037 "http://www.dtcsolution.com/" "Mozilla/5.0 (Windows; U; Windows NT 5.1; en-US) AppleWebKit/532.0 (KHTML, like Gecko) Chrome/3.0.195.24 Safari/532.0" "dtcsolution.roomfurnish.com"
218.186.12.14 - - [04/Oct/2009:05:28:13 -0700] "GET /html/images/pass.jpg HTTP/1.1" 200 1772 "http://dtcsolution.roomfurnish.com/html/" "Mozilla/5.0 (Windows; U; Windows NT 5.1; en-US) AppleWebKit/532.0 (KHTML, like Gecko) Chrome/3.0.195.24 Safari/532.0" "dtcsolution.roomfurnish.com"
67.195.115.183 - - [04/Oct/2009:05:33:53 -0700] "GET /logs/access_051130.log HTTP/1.0" 200 594238 "-" "Mozilla/5.0 (compatible; Yahoo! Slurp/3.0; http://help.yahoo.com/help/us/ysearch/slurp)" "www.roomfurnish.com"
67.195.115.183 - - [04/Oct/2009:07:00:57 -0700] "GET /logs/access_070131.log HTTP/1.0" 200 8198 "-" "Mozilla/5.0 (compatible; Yahoo! Slurp/3.0; http://help.yahoo.com/help/us/ysearch/slurp)" "www.roomfurnish.com"
67.195.115.183 - - [04/Oct/2009:07:00:59 -0700] "GET /logs/access_080301.log HTTP/1.0" 200 231746 "-" "Mozilla/5.0 (compatible; Yahoo! Slurp/3.0; http://help.yahoo.com/help/us/ysearch/slurp)" "www.roomfurnish.com"
220.255.7.218 - - [04/Oct/2009:07:17:05 -0700] "GET /html/ HTTP/1.1" 200 13037 "http://www.dtcsolution.com/" "Mozilla/4.0 (compatible; MSIE 7.0; Windows NT 5.1; Trident/4.0; GTB6; .NET CLR 2.0.50727; OfficeLiveConnector.1.3; OfficeLivePatch.0.0; .NET CLR 3.0.4506.2152; .NET CLR 3.5.30729; msn OptimizedIE8;ENUS)" "dtcsolution.roomfurnish.com"
67.195.115.183 - - [04/Oct/2009:07:35:52 -0700] "GET /logs/access_080130.log HTTP/1.0" 200 238046 "-" "Mozilla/5.0 (compatible; Yahoo! Slurp/3.0; http://help.yahoo.com/help/us/ysearch/slurp)" "www.roomfurnish.com"
75.101.169.108 - - [04/Oct/2009:08:04:40 -0700] "GET /favicon.ico HTTP/1.1" 404 275 "-" "-" "roomfurnish.com"
174.129.117.129 - - [04/Oct/2009:08:05:54 -0700] "GET /favicon.ico HTTP/1.1" 404 275 "-" "-" "roomfurnish.com"
67.202.12.64 - - [04/Oct/2009:08:05:55 -0700] "GET /favicon.ico HTTP/1.1" 404 275 "-" "-" "roomfurnish.com"
195.210.57.83 - - [04/Oct/2009:08:22:24 -0700] "GET /robots.txt HTTP/1.0" 404 275 "-" "Mozilla/5.0 (compatible; KaloogaBot; http://www.kalooga.com/info.html?page=crawler)" "www.roomfurnish.com"
195.210.57.83 - - [04/Oct/2009:08:22:24 -0700] "GET /test/?N=D HTTP/1.0" 200 782 "-" "Mozilla/5.0 (compatible; KaloogaBot; http://www.kalooga.com/info.html?page=crawler)" "www.roomfurnish.com"
67.195.115.183 - - [04/Oct/2009:08:57:36 -0700] "GET /swatch/ HTTP/1.0" 200 646 "-" "Mozilla/5.0 (compatible; Yahoo! Slurp/3.0; http://help.yahoo.com/help/us/ysearch/slurp)" "www.roomfurnish.com"
67.195.115.183 - - [04/Oct/2009:09:03:55 -0700] "GET / HTTP/1.0" 200 2564 "-" "Mozilla/5.0 (compatible; Yahoo! Slurp/3.0; http://help.yahoo.com/help/us/ysearch/slurp)" "www.roomfurnish.com"
220.255.7.221 - - [04/Oct/2009:09:26:46 -0700] "GET /html/ HTTP/1.1" 200 13037 "http://www.dtcsolution.com/" "Mozilla/4.0 (compatible; MSIE 7.0; Windows NT 5.1; InfoPath.1)" "dtcsolution.roomfurnish.com"
67.195.115.183 - - [04/Oct/2009:09:37:30 -0700] "GET /?M=A HTTP/1.0" 200 2564 "-" "Mozilla/5.0 (compatible; Yahoo! Slurp/3.0; http://help.yahoo.com/help/us/ysearch/slurp)" "www.roomfurnish.com"
67.195.115.183 - - [04/Oct/2009:09:37:31 -0700] "GET /BOSSTON/ HTTP/1.0" 200 928 "-" "Mozilla/5.0 (compatible; Yahoo! Slurp/3.0; http://help.yahoo.com/help/us/ysearch/slurp)" "www.roomfurnish.com"
67.195.115.183 - - [04/Oct/2009:10:45:11 -0700] "GET /nantian/?M=A HTTP/1.0" 200 10753 "-" "Mozilla/5.0 (compatible; Yahoo! Slurp/3.0; http://help.yahoo.com/help/us/ysearch/slurp)" "www.roomfurnish.com"
193.47.80.40 - - [04/Oct/2009:10:59:38 -0700] "GET /robots.txt HTTP/1.1" 404 275 "-" "Mozilla/5.0 (compatible; Exabot/3.0; +http://www.exabot.com/go/robot)" "roomfurnish.com"
193.47.80.40 - - [04/Oct/2009:10:59:38 -0700] "GET / HTTP/1.1" 200 2580 "-" "Mozilla/5.0 (compatible; Exabot/3.0; +http://www.exabot.com/go/robot)" "roomfurnish.com"
38.98.120.84 - - [04/Oct/2009:11:46:56 -0700] "GET /robots.txt HTTP/1.1" 404 275 "-" "ShopWiki/1.0 ( +http://www.shopwiki.com/wiki/Help:Bot)" "www.roomfurnish.com"
38.98.120.84 - - [04/Oct/2009:11:46:57 -0700] "GET / HTTP/1.1" 200 2580 "-" "ShopWiki/1.0 ( +http://www.shopwiki.com/wiki/Help:Bot)" "www.roomfurnish.com"
67.235.67.110 - - [04/Oct/2009:12:04:30 -0700] "GET / HTTP/1.0" 200 2564 "-" "Mozilla/4.0 (compatible; MSIE 7.0; Windows NT 5.1; SLCC1; .NET CLR 2.0.50727)" "roomfurnish.com"
67.195.115.183 - - [04/Oct/2009:13:13:39 -0700] "GET /logs/access_070530.log HTTP/1.0" 200 0 "-" "Mozilla/5.0 (compatible; Yahoo! Slurp/3.0; http://help.yahoo.com/help/us/ysearch/slurp)" "www.roomfurnish.com"
77.88.27.27 - - [04/Oct/2009:13:20:55 -0700] "GET /robots.txt HTTP/1.1" 404 275 "-" "Yandex/1.01.001 (compatible; Win16; I)" "roomfurnish.com"
213.236.208.22 - - [04/Oct/2009:13:28:29 -0700] "GET / HTTP/1.1" 200 2580 "-" "Opera/9.70 (X11; Linux i686; U; en) Presto/2.4.12" "roomfurnish.com"
213.236.208.22 - - [04/Oct/2009:13:28:31 -0700] "GET /favicon.ico HTTP/1.1" 404 275 "http://roomfurnish.com/" "Opera/9.70 (X11; Linux i686; U; en) Presto/2.4.12" "roomfurnish.com"
67.195.115.183 - - [04/Oct/2009:14:22:26 -0700] "GET / HTTP/1.0" 200 2564 "-" "Mozilla/5.0 (compatible; Yahoo! DE Slurp; http://help.yahoo.com/help/us/ysearch/slurp)" "www.roomfurnish.com"
65.46.75.190 - - [04/Oct/2009:15:22:55 -0700] "GET /robots.txt HTTP/1.1" 404 275 "-" "ShopWiki/1.0 ( +http://www.shopwiki.com/wiki/Help:Bot)" "www.roomfurnish.com"
8.11.2.10 - - [04/Oct/2009:15:23:00 -0700] "GET / HTTP/1.1" 200 2580 "-" "ShopWiki/1.0 ( +http://www.shopwiki.com/wiki/Help:Bot)" "www.roomfurnish.com"
65.46.75.190 - - [04/Oct/2009:15:23:01 -0700] "GET /dtcsolution/LIBRARY/LOGOS/ HTTP/1.1" 200 3255 "-" "ShopWiki/1.0 ( +http://www.shopwiki.com/wiki/Help:Bot)" "www.roomfurnish.com"
8.11.2.10 - - [04/Oct/2009:15:23:02 -0700] "GET /BOSSTON/BOSSTON-CD/Chaise/ HTTP/1.1" 200 3233 "-" "ShopWiki/1.0 ( +http://www.shopwiki.com/wiki/Help:Bot)" "www.roomfurnish.com"
8.11.2.10 - - [04/Oct/2009:15:23:03 -0700] "GET /BOSSTON/BOSSTON-CD/20049/ HTTP/1.1" 200 1412 "-" "ShopWiki/1.0 ( +http://www.shopwiki.com/wiki/Help:Bot)" "www.roomfurnish.com"
65.46.75.190 - - [04/Oct/2009:15:23:04 -0700] "GET /BOSSTON/BOSSTON-CD/Chair/ HTTP/1.1" 200 2390 "-" "ShopWiki/1.0 ( +http://www.shopwiki.com/wiki/Help:Bot)" "www.roomfurnish.com"
38.98.120.94 - - [04/Oct/2009:15:23:05 -0700] "GET /dtcsolution/LIBRARY/BUTTONS/ HTTP/1.1" 200 2053 "-" "ShopWiki/1.0 ( +http://www.shopwiki.com/wiki/Help:Bot)" "www.roomfurnish.com"
65.46.75.190 - - [04/Oct/2009:15:23:06 -0700] "GET /BOSSTON/BOSSTON-CD/20048/ HTTP/1.1" 200 6391 "-" "ShopWiki/1.0 ( +http://www.shopwiki.com/wiki/Help:Bot)" "www.roomfurnish.com"
174.129.107.93 - - [04/Oct/2009:15:47:29 -0700] "GET /favicon.ico HTTP/1.1" 404 275 "-" "-" "roomfurnish.com"
67.195.115.183 - - [04/Oct/2009:15:55:37 -0700] "GET /logs/access_071130.log HTTP/1.0" 200 231568 "-" "Mozilla/5.0 (compatible; Yahoo! Slurp/3.0; http://help.yahoo.com/help/us/ysearch/slurp)" "www.roomfurnish.com"
65.55.106.230 - - [04/Oct/2009:16:18:35 -0700] "GET /robots.txt HTTP/1.1" 404 275 "-" "msnbot/2.0b (+http://search.msn.com/msnbot.htm)" "roomfurnish.com"
65.55.106.230 - - [04/Oct/2009:16:19:19 -0700] "GET /QM/ HTTP/1.1" 200 1340 "-" "msnbot/2.0b (+http://search.msn.com/msnbot.htm)" "roomfurnish.com"
67.195.115.183 - - [04/Oct/2009:16:56:00 -0700] "GET /nantian/?N=A HTTP/1.0" 200 10753 "-" "Mozilla/5.0 (compatible; Yahoo! Slurp/3.0; http://help.yahoo.com/help/us/ysearch/slurp)" "www.roomfurnish.com"
72.30.142.167 - - [04/Oct/2009:17:04:23 -0700] "GET /html/ HTTP/1.0" 200 13037 "http://www.dtcsolution.com/" "Mozilla/5.0 (compatible; Yahoo! Slurp/3.0; http://help.yahoo.com/help/us/ysearch/slurp)" "dtcsolution.roomfurnish.com"
