122.164.95.121 - - [08/Oct/2009:07:12:11 -0700] "GET / HTTP/1.0" 200 2564 "-" "Mozilla/4.0 (compatible; MSIE 5.01; Windows NT 5.0)" "www.roomfurnish.com"
218.186.12.229 - - [08/Oct/2009:07:19:57 -0700] "GET /html/ HTTP/1.1" 200 13037 "http://www.dtcsolution.com/" "Mozilla/5.0 (Windows; U; Windows NT 6.0; en-US) AppleWebKit/532.0 (KHTML, like Gecko) Chrome/3.0.195.25 Safari/532.0" "dtcsolution.roomfurnish.com"
218.186.12.11 - - [08/Oct/2009:07:20:03 -0700] "GET /html/images/b4.jpg HTTP/1.1" 200 23703 "http://dtcsolution.roomfurnish.com/html/" "Mozilla/5.0 (Windows; U; Windows NT 6.0; en-US) AppleWebKit/532.0 (KHTML, like Gecko) Chrome/3.0.195.25 Safari/532.0" "dtcsolution.roomfurnish.com"
95.108.142.150 - - [08/Oct/2009:07:24:42 -0700] "GET /robots.txt HTTP/1.1" 404 275 "-" "Yandex/1.01.001 (compatible; Win16; H)" "www.roomfurnish.com"
95.108.142.150 - - [08/Oct/2009:07:24:43 -0700] "GET /robots.txt HTTP/1.1" 404 275 "-" "Yandex/1.01.001 (compatible; Win16; H)" "roomfurnish.com"
95.108.142.150 - - [08/Oct/2009:07:24:44 -0700] "GET / HTTP/1.1" 200 2580 "-" "Yandex/1.01.001 (compatible; Win16; H)" "www.roomfurnish.com"
95.108.142.150 - - [08/Oct/2009:07:24:45 -0700] "GET / HTTP/1.1" 200 2580 "-" "Yandex/1.01.001 (compatible; Win16; H)" "roomfurnish.com"
95.108.142.150 - - [08/Oct/2009:07:24:46 -0700] "GET / HTTP/1.1" 200 2580 "-" "Yandex/1.01.001 (compatible; Win16; H)" "www.roomfurnish.com"
95.108.142.150 - - [08/Oct/2009:07:24:47 -0700] "GET / HTTP/1.1" 200 2580 "-" "Yandex/1.01.001 (compatible; Win16; H)" "roomfurnish.com"
123.125.66.89 - - [08/Oct/2009:07:46:58 -0700] "GET /robots.txt HTTP/1.1" 404 275 "-" "Baiduspider+(+http://www.baidu.com/search/spider.htm)" "roomfurnish.com"
74.6.149.142 - - [08/Oct/2009:07:47:43 -0700] "GET /nantian/516_sofa_CT22B_coffee_table__C03_leisure_chair.jpg HTTP/1.0" 200 69038 "-" "Mozilla/5.0 (Yahoo-MMCrawler/4.0; mailto:vertical-crawl-support@yahoo-inc.com)" "www.roomfurnish.com"
220.255.7.109 - - [08/Oct/2009:08:26:38 -0700] "GET /html/ HTTP/1.1" 200 13037 "http://www.dtcsolution.com/" "Mozilla/4.0 (compatible; MSIE 8.0; Windows NT 6.0; WOW64; Trident/4.0; SLCC1; .NET CLR 2.0.50727; .NET CLR 3.5.30729; .NET CLR 3.0.30618; OfficeLiveConnector.1.3; OfficeLivePatch.0.0)" "dtcsolution.roomfurnish.com"
220.255.7.164 - - [08/Oct/2009:08:26:39 -0700] "GET /html/images/cchecks.jpg HTTP/1.1" 200 1203 "http://dtcsolution.roomfurnish.com/html/" "Mozilla/4.0 (compatible; MSIE 8.0; Windows NT 6.0; WOW64; Trident/4.0; SLCC1; .NET CLR 2.0.50727; .NET CLR 3.5.30729; .NET CLR 3.0.30618; OfficeLiveConnector.1.3; OfficeLivePatch.0.0)" "dtcsolution.roomfurnish.com"
220.255.7.179 - - [08/Oct/2009:08:26:39 -0700] "GET /html/images/b1.jpg HTTP/1.1" 200 22950 "http://dtcsolution.roomfurnish.com/html/" "Mozilla/4.0 (compatible; MSIE 8.0; Windows NT 6.0; WOW64; Trident/4.0; SLCC1; .NET CLR 2.0.50727; .NET CLR 3.5.30729; .NET CLR 3.0.30618; OfficeLiveConnector.1.3; OfficeLivePatch.0.0)" "dtcsolution.roomfurnish.com"
218.186.12.249 - - [08/Oct/2009:08:34:03 -0700] "GET /html/ HTTP/1.1" 200 13037 "http://www.dtcsolution.com/" "Mozilla/5.0 (Windows; U; Windows NT 5.1; en-US) AppleWebKit/532.0 (KHTML, like Gecko) Chrome/3.0.195.25 Safari/532.0" "dtcsolution.roomfurnish.com"
218.186.12.11 - - [08/Oct/2009:08:34:08 -0700] "GET /html/images/wwww.jpg HTTP/1.1" 200 18242 "http://dtcsolution.roomfurnish.com/html/" "Mozilla/5.0 (Windows; U; Windows NT 5.1; en-US) AppleWebKit/532.0 (KHTML, like Gecko) Chrome/3.0.195.25 Safari/532.0" "dtcsolution.roomfurnish.com"
218.186.12.11 - - [08/Oct/2009:08:34:14 -0700] "GET /html/images/b6.jpg HTTP/1.1" 200 1561 "http://dtcsolution.roomfurnish.com/html/" "Mozilla/5.0 (Windows; U; Windows NT 5.1; en-US) AppleWebKit/532.0 (KHTML, like Gecko) Chrome/3.0.195.25 Safari/532.0" "dtcsolution.roomfurnish.com"
218.186.12.11 - - [08/Oct/2009:08:34:15 -0700] "GET /html/images/bg.jpg HTTP/1.1" 200 549 "http://dtcsolution.roomfurnish.com/html/" "Mozilla/5.0 (Windows; U; Windows NT 5.1; en-US) AppleWebKit/532.0 (KHTML, like Gecko) Chrome/3.0.195.25 Safari/532.0" "dtcsolution.roomfurnish.com"
218.186.12.11 - - [08/Oct/2009:08:34:18 -0700] "GET /html/images/menu5.jpg HTTP/1.1" 200 2064 "http://dtcsolution.roomfurnish.com/html/" "Mozilla/5.0 (Windows; U; Windows NT 5.1; en-US) AppleWebKit/532.0 (KHTML, like Gecko) Chrome/3.0.195.25 Safari/532.0" "dtcsolution.roomfurnish.com"
218.186.12.11 - - [08/Oct/2009:08:34:18 -0700] "GET /html/images/w.jpg HTTP/1.1" 200 4655 "http://dtcsolution.roomfurnish.com/html/" "Mozilla/5.0 (Windows; U; Windows NT 5.1; en-US) AppleWebKit/532.0 (KHTML, like Gecko) Chrome/3.0.195.25 Safari/532.0" "dtcsolution.roomfurnish.com"
74.6.149.142 - - [08/Oct/2009:08:36:49 -0700] "GET /nantian/NT143_two_door_shoe_case.jpg HTTP/1.0" 200 34644 "-" "Mozilla/5.0 (Yahoo-MMCrawler/4.0; mailto:vertical-crawl-support@yahoo-inc.com)" "www.roomfurnish.com"
74.6.149.142 - - [08/Oct/2009:08:49:37 -0700] "GET /nantian/168bed_168night_stand.jpg HTTP/1.0" 200 62688 "-" "Mozilla/5.0 (Yahoo-MMCrawler/4.0; mailto:vertical-crawl-support@yahoo-inc.com)" "www.roomfurnish.com"
74.6.149.142 - - [08/Oct/2009:08:58:16 -0700] "GET /nantian/L109_living_board.jpg HTTP/1.0" 200 43231 "-" "Mozilla/5.0 (Yahoo-MMCrawler/4.0; mailto:vertical-crawl-support@yahoo-inc.com)" "www.roomfurnish.com"
74.6.149.142 - - [08/Oct/2009:09:15:32 -0700] "GET /nantian/M06book_case_M08book_case_M7009CD_rack_M06desk_DC13chair_Z0.jpg HTTP/1.0" 200 83236 "-" "Mozilla/5.0 (Yahoo-MMCrawler/4.0; mailto:vertical-crawl-support@yahoo-inc.com)" "www.roomfurnish.com"
113.10.113.254 - - [08/Oct/2009:09:25:01 -0700] "GET /html/ HTTP/1.1" 200 13037 "http://www.dtcsolution.com/" "Mozilla/5.0 (Windows; U; Windows NT 5.1; en-US; rv:1.9.0.14) Gecko/2009082707 Firefox/3.0.14" "dtcsolution.roomfurnish.com"
113.10.113.254 - - [08/Oct/2009:09:25:02 -0700] "GET /html/images/1.jpg HTTP/1.1" 200 21212 "http://dtcsolution.roomfurnish.com/html/" "Mozilla/5.0 (Windows; U; Windows NT 5.1; en-US; rv:1.9.0.14) Gecko/2009082707 Firefox/3.0.14" "dtcsolution.roomfurnish.com"
113.10.113.254 - - [08/Oct/2009:09:25:08 -0700] "GET /html/images/icon.gif HTTP/1.1" 200 53 "http://dtcsolution.roomfurnish.com/html/" "Mozilla/5.0 (Windows; U; Windows NT 5.1; en-US; rv:1.9.0.14) Gecko/2009082707 Firefox/3.0.14" "dtcsolution.roomfurnish.com"
113.10.113.254 - - [08/Oct/2009:09:25:11 -0700] "GET /html/images/pass.jpg HTTP/1.1" 200 1772 "http://dtcsolution.roomfurnish.com/html/" "Mozilla/5.0 (Windows; U; Windows NT 5.1; en-US; rv:1.9.0.14) Gecko/2009082707 Firefox/3.0.14" "dtcsolution.roomfurnish.com"
113.10.113.254 - - [08/Oct/2009:09:25:12 -0700] "GET /html/images/cchecks1.jpg HTTP/1.1" 200 18380 "http://dtcsolution.roomfurnish.com/html/" "Mozilla/5.0 (Windows; U; Windows NT 5.1; en-US; rv:1.9.0.14) Gecko/2009082707 Firefox/3.0.14" "dtcsolution.roomfurnish.com"
113.10.113.254 - - [08/Oct/2009:09:25:13 -0700] "GET /html/images/menu2.jpg HTTP/1.1" 200 5107 "http://dtcsolution.roomfurnish.com/html/" "Mozilla/5.0 (Windows; U; Windows NT 5.1; en-US; rv:1.9.0.14) Gecko/2009082707 Firefox/3.0.14" "dtcsolution.roomfurnish.com"
113.10.113.254 - - [08/Oct/2009:09:25:13 -0700] "GET /html/images/menu3.jpg HTTP/1.1" 200 4690 "http://dtcsolution.roomfurnish.com/html/" "Mozilla/5.0 (Windows; U; Windows NT 5.1; en-US; rv:1.9.0.14) Gecko/2009082707 Firefox/3.0.14" "dtcsolution.roomfurnish.com"
65.55.207.134 - - [08/Oct/2009:09:36:26 -0700] "GET /robots.txt HTTP/1.1" 404 275 "-" "msnbot/2.0b (+http://search.msn.com/msnbot.htm)" "roomfurnish.com"
65.55.207.134 - - [08/Oct/2009:09:38:46 -0700] "GET /?S=A HTTP/1.1" 200 2580 "-" "msnbot/2.0b (+http://search.msn.com/msnbot.htm)" "roomfurnish.com"
74.6.149.142 - - [08/Oct/2009:09:51:45 -0700] "GET /nantian/DT10_DC13chair.jpg HTTP/1.0" 200 46585 "-" "Mozilla/5.0 (Yahoo-MMCrawler/4.0; mailto:vertical-crawl-support@yahoo-inc.com)" "www.roomfurnish.com"
68.178.232.58 - - [08/Oct/2009:10:08:20 -0700] "GET /? HTTP/1.0" 200 2564 "-" "Mozilla/4.0 (compatible; MSIE 6.0; Windows NT 5.0)" "roomfurnish.com"
68.178.232.58 - - [08/Oct/2009:10:08:20 -0700] "GET /? HTTP/1.0" 200 2564 "-" "Mozilla/4.0 (compatible; MSIE 6.0; Windows NT 5.0)" "roomfurnish.com"
72.30.79.59 - - [08/Oct/2009:10:09:54 -0700] "GET /html/ HTTP/1.0" 200 13037 "http://dtcsolution.com/DeltaCom_Network_Support_Packages.pdf" "Mozilla/5.0 (compatible; Yahoo! Slurp/3.0; http://help.yahoo.com/help/us/ysearch/slurp)" "dtcsolution.roomfurnish.com"
68.178.232.58 - - [08/Oct/2009:10:15:22 -0700] "GET /? HTTP/1.0" 200 2564 "-" "Mozilla/4.0 (compatible; MSIE 6.0; Windows NT 5.0)" "roomfurnish.com"
38.108.67.30 - - [08/Oct/2009:10:26:21 -0700] "GET /robots.txt HTTP/1.0" 404 275 "-" "SBIder/Nutch-1.0-dev (http://www.sitesell.com/sbider.html)" "www.roomfurnish.com"
38.108.67.30 - - [08/Oct/2009:10:26:21 -0700] "GET / HTTP/1.0" 200 2564 "-" "SBIder/Nutch-1.0-dev (http://www.sitesell.com/sbider.html)" "www.roomfurnish.com"
38.108.180.67 - - [08/Oct/2009:10:46:47 -0700] "GET /robots.txt HTTP/1.1" 404 275 "-" "Mozilla/5.0 (compatible; ScoutJet; +http://www.scoutjet.com/)" "roomfurnish.com"
38.108.180.67 - - [08/Oct/2009:10:46:52 -0700] "GET / HTTP/1.1" 200 2580 "-" "Mozilla/5.0 (compatible; ScoutJet; +http://www.scoutjet.com/)" "roomfurnish.com"
67.195.112.188 - - [08/Oct/2009:10:52:58 -0700] "GET /html/ HTTP/1.0" 200 13037 "http://www.dtcsolution.com/" "Mozilla/5.0 (compatible; Yahoo! Slurp/3.0; http://help.yahoo.com/help/us/ysearch/slurp)" "dtcsolution.roomfurnish.com"
74.6.149.142 - - [08/Oct/2009:11:05:24 -0700] "GET /nantian/M1114_leisure_sofa.jpg HTTP/1.0" 200 34503 "-" "Mozilla/5.0 (Yahoo-MMCrawler/4.0; mailto:vertical-crawl-support@yahoo-inc.com)" "www.roomfurnish.com"
220.255.7.145 - - [08/Oct/2009:11:18:42 -0700] "GET /html/ HTTP/1.1" 200 13037 "http://www.dtcsolution.com/" "Mozilla/4.0 (compatible; MSIE 8.0; Windows NT 5.1; Trident/4.0; GTB6; Zango 10.3.85.0; .NET CLR 2.0.50727; .NET CLR 3.0.4506.2152; .NET CLR 3.5.30729)" "dtcsolution.roomfurnish.com"
220.255.7.146 - - [08/Oct/2009:11:18:43 -0700] "GET /html/images/but1.jpg HTTP/1.1" 200 1436 "http://dtcsolution.roomfurnish.com/html/" "Mozilla/4.0 (compatible; MSIE 8.0; Windows NT 5.1; Trident/4.0; GTB6; Zango 10.3.85.0; .NET CLR 2.0.50727; .NET CLR 3.0.4506.2152; .NET CLR 3.5.30729)" "dtcsolution.roomfurnish.com"
220.255.7.209 - - [08/Oct/2009:11:18:45 -0700] "GET /html/images/but2.jpg HTTP/1.1" 200 1108 "http://dtcsolution.roomfurnish.com/html/" "Mozilla/4.0 (compatible; MSIE 8.0; Windows NT 5.1; Trident/4.0; GTB6; Zango 10.3.85.0; .NET CLR 2.0.50727; .NET CLR 3.0.4506.2152; .NET CLR 3.5.30729)" "dtcsolution.roomfurnish.com"
8.11.2.9 - - [08/Oct/2009:11:23:03 -0700] "GET /robots.txt HTTP/1.1" 404 275 "-" "ShopWiki/1.0 ( +http://www.shopwiki.com/wiki/Help:Bot)" "www.roomfurnish.com"
8.11.2.9 - - [08/Oct/2009:11:23:04 -0700] "GET / HTTP/1.1" 200 2580 "-" "ShopWiki/1.0 ( +http://www.shopwiki.com/wiki/Help:Bot)" "www.roomfurnish.com"
8.11.2.9 - - [08/Oct/2009:11:23:05 -0700] "GET /dtcsolution/LIBRARY/LOGOS/ HTTP/1.1" 200 3255 "-" "ShopWiki/1.0 ( +http://www.shopwiki.com/wiki/Help:Bot)" "www.roomfurnish.com"
8.11.2.9 - - [08/Oct/2009:11:23:06 -0700] "GET /BOSSTON/BOSSTON-CD/Chaise/ HTTP/1.1" 200 3233 "-" "ShopWiki/1.0 ( +http://www.shopwiki.com/wiki/Help:Bot)" "www.roomfurnish.com"
8.11.2.9 - - [08/Oct/2009:11:23:07 -0700] "GET /BOSSTON/BOSSTON-CD/20049/ HTTP/1.1" 200 1412 "-" "ShopWiki/1.0 ( +http://www.shopwiki.com/wiki/Help:Bot)" "www.roomfurnish.com"
8.11.2.9 - - [08/Oct/2009:11:23:08 -0700] "GET /BOSSTON/BOSSTON-CD/Chair/ HTTP/1.1" 200 2390 "-" "ShopWiki/1.0 ( +http://www.shopwiki.com/wiki/Help:Bot)" "www.roomfurnish.com"
8.11.2.9 - - [08/Oct/2009:11:23:09 -0700] "GET /dtcsolution/LIBRARY/BUTTONS/ HTTP/1.1" 200 2053 "-" "ShopWiki/1.0 ( +http://www.shopwiki.com/wiki/Help:Bot)" "www.roomfurnish.com"
8.11.2.9 - - [08/Oct/2009:11:23:10 -0700] "GET /BOSSTON/BOSSTON-CD/20048/ HTTP/1.1" 200 6391 "-" "ShopWiki/1.0 ( +http://www.shopwiki.com/wiki/Help:Bot)" "www.roomfurnish.com"
38.108.180.31 - - [08/Oct/2009:12:11:50 -0700] "GET /robots.txt HTTP/1.1" 404 275 "-" "Mozilla/5.0 (compatible; ScoutJet; +http://www.scoutjet.com/)" "www.roomfurnish.com"
38.108.180.31 - - [08/Oct/2009:12:11:50 -0700] "GET / HTTP/1.1" 200 2580 "-" "Mozilla/5.0 (compatible; ScoutJet; +http://www.scoutjet.com/)" "www.roomfurnish.com"
74.6.149.142 - - [08/Oct/2009:12:19:17 -0700] "GET /nantian/181bed_170night_stand_170dresser.jpg HTTP/1.0" 200 63881 "-" "Mozilla/5.0 (Yahoo-MMCrawler/4.0; mailto:vertical-crawl-support@yahoo-inc.com)" "www.roomfurnish.com"
74.6.149.142 - - [08/Oct/2009:12:25:10 -0700] "GET /nantian/DT13_DC13.jpg HTTP/1.0" 200 92124 "-" "Mozilla/5.0 (Yahoo-MMCrawler/4.0; mailto:vertical-crawl-support@yahoo-inc.com)" "www.roomfurnish.com"
8.11.2.10 - - [08/Oct/2009:12:28:15 -0700] "GET / HTTP/1.1" 200 2580 "-" "ShopWiki/1.0 ( +http://www.shopwiki.com/wiki/Help:Bot)" "www.roomfurnish.com"
65.46.75.190 - - [08/Oct/2009:12:28:16 -0700] "GET /dtcsolution/LIBRARY/LOGOS/ HTTP/1.1" 200 3255 "-" "ShopWiki/1.0 ( +http://www.shopwiki.com/wiki/Help:Bot)" "www.roomfurnish.com"
65.46.75.190 - - [08/Oct/2009:12:28:17 -0700] "GET /BOSSTON/BOSSTON-CD/Chaise/ HTTP/1.1" 200 3233 "-" "ShopWiki/1.0 ( +http://www.shopwiki.com/wiki/Help:Bot)" "www.roomfurnish.com"
65.46.75.190 - - [08/Oct/2009:12:28:18 -0700] "GET /BOSSTON/BOSSTON-CD/20049/ HTTP/1.1" 200 1412 "-" "ShopWiki/1.0 ( +http://www.shopwiki.com/wiki/Help:Bot)" "www.roomfurnish.com"
65.46.75.190 - - [08/Oct/2009:12:28:21 -0700] "GET /BOSSTON/BOSSTON-CD/Chair/ HTTP/1.1" 200 2390 "-" "ShopWiki/1.0 ( +http://www.shopwiki.com/wiki/Help:Bot)" "www.roomfurnish.com"
8.11.2.10 - - [08/Oct/2009:12:28:22 -0700] "GET /dtcsolution/LIBRARY/BUTTONS/ HTTP/1.1" 200 2053 "-" "ShopWiki/1.0 ( +http://www.shopwiki.com/wiki/Help:Bot)" "www.roomfurnish.com"
38.98.120.94 - - [08/Oct/2009:12:28:23 -0700] "GET /BOSSTON/BOSSTON-CD/20048/ HTTP/1.1" 200 6391 "-" "ShopWiki/1.0 ( +http://www.shopwiki.com/wiki/Help:Bot)" "www.roomfurnish.com"
74.6.149.142 - - [08/Oct/2009:12:46:08 -0700] "GET /nantian/173dresser.jpg HTTP/1.0" 200 40036 "-" "Mozilla/5.0 (Yahoo-MMCrawler/4.0; mailto:vertical-crawl-support@yahoo-inc.com)" "www.roomfurnish.com"
74.6.149.142 - - [08/Oct/2009:12:55:10 -0700] "GET /nantian/NT2102_three_door_wardrobe_521sofa.jpg HTTP/1.0" 200 80462 "-" "Mozilla/5.0 (Yahoo-MMCrawler/4.0; mailto:vertical-crawl-support@yahoo-inc.com)" "www.roomfurnish.com"
74.6.149.142 - - [08/Oct/2009:13:17:52 -0700] "GET /nantian/L113living_board_Z003magazine_rack.jpg HTTP/1.0" 200 53975 "-" "Mozilla/5.0 (Yahoo-MMCrawler/4.0; mailto:vertical-crawl-support@yahoo-inc.com)" "www.roomfurnish.com"
74.6.149.142 - - [08/Oct/2009:13:35:18 -0700] "GET /nantian/M11dining_table_extensionable__C001trolley.jpg HTTP/1.0" 200 82183 "-" "Mozilla/5.0 (Yahoo-MMCrawler/4.0; mailto:vertical-crawl-support@yahoo-inc.com)" "www.roomfurnish.com"
98.173.26.142 - - [08/Oct/2009:13:48:49 -0700] "GET /robots.txt HTTP/1.0" 404 275 "-" "envolk/1.7 (+http://www.envolk.com/envolkspiderinfo.html)" "roomfurnish.com"
67.195.115.183 - - [08/Oct/2009:14:12:46 -0700] "GET /logs/access_070730.log HTTP/1.0" 200 712864 "-" "Mozilla/5.0 (compatible; Yahoo! Slurp/3.0; http://help.yahoo.com/help/us/ysearch/slurp)" "www.roomfurnish.com"
74.6.149.142 - - [08/Oct/2009:14:23:15 -0700] "GET /nantian/T16_cabinet_521sofa.jpg HTTP/1.0" 200 77453 "-" "Mozilla/5.0 (Yahoo-MMCrawler/4.0; mailto:vertical-crawl-support@yahoo-inc.com)" "www.roomfurnish.com"
74.6.149.142 - - [08/Oct/2009:14:31:01 -0700] "GET /nantian/2104wardrobe_CT17A_CT17B_CT17Ccoffee_table.jpg HTTP/1.0" 200 91590 "-" "Mozilla/5.0 (Yahoo-MMCrawler/4.0; mailto:vertical-crawl-support@yahoo-inc.com)" "www.roomfurnish.com"
67.205.96.152 - - [08/Oct/2009:14:31:43 -0700] "GET / HTTP/1.1" 200 2580 "-" "Allrati/1.1 (+)" "roomfurnish.com"
193.47.80.40 - - [08/Oct/2009:15:20:40 -0700] "GET /robots.txt HTTP/1.1" 404 275 "-" "Mozilla/5.0 (compatible; Exabot/3.0; +http://www.exabot.com/go/robot)" "roomfurnish.com"
193.47.80.40 - - [08/Oct/2009:15:20:40 -0700] "GET / HTTP/1.1" 200 2580 "-" "Mozilla/5.0 (compatible; Exabot/3.0; +http://www.exabot.com/go/robot)" "roomfurnish.com"
65.55.207.26 - - [08/Oct/2009:15:35:55 -0700] "GET /robots.txt HTTP/1.1" 404 275 "-" "msnbot/2.0b (+http://search.msn.com/msnbot.htm)" "roomfurnish.com"
65.55.207.26 - - [08/Oct/2009:15:37:17 -0700] "GET /?S=A HTTP/1.1" 200 2580 "-" "msnbot/2.0b (+http://search.msn.com/msnbot.htm)" "roomfurnish.com"
220.181.7.104 - - [08/Oct/2009:15:43:09 -0700] "GET /?S=A HTTP/1.1" 200 2580 "-" "Baiduspider+(+http://www.baidu.com/search/spider.htm)" "roomfurnish.com"
67.195.37.123 - - [08/Oct/2009:16:00:39 -0700] "GET / HTTP/1.0" 200 2564 "-" "Mozilla/5.0 (compatible; Yahoo! DE Slurp; http://help.yahoo.com/help/us/ysearch/slurp)" "www.roomfurnish.com"
74.6.149.142 - - [08/Oct/2009:16:12:08 -0700] "GET /nantian/L116_Living_board.jpg HTTP/1.0" 200 54231 "-" "Mozilla/5.0 (Yahoo-MMCrawler/4.0; mailto:vertical-crawl-support@yahoo-inc.com)" "www.roomfurnish.com"
203.127.72.10 - - [08/Oct/2009:16:32:17 -0700] "GET /html/ HTTP/1.1" 200 13037 "http://www.dtcsolution.com/" "Mozilla/4.0 (compatible; MSIE 6.0; Windows NT 5.1; SV1; .NET CLR 1.1.4322; .NET CLR 2.0.50727; .NET CLR 3.0.04506.648; .NET CLR 3.5.21022)" "dtcsolution.roomfurnish.com"
203.127.72.10 - - [08/Oct/2009:16:32:18 -0700] "GET /html/images/spacer.gif HTTP/1.1" 200 43 "http://dtcsolution.roomfurnish.com/html/" "Mozilla/4.0 (compatible; MSIE 6.0; Windows NT 5.1; SV1; .NET CLR 1.1.4322; .NET CLR 2.0.50727; .NET CLR 3.0.04506.648; .NET CLR 3.5.21022)" "dtcsolution.roomfurnish.com"
203.127.72.10 - - [08/Oct/2009:16:32:20 -0700] "GET /html/images/but.jpg HTTP/1.1" 200 1685 "http://dtcsolution.roomfurnish.com/html/" "Mozilla/4.0 (compatible; MSIE 6.0; Windows NT 5.1; SV1; .NET CLR 1.1.4322; .NET CLR 2.0.50727; .NET CLR 3.0.04506.648; .NET CLR 3.5.21022)" "dtcsolution.roomfurnish.com"
203.127.72.10 - - [08/Oct/2009:16:32:26 -0700] "GET /html/images/b0.jpg HTTP/1.1" 200 616 "http://dtcsolution.roomfurnish.com/html/" "Mozilla/4.0 (compatible; MSIE 6.0; Windows NT 5.1; SV1; .NET CLR 1.1.4322; .NET CLR 2.0.50727; .NET CLR 3.0.04506.648; .NET CLR 3.5.21022)" "dtcsolution.roomfurnish.com"
203.127.72.10 - - [08/Oct/2009:16:32:27 -0700] "GET /html/images/icon.gif HTTP/1.1" 200 53 "http://dtcsolution.roomfurnish.com/html/" "Mozilla/4.0 (compatible; MSIE 6.0; Windows NT 5.1; SV1; .NET CLR 1.1.4322; .NET CLR 2.0.50727; .NET CLR 3.0.04506.648; .NET CLR 3.5.21022)" "dtcsolution.roomfurnish.com"
203.127.72.10 - - [08/Oct/2009:16:32:29 -0700] "GET /html/images/bg1.jpg HTTP/1.1" 200 584 "http://dtcsolution.roomfurnish.com/html/" "Mozilla/4.0 (compatible; MSIE 6.0; Windows NT 5.1; SV1; .NET CLR 1.1.4322; .NET CLR 2.0.50727; .NET CLR 3.0.04506.648; .NET CLR 3.5.21022)" "dtcsolution.roomfurnish.com"
74.6.149.142 - - [08/Oct/2009:16:44:43 -0700] "GET /nantian/NT2100wardrobe.jpg HTTP/1.0" 200 79717 "-" "Mozilla/5.0 (Yahoo-MMCrawler/4.0; mailto:vertical-crawl-support@yahoo-inc.com)" "www.roomfurnish.com"
123.125.66.68 - - [08/Oct/2009:17:18:12 -0700] "GET / HTTP/1.1" 200 2580 "-" "Baiduspider+(+http://www.baidu.com/search/spider.htm)" "www.roomfurnish.com"
193.252.149.13 - - [08/Oct/2009:17:59:27 -0700] "GET /robots.txt HTTP/1.1" 404 275 "-" "Mozilla/5.0 (Windows; U; Windows NT 5.1; fr; rv:1.8.1) VoilaBot BETA 1.2 (support.voilabot@orange-ftgroup.com)" "www.roomfurnish.com"
193.252.149.13 - - [08/Oct/2009:17:59:29 -0700] "GET / HTTP/1.1" 200 2580 "-" "Mozilla/5.0 (Windows; U; Windows NT 5.1; fr; rv:1.8.1) VoilaBot BETA 1.2 (support.voilabot@orange-ftgroup.com)" "www.roomfurnish.com"
74.6.149.142 - - [08/Oct/2009:18:05:45 -0700] "GET /nantian/L119_living_board.jpg HTTP/1.0" 200 58372 "-" "Mozilla/5.0 (Yahoo-MMCrawler/4.0; mailto:vertical-crawl-support@yahoo-inc.com)" "www.roomfurnish.com"
74.6.149.142 - - [08/Oct/2009:18:15:14 -0700] "GET /nantian/M520leater_sofa_T002cabinet.jpg HTTP/1.0" 200 72977 "-" "Mozilla/5.0 (Yahoo-MMCrawler/4.0; mailto:vertical-crawl-support@yahoo-inc.com)" "www.roomfurnish.com"
123.125.66.58 - - [08/Oct/2009:18:24:18 -0700] "GET / HTTP/1.1" 200 2580 "-" "Baiduspider+(+http://www.baidu.com/search/spider.htm)" "roomfurnish.com"
124.115.6.11 - - [08/Oct/2009:18:38:02 -0700] "GET /robots.txt HTTP/1.1" 404 275 "http://roomfurnish.com/robots.txt" "Sosospider+(+http://help.soso.com/webspider.htm)" "roomfurnish.com"
38.108.180.67 - - [08/Oct/2009:18:47:35 -0700] "GET /robots.txt HTTP/1.1" 404 275 "-" "Mozilla/5.0 (compatible; ScoutJet; +http://www.scoutjet.com/)" "roomfurnish.com"
38.108.180.67 - - [08/Oct/2009:18:47:35 -0700] "GET /?D=A HTTP/1.1" 200 2580 "-" "Mozilla/5.0 (compatible; ScoutJet; +http://www.scoutjet.com/)" "roomfurnish.com"
38.108.180.67 - - [08/Oct/2009:18:47:43 -0700] "GET /?M=A HTTP/1.1" 200 2580 "-" "Mozilla/5.0 (compatible; ScoutJet; +http://www.scoutjet.com/)" "roomfurnish.com"
65.55.211.16 - - [08/Oct/2009:19:18:49 -0700] "GET /robots.txt HTTP/1.1" 404 275 "-" "msnbot/1.0 (+http://search.msn.com/msnbot.htm)" "dtcsolution.roomfurnish.com"
65.55.211.16 - - [08/Oct/2009:19:18:50 -0700] "GET /html/ HTTP/1.1" 200 13037 "-" "msnbot/1.0 (+http://search.msn.com/msnbot.htm)" "dtcsolution.roomfurnish.com"
74.6.149.142 - - [08/Oct/2009:19:39:34 -0700] "GET /nantian/143bed_night_stand_dresser.jpg HTTP/1.0" 200 73382 "-" "Mozilla/5.0 (Yahoo-MMCrawler/4.0; mailto:vertical-crawl-support@yahoo-inc.com)" "www.roomfurnish.com"
67.195.115.183 - - [08/Oct/2009:19:52:48 -0700] "GET / HTTP/1.0" 200 2564 "-" "Mozilla/5.0 (compatible; Yahoo! DE Slurp; http://help.yahoo.com/help/us/ysearch/slurp)" "www.roomfurnish.com"
220.255.7.219 - - [08/Oct/2009:20:16:28 -0700] "GET /html/ HTTP/1.0" 200 13037 "http://www.dtcsolution.com/" "Mozilla/4.0 (compatible; MSIE 7.0; Windows NT 5.1; FunWebProducts; .NET CLR 1.1.4322; .NET CLR 3.0.04506.648; .NET CLR 3.5.21022; .NET CLR 2.0.50727; InfoPath.2; .NET CLR 3.0.4506.2152; .NET CLR 3.5.30729)" "dtcsolution.roomfurnish.com"
38.108.180.65 - - [08/Oct/2009:20:22:50 -0700] "GET /robots.txt HTTP/1.1" 404 275 "-" "Mozilla/5.0 (compatible; ScoutJet; +http://www.scoutjet.com/)" "www.roomfurnish.com"
38.108.180.65 - - [08/Oct/2009:20:22:50 -0700] "GET /?M=A HTTP/1.1" 200 2580 "-" "Mozilla/5.0 (compatible; ScoutJet; +http://www.scoutjet.com/)" "www.roomfurnish.com"
38.108.180.65 - - [08/Oct/2009:20:22:58 -0700] "GET /?N=D HTTP/1.1" 200 2580 "-" "Mozilla/5.0 (compatible; ScoutJet; +http://www.scoutjet.com/)" "www.roomfurnish.com"
216.113.181.67 - - [08/Oct/2009:20:26:38 -0700] "GET /html/ HTTP/1.0" 200 13037 "-" "Mozilla/5.0 (Windows; U; Windows NT 5.0; en-US; rv:1.9.0.6) Gecko/2009011913 Firefox/3.0.6" "dtcsolution.roomfurnish.com"
74.6.149.142 - - [08/Oct/2009:20:28:37 -0700] "GET /nantian/DT12_DC08A.jpg HTTP/1.0" 200 67316 "-" "Mozilla/5.0 (Yahoo-MMCrawler/4.0; mailto:vertical-crawl-support@yahoo-inc.com)" "www.roomfurnish.com"
38.98.120.84 - - [08/Oct/2009:20:36:30 -0700] "GET /robots.txt HTTP/1.1" 404 275 "-" "ShopWiki/1.0 ( +http://www.shopwiki.com/wiki/Help:Bot)" "www.roomfurnish.com"
38.98.120.84 - - [08/Oct/2009:20:36:31 -0700] "GET / HTTP/1.1" 200 2580 "-" "ShopWiki/1.0 ( +http://www.shopwiki.com/wiki/Help:Bot)" "www.roomfurnish.com"
38.98.120.84 - - [08/Oct/2009:20:36:32 -0700] "GET /dtcsolution/LIBRARY/LOGOS/ HTTP/1.1" 200 3255 "-" "ShopWiki/1.0 ( +http://www.shopwiki.com/wiki/Help:Bot)" "www.roomfurnish.com"
38.98.120.84 - - [08/Oct/2009:20:36:33 -0700] "GET /BOSSTON/BOSSTON-CD/Chaise/ HTTP/1.1" 200 3233 "-" "ShopWiki/1.0 ( +http://www.shopwiki.com/wiki/Help:Bot)" "www.roomfurnish.com"
38.98.120.84 - - [08/Oct/2009:20:36:34 -0700] "GET /BOSSTON/BOSSTON-CD/20049/ HTTP/1.1" 200 1412 "-" "ShopWiki/1.0 ( +http://www.shopwiki.com/wiki/Help:Bot)" "www.roomfurnish.com"
38.98.120.84 - - [08/Oct/2009:20:36:35 -0700] "GET /BOSSTON/BOSSTON-CD/Chair/ HTTP/1.1" 200 2390 "-" "ShopWiki/1.0 ( +http://www.shopwiki.com/wiki/Help:Bot)" "www.roomfurnish.com"
38.98.120.84 - - [08/Oct/2009:20:36:36 -0700] "GET /dtcsolution/LIBRARY/BUTTONS/ HTTP/1.1" 200 2053 "-" "ShopWiki/1.0 ( +http://www.shopwiki.com/wiki/Help:Bot)" "www.roomfurnish.com"
38.98.120.84 - - [08/Oct/2009:20:36:37 -0700] "GET /BOSSTON/BOSSTON-CD/20048/ HTTP/1.1" 200 6391 "-" "ShopWiki/1.0 ( +http://www.shopwiki.com/wiki/Help:Bot)" "www.roomfurnish.com"
74.6.149.142 - - [08/Oct/2009:20:48:00 -0700] "GET /nantian/518sofa_M8604coffee_table_M8502cabinet.jpg HTTP/1.0" 200 63133 "-" "Mozilla/5.0 (Yahoo-MMCrawler/4.0; mailto:vertical-crawl-support@yahoo-inc.com)" "www.roomfurnish.com"
218.186.12.243 - - [08/Oct/2009:21:18:33 -0700] "GET /html/ HTTP/1.0" 200 13037 "http://www.dtcsolution.com/" "Mozilla/4.0 (compatible; MSIE 6.0; Windows NT 5.1; SV1)" "dtcsolution.roomfurnish.com"
218.186.12.13 - - [08/Oct/2009:21:18:33 -0700] "GET /html/images/spacer.gif HTTP/1.0" 200 43 "http://dtcsolution.roomfurnish.com/html/" "Mozilla/4.0 (compatible; MSIE 6.0; Windows NT 5.1; SV1)" "dtcsolution.roomfurnish.com"
218.186.12.13 - - [08/Oct/2009:21:18:33 -0700] "GET /html/images/main_bg.jpg HTTP/1.0" 200 528 "http://dtcsolution.roomfurnish.com/html/" "Mozilla/4.0 (compatible; MSIE 6.0; Windows NT 5.1; SV1)" "dtcsolution.roomfurnish.com"
218.186.12.13 - - [08/Oct/2009:21:18:34 -0700] "GET /html/images/b.jpg HTTP/1.0" 200 624 "http://dtcsolution.roomfurnish.com/html/" "Mozilla/4.0 (compatible; MSIE 6.0; Windows NT 5.1; SV1)" "dtcsolution.roomfurnish.com"
218.186.12.13 - - [08/Oct/2009:21:18:34 -0700] "GET /html/images/b3.jpg HTTP/1.0" 200 24167 "http://dtcsolution.roomfurnish.com/html/" "Mozilla/4.0 (compatible; MSIE 6.0; Windows NT 5.1; SV1)" "dtcsolution.roomfurnish.com"
218.186.12.13 - - [08/Oct/2009:21:18:35 -0700] "GET /html/images/cchecks.jpg HTTP/1.0" 200 1203 "http://dtcsolution.roomfurnish.com/html/" "Mozilla/4.0 (compatible; MSIE 6.0; Windows NT 5.1; SV1)" "dtcsolution.roomfurnish.com"
218.186.12.13 - - [08/Oct/2009:21:18:36 -0700] "GET /html/images/w1.jpg HTTP/1.0" 200 3007 "http://dtcsolution.roomfurnish.com/html/" "Mozilla/4.0 (compatible; MSIE 6.0; Windows NT 5.1; SV1)" "dtcsolution.roomfurnish.com"
74.6.149.142 - - [08/Oct/2009:21:20:47 -0700] "GET /nantian/M05book_case_3pcs__M05desk_DC09chair.jpg HTTP/1.0" 200 122512 "-" "Mozilla/5.0 (Yahoo-MMCrawler/4.0; mailto:vertical-crawl-support@yahoo-inc.com)" "www.roomfurnish.com"
203.117.92.2 - - [08/Oct/2009:21:32:51 -0700] "GET /html/ HTTP/1.1" 200 13037 "-" "Mozilla/4.0 (compatible;)" "dtcsolution.roomfurnish.com"
137.132.3.7 - - [08/Oct/2009:21:43:30 -0700] "GET /html/ HTTP/1.1" 200 13037 "http://www.dtcsolution.com/" "Mozilla/5.0 (Windows; U; Windows NT 5.1; en-US; rv:1.9.1.3) Gecko/20090824 Firefox/3.5.3 (.NET CLR 3.5.30729)" "dtcsolution.roomfurnish.com"
74.6.149.142 - - [08/Oct/2009:21:52:02 -0700] "GET /nantian/dandy_52.jpg HTTP/1.0" 200 70971 "-" "Mozilla/5.0 (Yahoo-MMCrawler/4.0; mailto:vertical-crawl-support@yahoo-inc.com)" "www.roomfurnish.com"
74.6.149.142 - - [08/Oct/2009:22:10:32 -0700] "GET /nantian/CT27coffee_table_C03_leisure_chair.jpg HTTP/1.0" 200 34056 "-" "Mozilla/5.0 (Yahoo-MMCrawler/4.0; mailto:vertical-crawl-support@yahoo-inc.com)" "www.roomfurnish.com"
74.6.149.142 - - [08/Oct/2009:22:18:36 -0700] "GET /nantian/M10dining_DC09_chair.jpg HTTP/1.0" 200 66632 "-" "Mozilla/5.0 (Yahoo-MMCrawler/4.0; mailto:vertical-crawl-support@yahoo-inc.com)" "www.roomfurnish.com"
38.98.120.84 - - [08/Oct/2009:22:23:45 -0700] "GET / HTTP/1.1" 200 2580 "-" "ShopWiki/1.0 ( +http://www.shopwiki.com/wiki/Help:Bot)" "www.roomfurnish.com"
38.98.120.84 - - [08/Oct/2009:22:23:46 -0700] "GET /dtcsolution/LIBRARY/LOGOS/ HTTP/1.1" 200 3255 "-" "ShopWiki/1.0 ( +http://www.shopwiki.com/wiki/Help:Bot)" "www.roomfurnish.com"
38.98.120.84 - - [08/Oct/2009:22:23:56 -0700] "GET /BOSSTON/BOSSTON-CD/Chaise/ HTTP/1.1" 200 3233 "-" "ShopWiki/1.0 ( +http://www.shopwiki.com/wiki/Help:Bot)" "www.roomfurnish.com"
38.98.120.84 - - [08/Oct/2009:22:23:57 -0700] "GET /BOSSTON/BOSSTON-CD/20049/ HTTP/1.1" 200 1412 "-" "ShopWiki/1.0 ( +http://www.shopwiki.com/wiki/Help:Bot)" "www.roomfurnish.com"
38.98.120.84 - - [08/Oct/2009:22:23:58 -0700] "GET /BOSSTON/BOSSTON-CD/Chair/ HTTP/1.1" 200 2390 "-" "ShopWiki/1.0 ( +http://www.shopwiki.com/wiki/Help:Bot)" "www.roomfurnish.com"
38.98.120.84 - - [08/Oct/2009:22:23:59 -0700] "GET /dtcsolution/LIBRARY/BUTTONS/ HTTP/1.1" 200 2053 "-" "ShopWiki/1.0 ( +http://www.shopwiki.com/wiki/Help:Bot)" "www.roomfurnish.com"
38.98.120.84 - - [08/Oct/2009:22:24:00 -0700] "GET /BOSSTON/BOSSTON-CD/20048/ HTTP/1.1" 200 6391 "-" "ShopWiki/1.0 ( +http://www.shopwiki.com/wiki/Help:Bot)" "www.roomfurnish.com"
38.98.120.94 - - [08/Oct/2009:22:33:05 -0700] "GET / HTTP/1.1" 200 2580 "-" "ShopWiki/1.0 ( +http://www.shopwiki.com/wiki/Help:Bot)" "www.roomfurnish.com"
38.98.120.94 - - [08/Oct/2009:22:33:06 -0700] "GET /dtcsolution/LIBRARY/LOGOS/ HTTP/1.1" 200 3255 "-" "ShopWiki/1.0 ( +http://www.shopwiki.com/wiki/Help:Bot)" "www.roomfurnish.com"
38.98.120.94 - - [08/Oct/2009:22:33:07 -0700] "GET /BOSSTON/BOSSTON-CD/Chaise/ HTTP/1.1" 200 3233 "-" "ShopWiki/1.0 ( +http://www.shopwiki.com/wiki/Help:Bot)" "www.roomfurnish.com"
8.11.2.10 - - [08/Oct/2009:22:33:08 -0700] "GET /BOSSTON/BOSSTON-CD/20049/ HTTP/1.1" 200 1412 "-" "ShopWiki/1.0 ( +http://www.shopwiki.com/wiki/Help:Bot)" "www.roomfurnish.com"
38.98.120.94 - - [08/Oct/2009:22:33:09 -0700] "GET /BOSSTON/BOSSTON-CD/Chair/ HTTP/1.1" 200 2390 "-" "ShopWiki/1.0 ( +http://www.shopwiki.com/wiki/Help:Bot)" "www.roomfurnish.com"
38.98.120.94 - - [08/Oct/2009:22:33:10 -0700] "GET /dtcsolution/LIBRARY/BUTTONS/ HTTP/1.1" 200 2053 "-" "ShopWiki/1.0 ( +http://www.shopwiki.com/wiki/Help:Bot)" "www.roomfurnish.com"
8.11.2.10 - - [08/Oct/2009:22:33:18 -0700] "GET /BOSSTON/BOSSTON-CD/20048/ HTTP/1.1" 200 6391 "-" "ShopWiki/1.0 ( +http://www.shopwiki.com/wiki/Help:Bot)" "www.roomfurnish.com"
74.6.149.142 - - [08/Oct/2009:22:39:00 -0700] "GET /nantian/NT143three_four_five_six_cabinet.jpg HTTP/1.0" 200 30874 "-" "Mozilla/5.0 (Yahoo-MMCrawler/4.0; mailto:vertical-crawl-support@yahoo-inc.com)" "www.roomfurnish.com"
65.55.110.12 - - [08/Oct/2009:22:49:33 -0700] "GET /html/ HTTP/1.1" 200 13037 "http://dtcsolution.com/managed.html" "Mozilla/4.0 (compatible; MSIE 6.0; Windows NT 5.1; SV1; .NET CLR 1.1.4322; .NET CLR 2.0.40607; .NET CLR 3.0.30729; .NET CLR 3.5.30729; InfoPath.2)" "dtcsolution.roomfurnish.com"
74.6.149.142 - - [08/Oct/2009:22:52:24 -0700] "GET /nantian/2111_six_door_wardrobe.jpg HTTP/1.0" 200 77390 "-" "Mozilla/5.0 (Yahoo-MMCrawler/4.0; mailto:vertical-crawl-support@yahoo-inc.com)" "www.roomfurnish.com"
74.6.149.142 - - [08/Oct/2009:23:00:47 -0700] "GET /nantian/DT15dining_DC15_chair.jpg HTTP/1.0" 200 91423 "-" "Mozilla/5.0 (Yahoo-MMCrawler/4.0; mailto:vertical-crawl-support@yahoo-inc.com)" "www.roomfurnish.com"
220.181.7.49 - - [08/Oct/2009:23:03:25 -0700] "GET / HTTP/1.1" 200 2580 "-" "Baiduspider+(+http://www.baidu.com/search/spider.htm)" "www.roomfurnish.com"
74.6.149.142 - - [08/Oct/2009:23:40:17 -0700] "GET /nantian/143wardrobe_with_6_doors.jpg HTTP/1.0" 200 54855 "-" "Mozilla/5.0 (Yahoo-MMCrawler/4.0; mailto:vertical-crawl-support@yahoo-inc.com)" "www.roomfurnish.com"
155.69.200.187 - - [09/Oct/2009:00:41:21 -0700] "GET /html/ HTTP/1.1" 200 13037 "http://www.dtcsolution.com/" "Mozilla/4.0 (compatible; MSIE 7.0; Windows NT 6.0; SLCC1; .NET CLR 2.0.50727; Media Center PC 5.0; .NET CLR 3.0.04506; .NET CLR 3.5.21022)" "dtcsolution.roomfurnish.com"
155.69.200.187 - - [09/Oct/2009:00:41:21 -0700] "GET /html/images/name.jpg HTTP/1.1" 200 2150 "http://dtcsolution.roomfurnish.com/html/" "Mozilla/4.0 (compatible; MSIE 7.0; Windows NT 6.0; SLCC1; .NET CLR 2.0.50727; Media Center PC 5.0; .NET CLR 3.0.04506; .NET CLR 3.5.21022)" "dtcsolution.roomfurnish.com"
155.69.200.187 - - [09/Oct/2009:00:41:21 -0700] "GET /html/images/b.jpg HTTP/1.1" 200 624 "http://dtcsolution.roomfurnish.com/html/" "Mozilla/4.0 (compatible; MSIE 7.0; Windows NT 6.0; SLCC1; .NET CLR 2.0.50727; Media Center PC 5.0; .NET CLR 3.0.04506; .NET CLR 3.5.21022)" "dtcsolution.roomfurnish.com"
155.69.200.187 - - [09/Oct/2009:00:41:22 -0700] "GET /html/images/b5.jpg HTTP/1.1" 200 25484 "http://dtcsolution.roomfurnish.com/html/" "Mozilla/4.0 (compatible; MSIE 7.0; Windows NT 6.0; SLCC1; .NET CLR 2.0.50727; Media Center PC 5.0; .NET CLR 3.0.04506; .NET CLR 3.5.21022)" "dtcsolution.roomfurnish.com"
155.69.200.187 - - [09/Oct/2009:00:41:22 -0700] "GET /html/images/line.jpg HTTP/1.1" 200 1896 "http://dtcsolution.roomfurnish.com/html/" "Mozilla/4.0 (compatible; MSIE 7.0; Windows NT 6.0; SLCC1; .NET CLR 2.0.50727; Media Center PC 5.0; .NET CLR 3.0.04506; .NET CLR 3.5.21022)" "dtcsolution.roomfurnish.com"
155.69.200.187 - - [09/Oct/2009:00:41:23 -0700] "GET /html/images/w1.jpg HTTP/1.1" 200 3007 "http://dtcsolution.roomfurnish.com/html/" "Mozilla/4.0 (compatible; MSIE 7.0; Windows NT 6.0; SLCC1; .NET CLR 2.0.50727; Media Center PC 5.0; .NET CLR 3.0.04506; .NET CLR 3.5.21022)" "dtcsolution.roomfurnish.com"
74.6.149.142 - - [09/Oct/2009:01:00:11 -0700] "GET /nantian/M116living_board.jpg HTTP/1.0" 200 33636 "-" "Mozilla/5.0 (Yahoo-MMCrawler/4.0; mailto:vertical-crawl-support@yahoo-inc.com)" "www.roomfurnish.com"
74.6.149.142 - - [09/Oct/2009:01:36:12 -0700] "GET /nantian/2111wardrobe_with_six_door.jpg HTTP/1.0" 200 66731 "-" "Mozilla/5.0 (Yahoo-MMCrawler/4.0; mailto:vertical-crawl-support@yahoo-inc.com)" "www.roomfurnish.com"
174.129.107.93 - - [09/Oct/2009:01:41:11 -0700] "GET /favicon.ico HTTP/1.1" 404 275 "-" "-" "roomfurnish.com"
121.35.21.101 - - [09/Oct/2009:02:22:40 -0700] "GET /html/ HTTP/1.1" 200 13037 "http://www.dtcsolution.com/" "Mozilla/4.0 (compatible; MSIE 6.0; Windows NT 5.1; SV1; CIBA)" "dtcsolution.roomfurnish.com"
121.35.21.101 - - [09/Oct/2009:02:22:42 -0700] "GET /html/images/b3.jpg HTTP/1.1" 200 24167 "http://dtcsolution.roomfurnish.com/html/" "Mozilla/4.0 (compatible; MSIE 6.0; Windows NT 5.1; SV1; CIBA)" "dtcsolution.roomfurnish.com"
121.35.21.101 - - [09/Oct/2009:02:22:42 -0700] "GET /html/images/bg.jpg HTTP/1.1" 200 549 "http://dtcsolution.roomfurnish.com/html/" "Mozilla/4.0 (compatible; MSIE 6.0; Windows NT 5.1; SV1; CIBA)" "dtcsolution.roomfurnish.com"
74.6.149.142 - - [09/Oct/2009:02:26:42 -0700] "GET /nantian/B10book_shelf_white__B09_book_shelf_dark_walnut__NT06_desk.jpg HTTP/1.0" 200 73877 "-" "Mozilla/5.0 (Yahoo-MMCrawler/4.0; mailto:vertical-crawl-support@yahoo-inc.com)" "www.roomfurnish.com"
124.115.6.11 - - [09/Oct/2009:02:37:15 -0700] "GET /robots.txt HTTP/1.0" 404 275 "http://www.roomfurnish.com/robots.txt" "Sosospider+(+http://help.soso.com/webspider.htm)" "www.roomfurnish.com"
74.6.149.142 - - [09/Oct/2009:02:43:31 -0700] "GET /nantian/526_corner_sofa_CT28coffee_table.jpg HTTP/1.0" 200 84271 "-" "Mozilla/5.0 (Yahoo-MMCrawler/4.0; mailto:vertical-crawl-support@yahoo-inc.com)" "www.roomfurnish.com"
74.6.149.142 - - [09/Oct/2009:02:47:51 -0700] "GET /nantian/M117living_board.jpg HTTP/1.0" 200 42895 "-" "Mozilla/5.0 (Yahoo-MMCrawler/4.0; mailto:vertical-crawl-support@yahoo-inc.com)" "www.roomfurnish.com"
74.6.149.142 - - [09/Oct/2009:03:01:52 -0700] "GET /nantian/185bed_night_stand_170dresser.jpg HTTP/1.0" 200 24985 "-" "Mozilla/5.0 (Yahoo-MMCrawler/4.0; mailto:vertical-crawl-support@yahoo-inc.com)" "www.roomfurnish.com"
74.6.149.142 - - [09/Oct/2009:03:15:17 -0700] "GET /nantian/187bed_night_stand_dresser.jpg HTTP/1.0" 200 156366 "-" "Mozilla/5.0 (Yahoo-MMCrawler/4.0; mailto:vertical-crawl-support@yahoo-inc.com)" "www.roomfurnish.com"
74.6.149.142 - - [09/Oct/2009:03:15:40 -0700] "GET /nantian/498Corner_sofa.jpg HTTP/1.0" 200 33695 "-" "Mozilla/5.0 (Yahoo-MMCrawler/4.0; mailto:vertical-crawl-support@yahoo-inc.com)" "www.roomfurnish.com"
74.6.149.142 - - [09/Oct/2009:03:17:38 -0700] "GET /nantian/143bed_night_stand.jpg HTTP/1.0" 200 65676 "-" "Mozilla/5.0 (Yahoo-MMCrawler/4.0; mailto:vertical-crawl-support@yahoo-inc.com)" "www.roomfurnish.com"
220.181.125.71 - - [09/Oct/2009:03:35:09 -0700] "GET /robots.txt HTTP/1.1" 404 275 "-" "-" "roomfurnish.com"
220.255.7.168 - - [09/Oct/2009:03:47:08 -0700] "GET /html/ HTTP/1.1" 200 13037 "http://www.dtcsolution.com/" "Mozilla/4.0 (compatible; MSIE 8.0; Windows NT 6.0; Trident/4.0; SLCC1; .NET CLR 2.0.50727; .NET CLR 3.5.30729; .NET CLR 3.0.30729)" "dtcsolution.roomfurnish.com"
220.255.7.145 - - [09/Oct/2009:03:47:09 -0700] "GET /html/images/spacer.gif HTTP/1.1" 200 43 "http://dtcsolution.roomfurnish.com/html/" "Mozilla/4.0 (compatible; MSIE 8.0; Windows NT 6.0; Trident/4.0; SLCC1; .NET CLR 2.0.50727; .NET CLR 3.5.30729; .NET CLR 3.0.30729)" "dtcsolution.roomfurnish.com"
220.255.7.225 - - [09/Oct/2009:03:47:09 -0700] "GET /html/images/cchecks.jpg HTTP/1.1" 200 1203 "http://dtcsolution.roomfurnish.com/html/" "Mozilla/4.0 (compatible; MSIE 8.0; Windows NT 6.0; Trident/4.0; SLCC1; .NET CLR 2.0.50727; .NET CLR 3.5.30729; .NET CLR 3.0.30729)" "dtcsolution.roomfurnish.com"
220.255.7.134 - - [09/Oct/2009:03:47:09 -0700] "GET /html/images/b0.jpg HTTP/1.1" 200 616 "http://dtcsolution.roomfurnish.com/html/" "Mozilla/4.0 (compatible; MSIE 8.0; Windows NT 6.0; Trident/4.0; SLCC1; .NET CLR 2.0.50727; .NET CLR 3.5.30729; .NET CLR 3.0.30729)" "dtcsolution.roomfurnish.com"
74.6.149.142 - - [09/Oct/2009:03:48:02 -0700] "GET /nantian/CT22A_521sofa.jpg HTTP/1.0" 200 44051 "-" "Mozilla/5.0 (Yahoo-MMCrawler/4.0; mailto:vertical-crawl-support@yahoo-inc.com)" "www.roomfurnish.com"
74.6.149.142 - - [09/Oct/2009:03:56:29 -0700] "GET /nantian/L114_living_board_M1111_stool.jpg HTTP/1.0" 200 62382 "-" "Mozilla/5.0 (Yahoo-MMCrawler/4.0; mailto:vertical-crawl-support@yahoo-inc.com)" "www.roomfurnish.com"
8.21.4.254 - - [09/Oct/2009:04:08:53 -0700] "GET /html HTTP/1.1" 301 103 "-" "Mozilla/4.0 (compatible; MSIE 7.0; Windows NT 5.1; InfoPath.1; .NET CLR 2.0.50727; .NET CLR 1.1.4322; MS-RTC LM 8; .NET CLR 3.0.4506.2152; .NET CLR 3.5.30729)" "dtcsolution.roomfurnish.com"
8.21.4.254 - - [09/Oct/2009:04:08:53 -0700] "GET /html/ HTTP/1.1" 200 13037 "-" "Mozilla/4.0 (compatible; MSIE 7.0; Windows NT 5.1; InfoPath.1; .NET CLR 2.0.50727; .NET CLR 1.1.4322; MS-RTC LM 8; .NET CLR 3.0.4506.2152; .NET CLR 3.5.30729)" "dtcsolution.roomfurnish.com"
203.116.59.28 - - [09/Oct/2009:04:08:54 -0700] "GET /html/ HTTP/1.1" 200 13037 "http://www.dtcsolution.com/" "Mozilla/4.0 (compatible; MSIE 6.0; Windows NT 5.1; SV1; .NET CLR 1.1.4322; .NET CLR 2.0.50727)" "dtcsolution.roomfurnish.com"
203.116.59.28 - - [09/Oct/2009:04:08:55 -0700] "GET /html/images/im2.jpg HTTP/1.1" 200 4990 "-" "Mozilla/4.0 (compatible;)" "dtcsolution.roomfurnish.com"
220.255.7.159 - - [09/Oct/2009:04:10:37 -0700] "GET /html/ HTTP/1.1" 200 13037 "http://www.dtcsolution.com/" "Mozilla/4.0 (compatible; MSIE 6.0; Windows NT 5.1; SV1; .NET CLR 1.1.4322; .NET CLR 2.0.50727)" "dtcsolution.roomfurnish.com"
114.80.93.71 - - [09/Oct/2009:04:13:56 -0700] "GET / HTTP/1.1" 200 2580 "-" "Mozilla/4.0 (compatible; MSIE 6.0; Windows NT 5.1)" "www.roomfurnish.com"
74.6.30.119 - - [09/Oct/2009:04:31:54 -0700] "GET / HTTP/1.0" 200 2564 "-" "Mozilla/5.0 (compatible; Yahoo! DE Slurp; http://help.yahoo.com/help/us/ysearch/slurp)" "www.roomfurnish.com"
114.80.93.71 - - [09/Oct/2009:04:41:19 -0700] "GET / HTTP/1.1" 200 2580 "-" "Mozilla/4.0 (compatible; MSIE 6.0; Windows NT 5.1)" "roomfurnish.com"
74.6.149.142 - - [09/Oct/2009:04:50:31 -0700] "GET /nantian/TV02A_TV02B_for_stero.jpg HTTP/1.0" 200 21520 "-" "Mozilla/5.0 (Yahoo-MMCrawler/4.0; mailto:vertical-crawl-support@yahoo-inc.com)" "www.roomfurnish.com"
38.108.180.67 - - [09/Oct/2009:04:56:22 -0700] "GET /robots.txt HTTP/1.1" 404 275 "-" "Mozilla/5.0 (compatible; ScoutJet; +http://www.scoutjet.com/)" "roomfurnish.com"
38.108.180.67 - - [09/Oct/2009:04:56:23 -0700] "GET /?S=A HTTP/1.1" 200 2580 "-" "Mozilla/5.0 (compatible; ScoutJet; +http://www.scoutjet.com/)" "roomfurnish.com"
38.108.180.67 - - [09/Oct/2009:04:56:31 -0700] "GET /?N=D HTTP/1.1" 200 2580 "-" "Mozilla/5.0 (compatible; ScoutJet; +http://www.scoutjet.com/)" "roomfurnish.com"
38.108.180.67 - - [09/Oct/2009:04:56:40 -0700] "GET /FL/ HTTP/1.1" 200 70819 "-" "Mozilla/5.0 (compatible; ScoutJet; +http://www.scoutjet.com/)" "roomfurnish.com"
38.108.180.67 - - [09/Oct/2009:04:57:25 -0700] "GET /BOSSTON/ HTTP/1.1" 200 944 "-" "Mozilla/5.0 (compatible; ScoutJet; +http://www.scoutjet.com/)" "roomfurnish.com"
74.6.149.142 - - [09/Oct/2009:05:05:36 -0700] "GET /nantian/524_sofa_3seaters_1seater__CT27coffee_table_L106cabinet.jpg HTTP/1.0" 200 39447 "-" "Mozilla/5.0 (Yahoo-MMCrawler/4.0; mailto:vertical-crawl-support@yahoo-inc.com)" "www.roomfurnish.com"
218.186.12.232 - - [09/Oct/2009:06:12:18 -0700] "GET /html/ HTTP/1.1" 200 13037 "http://www.dtcsolution.com/" "Mozilla/5.0 (Windows; U; Windows NT 6.0; en-US; rv:1.9.1.3) Gecko/20090824 Firefox/3.5.3 (.NET CLR 3.5.30729)" "dtcsolution.roomfurnish.com"
218.186.12.11 - - [09/Oct/2009:06:12:19 -0700] "GET /html/images/b.jpg HTTP/1.1" 200 624 "http://dtcsolution.roomfurnish.com/html/" "Mozilla/5.0 (Windows; U; Windows NT 6.0; en-US; rv:1.9.1.3) Gecko/20090824 Firefox/3.5.3 (.NET CLR 3.5.30729)" "dtcsolution.roomfurnish.com"
74.6.149.142 - - [09/Oct/2009:06:17:04 -0700] "GET /nantian/182bed_night_stand_dresser_stool.jpg HTTP/1.0" 200 57999 "-" "Mozilla/5.0 (Yahoo-MMCrawler/4.0; mailto:vertical-crawl-support@yahoo-inc.com)" "www.roomfurnish.com"
38.108.180.65 - - [09/Oct/2009:06:30:19 -0700] "GET /robots.txt HTTP/1.1" 404 275 "-" "Mozilla/5.0 (compatible; ScoutJet; +http://www.scoutjet.com/)" "www.roomfurnish.com"
38.108.180.65 - - [09/Oct/2009:06:30:21 -0700] "GET /?D=A HTTP/1.1" 200 2580 "-" "Mozilla/5.0 (compatible; ScoutJet; +http://www.scoutjet.com/)" "www.roomfurnish.com"
38.108.180.65 - - [09/Oct/2009:06:30:29 -0700] "GET /?S=A HTTP/1.1" 200 2580 "-" "Mozilla/5.0 (compatible; ScoutJet; +http://www.scoutjet.com/)" "www.roomfurnish.com"
38.108.180.65 - - [09/Oct/2009:06:30:38 -0700] "GET /tmp/ HTTP/1.1" 200 13467 "-" "Mozilla/5.0 (compatible; ScoutJet; +http://www.scoutjet.com/)" "www.roomfurnish.com"
38.108.180.65 - - [09/Oct/2009:06:30:46 -0700] "GET /FL/ HTTP/1.1" 200 70819 "-" "Mozilla/5.0 (compatible; ScoutJet; +http://www.scoutjet.com/)" "www.roomfurnish.com"
74.6.149.142 - - [09/Oct/2009:06:31:36 -0700] "GET /nantian/T002_living_board.jpg HTTP/1.0" 200 76627 "-" "Mozilla/5.0 (Yahoo-MMCrawler/4.0; mailto:vertical-crawl-support@yahoo-inc.com)" "www.roomfurnish.com"
74.6.149.142 - - [09/Oct/2009:06:52:38 -0700] "GET /nantian/2107wardrobe.jpg HTTP/1.0" 200 78127 "-" "Mozilla/5.0 (Yahoo-MMCrawler/4.0; mailto:vertical-crawl-support@yahoo-inc.com)" "www.roomfurnish.com"
123.125.66.58 - - [09/Oct/2009:07:04:46 -0700] "GET /robots.txt HTTP/1.1" 404 275 "-" "Baiduspider+(+http://www.baidu.com/search/spider.htm)" "www.roomfurnish.com"
208.80.193.42 - - [09/Oct/2009:07:12:16 -0700] "GET / HTTP/1.0" 200 2564 "-" "Mozilla/4.0 (compatible; MSIE 6.0; Windows NT 5.1; YPC 3.2.0; SV1; .NET CLR 2.0.50727; yplus 5.3.04b)" "www.roomfurnish.com"
208.80.193.42 - - [09/Oct/2009:07:12:16 -0700] "GET / HTTP/1.0" 200 2564 "-" "Mozilla/4.0 (compatible; MSIE 6.0; Windows 98; yplus 5.6.04b)" "roomfurnish.com"
202.156.14.242 - - [09/Oct/2009:07:19:17 -0700] "GET /html/ HTTP/1.1" 200 13037 "http://www.dtcsolution.com/" "Mozilla/5.0 (Macintosh; U; Intel Mac OS X 10_5_8; en-us) AppleWebKit/531.9 (KHTML, like Gecko) Version/4.0.3 Safari/531.9" "dtcsolution.roomfurnish.com"
202.156.14.74 - - [09/Oct/2009:07:19:18 -0700] "GET /html/images/main_bg.jpg HTTP/1.1" 200 528 "http://dtcsolution.roomfurnish.com/html/" "Mozilla/5.0 (Macintosh; U; Intel Mac OS X 10_5_8; en-us) AppleWebKit/531.9 (KHTML, like Gecko) Version/4.0.3 Safari/531.9" "dtcsolution.roomfurnish.com"
74.6.149.142 - - [09/Oct/2009:07:28:27 -0700] "GET /nantian/502_Corner_sofa.jpg HTTP/1.0" 200 37862 "-" "Mozilla/5.0 (Yahoo-MMCrawler/4.0; mailto:vertical-crawl-support@yahoo-inc.com)" "www.roomfurnish.com"
220.181.125.71 - - [09/Oct/2009:07:33:11 -0700] "GET / HTTP/1.1" 200 2580 "-" "Sogou web spider/4.0(+http://www.sogou.com/docs/help/webmasters.htm#07)" "roomfurnish.com"
74.6.149.142 - - [09/Oct/2009:07:34:28 -0700] "GET /nantian/525leisure_chair_L110living_board.jpg HTTP/1.0" 200 68456 "-" "Mozilla/5.0 (Yahoo-MMCrawler/4.0; mailto:vertical-crawl-support@yahoo-inc.com)" "www.roomfurnish.com"
88.242.46.189 - - [09/Oct/2009:07:47:19 -0700] "GET /dtcsolution/html/images/DeltaCom_Logo.jpg HTTP/1.0" 200 71109 "http://singapore.craigslist.com.sg/sys/1389449325.html" "Mozilla/4.0 (compatible; MSIE 7.0; Windows NT 5.1; GTB6; FBSMTWB; .NET CLR 2.0.50727; .NET CLR 3.0.4506.2152; .NET CLR 3.5.30729; .NET CLR 1.1.4322; OfficeLiveConnector.1.3; OfficeLivePatch.0.0)" "site.roomfurnish.com"
74.6.149.142 - - [09/Oct/2009:08:07:34 -0700] "GET /nantian/M109.jpg HTTP/1.0" 200 21918 "-" "Mozilla/5.0 (Yahoo-MMCrawler/4.0; mailto:vertical-crawl-support@yahoo-inc.com)" "www.roomfurnish.com"
65.55.207.102 - - [09/Oct/2009:08:09:59 -0700] "GET /robots.txt HTTP/1.1" 404 275 "-" "msnbot/2.0b (+http://search.msn.com/msnbot.htm)" "roomfurnish.com"
67.195.115.183 - - [09/Oct/2009:08:12:06 -0700] "GET /FLleather/?S=D HTTP/1.0" 200 2012 "-" "Mozilla/5.0 (compatible; Yahoo! Slurp/3.0; http://help.yahoo.com/help/us/ysearch/slurp)" "www.roomfurnish.com"
65.55.207.102 - - [09/Oct/2009:08:52:16 -0700] "GET /FL/?D=A HTTP/1.1" 200 70819 "-" "msnbot/2.0b (+http://search.msn.com/msnbot.htm)" "roomfurnish.com"
74.6.149.142 - - [09/Oct/2009:09:00:31 -0700] "GET /nantian/L115_living_board.jpg HTTP/1.0" 200 41169 "-" "Mozilla/5.0 (Yahoo-MMCrawler/4.0; mailto:vertical-crawl-support@yahoo-inc.com)" "www.roomfurnish.com"
74.6.149.142 - - [09/Oct/2009:09:15:32 -0700] "GET /nantian/M114living_board_521sofa.jpg HTTP/1.0" 200 35760 "-" "Mozilla/5.0 (Yahoo-MMCrawler/4.0; mailto:vertical-crawl-support@yahoo-inc.com)" "www.roomfurnish.com"
74.6.149.142 - - [09/Oct/2009:09:28:10 -0700] "GET /nantian/2106wardrobe.jpg HTTP/1.0" 200 97345 "-" "Mozilla/5.0 (Yahoo-MMCrawler/4.0; mailto:vertical-crawl-support@yahoo-inc.com)" "www.roomfurnish.com"
220.181.7.31 - - [09/Oct/2009:09:38:32 -0700] "GET / HTTP/1.1" 200 2580 "-" "Baiduspider+(+http://www.baidu.com/search/spider.htm)" "www.roomfurnish.com"
8.11.2.10 - - [09/Oct/2009:09:39:54 -0700] "GET /robots.txt HTTP/1.1" 404 275 "-" "ShopWiki/1.0 ( +http://www.shopwiki.com/wiki/Help:Bot)" "www.roomfurnish.com"
65.46.75.190 - - [09/Oct/2009:09:40:00 -0700] "GET / HTTP/1.1" 200 2580 "-" "ShopWiki/1.0 ( +http://www.shopwiki.com/wiki/Help:Bot)" "www.roomfurnish.com"
8.11.2.10 - - [09/Oct/2009:09:40:03 -0700] "GET /dtcsolution/LIBRARY/LOGOS/ HTTP/1.1" 200 3255 "-" "ShopWiki/1.0 ( +http://www.shopwiki.com/wiki/Help:Bot)" "www.roomfurnish.com"
38.98.120.94 - - [09/Oct/2009:09:40:04 -0700] "GET /BOSSTON/BOSSTON-CD/Chaise/ HTTP/1.1" 200 3233 "-" "ShopWiki/1.0 ( +http://www.shopwiki.com/wiki/Help:Bot)" "www.roomfurnish.com"
65.46.75.190 - - [09/Oct/2009:09:40:08 -0700] "GET /BOSSTON/BOSSTON-CD/20049/ HTTP/1.1" 200 1412 "-" "ShopWiki/1.0 ( +http://www.shopwiki.com/wiki/Help:Bot)" "www.roomfurnish.com"
65.46.75.190 - - [09/Oct/2009:09:40:09 -0700] "GET /BOSSTON/BOSSTON-CD/Chair/ HTTP/1.1" 200 2390 "-" "ShopWiki/1.0 ( +http://www.shopwiki.com/wiki/Help:Bot)" "www.roomfurnish.com"
8.11.2.10 - - [09/Oct/2009:09:40:34 -0700] "GET /dtcsolution/LIBRARY/BUTTONS/ HTTP/1.1" 200 2053 "-" "ShopWiki/1.0 ( +http://www.shopwiki.com/wiki/Help:Bot)" "www.roomfurnish.com"
65.46.75.190 - - [09/Oct/2009:09:40:35 -0700] "GET /BOSSTON/BOSSTON-CD/20048/ HTTP/1.1" 200 6391 "-" "ShopWiki/1.0 ( +http://www.shopwiki.com/wiki/Help:Bot)" "www.roomfurnish.com"
74.6.149.142 - - [09/Oct/2009:09:42:11 -0700] "GET /nantian/183bed_173night_stand_C03leisure_chair.jpg HTTP/1.0" 200 57757 "-" "Mozilla/5.0 (Yahoo-MMCrawler/4.0; mailto:vertical-crawl-support@yahoo-inc.com)" "www.roomfurnish.com"
38.98.120.84 - - [09/Oct/2009:09:43:39 -0700] "GET / HTTP/1.1" 200 2580 "-" "ShopWiki/1.0 ( +http://www.shopwiki.com/wiki/Help:Bot)" "www.roomfurnish.com"
38.98.120.84 - - [09/Oct/2009:09:43:40 -0700] "GET /dtcsolution/LIBRARY/LOGOS/ HTTP/1.1" 200 3255 "-" "ShopWiki/1.0 ( +http://www.shopwiki.com/wiki/Help:Bot)" "www.roomfurnish.com"
38.98.120.84 - - [09/Oct/2009:09:43:47 -0700] "GET /BOSSTON/BOSSTON-CD/Chaise/ HTTP/1.1" 200 3233 "-" "ShopWiki/1.0 ( +http://www.shopwiki.com/wiki/Help:Bot)" "www.roomfurnish.com"
38.98.120.84 - - [09/Oct/2009:09:43:48 -0700] "GET /BOSSTON/BOSSTON-CD/20049/ HTTP/1.1" 200 1412 "-" "ShopWiki/1.0 ( +http://www.shopwiki.com/wiki/Help:Bot)" "www.roomfurnish.com"
38.98.120.84 - - [09/Oct/2009:09:43:49 -0700] "GET /BOSSTON/BOSSTON-CD/Chair/ HTTP/1.1" 200 2390 "-" "ShopWiki/1.0 ( +http://www.shopwiki.com/wiki/Help:Bot)" "www.roomfurnish.com"
38.98.120.84 - - [09/Oct/2009:09:43:53 -0700] "GET /dtcsolution/LIBRARY/BUTTONS/ HTTP/1.1" 200 2053 "-" "ShopWiki/1.0 ( +http://www.shopwiki.com/wiki/Help:Bot)" "www.roomfurnish.com"
38.98.120.84 - - [09/Oct/2009:09:43:53 -0700] "GET /BOSSTON/BOSSTON-CD/20048/ HTTP/1.1" 200 6391 "-" "ShopWiki/1.0 ( +http://www.shopwiki.com/wiki/Help:Bot)" "www.roomfurnish.com"
220.181.7.101 - - [09/Oct/2009:10:04:55 -0700] "GET /tmp/ HTTP/1.1" 200 13467 "-" "Baiduspider+(+http://www.baidu.com/search/spider.htm)" "www.roomfurnish.com"
74.6.149.142 - - [09/Oct/2009:10:10:35 -0700] "GET /nantian/186bed_night_stand_dresser.jpg HTTP/1.0" 200 77326 "-" "Mozilla/5.0 (Yahoo-MMCrawler/4.0; mailto:vertical-crawl-support@yahoo-inc.com)" "www.roomfurnish.com"
220.181.7.14 - - [09/Oct/2009:10:18:04 -0700] "GET /nantian/ HTTP/1.1" 200 10769 "-" "Baiduspider+(+http://www.baidu.com/search/spider.htm)" "www.roomfurnish.com"
220.181.7.15 - - [09/Oct/2009:10:30:42 -0700] "GET /QM/ HTTP/1.1" 200 1340 "-" "Baiduspider+(+http://www.baidu.com/search/spider.htm)" "www.roomfurnish.com"
220.181.7.40 - - [09/Oct/2009:10:30:48 -0700] "GET /FRABK.TTF HTTP/1.1" 200 141768 "-" "Baiduspider+(+http://www.baidu.com/search/spider.htm)" "www.roomfurnish.com"
67.195.115.183 - - [09/Oct/2009:10:50:54 -0700] "GET /swatch/Leather/?D=A HTTP/1.0" 200 3768 "-" "Mozilla/5.0 (compatible; Yahoo! Slurp/3.0; http://help.yahoo.com/help/us/ysearch/slurp)" "www.roomfurnish.com"
