38.105.83.11 - - [06/Oct/2009:11:05:59 -0700] "GET /logs/access_061230.log HTTP/1.1" 200 403809 "http://www.roomfurnish.com/logs/" "Mozilla/4.0 (compatible; MSIE 7.0; Windows NT 5.2)" "www.roomfurnish.com"
38.105.83.11 - - [06/Oct/2009:11:06:01 -0700] "GET /logs/access_051030.log HTTP/1.1" 200 731509 "http://www.roomfurnish.com/logs/" "Mozilla/4.0 (compatible; MSIE 7.0; Windows NT 5.2)" "www.roomfurnish.com"
38.105.83.11 - - [06/Oct/2009:11:06:02 -0700] "GET /logs/access_050730.log HTTP/1.1" 200 720896 "http://www.roomfurnish.com/logs/" "Mozilla/4.0 (compatible; MSIE 7.0; Windows NT 5.2)" "www.roomfurnish.com"
38.105.83.11 - - [06/Oct/2009:11:06:03 -0700] "GET /logs/access_060730.log HTTP/1.1" 200 210338 "http://www.roomfurnish.com/logs/" "Mozilla/4.0 (compatible; MSIE 7.0; Windows NT 5.2)" "www.roomfurnish.com"
38.105.83.11 - - [06/Oct/2009:11:06:04 -0700] "GET /logs/access_060830.log HTTP/1.1" 200 448803 "http://www.roomfurnish.com/logs/" "Mozilla/4.0 (compatible; MSIE 7.0; Windows NT 5.2)" "www.roomfurnish.com"
38.105.83.11 - - [06/Oct/2009:11:06:07 -0700] "GET /logs/access_051130.log HTTP/1.1" 200 594238 "http://www.roomfurnish.com/logs/" "Mozilla/4.0 (compatible; MSIE 7.0; Windows NT 5.2)" "www.roomfurnish.com"
38.105.83.11 - - [06/Oct/2009:11:06:07 -0700] "GET /logs/access_050630.log HTTP/1.1" 200 720896 "http://www.roomfurnish.com/logs/" "Mozilla/4.0 (compatible; MSIE 7.0; Windows NT 5.2)" "www.roomfurnish.com"
38.105.83.11 - - [06/Oct/2009:11:06:08 -0700] "GET /logs/access_060530.log HTTP/1.1" 200 270689 "http://www.roomfurnish.com/logs/" "Mozilla/4.0 (compatible; MSIE 7.0; Windows NT 5.2)" "www.roomfurnish.com"
38.105.83.11 - - [06/Oct/2009:11:06:09 -0700] "GET /logs/access_061030.log HTTP/1.1" 200 516084 "http://www.roomfurnish.com/logs/" "Mozilla/4.0 (compatible; MSIE 7.0; Windows NT 5.2)" "www.roomfurnish.com"
38.105.83.11 - - [06/Oct/2009:11:06:11 -0700] "GET /logs/access_051230.log HTTP/1.1" 200 617528 "http://www.roomfurnish.com/logs/" "Mozilla/4.0 (compatible; MSIE 7.0; Windows NT 5.2)" "www.roomfurnish.com"
38.105.83.11 - - [06/Oct/2009:11:06:11 -0700] "GET /logs/access_050830.log HTTP/1.1" 200 786432 "http://www.roomfurnish.com/logs/" "Mozilla/4.0 (compatible; MSIE 7.0; Windows NT 5.2)" "www.roomfurnish.com"
38.105.83.11 - - [06/Oct/2009:11:06:12 -0700] "GET /logs/access_060501.log HTTP/1.1" 200 97630 "http://www.roomfurnish.com/logs/" "Mozilla/4.0 (compatible; MSIE 7.0; Windows NT 5.2)" "www.roomfurnish.com"
72.30.79.59 - - [06/Oct/2009:11:06:16 -0700] "GET /html/ HTTP/1.0" 200 13037 "http://dtcsolution.com/case.html" "Mozilla/5.0 (compatible; Yahoo! Slurp/3.0; http://help.yahoo.com/help/us/ysearch/slurp)" "dtcsolution.roomfurnish.com"
38.105.83.11 - - [06/Oct/2009:11:07:13 -0700] "GET /tmp/sess_0a669ac345e71539cc803b696ebe853c HTTP/1.1" 403 163 "http://www.roomfurnish.com/tmp/" "Mozilla/4.0 (compatible; MSIE 7.0; Windows NT 5.2)" "www.roomfurnish.com"
38.105.83.11 - - [06/Oct/2009:11:07:14 -0700] "GET /tmp/sess_087b16cc1deb671c492066a796da0726 HTTP/1.1" 403 163 "http://www.roomfurnish.com/tmp/" "Mozilla/4.0 (compatible; MSIE 7.0; Windows NT 5.2)" "www.roomfurnish.com"
38.105.83.11 - - [06/Oct/2009:11:07:16 -0700] "GET /tmp/sess_049ffb3eecd6e0f9d0354136fc1ee80a HTTP/1.1" 403 163 "http://www.roomfurnish.com/tmp/" "Mozilla/4.0 (compatible; MSIE 7.0; Windows NT 5.2)" "www.roomfurnish.com"
38.105.83.11 - - [06/Oct/2009:11:07:18 -0700] "GET /tmp/sess_04120572904818bf788a91ec32f08c80 HTTP/1.1" 403 163 "http://www.roomfurnish.com/tmp/" "Mozilla/4.0 (compatible; MSIE 7.0; Windows NT 5.2)" "www.roomfurnish.com"
38.105.83.11 - - [06/Oct/2009:11:07:20 -0700] "GET /tmp/sess_02ceb4ce10cede84b4ed7995f8ea696a HTTP/1.1" 403 163 "http://www.roomfurnish.com/tmp/" "Mozilla/4.0 (compatible; MSIE 7.0; Windows NT 5.2)" "www.roomfurnish.com"
38.105.83.11 - - [06/Oct/2009:11:07:21 -0700] "GET /tmp/sess_001f4d8d6d0db35689841039a7b7e83a HTTP/1.1" 403 163 "http://www.roomfurnish.com/tmp/" "Mozilla/4.0 (compatible; MSIE 7.0; Windows NT 5.2)" "www.roomfurnish.com"
38.105.83.11 - - [06/Oct/2009:11:07:23 -0700] "GET /tmp/mailError.log HTTP/1.1" 200 519614 "http://www.roomfurnish.com/tmp/" "Mozilla/4.0 (compatible; MSIE 7.0; Windows NT 5.2)" "www.roomfurnish.com"
38.105.83.11 - - [06/Oct/2009:11:07:25 -0700] "GET /tmp/sess_0ad5642e4f7395dbe3488c1c4b967636 HTTP/1.1" 403 163 "http://www.roomfurnish.com/tmp/" "Mozilla/4.0 (compatible; MSIE 7.0; Windows NT 5.2)" "www.roomfurnish.com"
38.105.83.11 - - [06/Oct/2009:11:07:26 -0700] "GET /tmp/back HTTP/1.1" 200 541 "http://www.roomfurnish.com/tmp/" "Mozilla/4.0 (compatible; MSIE 7.0; Windows NT 5.2)" "www.roomfurnish.com"
38.105.83.11 - - [06/Oct/2009:11:07:28 -0700] "GET /FL/Thumbs.db HTTP/1.1" 200 720896 "http://www.roomfurnish.com/FL/" "Mozilla/4.0 (compatible; MSIE 7.0; Windows NT 5.2)" "www.roomfurnish.com"
38.105.83.11 - - [06/Oct/2009:11:07:28 -0700] "GET /dtcsolution/psd/ HTTP/1.1" 200 853 "http://www.roomfurnish.com/dtcsolution/" "Mozilla/4.0 (compatible; MSIE 7.0; Windows NT 5.2)" "www.roomfurnish.com"
38.105.83.11 - - [06/Oct/2009:11:07:29 -0700] "GET /dtcsolution/html/ HTTP/1.1" 200 13037 "http://www.roomfurnish.com/dtcsolution/" "Mozilla/4.0 (compatible; MSIE 7.0; Windows NT 5.2)" "www.roomfurnish.com"
38.105.83.11 - - [06/Oct/2009:11:07:30 -0700] "GET /dtcsolution/Thumbs.db HTTP/1.1" 200 30208 "http://www.roomfurnish.com/dtcsolution/" "Mozilla/4.0 (compatible; MSIE 7.0; Windows NT 5.2)" "www.roomfurnish.com"
38.105.83.11 - - [06/Oct/2009:11:07:31 -0700] "GET /dtcsolution/LIBRARY/ HTTP/1.1" 200 1396 "http://www.roomfurnish.com/dtcsolution/" "Mozilla/4.0 (compatible; MSIE 7.0; Windows NT 5.2)" "www.roomfurnish.com"
38.105.83.11 - - [06/Oct/2009:11:07:31 -0700] "GET /dtcsolution/FONTS/ HTTP/1.1" 200 3647 "http://www.roomfurnish.com/dtcsolution/" "Mozilla/4.0 (compatible; MSIE 7.0; Windows NT 5.2)" "www.roomfurnish.com"
38.105.83.11 - - [06/Oct/2009:11:08:25 -0700] "GET /logs/access_090830.log HTTP/1.1" 200 720896 "http://www.roomfurnish.com/logs/" "Mozilla/4.0 (compatible; MSIE 7.0; Windows NT 5.2)" "www.roomfurnish.com"
38.105.83.11 - - [06/Oct/2009:11:08:26 -0700] "GET /logs/access_090730.log HTTP/1.1" 200 786432 "http://www.roomfurnish.com/logs/" "Mozilla/4.0 (compatible; MSIE 7.0; Windows NT 5.2)" "www.roomfurnish.com"
38.105.83.11 - - [06/Oct/2009:11:08:27 -0700] "GET /logs/access_090630.log HTTP/1.1" 200 458752 "http://www.roomfurnish.com/logs/" "Mozilla/4.0 (compatible; MSIE 7.0; Windows NT 5.2)" "www.roomfurnish.com"
38.105.83.11 - - [06/Oct/2009:11:08:54 -0700] "GET /logs/access_090330.log HTTP/1.1" 200 109271 "http://www.roomfurnish.com/logs/" "Mozilla/4.0 (compatible; MSIE 7.0; Windows NT 5.2)" "www.roomfurnish.com"
38.105.83.11 - - [06/Oct/2009:11:08:55 -0700] "GET /logs/access_090301.log HTTP/1.1" 200 106831 "http://www.roomfurnish.com/logs/" "Mozilla/4.0 (compatible; MSIE 7.0; Windows NT 5.2)" "www.roomfurnish.com"
38.105.83.11 - - [06/Oct/2009:11:08:56 -0700] "GET /logs/access_090430.log HTTP/1.1" 200 136047 "http://www.roomfurnish.com/logs/" "Mozilla/4.0 (compatible; MSIE 7.0; Windows NT 5.2)" "www.roomfurnish.com"
67.205.96.152 - - [06/Oct/2009:12:31:39 -0700] "GET / HTTP/1.1" 200 2580 "-" "Allrati/1.1 (+)" "roomfurnish.com"
67.195.115.183 - - [06/Oct/2009:12:33:55 -0700] "GET /swatch/Leather/?S=D HTTP/1.0" 200 3768 "-" "Mozilla/5.0 (compatible; Yahoo! Slurp/3.0; http://help.yahoo.com/help/us/ysearch/slurp)" "www.roomfurnish.com"
67.195.115.183 - - [06/Oct/2009:14:02:19 -0700] "GET /FLleather/?M=A HTTP/1.0" 200 2012 "-" "Mozilla/5.0 (compatible; Yahoo! Slurp/3.0; http://help.yahoo.com/help/us/ysearch/slurp)" "www.roomfurnish.com"
67.195.37.123 - - [06/Oct/2009:14:22:22 -0700] "GET / HTTP/1.0" 200 2564 "-" "Mozilla/5.0 (compatible; Yahoo! DE Slurp; http://help.yahoo.com/help/us/ysearch/slurp)" "www.roomfurnish.com"
38.108.180.31 - - [06/Oct/2009:15:29:31 -0700] "GET /robots.txt HTTP/1.1" 404 275 "-" "Mozilla/5.0 (compatible; ScoutJet; +http://www.scoutjet.com/)" "www.roomfurnish.com"
38.108.180.31 - - [06/Oct/2009:15:29:33 -0700] "GET /?M=A HTTP/1.1" 200 2580 "-" "Mozilla/5.0 (compatible; ScoutJet; +http://www.scoutjet.com/)" "www.roomfurnish.com"
38.108.180.31 - - [06/Oct/2009:15:29:42 -0700] "GET /?S=A HTTP/1.1" 200 2580 "-" "Mozilla/5.0 (compatible; ScoutJet; +http://www.scoutjet.com/)" "www.roomfurnish.com"
38.108.180.31 - - [06/Oct/2009:15:29:50 -0700] "GET /?N=D HTTP/1.1" 200 2580 "-" "Mozilla/5.0 (compatible; ScoutJet; +http://www.scoutjet.com/)" "www.roomfurnish.com"
38.108.180.31 - - [06/Oct/2009:15:29:59 -0700] "GET /?D=A HTTP/1.1" 200 2580 "-" "Mozilla/5.0 (compatible; ScoutJet; +http://www.scoutjet.com/)" "www.roomfurnish.com"
38.108.180.31 - - [06/Oct/2009:15:30:07 -0700] "GET /tmp/ HTTP/1.1" 200 13467 "-" "Mozilla/5.0 (compatible; ScoutJet; +http://www.scoutjet.com/)" "www.roomfurnish.com"
38.108.180.31 - - [06/Oct/2009:15:30:16 -0700] "GET /FL/ HTTP/1.1" 200 70819 "-" "Mozilla/5.0 (compatible; ScoutJet; +http://www.scoutjet.com/)" "www.roomfurnish.com"
38.108.180.31 - - [06/Oct/2009:15:30:26 -0700] "GET /FLleather/ HTTP/1.1" 200 2028 "-" "Mozilla/5.0 (compatible; ScoutJet; +http://www.scoutjet.com/)" "www.roomfurnish.com"
38.108.180.31 - - [06/Oct/2009:15:30:34 -0700] "GET /swatch/ HTTP/1.1" 200 662 "-" "Mozilla/5.0 (compatible; ScoutJet; +http://www.scoutjet.com/)" "www.roomfurnish.com"
38.108.180.31 - - [06/Oct/2009:15:30:44 -0700] "GET /dtcsolution/ HTTP/1.1" 200 2040 "-" "Mozilla/5.0 (compatible; ScoutJet; +http://www.scoutjet.com/)" "www.roomfurnish.com"
38.108.180.31 - - [06/Oct/2009:15:30:54 -0700] "GET /test/ HTTP/1.1" 200 798 "-" "Mozilla/5.0 (compatible; ScoutJet; +http://www.scoutjet.com/)" "www.roomfurnish.com"
38.108.180.31 - - [06/Oct/2009:15:31:04 -0700] "GET /BOSSTON/ HTTP/1.1" 200 944 "-" "Mozilla/5.0 (compatible; ScoutJet; +http://www.scoutjet.com/)" "www.roomfurnish.com"
38.108.180.31 - - [06/Oct/2009:15:31:14 -0700] "GET /QM/ HTTP/1.1" 200 1340 "-" "Mozilla/5.0 (compatible; ScoutJet; +http://www.scoutjet.com/)" "www.roomfurnish.com"
38.108.180.31 - - [06/Oct/2009:15:31:24 -0700] "GET /nantian/ HTTP/1.1" 200 10769 "-" "Mozilla/5.0 (compatible; ScoutJet; +http://www.scoutjet.com/)" "www.roomfurnish.com"
38.108.180.31 - - [06/Oct/2009:15:31:33 -0700] "GET /?N=A HTTP/1.1" 200 2580 "-" "Mozilla/5.0 (compatible; ScoutJet; +http://www.scoutjet.com/)" "www.roomfurnish.com"
38.108.180.31 - - [06/Oct/2009:15:31:48 -0700] "GET /?D=D HTTP/1.1" 200 2580 "-" "Mozilla/5.0 (compatible; ScoutJet; +http://www.scoutjet.com/)" "www.roomfurnish.com"
38.108.180.31 - - [06/Oct/2009:15:31:57 -0700] "GET /?S=D HTTP/1.1" 200 2580 "-" "Mozilla/5.0 (compatible; ScoutJet; +http://www.scoutjet.com/)" "www.roomfurnish.com"
38.108.180.31 - - [06/Oct/2009:15:32:07 -0700] "GET /FL/?M=A HTTP/1.1" 200 70819 "-" "Mozilla/5.0 (compatible; ScoutJet; +http://www.scoutjet.com/)" "www.roomfurnish.com"
38.108.180.31 - - [06/Oct/2009:15:32:54 -0700] "GET /FL/Thumbs.db HTTP/1.1" 200 1703936 "-" "Mozilla/5.0 (compatible; ScoutJet; +http://www.scoutjet.com/)" "www.roomfurnish.com"
38.108.180.31 - - [06/Oct/2009:15:33:01 -0700] "GET /FL/?D=A HTTP/1.1" 200 70819 "-" "Mozilla/5.0 (compatible; ScoutJet; +http://www.scoutjet.com/)" "www.roomfurnish.com"
38.108.180.31 - - [06/Oct/2009:15:33:14 -0700] "GET /FL/?S=A HTTP/1.1" 200 70819 "-" "Mozilla/5.0 (compatible; ScoutJet; +http://www.scoutjet.com/)" "www.roomfurnish.com"
38.108.180.31 - - [06/Oct/2009:15:33:28 -0700] "GET /FL/?N=D HTTP/1.1" 200 70819 "-" "Mozilla/5.0 (compatible; ScoutJet; +http://www.scoutjet.com/)" "www.roomfurnish.com"
38.108.180.31 - - [06/Oct/2009:15:33:43 -0700] "GET /tmp/?S=A HTTP/1.1" 200 13467 "-" "Mozilla/5.0 (compatible; ScoutJet; +http://www.scoutjet.com/)" "www.roomfurnish.com"
38.108.180.31 - - [06/Oct/2009:15:33:53 -0700] "GET /tmp/sess_644d026199fc9d70c8766789692250d7 HTTP/1.1" 403 163 "-" "Mozilla/5.0 (compatible; ScoutJet; +http://www.scoutjet.com/)" "www.roomfurnish.com"
38.108.180.31 - - [06/Oct/2009:15:34:02 -0700] "GET /tmp/sess_9d718ebdcd144068a7ddbeb40e527a3c HTTP/1.1" 403 163 "-" "Mozilla/5.0 (compatible; ScoutJet; +http://www.scoutjet.com/)" "www.roomfurnish.com"
38.108.180.31 - - [06/Oct/2009:15:34:11 -0700] "GET /tmp/sess_7f368627da7f28d308b4bf1ba468469e HTTP/1.1" 403 163 "-" "Mozilla/5.0 (compatible; ScoutJet; +http://www.scoutjet.com/)" "www.roomfurnish.com"
38.108.180.31 - - [06/Oct/2009:15:34:18 -0700] "GET /tmp/sess_f46849f489abeddaae0714b49dba5729 HTTP/1.1" 403 163 "-" "Mozilla/5.0 (compatible; ScoutJet; +http://www.scoutjet.com/)" "www.roomfurnish.com"
38.108.180.31 - - [06/Oct/2009:15:34:27 -0700] "GET /tmp/sess_20c1c4ab02614626bf3d198922e438cc HTTP/1.1" 403 163 "-" "Mozilla/5.0 (compatible; ScoutJet; +http://www.scoutjet.com/)" "www.roomfurnish.com"
38.108.180.31 - - [06/Oct/2009:15:34:37 -0700] "GET /tmp/sess_f38c23c301522d8dffb79cfc92a1f191 HTTP/1.1" 403 163 "-" "Mozilla/5.0 (compatible; ScoutJet; +http://www.scoutjet.com/)" "www.roomfurnish.com"
38.108.180.31 - - [06/Oct/2009:15:34:48 -0700] "GET /tmp/sess_3782847bb830e497ecc72ef777415345 HTTP/1.1" 403 163 "-" "Mozilla/5.0 (compatible; ScoutJet; +http://www.scoutjet.com/)" "www.roomfurnish.com"
38.108.180.31 - - [06/Oct/2009:15:34:58 -0700] "GET /tmp/sess_eedf851d0c073c2a9f0df6c6a44eb6f7 HTTP/1.1" 403 163 "-" "Mozilla/5.0 (compatible; ScoutJet; +http://www.scoutjet.com/)" "www.roomfurnish.com"
38.108.180.31 - - [06/Oct/2009:15:35:07 -0700] "GET /tmp/sess_04120572904818bf788a91ec32f08c80 HTTP/1.1" 403 163 "-" "Mozilla/5.0 (compatible; ScoutJet; +http://www.scoutjet.com/)" "www.roomfurnish.com"
38.108.180.31 - - [06/Oct/2009:15:35:16 -0700] "GET /tmp/sess_8148ca7387367aaabe1563839aff98a3 HTTP/1.1" 403 163 "-" "Mozilla/5.0 (compatible; ScoutJet; +http://www.scoutjet.com/)" "www.roomfurnish.com"
38.108.180.31 - - [06/Oct/2009:15:35:26 -0700] "GET /tmp/sess_82670e5ae6cfdf4578563244c4807fc9 HTTP/1.1" 403 163 "-" "Mozilla/5.0 (compatible; ScoutJet; +http://www.scoutjet.com/)" "www.roomfurnish.com"
38.108.180.31 - - [06/Oct/2009:15:35:36 -0700] "GET /tmp/sess_dd486b4ce9c04e4d453a27b34a933126 HTTP/1.1" 403 163 "-" "Mozilla/5.0 (compatible; ScoutJet; +http://www.scoutjet.com/)" "www.roomfurnish.com"
38.108.180.31 - - [06/Oct/2009:15:35:46 -0700] "GET /tmp/sess_cfa7c25c2978581889bbff83f181af6c HTTP/1.1" 403 163 "-" "Mozilla/5.0 (compatible; ScoutJet; +http://www.scoutjet.com/)" "www.roomfurnish.com"
38.108.180.31 - - [06/Oct/2009:15:35:54 -0700] "GET /tmp/?N=D HTTP/1.1" 200 13467 "-" "Mozilla/5.0 (compatible; ScoutJet; +http://www.scoutjet.com/)" "www.roomfurnish.com"
193.47.80.40 - - [06/Oct/2009:15:54:33 -0700] "GET /robots.txt HTTP/1.1" 404 275 "-" "Mozilla/5.0 (compatible; Exabot/3.0; +http://www.exabot.com/go/robot)" "roomfurnish.com"
193.47.80.40 - - [06/Oct/2009:15:54:33 -0700] "GET / HTTP/1.1" 200 2580 "-" "Mozilla/5.0 (compatible; Exabot/3.0; +http://www.exabot.com/go/robot)" "roomfurnish.com"
193.252.149.16 - - [06/Oct/2009:16:00:29 -0700] "GET / HTTP/1.1" 200 2580 "-" "Mozilla/5.0 (Windows; U; Windows NT 5.1; fr; rv:1.8.1) VoilaBot BETA 1.2 (support.voilabot@orange-ftgroup.com)" "roomfurnish.com"
38.98.120.84 - - [06/Oct/2009:16:40:22 -0700] "GET /robots.txt HTTP/1.1" 404 275 "-" "ShopWiki/1.0 ( +http://www.shopwiki.com/wiki/Help:Bot)" "www.roomfurnish.com"
38.98.120.84 - - [06/Oct/2009:16:40:23 -0700] "GET / HTTP/1.1" 200 2580 "-" "ShopWiki/1.0 ( +http://www.shopwiki.com/wiki/Help:Bot)" "www.roomfurnish.com"
38.98.120.84 - - [06/Oct/2009:16:40:24 -0700] "GET /dtcsolution/LIBRARY/LOGOS/ HTTP/1.1" 200 3255 "-" "ShopWiki/1.0 ( +http://www.shopwiki.com/wiki/Help:Bot)" "www.roomfurnish.com"
38.98.120.84 - - [06/Oct/2009:16:40:25 -0700] "GET /BOSSTON/BOSSTON-CD/Chaise/ HTTP/1.1" 200 3233 "-" "ShopWiki/1.0 ( +http://www.shopwiki.com/wiki/Help:Bot)" "www.roomfurnish.com"
38.98.120.84 - - [06/Oct/2009:16:40:26 -0700] "GET /BOSSTON/BOSSTON-CD/20049/ HTTP/1.1" 200 1412 "-" "ShopWiki/1.0 ( +http://www.shopwiki.com/wiki/Help:Bot)" "www.roomfurnish.com"
38.98.120.84 - - [06/Oct/2009:16:40:27 -0700] "GET /BOSSTON/BOSSTON-CD/Chair/ HTTP/1.1" 200 2390 "-" "ShopWiki/1.0 ( +http://www.shopwiki.com/wiki/Help:Bot)" "www.roomfurnish.com"
38.98.120.84 - - [06/Oct/2009:16:40:27 -0700] "GET /dtcsolution/LIBRARY/BUTTONS/ HTTP/1.1" 200 2053 "-" "ShopWiki/1.0 ( +http://www.shopwiki.com/wiki/Help:Bot)" "www.roomfurnish.com"
38.98.120.84 - - [06/Oct/2009:16:40:29 -0700] "GET /BOSSTON/BOSSTON-CD/20048/ HTTP/1.1" 200 6391 "-" "ShopWiki/1.0 ( +http://www.shopwiki.com/wiki/Help:Bot)" "www.roomfurnish.com"
8.11.2.10 - - [06/Oct/2009:16:41:01 -0700] "GET / HTTP/1.1" 200 2580 "-" "ShopWiki/1.0 ( +http://www.shopwiki.com/wiki/Help:Bot)" "www.roomfurnish.com"
65.46.75.190 - - [06/Oct/2009:16:41:02 -0700] "GET /dtcsolution/LIBRARY/LOGOS/ HTTP/1.1" 200 3255 "-" "ShopWiki/1.0 ( +http://www.shopwiki.com/wiki/Help:Bot)" "www.roomfurnish.com"
38.98.120.94 - - [06/Oct/2009:16:41:03 -0700] "GET /BOSSTON/BOSSTON-CD/Chaise/ HTTP/1.1" 200 3233 "-" "ShopWiki/1.0 ( +http://www.shopwiki.com/wiki/Help:Bot)" "www.roomfurnish.com"
8.11.2.10 - - [06/Oct/2009:16:41:04 -0700] "GET /BOSSTON/BOSSTON-CD/20049/ HTTP/1.1" 200 1412 "-" "ShopWiki/1.0 ( +http://www.shopwiki.com/wiki/Help:Bot)" "www.roomfurnish.com"
38.98.120.94 - - [06/Oct/2009:16:41:05 -0700] "GET /BOSSTON/BOSSTON-CD/Chair/ HTTP/1.1" 200 2390 "-" "ShopWiki/1.0 ( +http://www.shopwiki.com/wiki/Help:Bot)" "www.roomfurnish.com"
8.11.2.10 - - [06/Oct/2009:16:41:06 -0700] "GET /dtcsolution/LIBRARY/BUTTONS/ HTTP/1.1" 200 2053 "-" "ShopWiki/1.0 ( +http://www.shopwiki.com/wiki/Help:Bot)" "www.roomfurnish.com"
65.46.75.190 - - [06/Oct/2009:16:41:07 -0700] "GET /BOSSTON/BOSSTON-CD/20048/ HTTP/1.1" 200 6391 "-" "ShopWiki/1.0 ( +http://www.shopwiki.com/wiki/Help:Bot)" "www.roomfurnish.com"
67.195.115.183 - - [06/Oct/2009:16:49:35 -0700] "GET /dtcsolution/LIBRARY/?M=A HTTP/1.0" 200 1380 "-" "Mozilla/5.0 (compatible; Yahoo! Slurp/3.0; http://help.yahoo.com/help/us/ysearch/slurp)" "www.roomfurnish.com"
65.55.106.162 - - [06/Oct/2009:17:13:40 -0700] "GET /robots.txt HTTP/1.1" 404 275 "-" "msnbot/2.0b (+http://search.msn.com/msnbot.htm)" "roomfurnish.com"
67.195.115.183 - - [06/Oct/2009:17:35:49 -0700] "GET / HTTP/1.0" 200 2564 "-" "Mozilla/5.0 (compatible; Yahoo! DE Slurp; http://help.yahoo.com/help/us/ysearch/slurp)" "www.roomfurnish.com"
220.255.7.215 - - [06/Oct/2009:17:36:15 -0700] "GET /html/ HTTP/1.1" 200 13037 "http://www.dtcsolution.com/" "Mozilla/4.0 (compatible; MSIE 6.0; Windows NT 5.1)" "dtcsolution.roomfurnish.com"
65.55.106.162 - - [06/Oct/2009:17:42:34 -0700] "GET /?D=A HTTP/1.1" 200 2580 "-" "msnbot/2.0b (+http://search.msn.com/msnbot.htm)" "roomfurnish.com"
166.121.36.12 - - [06/Oct/2009:18:09:29 -0700] "GET /html/ HTTP/1.1" 200 13037 "http://www.dtcsolution.com/" "Mozilla/4.0 (compatible; MSIE 6.0; Windows NT 5.1; SV1; .NET CLR 2.0.50727)" "dtcsolution.roomfurnish.com"
166.121.37.11 - - [06/Oct/2009:18:09:29 -0700] "GET /html/ HTTP/1.1" 200 13037 "http://www.dtcsolution.com/" "Mozilla/4.0 (compatible; MSIE 6.0; Windows NT 5.1; SV1; .NET CLR 2.0.50727)" "dtcsolution.roomfurnish.com"
166.121.36.12 - - [06/Oct/2009:18:09:30 -0700] "GET /html/images/bg.jpg HTTP/1.1" 200 549 "-" "Mozilla/4.0 (compatible;)" "dtcsolution.roomfurnish.com"
166.121.36.12 - - [06/Oct/2009:18:09:30 -0700] "GET /html/images/menu5.jpg HTTP/1.1" 200 2064 "-" "Mozilla/4.0 (compatible;)" "dtcsolution.roomfurnish.com"
166.121.37.11 - - [06/Oct/2009:18:09:31 -0700] "GET /html/images/cchecks.jpg HTTP/1.1" 200 1203 "-" "Mozilla/4.0 (compatible;)" "dtcsolution.roomfurnish.com"
218.186.12.240 - - [06/Oct/2009:18:12:48 -0700] "GET /html/ HTTP/1.1" 200 13037 "http://www.dtcsolution.com/" "Mozilla/5.0 (Windows; U; Windows NT 6.0; en-US; rv:1.9.1.3) Gecko/20090824 Firefox/3.5.3 (.NET CLR 3.5.30729)" "dtcsolution.roomfurnish.com"
218.186.12.10 - - [06/Oct/2009:18:12:51 -0700] "GET /html/images/cchecks.jpg HTTP/1.1" 200 1203 "http://dtcsolution.roomfurnish.com/html/" "Mozilla/5.0 (Windows; U; Windows NT 6.0; en-US; rv:1.9.1.3) Gecko/20090824 Firefox/3.5.3 (.NET CLR 3.5.30729)" "dtcsolution.roomfurnish.com"
218.186.12.10 - - [06/Oct/2009:18:12:52 -0700] "GET /html/images/menu3.jpg HTTP/1.1" 200 4690 "http://dtcsolution.roomfurnish.com/html/" "Mozilla/5.0 (Windows; U; Windows NT 6.0; en-US; rv:1.9.1.3) Gecko/20090824 Firefox/3.5.3 (.NET CLR 3.5.30729)" "dtcsolution.roomfurnish.com"
218.186.12.10 - - [06/Oct/2009:18:12:52 -0700] "GET /html/images/menu5.jpg HTTP/1.1" 200 2064 "http://dtcsolution.roomfurnish.com/html/" "Mozilla/5.0 (Windows; U; Windows NT 6.0; en-US; rv:1.9.1.3) Gecko/20090824 Firefox/3.5.3 (.NET CLR 3.5.30729)" "dtcsolution.roomfurnish.com"
38.98.120.94 - - [06/Oct/2009:18:15:40 -0700] "GET / HTTP/1.1" 200 2580 "-" "ShopWiki/1.0 ( +http://www.shopwiki.com/wiki/Help:Bot)" "www.roomfurnish.com"
65.46.75.190 - - [06/Oct/2009:18:15:41 -0700] "GET /dtcsolution/LIBRARY/LOGOS/ HTTP/1.1" 200 3255 "-" "ShopWiki/1.0 ( +http://www.shopwiki.com/wiki/Help:Bot)" "www.roomfurnish.com"
8.11.2.10 - - [06/Oct/2009:18:15:42 -0700] "GET /BOSSTON/BOSSTON-CD/Chaise/ HTTP/1.1" 200 3233 "-" "ShopWiki/1.0 ( +http://www.shopwiki.com/wiki/Help:Bot)" "www.roomfurnish.com"
8.11.2.10 - - [06/Oct/2009:18:15:43 -0700] "GET /BOSSTON/BOSSTON-CD/20049/ HTTP/1.1" 200 1412 "-" "ShopWiki/1.0 ( +http://www.shopwiki.com/wiki/Help:Bot)" "www.roomfurnish.com"
65.46.75.190 - - [06/Oct/2009:18:15:44 -0700] "GET /BOSSTON/BOSSTON-CD/Chair/ HTTP/1.1" 200 2390 "-" "ShopWiki/1.0 ( +http://www.shopwiki.com/wiki/Help:Bot)" "www.roomfurnish.com"
38.98.120.94 - - [06/Oct/2009:18:15:45 -0700] "GET /dtcsolution/LIBRARY/BUTTONS/ HTTP/1.1" 200 2053 "-" "ShopWiki/1.0 ( +http://www.shopwiki.com/wiki/Help:Bot)" "www.roomfurnish.com"
65.46.75.190 - - [06/Oct/2009:18:15:47 -0700] "GET /BOSSTON/BOSSTON-CD/20048/ HTTP/1.1" 200 6391 "-" "ShopWiki/1.0 ( +http://www.shopwiki.com/wiki/Help:Bot)" "www.roomfurnish.com"
210.24.110.83 - - [06/Oct/2009:18:52:55 -0700] "GET /html/ HTTP/1.1" 200 13037 "http://www.dtcsolution.com/" "Mozilla/4.0 (compatible; MSIE 6.0; Windows NT 5.1; SV1; GTB6; .NET CLR 1.0.3705; .NET CLR 1.1.4322; Media Center PC 4.0; .NET CLR 2.0.50727; .NET CLR 3.0.4506.2152; .NET CLR 3.5.30729; OfficeLiveConnector.1.3; OfficeLivePatch.0.0)" "dtcsolution.roomfurnish.com"
67.202.22.111 - - [06/Oct/2009:19:19:08 -0700] "GET /favicon.ico HTTP/1.1" 404 275 "-" "-" "roomfurnish.com"
67.202.22.111 - - [06/Oct/2009:19:19:21 -0700] "GET /favicon.ico HTTP/1.1" 404 275 "-" "-" "roomfurnish.com"
195.210.57.83 - - [06/Oct/2009:19:45:37 -0700] "GET /robots.txt HTTP/1.0" 404 275 "-" "Mozilla/5.0 (compatible; KaloogaBot; http://www.kalooga.com/info.html?page=crawler)" "www.roomfurnish.com"
195.210.57.83 - - [06/Oct/2009:19:45:38 -0700] "GET /FLleather/?D=A HTTP/1.0" 200 2012 "-" "Mozilla/5.0 (compatible; KaloogaBot; http://www.kalooga.com/info.html?page=crawler)" "www.roomfurnish.com"
67.202.2.96 - - [06/Oct/2009:20:03:34 -0700] "GET /favicon.ico HTTP/1.1" 404 275 "-" "-" "roomfurnish.com"
38.98.120.94 - - [06/Oct/2009:20:36:30 -0700] "GET /robots.txt HTTP/1.1" 404 275 "-" "ShopWiki/1.0 ( +http://www.shopwiki.com/wiki/Help:Bot)" "www.roomfurnish.com"
38.98.120.94 - - [06/Oct/2009:20:36:30 -0700] "GET / HTTP/1.1" 200 2580 "-" "ShopWiki/1.0 ( +http://www.shopwiki.com/wiki/Help:Bot)" "www.roomfurnish.com"
65.46.75.190 - - [06/Oct/2009:20:36:31 -0700] "GET /dtcsolution/LIBRARY/LOGOS/ HTTP/1.1" 200 3255 "-" "ShopWiki/1.0 ( +http://www.shopwiki.com/wiki/Help:Bot)" "www.roomfurnish.com"
8.11.2.10 - - [06/Oct/2009:20:36:38 -0700] "GET /BOSSTON/BOSSTON-CD/Chaise/ HTTP/1.1" 200 3233 "-" "ShopWiki/1.0 ( +http://www.shopwiki.com/wiki/Help:Bot)" "www.roomfurnish.com"
65.46.75.190 - - [06/Oct/2009:20:36:39 -0700] "GET /BOSSTON/BOSSTON-CD/20049/ HTTP/1.1" 200 1412 "-" "ShopWiki/1.0 ( +http://www.shopwiki.com/wiki/Help:Bot)" "www.roomfurnish.com"
65.46.75.190 - - [06/Oct/2009:20:36:40 -0700] "GET /BOSSTON/BOSSTON-CD/Chair/ HTTP/1.1" 200 2390 "-" "ShopWiki/1.0 ( +http://www.shopwiki.com/wiki/Help:Bot)" "www.roomfurnish.com"
8.11.2.10 - - [06/Oct/2009:20:36:41 -0700] "GET /dtcsolution/LIBRARY/BUTTONS/ HTTP/1.1" 200 2053 "-" "ShopWiki/1.0 ( +http://www.shopwiki.com/wiki/Help:Bot)" "www.roomfurnish.com"
8.11.2.10 - - [06/Oct/2009:20:36:42 -0700] "GET /BOSSTON/BOSSTON-CD/20048/ HTTP/1.1" 200 6391 "-" "ShopWiki/1.0 ( +http://www.shopwiki.com/wiki/Help:Bot)" "www.roomfurnish.com"
202.52.79.130 - - [06/Oct/2009:21:02:20 -0700] "GET /html/ HTTP/1.1" 200 13037 "http://www.dtcsolution.com/" "Mozilla/4.0 (compatible; MSIE 7.0; Windows NT 5.1; .NET CLR 1.1.4322; .NET CLR 2.0.50727)" "dtcsolution.roomfurnish.com"
114.80.93.71 - - [06/Oct/2009:21:45:33 -0700] "GET / HTTP/1.1" 200 2580 "http://www.roomfurnish.com/" "Mozilla/4.0 (compatible; MSIE 6.0; Windows NT 5.1)" "www.roomfurnish.com"
155.69.199.23 - - [06/Oct/2009:21:56:24 -0700] "GET /html/ HTTP/1.0" 200 13037 "http://www.dtcsolution.com/" "Mozilla/5.0 (Windows; U; Windows NT 5.1; en-US; rv:1.9.0.14) Gecko/2009082707 Firefox/3.0.14 (.NET CLR 3.5.30729)" "dtcsolution.roomfurnish.com"
155.69.199.23 - - [06/Oct/2009:21:56:27 -0700] "GET /html/images/bg.jpg HTTP/1.1" 200 549 "http://dtcsolution.roomfurnish.com/html/" "Mozilla/5.0 (Windows; U; Windows NT 5.1; en-US; rv:1.9.0.14) Gecko/2009082707 Firefox/3.0.14 (.NET CLR 3.5.30729)" "dtcsolution.roomfurnish.com"
210.24.238.213 - - [06/Oct/2009:22:10:38 -0700] "GET /html/ HTTP/1.1" 200 13037 "http://www.dtcsolution.com/" "Mozilla/5.0 (Windows; U; Windows NT 6.0; en-US; rv:1.9.1.3) Gecko/20090824 Firefox/3.5.3 (.NET CLR 3.5.30729)" "dtcsolution.roomfurnish.com"
210.24.238.213 - - [06/Oct/2009:22:10:49 -0700] "GET /html/images/name.jpg HTTP/1.1" 200 2150 "http://dtcsolution.roomfurnish.com/html/" "Mozilla/5.0 (Windows; U; Windows NT 6.0; en-US; rv:1.9.1.3) Gecko/20090824 Firefox/3.5.3 (.NET CLR 3.5.30729)" "dtcsolution.roomfurnish.com"
114.80.93.71 - - [06/Oct/2009:22:12:00 -0700] "GET / HTTP/1.1" 200 2580 "http://roomfurnish.com/" "Mozilla/4.0 (compatible; MSIE 6.0; Windows NT 5.1)" "roomfurnish.com"
124.115.6.11 - - [06/Oct/2009:23:28:29 -0700] "GET /robots.txt HTTP/1.1" 404 275 "http://roomfurnish.com/robots.txt" "Sosospider+(+http://help.soso.com/webspider.htm)" "roomfurnish.com"
220.255.7.227 - - [06/Oct/2009:23:44:55 -0700] "GET /html/ HTTP/1.1" 200 13037 "http://www.dtcsolution.com/" "Mozilla/4.0 (compatible; MSIE 8.0; Windows NT 5.1; Trident/4.0; GTB6; msn OptimizedIE8;ENUS)" "dtcsolution.roomfurnish.com"
208.80.193.29 - - [07/Oct/2009:02:00:02 -0700] "GET / HTTP/1.0" 200 2564 "-" "Mozilla/4.0 (compatible; MSIE 7.0; Windows NT 5.1; YComp 5.0.0.0; YPC 3.2.0; .NET CLR 1.0.3705; .NET CLR 1.1.4322; Media Center PC 3.1; ZangoToolbar 4.8.3; IEMB3; yplus 5.1.04b)" "www.roomfurnish.com"
208.80.193.29 - - [07/Oct/2009:02:00:02 -0700] "GET / HTTP/1.0" 200 2564 "-" "Mozilla/4.0 (compatible; MSIE 7.0; Windows NT 5.1; I Connection, Inc. (847) 662-0877; .NET CLR 1.1.4322; .NET CLR 2.0.50727; InfoPath.1)" "roomfurnish.com"
72.30.79.59 - - [07/Oct/2009:02:34:45 -0700] "GET /html/ HTTP/1.0" 200 13037 "http://dtcsolution.com/info.html" "Mozilla/5.0 (compatible; Yahoo! Slurp/3.0; http://help.yahoo.com/help/us/ysearch/slurp)" "dtcsolution.roomfurnish.com"
74.6.30.119 - - [07/Oct/2009:02:44:07 -0700] "GET / HTTP/1.0" 200 2564 "-" "Mozilla/5.0 (compatible; Yahoo! DE Slurp; http://help.yahoo.com/help/us/ysearch/slurp)" "www.roomfurnish.com"
193.47.80.40 - - [07/Oct/2009:03:17:36 -0700] "GET /robots.txt HTTP/1.1" 404 275 "-" "Mozilla/5.0 (compatible; Exabot/3.0; +http://www.exabot.com/go/robot)" "www.roomfurnish.com"
193.47.80.40 - - [07/Oct/2009:03:17:36 -0700] "GET / HTTP/1.1" 200 2580 "-" "Mozilla/5.0 (compatible; Exabot/3.0; +http://www.exabot.com/go/robot)" "www.roomfurnish.com"
202.55.85.103 - - [07/Oct/2009:03:25:10 -0700] "GET /html/ HTTP/1.1" 200 13037 "http://www.dtcsolution.com/" "Mozilla/5.0 (Windows; U; Windows NT 5.1; en-US; rv:1.9.0.3) Gecko/2008092417 Firefox/3.0.3" "dtcsolution.roomfurnish.com"
202.55.85.103 - - [07/Oct/2009:03:25:14 -0700] "GET /html/images/bottom.jpg HTTP/1.1" 200 3496 "http://dtcsolution.roomfurnish.com/html/" "Mozilla/5.0 (Windows; U; Windows NT 5.1; en-US; rv:1.9.0.3) Gecko/2008092417 Firefox/3.0.3" "dtcsolution.roomfurnish.com"
119.63.198.6 - - [07/Oct/2009:03:33:32 -0700] "GET / HTTP/1.1" 200 2580 "-" "Baiduspider+(+http://www.baidu.jp/spider/)" "roomfurnish.com"
218.186.12.247 - - [07/Oct/2009:04:19:58 -0700] "GET /html/ HTTP/1.1" 200 13037 "http://www.dtcsolution.com/" "Mozilla/5.0 (Windows; U; Windows NT 6.0; en-US) AppleWebKit/532.0 (KHTML, like Gecko) Chrome/4.0.206.0 Safari/532.0" "dtcsolution.roomfurnish.com"
203.126.173.23 - - [07/Oct/2009:05:17:18 -0700] "GET /dtcsolution/html/images/DeltaCom_Logo.jpg HTTP/1.1" 200 71109 "http://singapore.craigslist.com.sg/cps/1389447495.html" "Mozilla/4.0 (compatible; MSIE 8.0; Windows NT 5.1; Trident/4.0; .NET CLR 1.1.4322; .NET CLR 2.0.50727; .NET CLR 3.0.04506.648; .NET CLR 3.5.21022; .NET CLR 3.0.4506.2152; .NET CLR 3.5.30729)" "site.roomfurnish.com"
220.255.7.244 - - [07/Oct/2009:05:22:53 -0700] "GET /html/ HTTP/1.1" 200 13037 "http://www.dtcsolution.com/" "Mozilla/4.0 (compatible; MSIE 8.0; Windows NT 5.1; Trident/4.0; FunWebProducts; GTB6)" "dtcsolution.roomfurnish.com"
117.20.163.163 - - [07/Oct/2009:05:41:27 -0700] "GET /html/ HTTP/1.1" 200 13037 "http://www.dtcsolution.com/" "Mozilla/5.0 (Windows; U; Windows NT 5.1; en-US) AppleWebKit/532.0 (KHTML, like Gecko) Chrome/3.0.195.21 Safari/532.0" "dtcsolution.roomfurnish.com"
65.46.75.190 - - [07/Oct/2009:06:29:23 -0700] "GET /robots.txt HTTP/1.1" 404 275 "-" "ShopWiki/1.0 ( +http://www.shopwiki.com/wiki/Help:Bot)" "www.roomfurnish.com"
65.46.75.190 - - [07/Oct/2009:06:29:23 -0700] "GET / HTTP/1.1" 200 2580 "-" "ShopWiki/1.0 ( +http://www.shopwiki.com/wiki/Help:Bot)" "www.roomfurnish.com"
65.46.75.190 - - [07/Oct/2009:06:29:24 -0700] "GET /dtcsolution/LIBRARY/LOGOS/ HTTP/1.1" 200 3255 "-" "ShopWiki/1.0 ( +http://www.shopwiki.com/wiki/Help:Bot)" "www.roomfurnish.com"
65.46.75.190 - - [07/Oct/2009:06:29:28 -0700] "GET /BOSSTON/BOSSTON-CD/Chaise/ HTTP/1.1" 200 3233 "-" "ShopWiki/1.0 ( +http://www.shopwiki.com/wiki/Help:Bot)" "www.roomfurnish.com"
65.46.75.190 - - [07/Oct/2009:06:29:28 -0700] "GET /BOSSTON/BOSSTON-CD/20049/ HTTP/1.1" 200 1412 "-" "ShopWiki/1.0 ( +http://www.shopwiki.com/wiki/Help:Bot)" "www.roomfurnish.com"
65.46.75.190 - - [07/Oct/2009:06:29:29 -0700] "GET /BOSSTON/BOSSTON-CD/Chair/ HTTP/1.1" 200 2390 "-" "ShopWiki/1.0 ( +http://www.shopwiki.com/wiki/Help:Bot)" "www.roomfurnish.com"
65.46.75.190 - - [07/Oct/2009:06:29:30 -0700] "GET /dtcsolution/LIBRARY/BUTTONS/ HTTP/1.1" 200 2053 "-" "ShopWiki/1.0 ( +http://www.shopwiki.com/wiki/Help:Bot)" "www.roomfurnish.com"
38.98.120.94 - - [07/Oct/2009:06:29:39 -0700] "GET /BOSSTON/BOSSTON-CD/20048/ HTTP/1.1" 200 6391 "-" "ShopWiki/1.0 ( +http://www.shopwiki.com/wiki/Help:Bot)" "www.roomfurnish.com"
173.51.251.224 - - [07/Oct/2009:06:59:16 -0700] "GET / HTTP/1.0" 200 2564 "-" "Mozilla/5.0 (Windows; U; Windows NT 5.1; en-US; rv:1.9.0.12) Gecko/2009070611 Firefox/3.0.12" "www.roomfurnish.com"
218.186.13.249 - - [07/Oct/2009:07:12:22 -0700] "GET /html/ HTTP/1.1" 200 13037 "http://www.dtcsolution.com/" "Mozilla/4.0 (compatible; MSIE 6.0; Windows NT 5.1; SV1; GTB6)" "dtcsolution.roomfurnish.com"
124.115.6.11 - - [07/Oct/2009:07:21:29 -0700] "GET /robots.txt HTTP/1.1" 404 275 "http://www.roomfurnish.com/robots.txt" "Sosospider+(+http://help.soso.com/webspider.htm)" "www.roomfurnish.com"
38.98.120.84 - - [07/Oct/2009:07:41:56 -0700] "GET / HTTP/1.1" 200 2580 "-" "ShopWiki/1.0 ( +http://www.shopwiki.com/wiki/Help:Bot)" "www.roomfurnish.com"
38.98.120.84 - - [07/Oct/2009:07:41:57 -0700] "GET /dtcsolution/LIBRARY/LOGOS/ HTTP/1.1" 200 3255 "-" "ShopWiki/1.0 ( +http://www.shopwiki.com/wiki/Help:Bot)" "www.roomfurnish.com"
38.98.120.84 - - [07/Oct/2009:07:41:58 -0700] "GET /BOSSTON/BOSSTON-CD/Chaise/ HTTP/1.1" 200 3233 "-" "ShopWiki/1.0 ( +http://www.shopwiki.com/wiki/Help:Bot)" "www.roomfurnish.com"
38.98.120.84 - - [07/Oct/2009:07:41:59 -0700] "GET /BOSSTON/BOSSTON-CD/20049/ HTTP/1.1" 200 1412 "-" "ShopWiki/1.0 ( +http://www.shopwiki.com/wiki/Help:Bot)" "www.roomfurnish.com"
38.98.120.84 - - [07/Oct/2009:07:42:00 -0700] "GET /BOSSTON/BOSSTON-CD/Chair/ HTTP/1.1" 200 2390 "-" "ShopWiki/1.0 ( +http://www.shopwiki.com/wiki/Help:Bot)" "www.roomfurnish.com"
38.98.120.84 - - [07/Oct/2009:07:42:01 -0700] "GET /dtcsolution/LIBRARY/BUTTONS/ HTTP/1.1" 200 2053 "-" "ShopWiki/1.0 ( +http://www.shopwiki.com/wiki/Help:Bot)" "www.roomfurnish.com"
38.98.120.84 - - [07/Oct/2009:07:42:02 -0700] "GET /BOSSTON/BOSSTON-CD/20048/ HTTP/1.1" 200 6391 "-" "ShopWiki/1.0 ( +http://www.shopwiki.com/wiki/Help:Bot)" "www.roomfurnish.com"
38.98.120.84 - - [07/Oct/2009:07:51:40 -0700] "GET / HTTP/1.1" 200 2580 "-" "ShopWiki/1.0 ( +http://www.shopwiki.com/wiki/Help:Bot)" "www.roomfurnish.com"
38.98.120.84 - - [07/Oct/2009:07:51:41 -0700] "GET /dtcsolution/LIBRARY/LOGOS/ HTTP/1.1" 200 3255 "-" "ShopWiki/1.0 ( +http://www.shopwiki.com/wiki/Help:Bot)" "www.roomfurnish.com"
38.98.120.84 - - [07/Oct/2009:07:51:41 -0700] "GET /BOSSTON/BOSSTON-CD/Chaise/ HTTP/1.1" 200 3233 "-" "ShopWiki/1.0 ( +http://www.shopwiki.com/wiki/Help:Bot)" "www.roomfurnish.com"
38.98.120.84 - - [07/Oct/2009:07:51:42 -0700] "GET /BOSSTON/BOSSTON-CD/20049/ HTTP/1.1" 200 1412 "-" "ShopWiki/1.0 ( +http://www.shopwiki.com/wiki/Help:Bot)" "www.roomfurnish.com"
38.98.120.84 - - [07/Oct/2009:07:51:43 -0700] "GET /BOSSTON/BOSSTON-CD/Chair/ HTTP/1.1" 200 2390 "-" "ShopWiki/1.0 ( +http://www.shopwiki.com/wiki/Help:Bot)" "www.roomfurnish.com"
38.98.120.84 - - [07/Oct/2009:07:51:44 -0700] "GET /dtcsolution/LIBRARY/BUTTONS/ HTTP/1.1" 200 2053 "-" "ShopWiki/1.0 ( +http://www.shopwiki.com/wiki/Help:Bot)" "www.roomfurnish.com"
38.98.120.84 - - [07/Oct/2009:07:51:45 -0700] "GET /BOSSTON/BOSSTON-CD/20048/ HTTP/1.1" 200 6391 "-" "ShopWiki/1.0 ( +http://www.shopwiki.com/wiki/Help:Bot)" "www.roomfurnish.com"
216.113.181.67 - - [07/Oct/2009:08:38:39 -0700] "GET /html/ HTTP/1.0" 200 13037 "-" "Mozilla/5.0 (Windows; U; Windows NT 5.0; en-US; rv:1.9.0.6) Gecko/2009011913 Firefox/3.0.6" "dtcsolution.roomfurnish.com"
72.30.142.170 - - [07/Oct/2009:09:38:39 -0700] "GET / HTTP/1.0" 200 2564 "-" "Mozilla/5.0 (compatible; Yahoo! Slurp/3.0; http://help.yahoo.com/help/us/ysearch/slurp)" "roomfurnish.com"
72.30.142.170 - - [07/Oct/2009:11:45:12 -0700] "GET /logs/ HTTP/1.0" 200 8930 "-" "Mozilla/5.0 (compatible; Yahoo! Slurp/3.0; http://help.yahoo.com/help/us/ysearch/slurp)" "roomfurnish.com"
218.186.12.248 - - [07/Oct/2009:12:43:25 -0700] "GET /html/ HTTP/1.1" 200 13037 "http://www.dtcsolution.com/" "Mozilla/5.0 (Macintosh; U; PPC Mac OS X 10_5_8; en-us) AppleWebKit/531.9 (KHTML, like Gecko) Version/4.0.3 Safari/531.9" "dtcsolution.roomfurnish.com"
218.186.12.10 - - [07/Oct/2009:12:43:28 -0700] "GET /html/images/b2.jpg HTTP/1.1" 200 24561 "http://dtcsolution.roomfurnish.com/html/" "Mozilla/5.0 (Macintosh; U; PPC Mac OS X 10_5_8; en-us) AppleWebKit/531.9 (KHTML, like Gecko) Version/4.0.3 Safari/531.9" "dtcsolution.roomfurnish.com"
67.195.115.183 - - [07/Oct/2009:12:44:52 -0700] "GET /logs/access_050330.log HTTP/1.0" 200 65536 "-" "Mozilla/5.0 (compatible; Yahoo! Slurp/3.0; http://help.yahoo.com/help/us/ysearch/slurp)" "www.roomfurnish.com"
193.47.80.40 - - [07/Oct/2009:15:17:31 -0700] "GET / HTTP/1.1" 200 2580 "-" "Mozilla/5.0 (compatible; Exabot/3.0; +http://www.exabot.com/go/robot)" "roomfurnish.com"
67.195.115.183 - - [07/Oct/2009:15:19:28 -0700] "GET /dtcsolution/LIBRARY/?M=A HTTP/1.0" 200 1380 "-" "Mozilla/5.0 (compatible; Yahoo! Slurp/3.0; http://help.yahoo.com/help/us/ysearch/slurp)" "www.roomfurnish.com"
67.195.37.123 - - [07/Oct/2009:15:41:41 -0700] "GET / HTTP/1.0" 200 2564 "-" "Mozilla/5.0 (compatible; Yahoo! DE Slurp; http://help.yahoo.com/help/us/ysearch/slurp)" "www.roomfurnish.com"
67.195.115.183 - - [07/Oct/2009:16:39:17 -0700] "GET /FL/?S=D HTTP/1.0" 200 70792 "-" "Mozilla/5.0 (compatible; Yahoo! Slurp/3.0; http://help.yahoo.com/help/us/ysearch/slurp)" "www.roomfurnish.com"
38.98.120.84 - - [07/Oct/2009:16:40:02 -0700] "GET /robots.txt HTTP/1.1" 404 275 "-" "ShopWiki/1.0 ( +http://www.shopwiki.com/wiki/Help:Bot)" "www.roomfurnish.com"
38.98.120.84 - - [07/Oct/2009:16:40:03 -0700] "GET / HTTP/1.1" 200 2580 "-" "ShopWiki/1.0 ( +http://www.shopwiki.com/wiki/Help:Bot)" "www.roomfurnish.com"
38.98.120.84 - - [07/Oct/2009:16:40:04 -0700] "GET /dtcsolution/LIBRARY/LOGOS/ HTTP/1.1" 200 3255 "-" "ShopWiki/1.0 ( +http://www.shopwiki.com/wiki/Help:Bot)" "www.roomfurnish.com"
38.98.120.84 - - [07/Oct/2009:16:40:05 -0700] "GET /BOSSTON/BOSSTON-CD/Chaise/ HTTP/1.1" 200 3233 "-" "ShopWiki/1.0 ( +http://www.shopwiki.com/wiki/Help:Bot)" "www.roomfurnish.com"
38.98.120.84 - - [07/Oct/2009:16:40:06 -0700] "GET /BOSSTON/BOSSTON-CD/20049/ HTTP/1.1" 200 1412 "-" "ShopWiki/1.0 ( +http://www.shopwiki.com/wiki/Help:Bot)" "www.roomfurnish.com"
38.98.120.84 - - [07/Oct/2009:16:40:07 -0700] "GET /BOSSTON/BOSSTON-CD/Chair/ HTTP/1.1" 200 2390 "-" "ShopWiki/1.0 ( +http://www.shopwiki.com/wiki/Help:Bot)" "www.roomfurnish.com"
38.98.120.84 - - [07/Oct/2009:16:40:10 -0700] "GET /dtcsolution/LIBRARY/BUTTONS/ HTTP/1.1" 200 2053 "-" "ShopWiki/1.0 ( +http://www.shopwiki.com/wiki/Help:Bot)" "www.roomfurnish.com"
38.98.120.84 - - [07/Oct/2009:16:40:16 -0700] "GET /BOSSTON/BOSSTON-CD/20048/ HTTP/1.1" 200 6391 "-" "ShopWiki/1.0 ( +http://www.shopwiki.com/wiki/Help:Bot)" "www.roomfurnish.com"
123.125.66.74 - - [07/Oct/2009:16:55:02 -0700] "GET / HTTP/1.1" 200 2580 "-" "Baiduspider+(+http://www.baidu.com/search/spider.htm)" "roomfurnish.com"
113.10.71.27 - - [07/Oct/2009:16:59:38 -0700] "GET /html/ HTTP/1.1" 200 13037 "http://www.dtcsolution.com/" "Mozilla/4.0 (compatible; MSIE 7.0; Windows NT 5.1; GTB6; .NET CLR 1.1.4322; AskTB5.4)" "dtcsolution.roomfurnish.com"
218.186.12.225 - - [07/Oct/2009:18:01:59 -0700] "GET /html/ HTTP/1.1" 200 13037 "http://www.dtcsolution.com/" "Mozilla/4.0 (compatible; MSIE 6.0; Windows NT 5.1; SV1)" "dtcsolution.roomfurnish.com"
218.186.12.10 - - [07/Oct/2009:18:02:08 -0700] "GET /html/images/menu1.jpg HTTP/1.1" 200 4413 "http://dtcsolution.roomfurnish.com/html/" "Mozilla/4.0 (compatible; MSIE 6.0; Windows NT 5.1; SV1)" "dtcsolution.roomfurnish.com"
77.88.27.27 - - [07/Oct/2009:18:06:26 -0700] "GET /robots.txt HTTP/1.1" 404 275 "-" "Yandex/1.01.001 (compatible; Win16; I)" "www.roomfurnish.com"
67.195.115.183 - - [07/Oct/2009:18:18:23 -0700] "GET / HTTP/1.0" 200 2564 "-" "Mozilla/5.0 (compatible; Yahoo! DE Slurp; http://help.yahoo.com/help/us/ysearch/slurp)" "www.roomfurnish.com"
72.30.79.59 - - [07/Oct/2009:18:45:33 -0700] "GET /html/ HTTP/1.0" 200 13037 "-" "Mozilla/5.0 (compatible; Yahoo! Slurp/3.0; http://help.yahoo.com/help/us/ysearch/slurp)" "dtcsolution.roomfurnish.com"
98.113.125.114 - - [07/Oct/2009:19:02:02 -0700] "GET /dtcsolution/html/images/DeltaCom_Logo.jpg HTTP/1.1" 200 71109 "http://singapore.craigslist.com.sg/sys/1389449325.html" "Mozilla/4.0 (compatible; MSIE 6.0; Windows NT 5.1; SV1; .NET CLR 2.0.50727; .NET CLR 3.0.04506.30; .NET CLR 3.0.04506.648; .NET CLR 3.5.21022)" "site.roomfurnish.com"
67.202.10.225 - - [07/Oct/2009:19:04:01 -0700] "GET /favicon.ico HTTP/1.1" 404 275 "-" "-" "roomfurnish.com"
124.197.70.44 - - [07/Oct/2009:19:12:46 -0700] "GET /html/ HTTP/1.1" 200 13037 "http://www.dtcsolution.com/" "Mozilla/5.0 (Windows; U; Windows NT 5.1; en-US; rv:1.9.1.3) Gecko/20090824 Firefox/3.5.3" "dtcsolution.roomfurnish.com"
124.197.70.44 - - [07/Oct/2009:19:12:47 -0700] "GET /html/images/im.jpg HTTP/1.1" 200 7429 "http://dtcsolution.roomfurnish.com/html/" "Mozilla/5.0 (Windows; U; Windows NT 5.1; en-US; rv:1.9.1.3) Gecko/20090824 Firefox/3.5.3" "dtcsolution.roomfurnish.com"
124.197.70.44 - - [07/Oct/2009:19:12:48 -0700] "GET /html/images/bg1.jpg HTTP/1.1" 200 584 "http://dtcsolution.roomfurnish.com/html/" "Mozilla/5.0 (Windows; U; Windows NT 5.1; en-US; rv:1.9.1.3) Gecko/20090824 Firefox/3.5.3" "dtcsolution.roomfurnish.com"
65.55.209.14 - - [07/Oct/2009:19:16:54 -0700] "GET /robots.txt HTTP/1.1" 404 275 "-" "msnbot/1.1 (+http://search.msn.com/msnbot.htm)" "roomfurnish.com"
65.55.209.14 - - [07/Oct/2009:19:16:54 -0700] "GET / HTTP/1.1" 200 2580 "-" "msnbot/1.1 (+http://search.msn.com/msnbot.htm)" "roomfurnish.com"
123.125.66.127 - - [07/Oct/2009:19:22:27 -0700] "GET / HTTP/1.1" 200 2580 "-" "Baiduspider+(+http://www.baidu.com/search/spider.htm)" "www.roomfurnish.com"
67.195.115.183 - - [07/Oct/2009:19:47:01 -0700] "GET /FL/?S=D HTTP/1.0" 200 70792 "-" "Mozilla/5.0 (compatible; Yahoo! Slurp/3.0; http://help.yahoo.com/help/us/ysearch/slurp)" "www.roomfurnish.com"
220.255.7.218 - - [07/Oct/2009:19:56:14 -0700] "GET /html/ HTTP/1.1" 200 13037 "http://www.dtcsolution.com/" "Mozilla/4.0 (compatible; MSIE 6.0; Windows NT 5.1; SV1; .NET CLR 2.0.50727)" "dtcsolution.roomfurnish.com"
218.186.12.250 - - [07/Oct/2009:21:43:10 -0700] "GET /html/ HTTP/1.1" 200 13037 "http://www.dtcsolution.com/" "Mozilla/5.0 (Windows; U; Windows NT 6.0; en-US) AppleWebKit/530.19.2 (KHTML, like Gecko) Version/4.0.2 Safari/530.19.1" "dtcsolution.roomfurnish.com"
210.24.211.65 - - [07/Oct/2009:22:09:39 -0700] "GET /html/ HTTP/1.1" 200 13037 "http://www.dtcsolution.com/" "Mozilla/5.0 (Windows; U; Windows NT 5.1; en-US; rv:1.9.0.5) Gecko/2008120122 Firefox/3.0.5" "dtcsolution.roomfurnish.com"
203.126.176.118 - - [07/Oct/2009:22:27:00 -0700] "GET /html/ HTTP/1.1" 200 13037 "http://www.dtcsolution.com/" "Mozilla/4.0 (compatible; MSIE 6.0; Windows NT 5.1; SV1; .NET CLR 1.1.4322)" "dtcsolution.roomfurnish.com"
218.186.12.225 - - [08/Oct/2009:00:31:34 -0700] "GET /html/ HTTP/1.1" 200 13037 "http://www.dtcsolution.com/" "Mozilla/5.0 (Windows; U; Windows NT 5.1; en-US) AppleWebKit/532.0 (KHTML, like Gecko) Chrome/3.0.195.25 Safari/532.0" "dtcsolution.roomfurnish.com"
207.126.224.241 - - [08/Oct/2009:01:05:57 -0700] "GET / HTTP/1.0" 200 2564 "-" "Mozilla/4.05 [en]" "www.roomfurnish.com"
72.30.142.170 - - [08/Oct/2009:01:41:19 -0700] "GET /test/ HTTP/1.0" 200 782 "-" "Mozilla/5.0 (compatible; Yahoo! Slurp/3.0; http://help.yahoo.com/help/us/ysearch/slurp)" "roomfurnish.com"
38.98.120.84 - - [08/Oct/2009:01:43:22 -0700] "GET /robots.txt HTTP/1.1" 404 275 "-" "ShopWiki/1.0 ( +http://www.shopwiki.com/wiki/Help:Bot)" "www.roomfurnish.com"
38.98.120.84 - - [08/Oct/2009:01:43:22 -0700] "GET / HTTP/1.1" 200 2580 "-" "ShopWiki/1.0 ( +http://www.shopwiki.com/wiki/Help:Bot)" "www.roomfurnish.com"
38.98.120.84 - - [08/Oct/2009:01:43:24 -0700] "GET / HTTP/1.1" 200 2580 "-" "ShopWiki/1.0 ( +http://www.shopwiki.com/wiki/Help:Bot)" "www.roomfurnish.com"
72.30.79.59 - - [08/Oct/2009:01:58:05 -0700] "GET /html/ HTTP/1.0" 200 13037 "http://dtcsolution.com/" "Mozilla/5.0 (compatible; Yahoo! Slurp/3.0; http://help.yahoo.com/help/us/ysearch/slurp)" "dtcsolution.roomfurnish.com"
114.80.93.71 - - [08/Oct/2009:02:09:06 -0700] "GET / HTTP/1.1" 200 2580 "http://www.roomfurnish.com/" "Mozilla/4.0 (compatible; MSIE 6.0; Windows NT 5.1)" "www.roomfurnish.com"
114.80.93.71 - - [08/Oct/2009:02:38:55 -0700] "GET / HTTP/1.1" 200 2580 "http://roomfurnish.com/" "Mozilla/4.0 (compatible; MSIE 6.0; Windows NT 5.1)" "roomfurnish.com"
74.6.30.119 - - [08/Oct/2009:02:59:58 -0700] "GET / HTTP/1.0" 200 2564 "-" "Mozilla/5.0 (compatible; Yahoo! DE Slurp; http://help.yahoo.com/help/us/ysearch/slurp)" "www.roomfurnish.com"
220.181.7.30 - - [08/Oct/2009:03:24:55 -0700] "GET /?D=A HTTP/1.1" 200 2580 "-" "Baiduspider+(+http://www.baidu.com/search/spider.htm)" "roomfurnish.com"
65.55.106.163 - - [08/Oct/2009:03:28:27 -0700] "GET /robots.txt HTTP/1.1" 404 275 "-" "msnbot/2.0b (+http://search.msn.com/msnbot.htm)" "dtcsolution.roomfurnish.com"
77.88.27.27 - - [08/Oct/2009:03:59:22 -0700] "GET / HTTP/1.1" 200 2580 "-" "Yandex/1.01.001 (compatible; Win16; I)" "www.roomfurnish.com"
65.55.106.163 - - [08/Oct/2009:04:00:46 -0700] "GET /html/ HTTP/1.1" 200 13037 "-" "msnbot/2.0b (+http://search.msn.com/msnbot.htm)" "dtcsolution.roomfurnish.com"
72.30.142.170 - - [08/Oct/2009:04:19:23 -0700] "GET /test/ HTTP/1.0" 200 782 "-" "Mozilla/5.0 (compatible; Yahoo! Slurp/3.0; http://help.yahoo.com/help/us/ysearch/slurp)" "roomfurnish.com"
208.80.193.32 - - [08/Oct/2009:04:31:41 -0700] "GET / HTTP/1.0" 200 2564 "-" "Mozilla/4.0 (compatible; MSIE 6.0; Windows NT 5.1; SV1; ga=MDAwMTAyYzcwZTVl; .NET CLR 1.1.4322)" "roomfurnish.com"
208.80.193.32 - - [08/Oct/2009:04:31:41 -0700] "GET / HTTP/1.0" 200 2564 "-" "Mozilla/4.0 (compatible; MSIE 7.0; Windows NT 5.1; FDM; .NET CLR 2.0.50727; .NET CLR 1.1.4322)" "www.roomfurnish.com"
74.6.149.142 - - [08/Oct/2009:04:47:03 -0700] "GET /robots.txt HTTP/1.0" 404 275 "-" "Mozilla/5.0 (Yahoo-MMCrawler/4.0; mailto:vertical-crawl-support@yahoo-inc.com)" "www.roomfurnish.com"
74.6.149.142 - - [08/Oct/2009:04:47:03 -0700] "GET /nantian/DT11_extensionable_dining_table__DC15_PVC_.jpg HTTP/1.0" 200 97266 "-" "Mozilla/5.0 (Yahoo-MMCrawler/4.0; mailto:vertical-crawl-support@yahoo-inc.com)" "www.roomfurnish.com"
74.6.149.142 - - [08/Oct/2009:04:53:34 -0700] "GET /nantian/180bed_168night_stand_168dresser.jpg HTTP/1.0" 200 46828 "-" "Mozilla/5.0 (Yahoo-MMCrawler/4.0; mailto:vertical-crawl-support@yahoo-inc.com)" "www.roomfurnish.com"
75.101.246.104 - - [08/Oct/2009:05:09:26 -0700] "GET /robots.txt HTTP/1.0" 404 275 "-" "ia_archiver (+http://www.alexa.com/site/help/webmasters; crawler@alexa.com)" "roomfurnish.com"
75.101.246.104 - - [08/Oct/2009:05:09:26 -0700] "GET / HTTP/1.0" 200 2564 "-" "ia_archiver (+http://www.alexa.com/site/help/webmasters; crawler@alexa.com)" "roomfurnish.com"
74.6.149.142 - - [08/Oct/2009:05:43:44 -0700] "GET /nantian/2105wardrobe.jpg HTTP/1.0" 200 76258 "-" "Mozilla/5.0 (Yahoo-MMCrawler/4.0; mailto:vertical-crawl-support@yahoo-inc.com)" "www.roomfurnish.com"
218.186.12.246 - - [08/Oct/2009:05:55:10 -0700] "GET /html/ HTTP/1.1" 200 13037 "http://www.dtcsolution.com/" "Mozilla/4.0 (compatible; MSIE 7.0; Windows NT 6.0; SLCC1; .NET CLR 2.0.50727; Media Center PC 5.0; .NET CLR 3.5.30729; .NET CLR 3.0.30618; Zango 10.3.85.0; OfficeLiveConnector.1.3; OfficeLivePatch.0.0)" "dtcsolution.roomfurnish.com"
218.186.12.11 - - [08/Oct/2009:05:55:28 -0700] "GET /html/images/line.jpg HTTP/1.1" 200 1896 "http://dtcsolution.roomfurnish.com/html/" "Mozilla/4.0 (compatible; MSIE 7.0; Windows NT 6.0; SLCC1; .NET CLR 2.0.50727; Media Center PC 5.0; .NET CLR 3.5.30729; .NET CLR 3.0.30618; Zango 10.3.85.0; OfficeLiveConnector.1.3; OfficeLivePatch.0.0)" "dtcsolution.roomfurnish.com"
88.131.106.12 - - [08/Oct/2009:06:12:18 -0700] "GET /robots.txt HTTP/1.0" 404 275 "-" "Speedy Spider (http://www.entireweb.com/about/search_tech/speedy_spider/)" "roomfurnish.com"
88.131.106.12 - - [08/Oct/2009:06:12:40 -0700] "GET / HTTP/1.0" 200 2564 "-" "Speedy Spider (http://www.entireweb.com/about/search_tech/speedy_spider/)" "roomfurnish.com"
72.30.79.59 - - [08/Oct/2009:06:19:28 -0700] "GET /html/ HTTP/1.0" 200 13037 "http://dtcsolution.com/DeltaCom_Network_Support_Packages.pdf" "Mozilla/5.0 (compatible; Yahoo! Slurp/3.0; http://help.yahoo.com/help/us/ysearch/slurp)" "dtcsolution.roomfurnish.com"
218.186.12.235 - - [08/Oct/2009:06:23:57 -0700] "GET /html/ HTTP/1.1" 200 13037 "http://www.dtcsolution.com/" "Mozilla/4.0 (compatible; MSIE 7.0; Windows NT 6.0; SLCC1; .NET CLR 2.0.50727; InfoPath.2; OfficeLiveConnector.1.3; OfficeLivePatch.0.0; .NET CLR 3.5.30729; .NET CLR 3.0.30618)" "dtcsolution.roomfurnish.com"
218.186.12.12 - - [08/Oct/2009:06:24:01 -0700] "GET /html/images/2.jpg HTTP/1.1" 200 18302 "http://dtcsolution.roomfurnish.com/html/" "Mozilla/4.0 (compatible; MSIE 7.0; Windows NT 6.0; SLCC1; .NET CLR 2.0.50727; InfoPath.2; OfficeLiveConnector.1.3; OfficeLivePatch.0.0; .NET CLR 3.5.30729; .NET CLR 3.0.30618)" "dtcsolution.roomfurnish.com"
218.186.12.228 - - [08/Oct/2009:06:27:04 -0700] "GET /html/ HTTP/1.1" 200 13037 "http://www.dtcsolution.com/" "Mozilla/5.0 (Macintosh; U; Intel Mac OS X 10_5_8; en-us) AppleWebKit/531.9 (KHTML, like Gecko) Version/4.0.3 Safari/531.9" "dtcsolution.roomfurnish.com"
218.186.12.13 - - [08/Oct/2009:06:27:11 -0700] "GET /html/images/menu4.jpg HTTP/1.1" 200 3364 "http://dtcsolution.roomfurnish.com/html/" "Mozilla/5.0 (Macintosh; U; Intel Mac OS X 10_5_8; en-us) AppleWebKit/531.9 (KHTML, like Gecko) Version/4.0.3 Safari/531.9" "dtcsolution.roomfurnish.com"
193.47.80.40 - - [08/Oct/2009:06:35:48 -0700] "GET /robots.txt HTTP/1.1" 404 275 "-" "Mozilla/5.0 (compatible; Exabot/3.0; +http://www.exabot.com/go/robot)" "www.roomfurnish.com"
193.47.80.40 - - [08/Oct/2009:06:35:48 -0700] "GET / HTTP/1.1" 200 2580 "-" "Mozilla/5.0 (compatible; Exabot/3.0; +http://www.exabot.com/go/robot)" "www.roomfurnish.com"
74.6.149.142 - - [08/Oct/2009:06:43:48 -0700] "GET /nantian/L117_living_board_M7009_CD_rack.jpg HTTP/1.0" 200 46106 "-" "Mozilla/5.0 (Yahoo-MMCrawler/4.0; mailto:vertical-crawl-support@yahoo-inc.com)" "www.roomfurnish.com"
74.6.149.142 - - [08/Oct/2009:06:52:14 -0700] "GET /nantian/170dresser.jpg HTTP/1.0" 200 24934 "-" "Mozilla/5.0 (Yahoo-MMCrawler/4.0; mailto:vertical-crawl-support@yahoo-inc.com)" "www.roomfurnish.com"
75.101.213.151 - - [08/Oct/2009:06:52:36 -0700] "GET /favicon.ico HTTP/1.1" 404 275 "-" "-" "roomfurnish.com"
67.202.31.110 - - [08/Oct/2009:06:52:36 -0700] "GET /favicon.ico HTTP/1.1" 404 275 "-" "-" "roomfurnish.com"
74.6.149.142 - - [08/Oct/2009:07:03:02 -0700] "GET /nantian/521_sofa_2_pcs___L106.jpg HTTP/1.0" 200 75604 "-" "Mozilla/5.0 (Yahoo-MMCrawler/4.0; mailto:vertical-crawl-support@yahoo-inc.com)" "www.roomfurnish.com"
74.6.149.142 - - [08/Oct/2009:07:05:38 -0700] "GET /nantian/170bed_night_stand.jpg HTTP/1.0" 200 41154 "-" "Mozilla/5.0 (Yahoo-MMCrawler/4.0; mailto:vertical-crawl-support@yahoo-inc.com)" "www.roomfurnish.com"
74.6.149.142 - - [08/Oct/2009:07:11:59 -0700] "GET /nantian/B07_book_shelf.jpg HTTP/1.0" 200 61926 "-" "Mozilla/5.0 (Yahoo-MMCrawler/4.0; mailto:vertical-crawl-support@yahoo-inc.com)" "www.roomfurnish.com"
