202.156.12.15 - - [08/Jan/2010:14:09:50 -0800] "GET /html/images/main_bgs.jpg HTTP/1.1" 404 - "http://dtcsolution.roomfurnish.com/html/" "Mozilla/4.0 (compatible; MSIE 8.0; Windows NT 6.0; Trident/4.0; SLCC1; .NET CLR 2.0.50727; Media Center PC 5.0; .NET CLR 3.5.30729; .NET CLR 3.0.30729; InfoPath.2)" "dtcsolution.roomfurnish.com"
93.158.145.27 - - [08/Jan/2010:14:15:57 -0800] "GET /BOB/ HTTP/1.1" 200 520 "-" "Yandex/1.01.001 (compatible; Win16; I)" "www.roomfurnish.com"
93.158.145.27 - - [08/Jan/2010:14:41:09 -0800] "GET /tmp/sess_4cd8ebc9800795ea052a12c9151cad32 HTTP/1.1" 403 - "-" "Yandex/1.01.001 (compatible; Win16; I)" "www.roomfurnish.com"
38.105.83.12 - - [08/Jan/2010:14:42:54 -0800] "GET / HTTP/1.1" 200 2855 "-" "Mozilla/4.0 (compatible; MSIE 7.0; Windows NT 5.2)" "www.roomfurnish.com"
38.105.83.12 - - [08/Jan/2010:14:43:14 -0800] "GET /FLleather/ HTTP/1.1" 200 2028 "http://www.roomfurnish.com/" "Mozilla/4.0 (compatible; MSIE 7.0; Windows NT 5.2)" "www.roomfurnish.com"
38.105.83.12 - - [08/Jan/2010:14:43:17 -0800] "GET /nantian/ HTTP/1.1" 200 10769 "http://www.roomfurnish.com/" "Mozilla/4.0 (compatible; MSIE 7.0; Windows NT 5.2)" "www.roomfurnish.com"
38.105.83.12 - - [08/Jan/2010:14:43:21 -0800] "GET /dtcsolution/ HTTP/1.1" 200 2040 "http://www.roomfurnish.com/" "Mozilla/4.0 (compatible; MSIE 7.0; Windows NT 5.2)" "www.roomfurnish.com"
38.105.83.12 - - [08/Jan/2010:14:43:21 -0800] "GET /BOB/ HTTP/1.1" 200 520 "http://www.roomfurnish.com/" "Mozilla/4.0 (compatible; MSIE 7.0; Windows NT 5.2)" "www.roomfurnish.com"
38.105.83.12 - - [08/Jan/2010:14:43:23 -0800] "GET /tmp/ HTTP/1.1" 200 13467 "http://www.roomfurnish.com/" "Mozilla/4.0 (compatible; MSIE 7.0; Windows NT 5.2)" "www.roomfurnish.com"
38.105.83.12 - - [08/Jan/2010:14:43:25 -0800] "GET /QM/ HTTP/1.1" 200 1340 "http://www.roomfurnish.com/" "Mozilla/4.0 (compatible; MSIE 7.0; Windows NT 5.2)" "www.roomfurnish.com"
38.105.83.12 - - [08/Jan/2010:14:43:25 -0800] "GET /BOSSTON/ HTTP/1.1" 200 944 "http://www.roomfurnish.com/" "Mozilla/4.0 (compatible; MSIE 7.0; Windows NT 5.2)" "www.roomfurnish.com"
38.105.83.12 - - [08/Jan/2010:14:43:28 -0800] "GET /FRABK.TTF HTTP/1.1" 200 141768 "http://www.roomfurnish.com/" "Mozilla/4.0 (compatible; MSIE 7.0; Windows NT 5.2)" "www.roomfurnish.com"
38.105.83.12 - - [08/Jan/2010:14:43:31 -0800] "GET /FL/ HTTP/1.1" 200 70819 "http://www.roomfurnish.com/" "Mozilla/4.0 (compatible; MSIE 7.0; Windows NT 5.2)" "www.roomfurnish.com"
38.105.83.12 - - [08/Jan/2010:14:43:32 -0800] "GET /classic_blue.html HTTP/1.1" 200 18032 "http://www.roomfurnish.com/" "Mozilla/4.0 (compatible; MSIE 7.0; Windows NT 5.2)" "www.roomfurnish.com"
38.105.83.12 - - [08/Jan/2010:14:43:36 -0800] "GET /test/ HTTP/1.1" 200 798 "http://www.roomfurnish.com/" "Mozilla/4.0 (compatible; MSIE 7.0; Windows NT 5.2)" "www.roomfurnish.com"
38.105.83.12 - - [08/Jan/2010:14:43:36 -0800] "GET /logs/ HTTP/1.1" 200 4942 "http://www.roomfurnish.com/" "Mozilla/4.0 (compatible; MSIE 7.0; Windows NT 5.2)" "www.roomfurnish.com"
38.105.83.12 - - [08/Jan/2010:14:43:39 -0800] "GET /swatch/ HTTP/1.1" 200 662 "http://www.roomfurnish.com/" "Mozilla/4.0 (compatible; MSIE 7.0; Windows NT 5.2)" "www.roomfurnish.com"
38.105.83.12 - - [08/Jan/2010:14:44:18 -0800] "GET /nantian/M1111stool.xls HTTP/1.1" 200 194048 "http://www.roomfurnish.com/nantian/" "Mozilla/4.0 (compatible; MSIE 7.0; Windows NT 5.2)" "www.roomfurnish.com"
38.105.83.12 - - [08/Jan/2010:14:44:22 -0800] "GET /nantian/Thumbs.db HTTP/1.1" 200 550912 "http://www.roomfurnish.com/nantian/" "Mozilla/4.0 (compatible; MSIE 7.0; Windows NT 5.2)" "www.roomfurnish.com"
38.105.83.12 - - [08/Jan/2010:14:44:26 -0800] "GET /nantian/m1115.xls HTTP/1.1" 200 34816 "http://www.roomfurnish.com/nantian/" "Mozilla/4.0 (compatible; MSIE 7.0; Windows NT 5.2)" "www.roomfurnish.com"
38.105.83.12 - - [08/Jan/2010:14:44:33 -0800] "GET /dtcsolution/Thumbs.db HTTP/1.1" 200 30208 "http://www.roomfurnish.com/dtcsolution/" "Mozilla/4.0 (compatible; MSIE 7.0; Windows NT 5.2)" "www.roomfurnish.com"
38.105.83.12 - - [08/Jan/2010:14:44:37 -0800] "GET /dtcsolution/LIBRARY/ HTTP/1.1" 200 1396 "http://www.roomfurnish.com/dtcsolution/" "Mozilla/4.0 (compatible; MSIE 7.0; Windows NT 5.2)" "www.roomfurnish.com"
38.105.83.12 - - [08/Jan/2010:14:44:39 -0800] "GET /swatch/Leather/ HTTP/1.1" 200 3784 "http://www.roomfurnish.com/swatch/" "Mozilla/4.0 (compatible; MSIE 7.0; Windows NT 5.2)" "www.roomfurnish.com"
38.105.83.12 - - [08/Jan/2010:14:44:42 -0800] "GET /dtcsolution/FONTS/ HTTP/1.1" 200 3647 "http://www.roomfurnish.com/dtcsolution/" "Mozilla/4.0 (compatible; MSIE 7.0; Windows NT 5.2)" "www.roomfurnish.com"
38.105.83.12 - - [08/Jan/2010:14:44:44 -0800] "GET /tmp/sess_0a669ac345e71539cc803b696ebe853c HTTP/1.1" 403 - "http://www.roomfurnish.com/tmp/" "Mozilla/4.0 (compatible; MSIE 7.0; Windows NT 5.2)" "www.roomfurnish.com"
38.105.83.12 - - [08/Jan/2010:14:44:46 -0800] "GET /tmp/sess_2e3b6852de9bd588529db4b774b38627 HTTP/1.1" 403 - "http://www.roomfurnish.com/tmp/" "Mozilla/4.0 (compatible; MSIE 7.0; Windows NT 5.2)" "www.roomfurnish.com"
38.105.83.12 - - [08/Jan/2010:14:44:48 -0800] "GET /tmp/sess_087b16cc1deb671c492066a796da0726 HTTP/1.1" 403 - "http://www.roomfurnish.com/tmp/" "Mozilla/4.0 (compatible; MSIE 7.0; Windows NT 5.2)" "www.roomfurnish.com"
38.105.83.12 - - [08/Jan/2010:14:44:51 -0800] "GET /tmp/sess_60a74bf842291cda30ef78a68bb8d142 HTTP/1.1" 403 - "http://www.roomfurnish.com/tmp/" "Mozilla/4.0 (compatible; MSIE 7.0; Windows NT 5.2)" "www.roomfurnish.com"
38.105.83.12 - - [08/Jan/2010:14:44:52 -0800] "GET /tmp/sess_23c07e410940f2173f4c1e626e4af9f5 HTTP/1.1" 403 - "http://www.roomfurnish.com/tmp/" "Mozilla/4.0 (compatible; MSIE 7.0; Windows NT 5.2)" "www.roomfurnish.com"
38.105.83.12 - - [08/Jan/2010:14:44:54 -0800] "GET /tmp/sess_20c1c4ab02614626bf3d198922e438cc HTTP/1.1" 403 - "http://www.roomfurnish.com/tmp/" "Mozilla/4.0 (compatible; MSIE 7.0; Windows NT 5.2)" "www.roomfurnish.com"
38.105.83.12 - - [08/Jan/2010:14:44:56 -0800] "GET /tmp/back HTTP/1.1" 200 541 "http://www.roomfurnish.com/tmp/" "Mozilla/4.0 (compatible; MSIE 7.0; Windows NT 5.2)" "www.roomfurnish.com"
38.105.83.12 - - [08/Jan/2010:14:44:56 -0800] "GET /tmp/sess_380af290f26688a607e6d621e4da98b9 HTTP/1.1" 403 - "http://www.roomfurnish.com/tmp/" "Mozilla/4.0 (compatible; MSIE 7.0; Windows NT 5.2)" "www.roomfurnish.com"
38.105.83.12 - - [08/Jan/2010:14:44:58 -0800] "GET /tmp/mailError.log HTTP/1.1" 200 519614 "http://www.roomfurnish.com/tmp/" "Mozilla/4.0 (compatible; MSIE 7.0; Windows NT 5.2)" "www.roomfurnish.com"
38.105.83.12 - - [08/Jan/2010:14:45:00 -0800] "GET /tmp/sess_02ceb4ce10cede84b4ed7995f8ea696a HTTP/1.1" 403 - "http://www.roomfurnish.com/tmp/" "Mozilla/4.0 (compatible; MSIE 7.0; Windows NT 5.2)" "www.roomfurnish.com"
38.105.83.12 - - [08/Jan/2010:14:45:02 -0800] "GET /tmp/sess_3782847bb830e497ecc72ef777415345 HTTP/1.1" 403 - "http://www.roomfurnish.com/tmp/" "Mozilla/4.0 (compatible; MSIE 7.0; Windows NT 5.2)" "www.roomfurnish.com"
38.105.83.12 - - [08/Jan/2010:14:45:02 -0800] "GET /tmp/sess_049ffb3eecd6e0f9d0354136fc1ee80a HTTP/1.1" 403 - "http://www.roomfurnish.com/tmp/" "Mozilla/4.0 (compatible; MSIE 7.0; Windows NT 5.2)" "www.roomfurnish.com"
38.105.83.12 - - [08/Jan/2010:14:45:04 -0800] "GET /tmp/sess_4cd8ebc9800795ea052a12c9151cad32 HTTP/1.1" 403 - "http://www.roomfurnish.com/tmp/" "Mozilla/4.0 (compatible; MSIE 7.0; Windows NT 5.2)" "www.roomfurnish.com"
38.105.83.12 - - [08/Jan/2010:14:45:06 -0800] "GET /tmp/sess_57896c2626b21fa879bb85c8a5145902 HTTP/1.1" 403 - "http://www.roomfurnish.com/tmp/" "Mozilla/4.0 (compatible; MSIE 7.0; Windows NT 5.2)" "www.roomfurnish.com"
38.105.83.12 - - [08/Jan/2010:14:45:09 -0800] "GET /tmp/sess_26085f28e00f292bf8ecbd88083fe91a HTTP/1.1" 403 - "http://www.roomfurnish.com/tmp/" "Mozilla/4.0 (compatible; MSIE 7.0; Windows NT 5.2)" "www.roomfurnish.com"
38.105.83.12 - - [08/Jan/2010:14:45:11 -0800] "GET /tmp/sess_34d927a97d93c021235e2b7ad2279f21 HTTP/1.1" 403 - "http://www.roomfurnish.com/tmp/" "Mozilla/4.0 (compatible; MSIE 7.0; Windows NT 5.2)" "www.roomfurnish.com"
38.105.83.12 - - [08/Jan/2010:14:45:15 -0800] "GET /tmp/sess_04120572904818bf788a91ec32f08c80 HTTP/1.1" 403 - "http://www.roomfurnish.com/tmp/" "Mozilla/4.0 (compatible; MSIE 7.0; Windows NT 5.2)" "www.roomfurnish.com"
38.105.83.12 - - [08/Jan/2010:14:45:16 -0800] "GET /tmp/sess_0ad5642e4f7395dbe3488c1c4b967636 HTTP/1.1" 403 - "http://www.roomfurnish.com/tmp/" "Mozilla/4.0 (compatible; MSIE 7.0; Windows NT 5.2)" "www.roomfurnish.com"
38.105.83.12 - - [08/Jan/2010:14:45:18 -0800] "GET /tmp/sess_135ebebfb2b28c6aa58c8d0605bbbd6a HTTP/1.1" 403 - "http://www.roomfurnish.com/tmp/" "Mozilla/4.0 (compatible; MSIE 7.0; Windows NT 5.2)" "www.roomfurnish.com"
38.105.83.12 - - [08/Jan/2010:14:45:19 -0800] "GET /tmp/sess_644d026199fc9d70c8766789692250d7 HTTP/1.1" 403 - "http://www.roomfurnish.com/tmp/" "Mozilla/4.0 (compatible; MSIE 7.0; Windows NT 5.2)" "www.roomfurnish.com"
38.105.83.12 - - [08/Jan/2010:14:45:21 -0800] "GET /tmp/sess_3e77047839e3257a47adebfbd4cc180e HTTP/1.1" 403 - "http://www.roomfurnish.com/tmp/" "Mozilla/4.0 (compatible; MSIE 7.0; Windows NT 5.2)" "www.roomfurnish.com"
38.105.83.12 - - [08/Jan/2010:14:45:21 -0800] "GET /tmp/sess_5c8a90495e9192f5f945f357b14625a3 HTTP/1.1" 403 - "http://www.roomfurnish.com/tmp/" "Mozilla/4.0 (compatible; MSIE 7.0; Windows NT 5.2)" "www.roomfurnish.com"
38.105.83.12 - - [08/Jan/2010:14:45:23 -0800] "GET /tmp/sess_001f4d8d6d0db35689841039a7b7e83a HTTP/1.1" 403 - "http://www.roomfurnish.com/tmp/" "Mozilla/4.0 (compatible; MSIE 7.0; Windows NT 5.2)" "www.roomfurnish.com"
38.105.83.12 - - [08/Jan/2010:14:45:26 -0800] "GET /tmp/sess_51a8e8384b621b3af38f4d6817e5b1c5 HTTP/1.1" 403 - "http://www.roomfurnish.com/tmp/" "Mozilla/4.0 (compatible; MSIE 7.0; Windows NT 5.2)" "www.roomfurnish.com"
38.105.83.12 - - [08/Jan/2010:14:45:28 -0800] "GET /tmp/sess_3910c7e90e24d9a422b063b8b4d5408c HTTP/1.1" 403 - "http://www.roomfurnish.com/tmp/" "Mozilla/4.0 (compatible; MSIE 7.0; Windows NT 5.2)" "www.roomfurnish.com"
38.105.83.12 - - [08/Jan/2010:14:45:31 -0800] "GET /tmp/sess_16866a42397b56ae62b26e692faac044 HTTP/1.1" 403 - "http://www.roomfurnish.com/tmp/" "Mozilla/4.0 (compatible; MSIE 7.0; Windows NT 5.2)" "www.roomfurnish.com"
38.105.83.12 - - [08/Jan/2010:14:45:34 -0800] "GET /tmp/sess_2b7941746c5f2d119967ac26ebb9ab39 HTTP/1.1" 403 - "http://www.roomfurnish.com/tmp/" "Mozilla/4.0 (compatible; MSIE 7.0; Windows NT 5.2)" "www.roomfurnish.com"
38.105.83.12 - - [08/Jan/2010:14:46:30 -0800] "GET /tmp/sess_f6c518bddc54ee54eb3e89724e692964 HTTP/1.1" 403 - "http://www.roomfurnish.com/tmp/" "Mozilla/4.0 (compatible; MSIE 7.0; Windows NT 5.2)" "www.roomfurnish.com"
38.105.83.12 - - [08/Jan/2010:14:46:34 -0800] "GET /tmp/sess_f46849f489abeddaae0714b49dba5729 HTTP/1.1" 403 - "http://www.roomfurnish.com/tmp/" "Mozilla/4.0 (compatible; MSIE 7.0; Windows NT 5.2)" "www.roomfurnish.com"
38.105.83.12 - - [08/Jan/2010:14:46:34 -0800] "GET /tmp/sess_f38c23c301522d8dffb79cfc92a1f191 HTTP/1.1" 403 - "http://www.roomfurnish.com/tmp/" "Mozilla/4.0 (compatible; MSIE 7.0; Windows NT 5.2)" "www.roomfurnish.com"
38.105.83.12 - - [08/Jan/2010:14:46:37 -0800] "GET /tmp/sess_f2f4c4359a37b296f92758314df6edfd HTTP/1.1" 403 - "http://www.roomfurnish.com/tmp/" "Mozilla/4.0 (compatible; MSIE 7.0; Windows NT 5.2)" "www.roomfurnish.com"
38.105.83.12 - - [08/Jan/2010:14:46:38 -0800] "GET /tmp/sess_efb254f544102a7a2092755728f54819 HTTP/1.1" 403 - "http://www.roomfurnish.com/tmp/" "Mozilla/4.0 (compatible; MSIE 7.0; Windows NT 5.2)" "www.roomfurnish.com"
38.105.83.12 - - [08/Jan/2010:14:46:40 -0800] "GET /tmp/sess_eedf851d0c073c2a9f0df6c6a44eb6f7 HTTP/1.1" 403 - "http://www.roomfurnish.com/tmp/" "Mozilla/4.0 (compatible; MSIE 7.0; Windows NT 5.2)" "www.roomfurnish.com"
38.105.83.12 - - [08/Jan/2010:14:46:42 -0800] "GET /tmp/sess_f8efd4dd87d668efa8a4f5d61158038d HTTP/1.1" 403 - "http://www.roomfurnish.com/tmp/" "Mozilla/4.0 (compatible; MSIE 7.0; Windows NT 5.2)" "www.roomfurnish.com"
93.158.145.27 - - [08/Jan/2010:15:06:08 -0800] "GET /tmp/sess_a702c3fca58cbb17095fc468e9ca3399 HTTP/1.1" 403 - "-" "Yandex/1.01.001 (compatible; Win16; I)" "www.roomfurnish.com"
202.156.12.249 - - [08/Jan/2010:15:19:56 -0800] "GET /html/ HTTP/1.1" 200 29618 "http://www.dtcsolution.com/" "Mozilla/4.0 (compatible; MSIE 7.0; Windows NT 6.0; Trident/4.0; SIMBAR={03F48F7A-A4FA-11DD-AA2B-AAF0EDEA520B}; GTB6.3; SLCC1; .NET CLR 2.0.50727; .NET CLR 1.1.4322; InfoPath.1; .NET CLR 3.5.30729; .NET CLR 3.0.30618)" "dtcsolution.roomfurnish.com"
202.156.12.14 - - [08/Jan/2010:15:19:57 -0800] "GET /html/images/main_bgs.jpg HTTP/1.1" 404 - "http://dtcsolution.roomfurnish.com/html/" "Mozilla/4.0 (compatible; MSIE 7.0; Windows NT 6.0; Trident/4.0; SIMBAR={03F48F7A-A4FA-11DD-AA2B-AAF0EDEA520B}; GTB6.3; SLCC1; .NET CLR 2.0.50727; .NET CLR 1.1.4322; InfoPath.1; .NET CLR 3.5.30729; .NET CLR 3.0.30618)" "dtcsolution.roomfurnish.com"
93.158.145.27 - - [08/Jan/2010:15:32:09 -0800] "GET /logs/access_090830.log HTTP/1.1" 200 65536 "-" "Yandex/1.01.001 (compatible; Win16; I)" "www.roomfurnish.com"
88.131.106.26 - - [08/Jan/2010:15:42:02 -0800] "GET /robots.txt HTTP/1.0" 404 - "-" "Speedy Spider (http://www.entireweb.com/about/search_tech/speedy_spider/)" "roomfurnish.com"
88.131.106.26 - - [08/Jan/2010:15:42:02 -0800] "GET /a281.html HTTP/1.0" 404 - "-" "Speedy Spider (http://www.entireweb.com/about/search_tech/speedy_spider/)" "roomfurnish.com"
93.158.145.27 - - [08/Jan/2010:15:56:52 -0800] "GET /logs/access_070830.log HTTP/1.1" 200 0 "-" "Yandex/1.01.001 (compatible; Win16; I)" "www.roomfurnish.com"
208.101.2.194 - - [08/Jan/2010:16:02:14 -0800] "GET /html/ HTTP/1.1" 200 29618 "http://www.dtcsolution.com/" "Mozilla/4.0 (compatible; MSIE 7.0; Windows NT 6.0; WOW64; Trident/4.0; SLCC1; .NET CLR 2.0.50727; .NET CLR 1.1.4322; .NET CLR 3.0.30729; .NET CLR 3.5.30729)" "dtcsolution.roomfurnish.com"
208.101.2.194 - - [08/Jan/2010:16:02:14 -0800] "GET /html/images/main_bgs.jpg HTTP/1.1" 404 - "http://dtcsolution.roomfurnish.com/html/" "Mozilla/4.0 (compatible; MSIE 7.0; Windows NT 6.0; WOW64; Trident/4.0; SLCC1; .NET CLR 2.0.50727; .NET CLR 1.1.4322; .NET CLR 3.0.30729; .NET CLR 3.5.30729)" "dtcsolution.roomfurnish.com"
208.101.2.194 - - [08/Jan/2010:16:02:15 -0800] "GET /html/images/spacer.gif HTTP/1.1" 200 43 "http://dtcsolution.roomfurnish.com/html/" "Mozilla/4.0 (compatible; MSIE 7.0; Windows NT 6.0; WOW64; Trident/4.0; SLCC1; .NET CLR 2.0.50727; .NET CLR 1.1.4322; .NET CLR 3.0.30729; .NET CLR 3.5.30729)" "dtcsolution.roomfurnish.com"
208.101.2.194 - - [08/Jan/2010:16:02:15 -0800] "GET /html/images/b1.jpg HTTP/1.1" 200 22950 "http://dtcsolution.roomfurnish.com/html/" "Mozilla/4.0 (compatible; MSIE 7.0; Windows NT 6.0; WOW64; Trident/4.0; SLCC1; .NET CLR 2.0.50727; .NET CLR 1.1.4322; .NET CLR 3.0.30729; .NET CLR 3.5.30729)" "dtcsolution.roomfurnish.com"
208.101.2.194 - - [08/Jan/2010:16:02:16 -0800] "GET /html/images/cchecks.jpg HTTP/1.1" 200 1203 "http://dtcsolution.roomfurnish.com/html/" "Mozilla/4.0 (compatible; MSIE 7.0; Windows NT 6.0; WOW64; Trident/4.0; SLCC1; .NET CLR 2.0.50727; .NET CLR 1.1.4322; .NET CLR 3.0.30729; .NET CLR 3.5.30729)" "dtcsolution.roomfurnish.com"
208.101.2.194 - - [08/Jan/2010:16:02:17 -0800] "GET /html/images/b0.jpg HTTP/1.1" 200 616 "http://dtcsolution.roomfurnish.com/html/" "Mozilla/4.0 (compatible; MSIE 7.0; Windows NT 6.0; WOW64; Trident/4.0; SLCC1; .NET CLR 2.0.50727; .NET CLR 1.1.4322; .NET CLR 3.0.30729; .NET CLR 3.5.30729)" "dtcsolution.roomfurnish.com"
208.101.2.194 - - [08/Jan/2010:16:02:17 -0800] "GET /html/images/icon.gif HTTP/1.1" 200 53 "http://dtcsolution.roomfurnish.com/html/" "Mozilla/4.0 (compatible; MSIE 7.0; Windows NT 6.0; WOW64; Trident/4.0; SLCC1; .NET CLR 2.0.50727; .NET CLR 1.1.4322; .NET CLR 3.0.30729; .NET CLR 3.5.30729)" "dtcsolution.roomfurnish.com"
193.47.80.40 - - [08/Jan/2010:16:02:57 -0800] "GET /robots.txt HTTP/1.1" 404 - "-" "Mozilla/5.0 (compatible; Exabot/3.0; +http://www.exabot.com/go/robot)" "roomfurnish.com"
193.47.80.40 - - [08/Jan/2010:16:02:57 -0800] "GET / HTTP/1.1" 200 2855 "-" "Mozilla/5.0 (compatible; Exabot/3.0; +http://www.exabot.com/go/robot)" "roomfurnish.com"
93.158.145.27 - - [08/Jan/2010:16:21:49 -0800] "GET /tmp/sess_135ebebfb2b28c6aa58c8d0605bbbd6a HTTP/1.1" 403 - "-" "Yandex/1.01.001 (compatible; Win16; I)" "www.roomfurnish.com"
75.101.243.36 - - [08/Jan/2010:16:24:46 -0800] "GET /robots.txt HTTP/1.0" 404 - "-" "SheenBot/SheenBot-1.0.2 (Sheen web crawler)" "dtcsolution.roomfurnish.com"
75.101.243.36 - - [08/Jan/2010:16:24:46 -0800] "GET /html/ HTTP/1.0" 200 29618 "-" "SheenBot/SheenBot-1.0.2 (Sheen web crawler)" "dtcsolution.roomfurnish.com"
93.158.145.27 - - [08/Jan/2010:16:54:30 -0800] "GET /logs/ HTTP/1.1" 200 4942 "-" "Yandex/1.01.001 (compatible; Win16; I)" "www.roomfurnish.com"
202.156.12.249 - - [08/Jan/2010:16:57:17 -0800] "GET /html/ HTTP/1.1" 200 29618 "http://www.dtcsolution.com/" "Mozilla/5.0 (Windows; U; Windows NT 6.1; en-US) AppleWebKit/532.0 (KHTML, like Gecko) Chrome/3.0.195.38 Safari/532.0" "dtcsolution.roomfurnish.com"
202.156.12.12 - - [08/Jan/2010:16:57:17 -0800] "GET /html/images/main_bgs.jpg HTTP/1.0" 404 - "http://dtcsolution.roomfurnish.com/html/" "Mozilla/5.0 (Windows; U; Windows NT 6.1; en-US) AppleWebKit/532.0 (KHTML, like Gecko) Chrome/3.0.195.38 Safari/532.0" "dtcsolution.roomfurnish.com"
202.156.12.12 - - [08/Jan/2010:16:57:22 -0800] "GET /html/images/b0.jpg HTTP/1.1" 200 616 "http://dtcsolution.roomfurnish.com/html/" "Mozilla/5.0 (Windows; U; Windows NT 6.1; en-US) AppleWebKit/532.0 (KHTML, like Gecko) Chrome/3.0.195.38 Safari/532.0" "dtcsolution.roomfurnish.com"
123.18.177.172 - - [08/Jan/2010:17:06:07 -0800] "GET /html/ HTTP/1.1" 200 29618 "http://www.dtcsolution.com/" "Mozilla/4.0 (compatible; MSIE 6.0; Windows NT 5.1; SV1)" "dtcsolution.roomfurnish.com"
123.18.177.172 - - [08/Jan/2010:17:06:08 -0800] "GET /html/images/main_bgs.jpg HTTP/1.1" 404 - "http://dtcsolution.roomfurnish.com/html/" "Mozilla/4.0 (compatible; MSIE 6.0; Windows NT 5.1; SV1)" "dtcsolution.roomfurnish.com"
123.18.177.172 - - [08/Jan/2010:17:06:08 -0800] "GET /html/images/spacer.gif HTTP/1.1" 200 43 "http://dtcsolution.roomfurnish.com/html/" "Mozilla/4.0 (compatible; MSIE 6.0; Windows NT 5.1; SV1)" "dtcsolution.roomfurnish.com"
93.158.145.27 - - [08/Jan/2010:17:27:41 -0800] "GET /FL/Thumbs.db HTTP/1.1" 200 2465196 "-" "Yandex/1.01.001 (compatible; Win16; I)" "www.roomfurnish.com"
202.156.12.253 - - [08/Jan/2010:17:27:47 -0800] "GET /html/ HTTP/1.1" 200 29618 "http://www.dtcsolution.com/" "Mozilla/5.0 (iPhone; U; CPU iPhone OS 3_1_2 like Mac OS X; en-us) AppleWebKit/528.18 (KHTML, like Gecko) Version/4.0 Mobile/7D11 Safari/528.16" "dtcsolution.roomfurnish.com"
202.156.12.12 - - [08/Jan/2010:17:27:48 -0800] "GET /html/images/main_bgs.jpg HTTP/1.1" 404 - "http://dtcsolution.roomfurnish.com/html/" "Mozilla/5.0 (iPhone; U; CPU iPhone OS 3_1_2 like Mac OS X; en-us) AppleWebKit/528.18 (KHTML, like Gecko) Version/4.0 Mobile/7D11 Safari/528.16" "dtcsolution.roomfurnish.com"
93.158.145.27 - - [08/Jan/2010:18:00:25 -0800] "GET /tmp/sess_34d927a97d93c021235e2b7ad2279f21 HTTP/1.1" 403 - "-" "Yandex/1.01.001 (compatible; Win16; I)" "www.roomfurnish.com"
124.197.98.32 - - [08/Jan/2010:18:00:36 -0800] "GET /html/ HTTP/1.1" 200 29618 "http://www.dtcsolution.com/" "Mozilla/4.0 (compatible; MSIE 8.0; Windows NT 5.1; Trident/4.0; .NET CLR 1.1.4322; .NET CLR 2.0.50727; .NET CLR 3.0.04506.30; .NET CLR 3.0.4506.2152; .NET CLR 3.5.30729)" "dtcsolution.roomfurnish.com"
124.197.98.32 - - [08/Jan/2010:18:00:37 -0800] "GET /html/images/main_bgs.jpg HTTP/1.1" 404 - "http://dtcsolution.roomfurnish.com/html/" "Mozilla/4.0 (compatible; MSIE 8.0; Windows NT 5.1; Trident/4.0; .NET CLR 1.1.4322; .NET CLR 2.0.50727; .NET CLR 3.0.04506.30; .NET CLR 3.0.4506.2152; .NET CLR 3.5.30729)" "dtcsolution.roomfurnish.com"
220.255.7.169 - - [08/Jan/2010:18:01:46 -0800] "GET /html/ HTTP/1.1" 200 29618 "http://www.dtcsolution.com/" "Mozilla/5.0 (Windows; U; Windows NT 5.1; en-US; rv:1.9.0.16) Gecko/2009120208 Firefox/3.0.16" "dtcsolution.roomfurnish.com"
220.255.7.231 - - [08/Jan/2010:18:01:47 -0800] "GET /html/images/main_bgs.jpg HTTP/1.1" 404 - "http://dtcsolution.roomfurnish.com/html/" "Mozilla/5.0 (Windows; U; Windows NT 5.1; en-US; rv:1.9.0.16) Gecko/2009120208 Firefox/3.0.16" "dtcsolution.roomfurnish.com"
124.115.1.59 - - [08/Jan/2010:18:18:15 -0800] "GET / HTTP/1.1" 200 2855 "-" "Mozilla/4.0 (compatible; MSIE 6.0; Windows NT 5.1)" "www.roomfurnish.com"
93.158.145.27 - - [08/Jan/2010:18:33:06 -0800] "GET /dtcsolution/Thumbs.db HTTP/1.1" 200 30208 "-" "Yandex/1.01.001 (compatible; Win16; I)" "www.roomfurnish.com"
83.167.62.170 - - [08/Jan/2010:19:01:37 -0800] "GET /robots.txt HTTP/1.1" 404 - "-" "Mozilla/5.0 (compatible; Exabot/3.0 (BiggerBetter); +http://www.exabot.com/go/robot)" "roomfurnish.com"
83.167.62.170 - - [08/Jan/2010:19:01:38 -0800] "GET /BOSSTON/BOSSTON-CD/?S=D HTTP/1.1" 200 1095 "-" "Mozilla/5.0 (compatible; Exabot/3.0 (BiggerBetter); +http://www.exabot.com/go/robot)" "roomfurnish.com"
93.158.145.27 - - [08/Jan/2010:19:05:47 -0800] "GET /tmp/sess_20c1c4ab02614626bf3d198922e438cc HTTP/1.1" 403 - "-" "Yandex/1.01.001 (compatible; Win16; I)" "www.roomfurnish.com"
220.255.7.148 - - [08/Jan/2010:19:11:20 -0800] "GET /html/images/main_bgs.jpg HTTP/1.1" 404 - "http://dtcsolution.roomfurnish.com/html/" "Mozilla/4.0 (compatible; MSIE 8.0; Windows NT 5.1; Trident/4.0; yie8)" "dtcsolution.roomfurnish.com"
202.156.12.230 - - [08/Jan/2010:19:22:35 -0800] "GET /html/ HTTP/1.1" 200 29618 "http://www.dtcsolution.com/" "Mozilla/5.0 (Windows; U; Windows NT 5.1; en-US; rv:1.9.1.2) Gecko/20090729 Firefox/3.5.2 (.NET CLR 3.5.30729)" "dtcsolution.roomfurnish.com"
202.156.12.15 - - [08/Jan/2010:19:22:36 -0800] "GET /html/images/main_bgs.jpg HTTP/1.1" 404 - "http://dtcsolution.roomfurnish.com/html/" "Mozilla/5.0 (Windows; U; Windows NT 5.1; en-US; rv:1.9.1.2) Gecko/20090729 Firefox/3.5.2 (.NET CLR 3.5.30729)" "dtcsolution.roomfurnish.com"
93.158.145.27 - - [08/Jan/2010:19:38:30 -0800] "GET /logs/access_090430.log HTTP/1.1" 200 0 "-" "Yandex/1.01.001 (compatible; Win16; I)" "www.roomfurnish.com"
83.167.62.170 - - [08/Jan/2010:19:45:59 -0800] "GET /BOSSTON/3Sofa/Thumbs.db HTTP/1.1" 200 50176 "-" "Mozilla/5.0 (compatible; Exabot/3.0 (BiggerBetter); +http://www.exabot.com/go/robot)" "roomfurnish.com"
64.124.140.226 - - [08/Jan/2010:20:03:03 -0800] "GET /robots.txt HTTP/1.1" 404 - "-" "Mozilla/5.0 (compatible; FatBot 2.0; http://www.thefind.com/crawler)" "roomfurnish.com"
64.124.140.226 - - [08/Jan/2010:20:03:12 -0800] "GET / HTTP/1.1" 200 2855 "-" "Mozilla/5.0 (compatible; FatBot 2.0; http://www.thefind.com/crawler)" "roomfurnish.com"
93.158.145.27 - - [08/Jan/2010:20:11:14 -0800] "GET /tmp/sess_087b16cc1deb671c492066a796da0726 HTTP/1.1" 403 - "-" "Yandex/1.01.001 (compatible; Win16; I)" "www.roomfurnish.com"
124.115.6.11 - - [08/Jan/2010:20:22:38 -0800] "GET /robots.txt HTTP/1.1" 404 - "-" "Sosospider+(+http://help.soso.com/webspider.htm)" "roomfurnish.com"
93.158.145.27 - - [08/Jan/2010:20:45:41 -0800] "GET /tmp/sess_3910c7e90e24d9a422b063b8b4d5408c HTTP/1.1" 403 - "-" "Yandex/1.01.001 (compatible; Win16; I)" "www.roomfurnish.com"
202.156.12.241 - - [08/Jan/2010:21:10:21 -0800] "GET /html/ HTTP/1.1" 200 29618 "http://www.dtcsolution.com/" "Mozilla/4.0 (compatible; MSIE 7.0; Windows NT 6.0; GTB6.3; SLCC1; .NET CLR 2.0.50727; Media Center PC 5.0; .NET CLR 3.0.30618; .NET CLR 3.5.30729)" "dtcsolution.roomfurnish.com"
202.156.12.12 - - [08/Jan/2010:21:10:23 -0800] "GET /html/images/main_bgs.jpg HTTP/1.1" 404 - "http://dtcsolution.roomfurnish.com/html/" "Mozilla/4.0 (compatible; MSIE 7.0; Windows NT 6.0; GTB6.3; SLCC1; .NET CLR 2.0.50727; Media Center PC 5.0; .NET CLR 3.0.30618; .NET CLR 3.5.30729)" "dtcsolution.roomfurnish.com"
202.156.12.12 - - [08/Jan/2010:21:10:24 -0800] "GET /html/images/spacer.gif HTTP/1.1" 200 43 "http://dtcsolution.roomfurnish.com/html/" "Mozilla/4.0 (compatible; MSIE 7.0; Windows NT 6.0; GTB6.3; SLCC1; .NET CLR 2.0.50727; Media Center PC 5.0; .NET CLR 3.0.30618; .NET CLR 3.5.30729)" "dtcsolution.roomfurnish.com"
202.156.12.12 - - [08/Jan/2010:21:10:28 -0800] "GET /html/images/b1.jpg HTTP/1.1" 200 22950 "http://dtcsolution.roomfurnish.com/html/" "Mozilla/4.0 (compatible; MSIE 7.0; Windows NT 6.0; GTB6.3; SLCC1; .NET CLR 2.0.50727; Media Center PC 5.0; .NET CLR 3.0.30618; .NET CLR 3.5.30729)" "dtcsolution.roomfurnish.com"
202.156.12.12 - - [08/Jan/2010:21:10:33 -0800] "GET /html/images/name.jpg HTTP/1.1" 200 2150 "http://dtcsolution.roomfurnish.com/html/" "Mozilla/4.0 (compatible; MSIE 7.0; Windows NT 6.0; GTB6.3; SLCC1; .NET CLR 2.0.50727; Media Center PC 5.0; .NET CLR 3.0.30618; .NET CLR 3.5.30729)" "dtcsolution.roomfurnish.com"
202.156.12.12 - - [08/Jan/2010:21:10:34 -0800] "GET /html/images/cchecks.jpg HTTP/1.1" 200 1203 "http://dtcsolution.roomfurnish.com/html/" "Mozilla/4.0 (compatible; MSIE 7.0; Windows NT 6.0; GTB6.3; SLCC1; .NET CLR 2.0.50727; Media Center PC 5.0; .NET CLR 3.0.30618; .NET CLR 3.5.30729)" "dtcsolution.roomfurnish.com"
202.156.12.12 - - [08/Jan/2010:21:10:35 -0800] "GET /html/images/bg.jpg HTTP/1.1" 200 549 "http://dtcsolution.roomfurnish.com/html/" "Mozilla/4.0 (compatible; MSIE 7.0; Windows NT 6.0; GTB6.3; SLCC1; .NET CLR 2.0.50727; Media Center PC 5.0; .NET CLR 3.0.30618; .NET CLR 3.5.30729)" "dtcsolution.roomfurnish.com"
202.156.12.12 - - [08/Jan/2010:21:10:38 -0800] "GET /html/images/im.jpg HTTP/1.1" 200 7429 "http://dtcsolution.roomfurnish.com/html/" "Mozilla/4.0 (compatible; MSIE 7.0; Windows NT 6.0; GTB6.3; SLCC1; .NET CLR 2.0.50727; Media Center PC 5.0; .NET CLR 3.0.30618; .NET CLR 3.5.30729)" "dtcsolution.roomfurnish.com"
202.156.12.12 - - [08/Jan/2010:21:10:39 -0800] "GET /html/images/im2.jpg HTTP/1.1" 200 4990 "http://dtcsolution.roomfurnish.com/html/" "Mozilla/4.0 (compatible; MSIE 7.0; Windows NT 6.0; GTB6.3; SLCC1; .NET CLR 2.0.50727; Media Center PC 5.0; .NET CLR 3.0.30618; .NET CLR 3.5.30729)" "dtcsolution.roomfurnish.com"
93.158.145.27 - - [08/Jan/2010:21:18:28 -0800] "GET /logs/access_080930.log HTTP/1.1" 200 0 "-" "Yandex/1.01.001 (compatible; Win16; I)" "www.roomfurnish.com"
93.158.145.27 - - [08/Jan/2010:21:51:25 -0800] "GET /tmp/sess_8b8231a60e321454f92d4ee99a8e4218 HTTP/1.1" 403 - "-" "Yandex/1.01.001 (compatible; Win16; I)" "www.roomfurnish.com"
121.222.115.45 - - [08/Jan/2010:21:53:33 -0800] "GET /dtcsolution/ HTTP/1.1" 200 2040 "http://search.yahoo.com/search?p=intitle%3Aindex.of+psd+fonts+library&fr=sfp&fr2=sb-top&xargs=0&pstart=1&b=31&xa=ZbPJDcolxuCqjKuJBBRz2w--,1263102798" "Mozilla/5.0 (Windows; U; Windows NT 5.1; en-US) AppleWebKit/525.19 (KHTML, like Gecko) Chrome/1.0.154.53 Safari/525.19" "roomfurnish.com"
121.222.115.45 - - [08/Jan/2010:21:53:34 -0800] "GET /favicon.ico HTTP/1.1" 404 - "-" "Mozilla/5.0 (Windows; U; Windows NT 5.1; en-US) AppleWebKit/525.19 (KHTML, like Gecko) Chrome/1.0.154.53 Safari/525.19" "roomfurnish.com"
121.222.115.45 - - [08/Jan/2010:21:53:36 -0800] "GET /dtcsolution/2489-b.jpg HTTP/1.1" 200 83267 "http://roomfurnish.com/dtcsolution/" "Mozilla/5.0 (Windows; U; Windows NT 5.1; en-US) AppleWebKit/525.19 (KHTML, like Gecko) Chrome/1.0.154.53 Safari/525.19" "roomfurnish.com"
121.222.115.45 - - [08/Jan/2010:21:53:40 -0800] "GET /dtcsolution/psd/ HTTP/1.1" 200 853 "http://roomfurnish.com/dtcsolution/" "Mozilla/5.0 (Windows; U; Windows NT 5.1; en-US) AppleWebKit/525.19 (KHTML, like Gecko) Chrome/1.0.154.53 Safari/525.19" "roomfurnish.com"
203.97.213.207 - - [08/Jan/2010:21:57:51 -0800] "GET /html/ HTTP/1.1" 200 29618 "http://www.dtcsolution.com/" "Mozilla/5.0 (Windows; U; Windows NT 5.1; en-US; rv:1.9.1.7) Gecko/20091221 Firefox/3.5.7 (.NET CLR 3.5.30729)" "dtcsolution.roomfurnish.com"
203.97.213.207 - - [08/Jan/2010:21:57:51 -0800] "GET /html/images/main_bgs.jpg HTTP/1.1" 404 - "http://dtcsolution.roomfurnish.com/html/" "Mozilla/5.0 (Windows; U; Windows NT 5.1; en-US; rv:1.9.1.7) Gecko/20091221 Firefox/3.5.7 (.NET CLR 3.5.30729)" "dtcsolution.roomfurnish.com"
203.97.213.207 - - [08/Jan/2010:21:57:52 -0800] "GET /html/images/but1.jpg HTTP/1.1" 200 1436 "http://dtcsolution.roomfurnish.com/html/" "Mozilla/5.0 (Windows; U; Windows NT 5.1; en-US; rv:1.9.1.7) Gecko/20091221 Firefox/3.5.7 (.NET CLR 3.5.30729)" "dtcsolution.roomfurnish.com"
202.156.13.11 - - [08/Jan/2010:22:13:04 -0800] "GET /html/ HTTP/1.1" 200 29618 "http://www.dtcsolution.com/" "Mozilla/5.0 (Windows; U; Windows NT 6.0; en-US; rv:1.9.1.7) Gecko/20091221 Firefox/3.5.7 (.NET CLR 3.5.30729)" "dtcsolution.roomfurnish.com"
202.156.13.11 - - [08/Jan/2010:22:13:05 -0800] "GET /html/images/main_bgs.jpg HTTP/1.1" 404 - "http://dtcsolution.roomfurnish.com/html/" "Mozilla/5.0 (Windows; U; Windows NT 6.0; en-US; rv:1.9.1.7) Gecko/20091221 Firefox/3.5.7 (.NET CLR 3.5.30729)" "dtcsolution.roomfurnish.com"
202.156.13.11 - - [08/Jan/2010:22:13:05 -0800] "GET /html/images/1.jpg HTTP/1.1" 200 21212 "http://dtcsolution.roomfurnish.com/html/" "Mozilla/5.0 (Windows; U; Windows NT 6.0; en-US; rv:1.9.1.7) Gecko/20091221 Firefox/3.5.7 (.NET CLR 3.5.30729)" "dtcsolution.roomfurnish.com"
202.156.13.11 - - [08/Jan/2010:22:13:05 -0800] "GET /html/images/but1.jpg HTTP/1.1" 200 1436 "http://dtcsolution.roomfurnish.com/html/" "Mozilla/5.0 (Windows; U; Windows NT 6.0; en-US; rv:1.9.1.7) Gecko/20091221 Firefox/3.5.7 (.NET CLR 3.5.30729)" "dtcsolution.roomfurnish.com"
202.156.13.11 - - [08/Jan/2010:22:13:06 -0800] "GET /html/images/b3.jpg HTTP/1.1" 200 24167 "http://dtcsolution.roomfurnish.com/html/" "Mozilla/5.0 (Windows; U; Windows NT 6.0; en-US; rv:1.9.1.7) Gecko/20091221 Firefox/3.5.7 (.NET CLR 3.5.30729)" "dtcsolution.roomfurnish.com"
202.156.13.11 - - [08/Jan/2010:22:13:06 -0800] "GET /html/images/b5.jpg HTTP/1.1" 200 25484 "http://dtcsolution.roomfurnish.com/html/" "Mozilla/5.0 (Windows; U; Windows NT 6.0; en-US; rv:1.9.1.7) Gecko/20091221 Firefox/3.5.7 (.NET CLR 3.5.30729)" "dtcsolution.roomfurnish.com"
202.156.13.11 - - [08/Jan/2010:22:13:06 -0800] "GET /html/images/cchecks1.jpg HTTP/1.1" 200 18380 "http://dtcsolution.roomfurnish.com/html/" "Mozilla/5.0 (Windows; U; Windows NT 6.0; en-US; rv:1.9.1.7) Gecko/20091221 Firefox/3.5.7 (.NET CLR 3.5.30729)" "dtcsolution.roomfurnish.com"
60.50.229.212 - - [08/Jan/2010:22:14:20 -0800] "GET /html/ HTTP/1.1" 200 29618 "http://www.dtcsolution.com/" "Mozilla/4.0 (compatible; MSIE 8.0; Windows NT 5.1; Trident/4.0; .NET CLR 2.0.50727; .NET CLR 3.0.4506.2152; .NET CLR 3.5.30729; AskTB5.4)" "dtcsolution.roomfurnish.com"
60.50.229.212 - - [08/Jan/2010:22:14:21 -0800] "GET /html/images/main_bgs.jpg HTTP/1.1" 404 - "http://dtcsolution.roomfurnish.com/html/" "Mozilla/4.0 (compatible; MSIE 8.0; Windows NT 5.1; Trident/4.0; .NET CLR 2.0.50727; .NET CLR 3.0.4506.2152; .NET CLR 3.5.30729; AskTB5.4)" "dtcsolution.roomfurnish.com"
60.50.229.212 - - [08/Jan/2010:22:14:23 -0800] "GET /html/images/2.jpg HTTP/1.1" 200 18302 "http://dtcsolution.roomfurnish.com/html/" "Mozilla/4.0 (compatible; MSIE 8.0; Windows NT 5.1; Trident/4.0; .NET CLR 2.0.50727; .NET CLR 3.0.4506.2152; .NET CLR 3.5.30729; AskTB5.4)" "dtcsolution.roomfurnish.com"
60.50.229.212 - - [08/Jan/2010:22:14:27 -0800] "GET /html/images/but2.jpg HTTP/1.1" 200 1108 "http://dtcsolution.roomfurnish.com/html/" "Mozilla/4.0 (compatible; MSIE 8.0; Windows NT 5.1; Trident/4.0; .NET CLR 2.0.50727; .NET CLR 3.0.4506.2152; .NET CLR 3.5.30729; AskTB5.4)" "dtcsolution.roomfurnish.com"
60.50.229.212 - - [08/Jan/2010:22:14:27 -0800] "GET /html/images/im2.jpg HTTP/1.1" 200 4990 "http://dtcsolution.roomfurnish.com/html/" "Mozilla/4.0 (compatible; MSIE 8.0; Windows NT 5.1; Trident/4.0; .NET CLR 2.0.50727; .NET CLR 3.0.4506.2152; .NET CLR 3.5.30729; AskTB5.4)" "dtcsolution.roomfurnish.com"
93.158.145.27 - - [08/Jan/2010:22:24:27 -0800] "GET /logs/scripts.log HTTP/1.1" 200 786432 "-" "Yandex/1.01.001 (compatible; Win16; I)" "www.roomfurnish.com"
67.195.112.165 - - [08/Jan/2010:22:39:56 -0800] "GET /robots.txt HTTP/1.0" 404 - "-" "Mozilla/5.0 (compatible; Yahoo! Slurp; http://help.yahoo.com/help/us/ysearch/slurp)" "dtcsolution.roomfurnish.com"
67.195.112.165 - - [08/Jan/2010:22:39:59 -0800] "GET /html/ HTTP/1.0" 200 29618 "http://dtcsolution.com/" "Mozilla/5.0 (compatible; Yahoo! Slurp/3.0; http://help.yahoo.com/help/us/ysearch/slurp)" "dtcsolution.roomfurnish.com"
202.156.12.231 - - [08/Jan/2010:22:40:02 -0800] "GET /html/ HTTP/1.1" 200 29618 "http://www.dtcsolution.com/" "Mozilla/5.0 (Windows; U; Windows NT 6.1; en-US; rv:1.9.1.4) Gecko/20091016 Firefox/3.5.4 (.NET CLR 3.5.30729) FBSMTWB" "dtcsolution.roomfurnish.com"
202.156.12.14 - - [08/Jan/2010:22:40:05 -0800] "GET /html/images/main_bgs.jpg HTTP/1.1" 404 - "http://dtcsolution.roomfurnish.com/html/" "Mozilla/5.0 (Windows; U; Windows NT 6.1; en-US; rv:1.9.1.4) Gecko/20091016 Firefox/3.5.4 (.NET CLR 3.5.30729) FBSMTWB" "dtcsolution.roomfurnish.com"
202.156.12.14 - - [08/Jan/2010:22:40:05 -0800] "GET /html/images/b1.jpg HTTP/1.1" 200 22950 "http://dtcsolution.roomfurnish.com/html/" "Mozilla/5.0 (Windows; U; Windows NT 6.1; en-US; rv:1.9.1.4) Gecko/20091016 Firefox/3.5.4 (.NET CLR 3.5.30729) FBSMTWB" "dtcsolution.roomfurnish.com"
202.156.13.240 - - [08/Jan/2010:22:55:51 -0800] "GET /html/ HTTP/1.1" 200 29618 "http://www.dtcsolution.com/" "Mozilla/5.0 (Windows; U; Windows NT 6.1; en-US; rv:1.9.2b5) Gecko/20091204 Firefox/3.6b5" "dtcsolution.roomfurnish.com"
202.156.13.12 - - [08/Jan/2010:22:55:51 -0800] "GET /html/images/main_bgs.jpg HTTP/1.1" 404 - "http://dtcsolution.roomfurnish.com/html/" "Mozilla/5.0 (Windows; U; Windows NT 6.1; en-US; rv:1.9.2b5) Gecko/20091204 Firefox/3.6b5" "dtcsolution.roomfurnish.com"
93.158.145.27 - - [08/Jan/2010:22:57:08 -0800] "GET /logs/access_080630.log HTTP/1.1" 200 0 "-" "Yandex/1.01.001 (compatible; Win16; I)" "www.roomfurnish.com"
64.124.140.231 - - [08/Jan/2010:23:02:41 -0800] "GET /dtcsolution/ HTTP/1.1" 200 2040 "-" "Mozilla/5.0 (compatible; FatBot 2.0; http://www.thefind.com/crawler)" "roomfurnish.com"
64.124.148.67 - - [08/Jan/2010:23:07:31 -0800] "GET /FRABK.TTF HTTP/1.1" 200 141768 "-" "Mozilla/5.0 (compatible; FatBot 2.0; http://www.thefind.com/crawler)" "roomfurnish.com"
64.124.148.67 - - [08/Jan/2010:23:09:37 -0800] "GET /swatch/ HTTP/1.1" 200 662 "-" "Mozilla/5.0 (compatible; FatBot 2.0; http://www.thefind.com/crawler)" "roomfurnish.com"
118.96.105.5 - - [08/Jan/2010:23:11:04 -0800] "GET /html/ HTTP/1.1" 200 29618 "http://www.dtcsolution.com/" "Mozilla/5.0 (Windows; U; Windows NT 5.1; en-US; rv:1.9.1.7) Gecko/20091221 Firefox/3.5.7" "dtcsolution.roomfurnish.com"
118.96.105.5 - - [08/Jan/2010:23:11:08 -0800] "GET /html/images/main_bgs.jpg HTTP/1.1" 404 - "http://dtcsolution.roomfurnish.com/html/" "Mozilla/5.0 (Windows; U; Windows NT 5.1; en-US; rv:1.9.1.7) Gecko/20091221 Firefox/3.5.7" "dtcsolution.roomfurnish.com"
64.124.148.26 - - [08/Jan/2010:23:12:05 -0800] "GET /test/ HTTP/1.1" 200 798 "-" "Mozilla/5.0 (compatible; FatBot 2.0; http://www.thefind.com/crawler)" "roomfurnish.com"
64.124.148.25 - - [08/Jan/2010:23:13:08 -0800] "GET /FL/ HTTP/1.1" 200 70819 "-" "Mozilla/5.0 (compatible; FatBot 2.0; http://www.thefind.com/crawler)" "roomfurnish.com"
64.124.148.24 - - [08/Jan/2010:23:16:25 -0800] "GET /?S=A HTTP/1.1" 200 2855 "-" "Mozilla/5.0 (compatible; FatBot 2.0; http://www.thefind.com/crawler)" "roomfurnish.com"
64.124.140.228 - - [08/Jan/2010:23:16:55 -0800] "GET /BOB/ HTTP/1.1" 200 520 "-" "Mozilla/5.0 (compatible; FatBot 2.0; http://www.thefind.com/crawler)" "roomfurnish.com"
64.124.148.64 - - [08/Jan/2010:23:26:26 -0800] "GET /?M=A HTTP/1.1" 200 2855 "-" "Mozilla/5.0 (compatible; FatBot 2.0; http://www.thefind.com/crawler)" "roomfurnish.com"
93.158.145.27 - - [08/Jan/2010:23:29:41 -0800] "GET /tmp/back HTTP/1.1" 200 541 "-" "Yandex/1.01.001 (compatible; Win16; I)" "www.roomfurnish.com"
64.124.148.67 - - [08/Jan/2010:23:31:05 -0800] "GET /?N=D HTTP/1.1" 200 2855 "-" "Mozilla/5.0 (compatible; FatBot 2.0; http://www.thefind.com/crawler)" "roomfurnish.com"
202.156.12.234 - - [08/Jan/2010:23:32:59 -0800] "GET /html/ HTTP/1.1" 200 29618 "http://www.dtcsolution.com/" "Mozilla/4.0 (compatible; MSIE 8.0; Windows NT 5.1; Trident/4.0; FunWebProducts; .NET CLR 1.1.4322; .NET CLR 2.0.50727; OfficeLiveConnector.1.3; OfficeLivePatch.0.0; .NET CLR 3.0.4506.2152; .NET CLR 3.5.30729)" "dtcsolution.roomfurnish.com"
202.156.12.15 - - [08/Jan/2010:23:33:00 -0800] "GET /html/images/main_bgs.jpg HTTP/1.1" 404 - "http://dtcsolution.roomfurnish.com/html/" "Mozilla/4.0 (compatible; MSIE 8.0; Windows NT 5.1; Trident/4.0; FunWebProducts; .NET CLR 1.1.4322; .NET CLR 2.0.50727; OfficeLiveConnector.1.3; OfficeLivePatch.0.0; .NET CLR 3.0.4506.2152; .NET CLR 3.5.30729)" "dtcsolution.roomfurnish.com"
64.124.140.228 - - [08/Jan/2010:23:35:03 -0800] "GET /classic_blue.html HTTP/1.1" 200 18032 "-" "Mozilla/5.0 (compatible; FatBot 2.0; http://www.thefind.com/crawler)" "roomfurnish.com"
64.124.140.230 - - [08/Jan/2010:23:36:21 -0800] "GET /QM/ HTTP/1.1" 200 1340 "-" "Mozilla/5.0 (compatible; FatBot 2.0; http://www.thefind.com/crawler)" "roomfurnish.com"
83.167.62.170 - - [08/Jan/2010:23:40:15 -0800] "GET /dtcsolution/FONTS/FRADMIT.TTF HTTP/1.1" 200 125624 "-" "Mozilla/5.0 (compatible; Exabot/3.0 (BiggerBetter); +http://www.exabot.com/go/robot)" "roomfurnish.com"
83.167.62.170 - - [08/Jan/2010:23:40:19 -0800] "GET /BOSSTON/BOSSTON-CD/20048/ HTTP/1.1" 200 6391 "-" "Mozilla/5.0 (compatible; Exabot/3.0 (BiggerBetter); +http://www.exabot.com/go/robot)" "roomfurnish.com"
64.124.140.231 - - [08/Jan/2010:23:42:00 -0800] "GET /?D=A HTTP/1.1" 200 2855 "-" "Mozilla/5.0 (compatible; FatBot 2.0; http://www.thefind.com/crawler)" "roomfurnish.com"
64.124.140.230 - - [08/Jan/2010:23:45:35 -0800] "GET /113-315-325.jpg HTTP/1.1" 200 524288 "-" "Mozilla/5.0 (compatible; FatBot 2.0; http://www.thefind.com/crawler)" "roomfurnish.com"
220.255.7.148 - - [08/Jan/2010:23:46:13 -0800] "GET /html/images/main_bgs.jpg HTTP/1.1" 404 - "http://dtcsolution.roomfurnish.com/html/" "Mozilla/4.0 (compatible; MSIE 8.0; Windows NT 5.1; Trident/4.0; .NET CLR 1.1.4322; InfoPath.1; .NET CLR 2.0.50727)" "dtcsolution.roomfurnish.com"
64.124.148.23 - - [08/Jan/2010:23:48:02 -0800] "GET /tmp/ HTTP/1.1" 200 13467 "-" "Mozilla/5.0 (compatible; FatBot 2.0; http://www.thefind.com/crawler)" "roomfurnish.com"
64.124.140.229 - - [08/Jan/2010:23:48:14 -0800] "GET /FLleather/ HTTP/1.1" 200 2028 "-" "Mozilla/5.0 (compatible; FatBot 2.0; http://www.thefind.com/crawler)" "roomfurnish.com"
64.124.148.66 - - [08/Jan/2010:23:51:27 -0800] "GET /logs/ HTTP/1.1" 200 4942 "-" "Mozilla/5.0 (compatible; FatBot 2.0; http://www.thefind.com/crawler)" "roomfurnish.com"
64.124.148.67 - - [08/Jan/2010:23:52:41 -0800] "GET /BOSSTON/ HTTP/1.1" 200 944 "-" "Mozilla/5.0 (compatible; FatBot 2.0; http://www.thefind.com/crawler)" "roomfurnish.com"
64.124.140.232 - - [08/Jan/2010:23:53:33 -0800] "GET /nantian/ HTTP/1.1" 200 10769 "-" "Mozilla/5.0 (compatible; FatBot 2.0; http://www.thefind.com/crawler)" "roomfurnish.com"
83.167.62.170 - - [08/Jan/2010:23:55:14 -0800] "GET /dtcsolution/FONTS/FRADM.TTF HTTP/1.1" 200 134240 "-" "Mozilla/5.0 (compatible; Exabot/3.0 (BiggerBetter); +http://www.exabot.com/go/robot)" "roomfurnish.com"
93.158.145.27 - - [09/Jan/2010:00:02:20 -0800] "GET /tmp/sess_f2f4c4359a37b296f92758314df6edfd HTTP/1.1" 403 - "-" "Yandex/1.01.001 (compatible; Win16; I)" "www.roomfurnish.com"
220.255.7.141 - - [09/Jan/2010:00:22:01 -0800] "GET /html/images/main_bgs.jpg HTTP/1.1" 404 - "http://dtcsolution.roomfurnish.com/html/" "Mozilla/5.0 (Windows; U; Windows NT 5.1; en-US; rv:1.9.1.7) Gecko/20091221 Firefox/3.5.7 (.NET CLR 3.5.30729)" "dtcsolution.roomfurnish.com"
93.158.145.27 - - [09/Jan/2010:00:35:06 -0800] "GET /logs/access_090930.log HTTP/1.1" 200 0 "-" "Yandex/1.01.001 (compatible; Win16; I)" "www.roomfurnish.com"
83.167.62.170 - - [09/Jan/2010:00:49:42 -0800] "GET /BOB/?M=A HTTP/1.1" 200 520 "-" "Mozilla/5.0 (compatible; Exabot/3.0 (BiggerBetter); +http://www.exabot.com/go/robot)" "roomfurnish.com"
220.181.7.94 - - [09/Jan/2010:00:53:42 -0800] "GET / HTTP/1.1" 200 2855 "-" "Baiduspider+(+http://www.baidu.com/search/spider.htm)" "roomfurnish.com"
93.158.145.27 - - [09/Jan/2010:01:07:58 -0800] "GET /tmp/sess_b2f2f666da483367934cc929af5a6087 HTTP/1.1" 403 - "-" "Yandex/1.01.001 (compatible; Win16; I)" "www.roomfurnish.com"
220.255.7.144 - - [09/Jan/2010:01:08:05 -0800] "GET /html/images/main_bgs.jpg HTTP/1.1" 404 - "http://dtcsolution.roomfurnish.com/html/" "Mozilla/5.0 (Macintosh; U; Intel Mac OS X 10.5; en-US; rv:1.9.1.7) Gecko/20091221 Firefox/3.5.7" "dtcsolution.roomfurnish.com"
64.124.140.226 - - [09/Jan/2010:01:20:59 -0800] "GET /FL/G-1631A.jpg HTTP/1.0" 200 65420 "-" "Mozilla/5.0 (compatible; FatBot 2.0; http://www.thefind.com/crawler)" "roomfurnish.com"
208.80.193.39 - - [09/Jan/2010:01:21:43 -0800] "GET / HTTP/1.0" 200 2002 "-" "Mozilla/4.0 (compatible; MSIE 6.0; Windows NT 5.1; SV1; ZangoToolbar 4.8.2; HbTools 4.8.4)" "dtcsolution.roomfurnish.com"
64.124.140.226 - - [09/Jan/2010:01:22:39 -0800] "GET /FL/G-1278.jpg HTTP/1.1" 200 83476 "-" "Mozilla/5.0 (compatible; FatBot 2.0; http://www.thefind.com/crawler)" "roomfurnish.com"
64.124.140.226 - - [09/Jan/2010:01:24:19 -0800] "GET /FL/G-1035.jpg HTTP/1.1" 200 82737 "-" "Mozilla/5.0 (compatible; FatBot 2.0; http://www.thefind.com/crawler)" "roomfurnish.com"
64.124.140.226 - - [09/Jan/2010:01:25:59 -0800] "GET /FL/G-1263.jpg HTTP/1.1" 200 76357 "-" "Mozilla/5.0 (compatible; FatBot 2.0; http://www.thefind.com/crawler)" "roomfurnish.com"
64.124.140.226 - - [09/Jan/2010:01:27:39 -0800] "GET /FL/G-1107.jpg HTTP/1.1" 200 16006 "-" "Mozilla/5.0 (compatible; FatBot 2.0; http://www.thefind.com/crawler)" "roomfurnish.com"
64.124.140.226 - - [09/Jan/2010:01:29:19 -0800] "GET /FL/G-1446.jpg HTTP/1.1" 200 44784 "-" "Mozilla/5.0 (compatible; FatBot 2.0; http://www.thefind.com/crawler)" "roomfurnish.com"
64.124.140.226 - - [09/Jan/2010:01:33:02 -0800] "GET /FL/G-1663.jpg HTTP/1.1" 200 114079 "-" "Mozilla/5.0 (compatible; FatBot 2.0; http://www.thefind.com/crawler)" "roomfurnish.com"
64.124.140.226 - - [09/Jan/2010:01:34:42 -0800] "GET /swatch/?S=A HTTP/1.1" 200 662 "-" "Mozilla/5.0 (compatible; FatBot 2.0; http://www.thefind.com/crawler)" "roomfurnish.com"
64.124.140.226 - - [09/Jan/2010:01:36:22 -0800] "GET /FL/G-1522.jpg HTTP/1.1" 200 72814 "-" "Mozilla/5.0 (compatible; FatBot 2.0; http://www.thefind.com/crawler)" "roomfurnish.com"
64.124.140.226 - - [09/Jan/2010:01:38:02 -0800] "GET /FL/G-1117.jpg HTTP/1.1" 200 56639 "-" "Mozilla/5.0 (compatible; FatBot 2.0; http://www.thefind.com/crawler)" "roomfurnish.com"
64.124.140.226 - - [09/Jan/2010:01:39:42 -0800] "GET /FL/G-1335.jpg HTTP/1.1" 200 28169 "-" "Mozilla/5.0 (compatible; FatBot 2.0; http://www.thefind.com/crawler)" "roomfurnish.com"
93.158.145.27 - - [09/Jan/2010:01:40:37 -0800] "GET /tmp/sess_26085f28e00f292bf8ecbd88083fe91a HTTP/1.1" 403 - "-" "Yandex/1.01.001 (compatible; Win16; I)" "www.roomfurnish.com"
64.124.140.226 - - [09/Jan/2010:01:41:33 -0800] "GET /FL/G-1471-1S.jpg HTTP/1.1" 200 23443 "-" "Mozilla/5.0 (compatible; FatBot 2.0; http://www.thefind.com/crawler)" "roomfurnish.com"
64.124.140.226 - - [09/Jan/2010:01:43:13 -0800] "GET /FL/G-1206.jpg HTTP/1.1" 200 43359 "-" "Mozilla/5.0 (compatible; FatBot 2.0; http://www.thefind.com/crawler)" "roomfurnish.com"
64.124.140.226 - - [09/Jan/2010:01:45:54 -0800] "GET /FL/G-1228.jpg HTTP/1.1" 200 70642 "-" "Mozilla/5.0 (compatible; FatBot 2.0; http://www.thefind.com/crawler)" "roomfurnish.com"
64.124.140.226 - - [09/Jan/2010:01:47:34 -0800] "GET /FL/G-1448.jpg HTTP/1.1" 200 62092 "-" "Mozilla/5.0 (compatible; FatBot 2.0; http://www.thefind.com/crawler)" "roomfurnish.com"
64.124.140.226 - - [09/Jan/2010:01:49:14 -0800] "GET /FL/G-1032.jpg HTTP/1.1" 200 150725 "-" "Mozilla/5.0 (compatible; FatBot 2.0; http://www.thefind.com/crawler)" "roomfurnish.com"
67.195.115.97 - - [09/Jan/2010:01:49:26 -0800] "GET /robots.txt HTTP/1.0" 404 - "-" "Mozilla/5.0 (compatible; Yahoo! Slurp; http://help.yahoo.com/help/us/ysearch/slurp)" "roomfurnish.com"
64.124.140.226 - - [09/Jan/2010:01:51:42 -0800] "GET /FL/G-1439.jpg HTTP/1.1" 200 42936 "-" "Mozilla/5.0 (compatible; FatBot 2.0; http://www.thefind.com/crawler)" "roomfurnish.com"
64.124.140.226 - - [09/Jan/2010:01:53:21 -0800] "GET /FL/G-1322.jpg HTTP/1.1" 200 33586 "-" "Mozilla/5.0 (compatible; FatBot 2.0; http://www.thefind.com/crawler)" "roomfurnish.com"
64.124.140.226 - - [09/Jan/2010:01:55:02 -0800] "GET /FL/G-1347.jpg HTTP/1.1" 200 105845 "-" "Mozilla/5.0 (compatible; FatBot 2.0; http://www.thefind.com/crawler)" "roomfurnish.com"
64.124.140.226 - - [09/Jan/2010:01:56:41 -0800] "GET /FL/G-1643A.jpg HTTP/1.1" 200 82161 "-" "Mozilla/5.0 (compatible; FatBot 2.0; http://www.thefind.com/crawler)" "roomfurnish.com"
64.124.140.226 - - [09/Jan/2010:01:58:22 -0800] "GET /FL/G-1288.jpg HTTP/1.1" 200 78882 "-" "Mozilla/5.0 (compatible; FatBot 2.0; http://www.thefind.com/crawler)" "roomfurnish.com"
64.124.140.226 - - [09/Jan/2010:02:00:02 -0800] "GET /FL/G-1551A.jpg HTTP/1.1" 200 216951 "-" "Mozilla/5.0 (compatible; FatBot 2.0; http://www.thefind.com/crawler)" "roomfurnish.com"
64.124.140.229 - - [09/Jan/2010:02:03:11 -0800] "GET /FL/G-1339.jpg HTTP/1.1" 200 74059 "-" "Mozilla/5.0 (compatible; FatBot 2.0; http://www.thefind.com/crawler)" "roomfurnish.com"
64.124.140.230 - - [09/Jan/2010:02:03:15 -0800] "GET /dtcsolution/2489-sph.jpg HTTP/1.1" 200 52381 "-" "Mozilla/5.0 (compatible; FatBot 2.0; http://www.thefind.com/crawler)" "roomfurnish.com"
64.124.140.227 - - [09/Jan/2010:02:04:14 -0800] "GET /test/?D=A HTTP/1.1" 200 798 "-" "Mozilla/5.0 (compatible; FatBot 2.0; http://www.thefind.com/crawler)" "roomfurnish.com"
64.124.140.229 - - [09/Jan/2010:02:04:49 -0800] "GET /FL/G-1083.jpg HTTP/1.1" 200 239589 "-" "Mozilla/5.0 (compatible; FatBot 2.0; http://www.thefind.com/crawler)" "roomfurnish.com"
64.124.140.226 - - [09/Jan/2010:02:07:38 -0800] "GET /FL/G-1365.jpg HTTP/1.1" 200 69321 "-" "Mozilla/5.0 (compatible; FatBot 2.0; http://www.thefind.com/crawler)" "roomfurnish.com"
64.124.140.229 - - [09/Jan/2010:02:08:09 -0800] "GET /FL/G-1510.jpg HTTP/1.1" 200 70776 "-" "Mozilla/5.0 (compatible; FatBot 2.0; http://www.thefind.com/crawler)" "roomfurnish.com"
64.124.140.228 - - [09/Jan/2010:02:08:44 -0800] "GET /FL/G-1338.jpg HTTP/1.1" 200 76977 "-" "Mozilla/5.0 (compatible; FatBot 2.0; http://www.thefind.com/crawler)" "roomfurnish.com"
64.124.148.28 - - [09/Jan/2010:02:09:38 -0800] "GET /dtcsolution/?D=A HTTP/1.1" 200 2040 "-" "Mozilla/5.0 (compatible; FatBot 2.0; http://www.thefind.com/crawler)" "roomfurnish.com"
64.124.140.229 - - [09/Jan/2010:02:09:49 -0800] "GET /swatch/?D=A HTTP/1.1" 200 662 "-" "Mozilla/5.0 (compatible; FatBot 2.0; http://www.thefind.com/crawler)" "roomfurnish.com"
64.124.140.228 - - [09/Jan/2010:02:10:24 -0800] "GET /FL/G-1540-1S.jpg HTTP/1.1" 200 145520 "-" "Mozilla/5.0 (compatible; FatBot 2.0; http://www.thefind.com/crawler)" "roomfurnish.com"
64.124.140.229 - - [09/Jan/2010:02:11:29 -0800] "GET /FL/G-1343A.jpg HTTP/1.1" 200 71130 "-" "Mozilla/5.0 (compatible; FatBot 2.0; http://www.thefind.com/crawler)" "roomfurnish.com"
64.124.140.228 - - [09/Jan/2010:02:12:04 -0800] "GET /FL/G-1389.jpg HTTP/1.1" 200 37135 "-" "Mozilla/5.0 (compatible; FatBot 2.0; http://www.thefind.com/crawler)" "roomfurnish.com"
64.124.140.230 - - [09/Jan/2010:02:12:41 -0800] "GET /FL/G-1425A.jpg HTTP/1.1" 200 131625 "-" "Mozilla/5.0 (compatible; FatBot 2.0; http://www.thefind.com/crawler)" "roomfurnish.com"
93.158.145.27 - - [09/Jan/2010:02:13:13 -0800] "GET /tmp/sess_bc7ef92eee16278f51bb4b3d62724f85 HTTP/1.1" 403 - "-" "Yandex/1.01.001 (compatible; Win16; I)" "www.roomfurnish.com"
64.124.140.228 - - [09/Jan/2010:02:13:44 -0800] "GET /FL/G-1554A.jpg HTTP/1.1" 200 128937 "-" "Mozilla/5.0 (compatible; FatBot 2.0; http://www.thefind.com/crawler)" "roomfurnish.com"
64.124.140.232 - - [09/Jan/2010:02:14:10 -0800] "GET /FL/G-1165.jpg HTTP/1.1" 200 105693 "-" "Mozilla/5.0 (compatible; FatBot 2.0; http://www.thefind.com/crawler)" "roomfurnish.com"
64.124.140.230 - - [09/Jan/2010:02:14:21 -0800] "GET /FL/G-1550A.jpg HTTP/1.1" 200 91433 "-" "Mozilla/5.0 (compatible; FatBot 2.0; http://www.thefind.com/crawler)" "roomfurnish.com"
64.124.140.229 - - [09/Jan/2010:02:14:53 -0800] "GET /FL/G-1462.jpg HTTP/1.1" 200 110883 "-" "Mozilla/5.0 (compatible; FatBot 2.0; http://www.thefind.com/crawler)" "roomfurnish.com"
64.124.148.64 - - [09/Jan/2010:02:15:21 -0800] "GET /dtcsolution/2489-a.jpg HTTP/1.1" 200 248043 "-" "Mozilla/5.0 (compatible; FatBot 2.0; http://www.thefind.com/crawler)" "roomfurnish.com"
64.124.140.228 - - [09/Jan/2010:02:15:24 -0800] "GET /FL/G-1546.jpg HTTP/1.1" 200 89846 "-" "Mozilla/5.0 (compatible; FatBot 2.0; http://www.thefind.com/crawler)" "roomfurnish.com"
64.124.140.232 - - [09/Jan/2010:02:15:50 -0800] "GET /FL/G-1408-3S.JPG HTTP/1.1" 200 27899 "-" "Mozilla/5.0 (compatible; FatBot 2.0; http://www.thefind.com/crawler)" "roomfurnish.com"
64.124.140.230 - - [09/Jan/2010:02:16:01 -0800] "GET /FL/G-1463.jpg HTTP/1.1" 200 84062 "-" "Mozilla/5.0 (compatible; FatBot 2.0; http://www.thefind.com/crawler)" "roomfurnish.com"
64.124.140.228 - - [09/Jan/2010:02:17:04 -0800] "GET /FL/G-1023.jpg HTTP/1.1" 200 100821 "-" "Mozilla/5.0 (compatible; FatBot 2.0; http://www.thefind.com/crawler)" "roomfurnish.com"
64.124.140.232 - - [09/Jan/2010:02:17:30 -0800] "GET /FL/G-1514.jpg HTTP/1.1" 200 61525 "-" "Mozilla/5.0 (compatible; FatBot 2.0; http://www.thefind.com/crawler)" "roomfurnish.com"
64.124.140.227 - - [09/Jan/2010:02:17:32 -0800] "GET /FL/G-1106.jpg HTTP/1.1" 200 57968 "-" "Mozilla/5.0 (compatible; FatBot 2.0; http://www.thefind.com/crawler)" "roomfurnish.com"
64.124.148.64 - - [09/Jan/2010:02:17:35 -0800] "GET /dtcsolution/html/ HTTP/1.1" 200 29618 "-" "Mozilla/5.0 (compatible; FatBot 2.0; http://www.thefind.com/crawler)" "roomfurnish.com"
