193.252.149.16 - - [29/Dec/2009:16:22:27 -0800] "GET /robots.txt HTTP/1.1" 404 - "-" "Mozilla/5.0 (Windows; U; Windows NT 5.1; fr; rv:1.8.1) VoilaBot BETA 1.2 (support.voilabot@orange-ftgroup.com)" "roomfurnish.com"
193.252.149.16 - - [29/Dec/2009:16:22:32 -0800] "GET / HTTP/1.1" 200 2855 "-" "Mozilla/5.0 (Windows; U; Windows NT 5.1; fr; rv:1.8.1) VoilaBot BETA 1.2 (support.voilabot@orange-ftgroup.com)" "roomfurnish.com"
77.88.29.247 - - [29/Dec/2009:16:25:49 -0800] "GET /logs/access_091130.log HTTP/1.1" 200 0 "-" "Yandex/1.01.001 (compatible; Win16; I)" "www.roomfurnish.com"
203.111.228.126 - - [29/Dec/2009:16:26:46 -0800] "GET /html/ HTTP/1.1" 200 29618 "http://www.dtcsolution.com/" "Mozilla/5.0 (Windows; U; Windows NT 5.1; en-US; rv:1.9) Gecko/2008051206 Firefox/3.0" "dtcsolution.roomfurnish.com"
203.111.228.126 - - [29/Dec/2009:16:26:47 -0800] "GET /html/images/main_bgs.jpg HTTP/1.1" 404 - "http://dtcsolution.roomfurnish.com/html/" "Mozilla/5.0 (Windows; U; Windows NT 5.1; en-US; rv:1.9) Gecko/2008051206 Firefox/3.0" "dtcsolution.roomfurnish.com"
203.111.228.126 - - [29/Dec/2009:16:26:52 -0800] "GET /html/images/pass.jpg HTTP/1.1" 200 1772 "http://dtcsolution.roomfurnish.com/html/" "Mozilla/5.0 (Windows; U; Windows NT 5.1; en-US; rv:1.9) Gecko/2008051206 Firefox/3.0" "dtcsolution.roomfurnish.com"
203.111.228.126 - - [29/Dec/2009:16:26:52 -0800] "GET /html/images/bg.jpg HTTP/1.1" 200 549 "http://dtcsolution.roomfurnish.com/html/" "Mozilla/5.0 (Windows; U; Windows NT 5.1; en-US; rv:1.9) Gecko/2008051206 Firefox/3.0" "dtcsolution.roomfurnish.com"
77.88.29.247 - - [29/Dec/2009:16:53:32 -0800] "GET /tmp/sess_57896c2626b21fa879bb85c8a5145902 HTTP/1.1" 403 - "-" "Yandex/1.01.001 (compatible; Win16; I)" "www.roomfurnish.com"
77.88.29.247 - - [29/Dec/2009:17:20:18 -0800] "GET /tmp/sess_680db94c8394e87d17170d7a0453e28d HTTP/1.1" 403 - "-" "Yandex/1.01.001 (compatible; Win16; I)" "www.roomfurnish.com"
218.186.8.237 - - [29/Dec/2009:17:39:52 -0800] "GET /html/ HTTP/1.1" 200 29618 "http://www.dtcsolution.com/" "Mozilla/4.0 (compatible; MSIE 7.0; Windows NT 6.0; SLCC1; .NET CLR 2.0.50727; Media Center PC 5.0; InfoPath.2; .NET CLR 3.5.30729; .NET CLR 3.0.30618)" "dtcsolution.roomfurnish.com"
218.186.8.14 - - [29/Dec/2009:17:39:53 -0800] "GET /html/images/main_bgs.jpg HTTP/1.1" 404 - "http://dtcsolution.roomfurnish.com/html/" "Mozilla/4.0 (compatible; MSIE 7.0; Windows NT 6.0; SLCC1; .NET CLR 2.0.50727; Media Center PC 5.0; InfoPath.2; .NET CLR 3.5.30729; .NET CLR 3.0.30618)" "dtcsolution.roomfurnish.com"
203.78.9.165 - - [29/Dec/2009:17:39:58 -0800] "GET /html/ HTTP/1.1" 200 29618 "http://www.dtcsolution.com/" "Mozilla/4.0 (compatible; MSIE 6.0; Windows NT 5.1; SV1; GTB6; .NET CLR 2.0.50727)" "dtcsolution.roomfurnish.com"
203.78.9.165 - - [29/Dec/2009:17:39:58 -0800] "GET /html/images/main_bgs.jpg HTTP/1.1" 404 - "http://dtcsolution.roomfurnish.com/html/" "Mozilla/4.0 (compatible; MSIE 6.0; Windows NT 5.1; SV1; GTB6; .NET CLR 2.0.50727)" "dtcsolution.roomfurnish.com"
218.186.8.14 - - [29/Dec/2009:17:40:00 -0800] "GET /html/images/line.jpg HTTP/1.1" 200 1896 "http://dtcsolution.roomfurnish.com/html/" "Mozilla/4.0 (compatible; MSIE 7.0; Windows NT 6.0; SLCC1; .NET CLR 2.0.50727; Media Center PC 5.0; InfoPath.2; .NET CLR 3.5.30729; .NET CLR 3.0.30618)" "dtcsolution.roomfurnish.com"
218.186.8.14 - - [29/Dec/2009:17:40:05 -0800] "GET /html/images/menu2.jpg HTTP/1.1" 200 5107 "http://dtcsolution.roomfurnish.com/html/" "Mozilla/4.0 (compatible; MSIE 7.0; Windows NT 6.0; SLCC1; .NET CLR 2.0.50727; Media Center PC 5.0; InfoPath.2; .NET CLR 3.5.30729; .NET CLR 3.0.30618)" "dtcsolution.roomfurnish.com"
218.186.8.14 - - [29/Dec/2009:17:40:07 -0800] "GET /html/images/bottom.jpg HTTP/1.1" 200 3496 "http://dtcsolution.roomfurnish.com/html/" "Mozilla/4.0 (compatible; MSIE 7.0; Windows NT 6.0; SLCC1; .NET CLR 2.0.50727; Media Center PC 5.0; InfoPath.2; .NET CLR 3.5.30729; .NET CLR 3.0.30618)" "dtcsolution.roomfurnish.com"
77.88.29.247 - - [29/Dec/2009:17:47:57 -0800] "GET /tmp/sess_9d718ebdcd144068a7ddbeb40e527a3c HTTP/1.1" 403 - "-" "Yandex/1.01.001 (compatible; Win16; I)" "www.roomfurnish.com"
203.126.219.219 - - [29/Dec/2009:18:14:08 -0800] "GET /html/ HTTP/1.1" 200 29618 "http://www.dtcsolution.com/" "Mozilla/4.0 (compatible; MSIE 7.0; Windows NT 5.1; .NET CLR 1.1.4322; .NET CLR 2.0.50727; .NET CLR 3.0.4506.2152; .NET CLR 3.5.30729)" "dtcsolution.roomfurnish.com"
203.126.219.219 - - [29/Dec/2009:18:14:08 -0800] "GET /html/images/main_bgs.jpg HTTP/1.1" 404 - "http://dtcsolution.roomfurnish.com/html/" "Mozilla/4.0 (compatible; MSIE 7.0; Windows NT 5.1; .NET CLR 1.1.4322; .NET CLR 2.0.50727; .NET CLR 3.0.4506.2152; .NET CLR 3.5.30729)" "dtcsolution.roomfurnish.com"
203.126.219.219 - - [29/Dec/2009:18:14:08 -0800] "GET /html/images/1.jpg HTTP/1.1" 200 21212 "http://dtcsolution.roomfurnish.com/html/" "Mozilla/4.0 (compatible; MSIE 7.0; Windows NT 5.1; .NET CLR 1.1.4322; .NET CLR 2.0.50727; .NET CLR 3.0.4506.2152; .NET CLR 3.5.30729)" "dtcsolution.roomfurnish.com"
203.126.219.219 - - [29/Dec/2009:18:14:09 -0800] "GET /html/images/but.jpg HTTP/1.1" 200 1685 "http://dtcsolution.roomfurnish.com/html/" "Mozilla/4.0 (compatible; MSIE 7.0; Windows NT 5.1; .NET CLR 1.1.4322; .NET CLR 2.0.50727; .NET CLR 3.0.4506.2152; .NET CLR 3.5.30729)" "dtcsolution.roomfurnish.com"
203.126.219.219 - - [29/Dec/2009:18:14:09 -0800] "GET /html/images/menu5.jpg HTTP/1.1" 200 2064 "http://dtcsolution.roomfurnish.com/html/" "Mozilla/4.0 (compatible; MSIE 7.0; Windows NT 5.1; .NET CLR 1.1.4322; .NET CLR 2.0.50727; .NET CLR 3.0.4506.2152; .NET CLR 3.5.30729)" "dtcsolution.roomfurnish.com"
77.88.29.247 - - [29/Dec/2009:18:14:21 -0800] "GET /tmp/sess_16866a42397b56ae62b26e692faac044 HTTP/1.1" 403 163 "-" "Yandex/1.01.001 (compatible; Win16; I)" "www.roomfurnish.com"
77.88.29.247 - - [29/Dec/2009:18:41:06 -0800] "GET /tmp/sess_f2f4c4359a37b296f92758314df6edfd HTTP/1.1" 403 - "-" "Yandex/1.01.001 (compatible; Win16; I)" "www.roomfurnish.com"
77.88.29.247 - - [29/Dec/2009:19:09:37 -0800] "GET /tmp/sess_0a669ac345e71539cc803b696ebe853c HTTP/1.1" 403 - "-" "Yandex/1.01.001 (compatible; Win16; I)" "www.roomfurnish.com"
220.255.7.141 - - [29/Dec/2009:19:32:41 -0800] "GET /html/images/main_bgs.jpg HTTP/1.1" 404 - "http://dtcsolution.roomfurnish.com/html/" "Mozilla/4.0 (compatible; MSIE 8.0; Windows NT 5.1; Trident/4.0; SU 3.23; .NET CLR 2.0.50727; .NET CLR 3.0.4506.2152; .NET CLR 3.5.30729)" "dtcsolution.roomfurnish.com"
77.88.29.247 - - [29/Dec/2009:19:38:42 -0800] "GET /logs/access_080301.log HTTP/1.1" 200 0 "-" "Yandex/1.01.001 (compatible; Win16; I)" "www.roomfurnish.com"
202.73.42.34 - - [29/Dec/2009:19:40:17 -0800] "GET /html/ HTTP/1.1" 200 29618 "http://www.dtcsolution.com/" "Mozilla/4.0 (compatible; MSIE 6.0; Windows NT 5.0)" "dtcsolution.roomfurnish.com"
202.73.42.34 - - [29/Dec/2009:19:40:18 -0800] "GET /html/images/main_bgs.jpg HTTP/1.1" 404 - "http://dtcsolution.roomfurnish.com/html/" "Mozilla/4.0 (compatible; MSIE 6.0; Windows NT 5.0)" "dtcsolution.roomfurnish.com"
202.73.42.34 - - [29/Dec/2009:19:40:19 -0800] "GET /html/images/2.jpg HTTP/1.1" 200 18302 "http://dtcsolution.roomfurnish.com/html/" "Mozilla/4.0 (compatible; MSIE 6.0; Windows NT 5.0)" "dtcsolution.roomfurnish.com"
202.73.42.34 - - [29/Dec/2009:19:40:27 -0800] "GET /html/images/menu1.jpg HTTP/1.1" 200 4413 "http://dtcsolution.roomfurnish.com/html/" "Mozilla/4.0 (compatible; MSIE 6.0; Windows NT 5.0)" "dtcsolution.roomfurnish.com"
202.73.42.34 - - [29/Dec/2009:19:40:27 -0800] "GET /html/images/menu2.jpg HTTP/1.1" 200 5107 "http://dtcsolution.roomfurnish.com/html/" "Mozilla/4.0 (compatible; MSIE 6.0; Windows NT 5.0)" "dtcsolution.roomfurnish.com"
77.88.29.247 - - [29/Dec/2009:20:12:02 -0800] "GET /tmp/sess_e7d0c249aae04cfdd6047cf5736d3aaa HTTP/1.1" 403 - "-" "Yandex/1.01.001 (compatible; Win16; I)" "www.roomfurnish.com"
65.55.207.71 - - [29/Dec/2009:20:21:33 -0800] "GET /robots.txt HTTP/1.1" 404 - "-" "msnbot/2.0b (+http://search.msn.com/msnbot.htm)" "dtcsolution.roomfurnish.com"
65.55.207.71 - - [29/Dec/2009:20:22:09 -0800] "GET /html/ HTTP/1.1" 200 29618 "-" "msnbot/2.0b (+http://search.msn.com/msnbot.htm)" "dtcsolution.roomfurnish.com"
77.88.29.247 - - [29/Dec/2009:20:44:46 -0800] "GET /logs/ HTTP/1.1" 200 4942 "-" "Yandex/1.01.001 (compatible; Win16; I)" "www.roomfurnish.com"
124.115.6.11 - - [29/Dec/2009:21:02:29 -0800] "GET /robots.txt HTTP/1.1" 404 - "-" "Sosospider+(+http://help.soso.com/webspider.htm)" "roomfurnish.com"
77.88.29.247 - - [29/Dec/2009:21:17:36 -0800] "GET /tmp/sess_23c07e410940f2173f4c1e626e4af9f5 HTTP/1.1" 403 - "-" "Yandex/1.01.001 (compatible; Win16; I)" "www.roomfurnish.com"
67.195.115.45 - - [29/Dec/2009:21:36:39 -0800] "GET /robots.txt HTTP/1.0" 404 - "-" "Mozilla/5.0 (compatible; Yahoo! Slurp; http://help.yahoo.com/help/us/ysearch/slurp)" "roomfurnish.com"
67.195.115.45 - - [29/Dec/2009:21:36:40 -0800] "GET /BOSSTON/?M=A HTTP/1.0" 200 928 "-" "Mozilla/5.0 (compatible; Yahoo! Slurp/3.0; http://help.yahoo.com/help/us/ysearch/slurp)" "roomfurnish.com"
77.88.29.247 - - [29/Dec/2009:21:51:26 -0800] "GET /tmp/sess_3782847bb830e497ecc72ef777415345 HTTP/1.1" 403 - "-" "Yandex/1.01.001 (compatible; Win16; I)" "www.roomfurnish.com"
67.195.113.218 - - [29/Dec/2009:21:53:48 -0800] "GET /FLleather/ HTTP/1.0" 200 2012 "-" "Mozilla/5.0 (compatible; Yahoo! Slurp/3.0; http://help.yahoo.com/help/us/ysearch/slurp)" "www.roomfurnish.com"
65.98.224.7 - - [29/Dec/2009:22:08:46 -0800] "GET /robots.txt HTTP/1.0" 404 - "-" "TurnitinBot/2.1 (http://www.turnitin.com/robot/crawlerinfo.html)" "roomfurnish.com"
65.98.224.7 - - [29/Dec/2009:22:09:33 -0800] "GET /tmp/mailError.log HTTP/1.0" 200 519614 "-" "TurnitinBot/2.1 (http://www.turnitin.com/robot/crawlerinfo.html)" "roomfurnish.com"
65.98.224.7 - - [29/Dec/2009:22:10:15 -0800] "GET /tmp/?S=A HTTP/1.0" 200 13451 "-" "TurnitinBot/2.1 (http://www.turnitin.com/robot/crawlerinfo.html)" "roomfurnish.com"
65.98.224.7 - - [29/Dec/2009:22:10:56 -0800] "GET /tmp/?N=D HTTP/1.0" 200 13451 "-" "TurnitinBot/2.1 (http://www.turnitin.com/robot/crawlerinfo.html)" "roomfurnish.com"
65.98.224.7 - - [29/Dec/2009:22:11:36 -0800] "GET /tmp/?M=A HTTP/1.0" 200 13451 "-" "TurnitinBot/2.1 (http://www.turnitin.com/robot/crawlerinfo.html)" "roomfurnish.com"
65.98.224.7 - - [29/Dec/2009:22:12:13 -0800] "GET /tmp/?D=A HTTP/1.0" 200 13451 "-" "TurnitinBot/2.1 (http://www.turnitin.com/robot/crawlerinfo.html)" "roomfurnish.com"
65.98.224.7 - - [29/Dec/2009:22:12:45 -0800] "GET /nantian/?S=A HTTP/1.0" 200 10753 "-" "TurnitinBot/2.1 (http://www.turnitin.com/robot/crawlerinfo.html)" "roomfurnish.com"
67.195.112.165 - - [29/Dec/2009:22:21:01 -0800] "GET /robots.txt HTTP/1.0" 404 - "-" "Mozilla/5.0 (compatible; Yahoo! Slurp; http://help.yahoo.com/help/us/ysearch/slurp)" "dtcsolution.roomfurnish.com"
67.195.112.165 - - [29/Dec/2009:22:21:02 -0800] "GET /FONTS/ HTTP/1.0" 200 3595 "-" "Mozilla/5.0 (compatible; Yahoo! Slurp/3.0; http://help.yahoo.com/help/us/ysearch/slurp)" "dtcsolution.roomfurnish.com"
77.88.29.247 - - [29/Dec/2009:22:23:49 -0800] "GET /nantian/m1115.xls HTTP/1.1" 200 34816 "-" "Yandex/1.01.001 (compatible; Win16; I)" "www.roomfurnish.com"
155.69.124.68 - - [29/Dec/2009:22:51:43 -0800] "GET /html/ HTTP/1.1" 200 29618 "http://www.dtcsolution.com/" "Mozilla/5.0 (Windows; U; Windows NT 6.1; en-US; rv:1.9.1.6) Gecko/20091201 Firefox/3.5.6" "dtcsolution.roomfurnish.com"
155.69.124.68 - - [29/Dec/2009:22:51:44 -0800] "GET /html/images/main_bgs.jpg HTTP/1.0" 404 - "http://dtcsolution.roomfurnish.com/html/" "Mozilla/5.0 (Windows; U; Windows NT 6.1; en-US; rv:1.9.1.6) Gecko/20091201 Firefox/3.5.6" "dtcsolution.roomfurnish.com"
77.88.29.247 - - [29/Dec/2009:22:58:03 -0800] "GET /tmp/sess_9b04855e22667b3f4960ba25c9ec8b4f HTTP/1.1" 403 163 "-" "Yandex/1.01.001 (compatible; Win16; I)" "www.roomfurnish.com"
220.255.7.147 - - [29/Dec/2009:23:15:19 -0800] "GET /html/images/main_bgs.jpg HTTP/1.1" 404 - "http://dtcsolution.roomfurnish.com/html/" "Opera/9.80 (Windows NT 6.0; U; en) Presto/2.2.15 Version/10.10" "dtcsolution.roomfurnish.com"
77.88.29.247 - - [29/Dec/2009:23:32:14 -0800] "GET /tmp/sess_efb254f544102a7a2092755728f54819 HTTP/1.1" 403 - "-" "Yandex/1.01.001 (compatible; Win16; I)" "www.roomfurnish.com"
67.195.112.165 - - [29/Dec/2009:23:45:56 -0800] "GET /?D=A HTTP/1.0" 200 2002 "-" "Mozilla/5.0 (compatible; Yahoo! Slurp/3.0; http://help.yahoo.com/help/us/ysearch/slurp)" "dtcsolution.roomfurnish.com"
67.195.113.218 - - [29/Dec/2009:23:47:23 -0800] "GET /?N=D HTTP/1.0" 200 2839 "-" "Mozilla/5.0 (compatible; Yahoo! Slurp/3.0; http://help.yahoo.com/help/us/ysearch/slurp)" "www.roomfurnish.com"
220.255.7.143 - - [29/Dec/2009:23:53:07 -0800] "GET /html/images/main_bgs.jpg HTTP/1.1" 404 - "http://dtcsolution.roomfurnish.com/html/" "Mozilla/5.0 (Windows; U; Windows NT 6.0; en-US; rv:1.9.0.16) Gecko/2009120208 Firefox/3.0.16" "dtcsolution.roomfurnish.com"
77.88.29.247 - - [30/Dec/2009:00:06:15 -0800] "GET /logs/access_090301.log HTTP/1.1" 200 0 "-" "Yandex/1.01.001 (compatible; Win16; I)" "www.roomfurnish.com"
124.197.112.210 - - [30/Dec/2009:00:14:45 -0800] "GET /html/ HTTP/1.1" 200 29618 "http://www.dtcsolution.com/" "Mozilla/4.0 (compatible; MSIE 7.0; Windows NT 5.1; .NET CLR 1.1.4322; .NET CLR 2.0.50727; .NET CLR 3.0.4506.2152; .NET CLR 3.5.30729)" "dtcsolution.roomfurnish.com"
124.197.112.210 - - [30/Dec/2009:00:14:46 -0800] "GET /html/images/main_bgs.jpg HTTP/1.1" 404 - "http://dtcsolution.roomfurnish.com/html/" "Mozilla/4.0 (compatible; MSIE 7.0; Windows NT 5.1; .NET CLR 1.1.4322; .NET CLR 2.0.50727; .NET CLR 3.0.4506.2152; .NET CLR 3.5.30729)" "dtcsolution.roomfurnish.com"
124.197.112.210 - - [30/Dec/2009:00:14:49 -0800] "GET /html/images/w.jpg HTTP/1.1" 200 4655 "http://dtcsolution.roomfurnish.com/html/" "Mozilla/4.0 (compatible; MSIE 7.0; Windows NT 5.1; .NET CLR 1.1.4322; .NET CLR 2.0.50727; .NET CLR 3.0.4506.2152; .NET CLR 3.5.30729)" "dtcsolution.roomfurnish.com"
220.255.7.141 - - [30/Dec/2009:00:31:08 -0800] "GET /html/images/main_bgs.jpg HTTP/1.1" 404 - "http://dtcsolution.roomfurnish.com/html/" "Mozilla/4.0 (compatible; MSIE 7.0; Windows NT 5.1; Trident/4.0; GTB6.3; .NET CLR 1.1.4322; .NET CLR 2.0.50727; .NET CLR 3.0.04506.648; .NET CLR 3.5.21022; .NET CLR 3.0.4506.2152; .NET CLR 3.5.30729)" "dtcsolution.roomfurnish.com"
77.88.29.247 - - [30/Dec/2009:00:39:25 -0800] "GET /logs/access_070830.log HTTP/1.1" 200 0 "-" "Yandex/1.01.001 (compatible; Win16; I)" "www.roomfurnish.com"
114.123.244.133 - - [30/Dec/2009:01:10:52 -0800] "GET /html/ HTTP/1.1" 200 29618 "http://www.dtcsolution.com/" "Mozilla/4.0 (compatible; MSIE 7.0; Windows NT 5.1; .NET CLR 1.1.4322; .NET CLR 2.0.50727; .NET CLR 3.0.04506.30; InfoPath.2)" "dtcsolution.roomfurnish.com"
114.123.244.133 - - [30/Dec/2009:01:10:53 -0800] "GET /html/images/menu4.jpg HTTP/1.1" 200 3364 "-" "Mozilla/4.0 (compatible;)" "dtcsolution.roomfurnish.com"
114.123.244.133 - - [30/Dec/2009:01:10:53 -0800] "GET /html/images/main_bgs.jpg HTTP/1.1" 404 - "-" "Mozilla/4.0 (compatible;)" "dtcsolution.roomfurnish.com"
77.88.29.247 - - [30/Dec/2009:01:12:18 -0800] "GET /FRABK.TTF HTTP/1.1" 200 141768 "-" "Yandex/1.01.001 (compatible; Win16; I)" "www.roomfurnish.com"
77.88.29.247 - - [30/Dec/2009:01:44:43 -0800] "GET /BOSSTON/ HTTP/1.1" 200 944 "-" "Yandex/1.01.001 (compatible; Win16; I)" "www.roomfurnish.com"
125.162.45.114 - - [30/Dec/2009:02:02:46 -0800] "GET /html/ HTTP/1.1" 200 29618 "http://www.dtcsolution.com/" "Mozilla/4.0 (compatible; MSIE 6.0; Windows NT 5.1; SV1)" "dtcsolution.roomfurnish.com"
125.162.45.114 - - [30/Dec/2009:02:02:50 -0800] "GET /html/images/main_bgs.jpg HTTP/1.1" 404 - "http://dtcsolution.roomfurnish.com/html/" "Mozilla/4.0 (compatible; MSIE 6.0; Windows NT 5.1; SV1)" "dtcsolution.roomfurnish.com"
77.88.29.247 - - [30/Dec/2009:02:17:18 -0800] "GET /tmp/sess_8148ca7387367aaabe1563839aff98a3 HTTP/1.1" 403 - "-" "Yandex/1.01.001 (compatible; Win16; I)" "www.roomfurnish.com"
38.98.120.84 - - [30/Dec/2009:02:21:29 -0800] "GET /robots.txt HTTP/1.1" 404 - "-" "ShopWiki/1.0 ( +http://www.shopwiki.com/wiki/Help:Bot)" "www.roomfurnish.com"
8.11.2.9 - - [30/Dec/2009:02:21:30 -0800] "GET / HTTP/1.1" 200 2855 "-" "ShopWiki/1.0 ( +http://www.shopwiki.com/wiki/Help:Bot)" "www.roomfurnish.com"
38.98.120.84 - - [30/Dec/2009:02:21:31 -0800] "GET /BOSSTON/BOSSTON-CD/Chaise/ HTTP/1.1" 200 3233 "-" "ShopWiki/1.0 ( +http://www.shopwiki.com/wiki/Help:Bot)" "www.roomfurnish.com"
8.11.2.9 - - [30/Dec/2009:02:21:32 -0800] "GET /dtcsolution/LIBRARY/LOGOS/ HTTP/1.1" 200 3255 "-" "ShopWiki/1.0 ( +http://www.shopwiki.com/wiki/Help:Bot)" "www.roomfurnish.com"
8.11.2.9 - - [30/Dec/2009:02:21:33 -0800] "GET /BOSSTON/BOSSTON-CD/20049/ HTTP/1.1" 200 1412 "-" "ShopWiki/1.0 ( +http://www.shopwiki.com/wiki/Help:Bot)" "www.roomfurnish.com"
220.181.94.214 - - [30/Dec/2009:02:43:36 -0800] "GET /robots.txt HTTP/1.1" 404 - "-" "Sogou web spider/4.0(+http://www.sogou.com/docs/help/webmasters.htm#07)" "www.roomfurnish.com"
220.181.94.214 - - [30/Dec/2009:02:43:46 -0800] "GET / HTTP/1.1" 200 2855 "-" "Sogou-Test-Spider/4.0 (compatible; MSIE 5.5; Windows 98)" "www.roomfurnish.com"
77.88.29.247 - - [30/Dec/2009:02:50:33 -0800] "GET /tmp/back HTTP/1.1" 200 541 "-" "Yandex/1.01.001 (compatible; Win16; I)" "www.roomfurnish.com"
77.88.29.247 - - [30/Dec/2009:03:23:08 -0800] "GET /tmp/sess_cd2a6935784abe8f1e60cb02eef39a9b HTTP/1.1" 403 - "-" "Yandex/1.01.001 (compatible; Win16; I)" "www.roomfurnish.com"
125.27.119.94 - - [30/Dec/2009:03:24:42 -0800] "GET /html/ HTTP/1.1" 200 29618 "http://www.dtcsolution.com/" "Mozilla/4.0 (compatible; MSIE 7.0; Windows NT 5.1)" "dtcsolution.roomfurnish.com"
125.27.119.94 - - [30/Dec/2009:03:24:43 -0800] "GET /html/images/main_bgs.jpg HTTP/1.1" 404 - "http://dtcsolution.roomfurnish.com/html/" "Mozilla/4.0 (compatible; MSIE 7.0; Windows NT 5.1)" "dtcsolution.roomfurnish.com"
125.27.119.94 - - [30/Dec/2009:03:26:11 -0800] "GET /html/ HTTP/1.1" 200 29618 "http://dtcsolution.com/" "Mozilla/4.0 (compatible; MSIE 7.0; Windows NT 5.1)" "dtcsolution.roomfurnish.com"
125.27.119.94 - - [30/Dec/2009:03:26:12 -0800] "GET /html/images/main_bgs.jpg HTTP/1.1" 404 - "http://dtcsolution.roomfurnish.com/html/" "Mozilla/4.0 (compatible; MSIE 7.0; Windows NT 5.1)" "dtcsolution.roomfurnish.com"
125.27.119.94 - - [30/Dec/2009:03:26:14 -0800] "GET /html/images/but2.jpg HTTP/1.1" 200 1108 "http://dtcsolution.roomfurnish.com/html/" "Mozilla/4.0 (compatible; MSIE 7.0; Windows NT 5.1)" "dtcsolution.roomfurnish.com"
193.47.80.40 - - [30/Dec/2009:03:51:47 -0800] "GET /robots.txt HTTP/1.1" 404 - "-" "Mozilla/5.0 (compatible; Exabot/3.0; +http://www.exabot.com/go/robot)" "www.roomfurnish.com"
193.47.80.40 - - [30/Dec/2009:03:51:47 -0800] "GET / HTTP/1.1" 200 2855 "-" "Mozilla/5.0 (compatible; Exabot/3.0; +http://www.exabot.com/go/robot)" "www.roomfurnish.com"
77.88.29.247 - - [30/Dec/2009:03:56:22 -0800] "GET /tmp/sess_bc7ef92eee16278f51bb4b3d62724f85 HTTP/1.1" 403 - "-" "Yandex/1.01.001 (compatible; Win16; I)" "www.roomfurnish.com"
75.15.85.21 - - [30/Dec/2009:03:58:02 -0800] "GET / HTTP/1.1" 200 2855 "-" "Mozilla/5.0 (X11; U; Linux i686; tr-TR; rv:1.9b5) Gecko/2008032600 SUSE/2.9.95-25.1 Firefox/3.0b5" "roomfurnish.com"
77.88.29.247 - - [30/Dec/2009:04:29:03 -0800] "GET /tmp/sess_82670e5ae6cfdf4578563244c4807fc9 HTTP/1.1" 403 - "-" "Yandex/1.01.001 (compatible; Win16; I)" "www.roomfurnish.com"
77.88.29.247 - - [30/Dec/2009:05:02:08 -0800] "GET /tmp/sess_3910c7e90e24d9a422b063b8b4d5408c HTTP/1.1" 403 163 "-" "Yandex/1.01.001 (compatible; Win16; I)" "www.roomfurnish.com"
203.117.110.130 - - [30/Dec/2009:05:23:23 -0800] "GET /html/ HTTP/1.1" 200 29618 "http://www.dtcsolution.com/" "Mozilla/5.0 (Windows; U; Windows NT 5.1; en-US; rv:1.9.0.16) Gecko/2009120208 Firefox/3.0.16 (.NET CLR 3.5.30729)" "dtcsolution.roomfurnish.com"
203.117.110.130 - - [30/Dec/2009:05:23:23 -0800] "GET /html/images/main_bgs.jpg HTTP/1.1" 404 - "http://dtcsolution.roomfurnish.com/html/" "Mozilla/5.0 (Windows; U; Windows NT 5.1; en-US; rv:1.9.0.16) Gecko/2009120208 Firefox/3.0.16 (.NET CLR 3.5.30729)" "dtcsolution.roomfurnish.com"
77.88.29.247 - - [30/Dec/2009:05:34:41 -0800] "GET /tmp/sess_a7d36065c8a3e64a44db601630e872c8 HTTP/1.1" 403 - "-" "Yandex/1.01.001 (compatible; Win16; I)" "www.roomfurnish.com"
66.249.67.162 - - [30/Dec/2009:06:00:41 -0800] "GET /robots.txt HTTP/1.1" 404 - "-" "Mozilla/5.0 (compatible; Googlebot/2.1; +http://www.google.com/bot.html)" "roomfurnish.com"
77.88.29.247 - - [30/Dec/2009:06:07:15 -0800] "GET /tmp/sess_8b8231a60e321454f92d4ee99a8e4218 HTTP/1.1" 403 - "-" "Yandex/1.01.001 (compatible; Win16; I)" "www.roomfurnish.com"
83.167.62.170 - - [30/Dec/2009:06:38:53 -0800] "GET /dtcsolution/FONTS/FRABK.TTF HTTP/1.1" 200 141768 "-" "Mozilla/5.0 (compatible; Exabot/3.0 (BiggerBetter); +http://www.exabot.com/go/robot)" "roomfurnish.com"
77.88.29.247 - - [30/Dec/2009:06:40:14 -0800] "GET /logs/access_071030.log HTTP/1.1" 200 0 "-" "Yandex/1.01.001 (compatible; Win16; I)" "www.roomfurnish.com"
38.108.67.15 - - [30/Dec/2009:06:41:28 -0800] "GET /test/ HTTP/1.0" 200 782 "-" "SBIder/Nutch-1.0-dev (http://www.sitesell.com/sbider.html)" "www.roomfurnish.com"
67.195.115.45 - - [30/Dec/2009:07:11:02 -0800] "GET /robots.txt HTTP/1.0" 404 - "-" "Mozilla/5.0 (compatible; Yahoo! Slurp; http://help.yahoo.com/help/us/ysearch/slurp)" "roomfurnish.com"
67.195.115.45 - - [30/Dec/2009:07:11:02 -0800] "GET /swatch/?M=A HTTP/1.0" 200 646 "-" "Mozilla/5.0 (compatible; Yahoo! Slurp/3.0; http://help.yahoo.com/help/us/ysearch/slurp)" "roomfurnish.com"
117.20.153.250 - - [30/Dec/2009:07:11:39 -0800] "GET /html/ HTTP/1.1" 200 29618 "http://www.dtcsolution.com/" "Mozilla/4.0 (compatible; MSIE 7.0; Windows NT 5.1; GTB6.3; VB_gameztar; hotvideobar_2_1_59591101130041_3_62; Tablet PC 1.7; .NET CLR 1.0.3705; .NET CLR 1.1.4322; .NET CLR 2.0.50727; .NET CLR 3.0.4506.2152; .NET CLR 3.5.30729)" "dtcsolution.roomfurnish.com"
117.20.153.250 - - [30/Dec/2009:07:11:40 -0800] "GET /html/images/main_bgs.jpg HTTP/1.1" 404 - "http://dtcsolution.roomfurnish.com/html/" "Mozilla/4.0 (compatible; MSIE 7.0; Windows NT 5.1; GTB6.3; VB_gameztar; hotvideobar_2_1_59591101130041_3_62; Tablet PC 1.7; .NET CLR 1.0.3705; .NET CLR 1.1.4322; .NET CLR 2.0.50727; .NET CLR 3.0.4506.2152; .NET CLR 3.5.30729)" "dtcsolution.roomfurnish.com"
77.88.29.247 - - [30/Dec/2009:07:12:54 -0800] "GET /QM/LivingRoom/ HTTP/1.1" 200 5148 "-" "Yandex/1.01.001 (compatible; Win16; I)" "www.roomfurnish.com"
77.88.29.247 - - [30/Dec/2009:07:45:19 -0800] "GET /test/test_index.html HTTP/1.1" 200 904 "-" "Yandex/1.01.001 (compatible; Win16; I)" "www.roomfurnish.com"
218.186.8.242 - - [30/Dec/2009:07:48:49 -0800] "GET /html/ HTTP/1.1" 200 29618 "http://www.dtcsolution.com/" "Mozilla/4.0 (compatible; MSIE 6.0; Windows NT 5.1)" "dtcsolution.roomfurnish.com"
218.186.8.14 - - [30/Dec/2009:07:48:49 -0800] "GET /html/images/main_bgs.jpg HTTP/1.1" 404 - "http://dtcsolution.roomfurnish.com/html/" "Mozilla/4.0 (compatible; MSIE 6.0; Windows NT 5.1)" "dtcsolution.roomfurnish.com"
218.186.8.14 - - [30/Dec/2009:07:48:50 -0800] "GET /html/images/spacer.gif HTTP/1.1" 200 43 "http://dtcsolution.roomfurnish.com/html/" "Mozilla/4.0 (compatible; MSIE 6.0; Windows NT 5.1)" "dtcsolution.roomfurnish.com"
218.186.8.14 - - [30/Dec/2009:07:48:51 -0800] "GET /html/images/but.jpg HTTP/1.1" 200 1685 "http://dtcsolution.roomfurnish.com/html/" "Mozilla/4.0 (compatible; MSIE 6.0; Windows NT 5.1)" "dtcsolution.roomfurnish.com"
218.186.8.14 - - [30/Dec/2009:07:48:53 -0800] "GET /html/images/wwww.jpg HTTP/1.1" 200 18242 "http://dtcsolution.roomfurnish.com/html/" "Mozilla/4.0 (compatible; MSIE 6.0; Windows NT 5.1)" "dtcsolution.roomfurnish.com"
218.186.8.14 - - [30/Dec/2009:07:49:03 -0800] "GET /html/images/menu4.jpg HTTP/1.1" 200 3364 "http://dtcsolution.roomfurnish.com/html/" "Mozilla/4.0 (compatible; MSIE 6.0; Windows NT 5.1)" "dtcsolution.roomfurnish.com"
218.186.8.14 - - [30/Dec/2009:08:11:21 -0800] "GET /dtcsolution/html/images/DeltaCom_Logo.jpg HTTP/1.1" 200 71109 "http://singapore.craigslist.com.sg/cps/1505919760.html" "Opera/9.80 (Windows NT 5.1; U; en) Presto/2.2.15 Version/10.10" "site.roomfurnish.com"
67.195.115.45 - - [30/Dec/2009:08:17:36 -0800] "GET /FL/Thumbs.db HTTP/1.0" 200 2465196 "-" "Mozilla/5.0 (compatible; Yahoo! Slurp/3.0; http://help.yahoo.com/help/us/ysearch/slurp)" "roomfurnish.com"
67.195.113.218 - - [30/Dec/2009:08:17:45 -0800] "GET /robots.txt HTTP/1.0" 404 - "-" "Mozilla/5.0 (compatible; Yahoo! Slurp; http://help.yahoo.com/help/us/ysearch/slurp)" "www.roomfurnish.com"
67.195.113.218 - - [30/Dec/2009:08:17:45 -0800] "GET / HTTP/1.0" 200 2839 "-" "Mozilla/5.0 (compatible; Yahoo! Slurp/3.0; http://help.yahoo.com/help/us/ysearch/slurp)" "www.roomfurnish.com"
218.186.8.225 - - [30/Dec/2009:08:18:54 -0800] "GET /html/ HTTP/1.1" 200 29618 "http://www.dtcsolution.com/" "Opera/9.80 (Windows NT 5.1; U; en) Presto/2.2.15 Version/10.10" "dtcsolution.roomfurnish.com"
218.186.8.14 - - [30/Dec/2009:08:18:54 -0800] "GET /html/images/main_bgs.jpg HTTP/1.1" 404 - "http://dtcsolution.roomfurnish.com/html/" "Opera/9.80 (Windows NT 5.1; U; en) Presto/2.2.15 Version/10.10" "dtcsolution.roomfurnish.com"
77.88.29.247 - - [30/Dec/2009:08:20:04 -0800] "GET /logs/access_070930.log HTTP/1.1" 200 0 "-" "Yandex/1.01.001 (compatible; Win16; I)" "www.roomfurnish.com"
77.88.29.247 - - [30/Dec/2009:08:54:11 -0800] "GET /BOSSTON/BOSSTON-CD/ HTTP/1.1" 200 1095 "-" "Yandex/1.01.001 (compatible; Win16; I)" "www.roomfurnish.com"
77.88.29.247 - - [30/Dec/2009:09:41:38 -0800] "GET /tmp/sess_93753d01525fedcfe00e3179633bf4eb HTTP/1.1" 403 - "-" "Yandex/1.01.001 (compatible; Win16; I)" "www.roomfurnish.com"
77.88.29.247 - - [30/Dec/2009:10:13:31 -0800] "GET /tmp/sess_a491f4f85496439cc6b7c40f9ec6c262 HTTP/1.1" 403 - "-" "Yandex/1.01.001 (compatible; Win16; I)" "www.roomfurnish.com"
38.98.120.84 - - [30/Dec/2009:10:36:19 -0800] "GET /robots.txt HTTP/1.1" 404 - "-" "ShopWiki/1.0 ( +http://www.shopwiki.com/wiki/Help:Bot)" "www.roomfurnish.com"
38.98.120.84 - - [30/Dec/2009:10:36:20 -0800] "GET / HTTP/1.1" 200 2855 "-" "ShopWiki/1.0 ( +http://www.shopwiki.com/wiki/Help:Bot)" "www.roomfurnish.com"
67.195.113.218 - - [30/Dec/2009:10:55:28 -0800] "GET /logs/access_090830.log HTTP/1.0" 200 4700150 "-" "Mozilla/5.0 (compatible; Yahoo! Slurp/3.0; http://help.yahoo.com/help/us/ysearch/slurp)" "www.roomfurnish.com"
67.195.115.45 - - [30/Dec/2009:11:09:24 -0800] "GET /robots.txt HTTP/1.0" 404 - "-" "Mozilla/5.0 (compatible; Yahoo! Slurp; http://help.yahoo.com/help/us/ysearch/slurp)" "roomfurnish.com"
67.195.115.45 - - [30/Dec/2009:11:09:24 -0800] "GET /BOSSTON/ HTTP/1.0" 200 928 "-" "Mozilla/5.0 (compatible; Yahoo! Slurp/3.0; http://help.yahoo.com/help/us/ysearch/slurp)" "roomfurnish.com"
77.88.29.247 - - [30/Dec/2009:11:10:39 -0800] "GET /tmp/sess_de7fe303b78d4738e3d3048447e33a52 HTTP/1.1" 403 - "-" "Yandex/1.01.001 (compatible; Win16; I)" "www.roomfurnish.com"
65.55.207.117 - - [30/Dec/2009:11:23:26 -0800] "GET /robots.txt HTTP/1.1" 404 - "-" "msnbot/2.0b (+http://search.msn.com/msnbot.htm)" "dtcsolution.roomfurnish.com"
65.55.207.117 - - [30/Dec/2009:11:29:09 -0800] "GET /html/ HTTP/1.1" 200 29618 "-" "msnbot/2.0b (+http://search.msn.com/msnbot.htm)" "dtcsolution.roomfurnish.com"
77.88.29.247 - - [30/Dec/2009:12:02:10 -0800] "GET /robots.txt HTTP/1.1" 404 - "-" "Yandex/1.01.001 (compatible; Win16; I)" "www.roomfurnish.com"
83.167.62.170 - - [30/Dec/2009:12:06:14 -0800] "GET /robots.txt HTTP/1.1" 404 - "-" "Mozilla/5.0 (compatible; Exabot/3.0 (BiggerBetter); +http://www.exabot.com/go/robot)" "roomfurnish.com"
83.167.62.170 - - [30/Dec/2009:12:06:14 -0800] "GET /dtcsolution/FONTS/verdanab.ttf HTTP/1.1" 200 136032 "-" "Mozilla/5.0 (compatible; Exabot/3.0 (BiggerBetter); +http://www.exabot.com/go/robot)" "roomfurnish.com"
38.108.67.21 - - [30/Dec/2009:12:11:44 -0800] "GET /robots.txt HTTP/1.0" 404 - "-" "SBIder/Nutch-1.0-dev (http://www.sitesell.com/sbider.html)" "www.roomfurnish.com"
38.108.67.21 - - [30/Dec/2009:12:11:44 -0800] "GET /test/ HTTP/1.0" 200 782 "-" "SBIder/Nutch-1.0-dev (http://www.sitesell.com/sbider.html)" "www.roomfurnish.com"
83.167.62.170 - - [30/Dec/2009:12:16:52 -0800] "GET /BOSSTON/BOSSTON-CD/20049/Thumbs.db HTTP/1.1" 200 28672 "-" "Mozilla/5.0 (compatible; Exabot/3.0 (BiggerBetter); +http://www.exabot.com/go/robot)" "roomfurnish.com"
67.195.112.165 - - [30/Dec/2009:12:20:44 -0800] "GET /robots.txt HTTP/1.0" 404 - "-" "Mozilla/5.0 (compatible; Yahoo! Slurp; http://help.yahoo.com/help/us/ysearch/slurp)" "dtcsolution.roomfurnish.com"
67.195.112.165 - - [30/Dec/2009:12:20:44 -0800] "GET /?S=A HTTP/1.0" 200 2002 "-" "Mozilla/5.0 (compatible; Yahoo! Slurp/3.0; http://help.yahoo.com/help/us/ysearch/slurp)" "dtcsolution.roomfurnish.com"
77.88.29.247 - - [30/Dec/2009:12:42:44 -0800] "GET /tmp/sess_93eec51dff26ed754fb7f4df2c408911 HTTP/1.1" 403 - "-" "Yandex/1.01.001 (compatible; Win16; I)" "www.roomfurnish.com"
83.167.62.170 - - [30/Dec/2009:13:01:35 -0800] "GET /dtcsolution/LIBRARY/BUTTONS/ HTTP/1.1" 200 2053 "-" "Mozilla/5.0 (compatible; Exabot/3.0 (BiggerBetter); +http://www.exabot.com/go/robot)" "roomfurnish.com"
81.174.168.130 - - [30/Dec/2009:13:07:22 -0800] "GET /FL/ HTTP/1.1" 200 70819 "http://www.google.co.uk/search?q=g1407-05&ie=utf-8&oe=utf-8&aq=t&rls=org.mozilla:en-GB:official&client=firefox-a" "Mozilla/5.0 (Windows; U; Windows NT 6.1; en-GB; rv:1.9.1.6) Gecko/20091201 Firefox/3.5.6" "roomfurnish.com"
81.174.168.130 - - [30/Dec/2009:13:07:25 -0800] "GET /favicon.ico HTTP/1.1" 404 - "-" "Mozilla/5.0 (Windows; U; Windows NT 6.1; en-GB; rv:1.9.1.6) Gecko/20091201 Firefox/3.5.6" "roomfurnish.com"
81.174.168.130 - - [30/Dec/2009:13:07:26 -0800] "GET /favicon.ico HTTP/1.0" 404 - "-" "Mozilla/5.0 (Windows; U; Windows NT 6.1; en-GB; rv:1.9.1.6) Gecko/20091201 Firefox/3.5.6" "roomfurnish.com"
77.88.29.247 - - [30/Dec/2009:13:23:26 -0800] "GET /tmp/sess_c44ce680881a13e67f18b5dfe765afaa HTTP/1.1" 403 - "-" "Yandex/1.01.001 (compatible; Win16; I)" "www.roomfurnish.com"
83.167.62.170 - - [30/Dec/2009:13:31:00 -0800] "GET /BOSSTON/3Sofa/ HTTP/1.1" 200 2629 "-" "Mozilla/5.0 (compatible; Exabot/3.0 (BiggerBetter); +http://www.exabot.com/go/robot)" "roomfurnish.com"
83.167.62.170 - - [30/Dec/2009:13:31:13 -0800] "GET /dtcsolution/psd/?M=A HTTP/1.1" 200 853 "-" "Mozilla/5.0 (compatible; Exabot/3.0 (BiggerBetter); +http://www.exabot.com/go/robot)" "roomfurnish.com"
83.167.62.170 - - [30/Dec/2009:13:37:53 -0800] "GET /BOSSTON/BOSSTON-CD/Chair/?M=A HTTP/1.1" 200 2390 "-" "Mozilla/5.0 (compatible; Exabot/3.0 (BiggerBetter); +http://www.exabot.com/go/robot)" "roomfurnish.com"
38.98.120.94 - - [30/Dec/2009:13:41:00 -0800] "GET /robots.txt HTTP/1.1" 404 - "-" "ShopWiki/1.0 ( +http://www.shopwiki.com/wiki/Help:Bot)" "www.roomfurnish.com"
38.98.120.94 - - [30/Dec/2009:13:41:03 -0800] "GET / HTTP/1.1" 200 2855 "-" "ShopWiki/1.0 ( +http://www.shopwiki.com/wiki/Help:Bot)" "www.roomfurnish.com"
8.11.2.10 - - [30/Dec/2009:13:41:04 -0800] "GET /BOSSTON/BOSSTON-CD/Chaise/ HTTP/1.1" 200 3233 "-" "ShopWiki/1.0 ( +http://www.shopwiki.com/wiki/Help:Bot)" "www.roomfurnish.com"
8.11.2.10 - - [30/Dec/2009:13:41:08 -0800] "GET /dtcsolution/LIBRARY/LOGOS/ HTTP/1.1" 200 3255 "-" "ShopWiki/1.0 ( +http://www.shopwiki.com/wiki/Help:Bot)" "www.roomfurnish.com"
83.167.62.170 - - [30/Dec/2009:13:43:52 -0800] "GET /classic_blue.html HTTP/1.1" 200 18032 "-" "Mozilla/5.0 (compatible; Exabot/3.0 (BiggerBetter); +http://www.exabot.com/go/robot)" "roomfurnish.com"
65.55.207.102 - - [30/Dec/2009:13:49:55 -0800] "GET /robots.txt HTTP/1.0" 404 - "-" "msnbot/2.0b (+http://search.msn.com/msnbot.htm)" "dtcsolution.roomfurnish.com"
65.55.207.102 - - [30/Dec/2009:13:51:10 -0800] "GET /html/ HTTP/1.1" 200 29618 "-" "msnbot/2.0b (+http://search.msn.com/msnbot.htm)" "dtcsolution.roomfurnish.com"
193.47.80.40 - - [30/Dec/2009:14:03:45 -0800] "GET /FLleather/ HTTP/1.1" 200 2028 "-" "Mozilla/5.0 (compatible; Exabot/3.0; +http://www.exabot.com/go/robot)" "www.roomfurnish.com"
77.88.29.247 - - [30/Dec/2009:14:04:43 -0800] "GET /QM/ HTTP/1.1" 200 1340 "-" "Yandex/1.01.001 (compatible; Win16; I)" "www.roomfurnish.com"
193.47.80.40 - - [30/Dec/2009:14:11:50 -0800] "GET /FLleather/?N=D HTTP/1.1" 200 2028 "-" "Mozilla/5.0 (compatible; Exabot/3.0; +http://www.exabot.com/go/robot)" "www.roomfurnish.com"
124.115.1.59 - - [30/Dec/2009:14:24:10 -0800] "GET / HTTP/1.1" 200 2855 "-" "Mozilla/4.0 (compatible; MSIE 6.0; Windows NT 5.1)" "www.roomfurnish.com"
67.195.113.218 - - [30/Dec/2009:14:24:56 -0800] "GET /swatch/?S=A HTTP/1.0" 200 646 "-" "Mozilla/5.0 (compatible; Yahoo! Slurp/3.0; http://help.yahoo.com/help/us/ysearch/slurp)" "www.roomfurnish.com"
77.88.29.247 - - [30/Dec/2009:14:50:52 -0800] "GET /dtcsolution/ HTTP/1.1" 200 2040 "-" "Yandex/1.01.001 (compatible; Win16; I)" "www.roomfurnish.com"
193.47.80.40 - - [30/Dec/2009:15:14:44 -0800] "GET / HTTP/1.1" 200 2855 "-" "Mozilla/5.0 (compatible; Exabot/3.0; +http://www.exabot.com/go/robot)" "roomfurnish.com"
77.88.29.247 - - [30/Dec/2009:15:35:58 -0800] "GET /tmp/sess_b1e2ab0a6d8c68fc763520fb23e13ae7 HTTP/1.1" 403 - "-" "Yandex/1.01.001 (compatible; Win16; I)" "www.roomfurnish.com"
65.55.110.12 - - [30/Dec/2009:15:44:53 -0800] "GET /FL/Thumbs.db HTTP/1.1" 200 2465196 "-" "Mozilla/4.0 (compatible; MSIE 6.0; Windows NT 5.2; SLCC1; .NET CLR 1.1.4325; .NET CLR 2.0.40607; .NET CLR 3.0.04506.648)" "roomfurnish.com"
77.88.29.247 - - [30/Dec/2009:16:20:59 -0800] "GET /tmp/sess_7f368627da7f28d308b4bf1ba468469e HTTP/1.1" 403 - "-" "Yandex/1.01.001 (compatible; Win16; I)" "www.roomfurnish.com"
88.131.106.21 - - [30/Dec/2009:16:47:52 -0800] "GET /robots.txt HTTP/1.0" 404 - "-" "Speedy Spider (http://www.entireweb.com/about/search_tech/speedy_spider/)" "roomfurnish.com"
88.131.106.21 - - [30/Dec/2009:16:47:52 -0800] "GET /288folisofa.html HTTP/1.0" 404 - "-" "Speedy Spider (http://www.entireweb.com/about/search_tech/speedy_spider/)" "roomfurnish.com"
77.88.29.247 - - [30/Dec/2009:17:05:59 -0800] "GET /logs/access_081030.log HTTP/1.1" 200 0 "-" "Yandex/1.01.001 (compatible; Win16; I)" "www.roomfurnish.com"
77.88.29.247 - - [30/Dec/2009:17:53:37 -0800] "GET /tmp/sess_b52765f242d2608acc514a63bb91ef8c HTTP/1.1" 403 - "-" "Yandex/1.01.001 (compatible; Win16; I)" "www.roomfurnish.com"
65.55.110.237 - - [30/Dec/2009:18:00:39 -0800] "GET /nantian/ HTTP/1.1" 200 10769 "-" "Mozilla/4.0 (compatible; MSIE 6.0; Windows NT 5.1; SV1; .NET CLR 1.1.4322; .NET CLR 2.0.50727; .NET CLR 3.0.04506.648)" "roomfurnish.com"
123.125.66.26 - - [30/Dec/2009:18:12:19 -0800] "GET /nantian/ HTTP/1.1" 200 10769 "-" "Baiduspider+(+http://www.baidu.com/search/spider.htm)" "www.roomfurnish.com"
58.185.25.171 - - [30/Dec/2009:18:26:32 -0800] "GET /html/ HTTP/1.1" 200 29618 "http://www.dtcsolution.com/" "Opera/9.80 (Windows NT 5.1; U; en) Presto/2.2.15 Version/10.10" "dtcsolution.roomfurnish.com"
58.185.25.171 - - [30/Dec/2009:18:26:33 -0800] "GET /html/images/main_bgs.jpg HTTP/1.1" 404 - "http://dtcsolution.roomfurnish.com/html/" "Opera/9.80 (Windows NT 5.1; U; en) Presto/2.2.15 Version/10.10" "dtcsolution.roomfurnish.com"
58.185.25.171 - - [30/Dec/2009:18:26:34 -0800] "GET /html/images/but.jpg HTTP/1.1" 200 1685 "http://dtcsolution.roomfurnish.com/html/" "Opera/9.80 (Windows NT 5.1; U; en) Presto/2.2.15 Version/10.10" "dtcsolution.roomfurnish.com"
58.185.25.171 - - [30/Dec/2009:18:26:36 -0800] "GET /html/images/cchecks.jpg HTTP/1.1" 200 1203 "http://dtcsolution.roomfurnish.com/html/" "Opera/9.80 (Windows NT 5.1; U; en) Presto/2.2.15 Version/10.10" "dtcsolution.roomfurnish.com"
58.185.25.171 - - [30/Dec/2009:18:26:43 -0800] "GET /html/images/menu1.jpg HTTP/1.1" 200 4413 "http://dtcsolution.roomfurnish.com/html/" "Opera/9.80 (Windows NT 5.1; U; en) Presto/2.2.15 Version/10.10" "dtcsolution.roomfurnish.com"
58.185.25.171 - - [30/Dec/2009:18:26:44 -0800] "GET /html/images/menu4.jpg HTTP/1.1" 200 3364 "http://dtcsolution.roomfurnish.com/html/" "Opera/9.80 (Windows NT 5.1; U; en) Presto/2.2.15 Version/10.10" "dtcsolution.roomfurnish.com"
58.185.25.171 - - [30/Dec/2009:18:26:47 -0800] "GET /html/images/w1.jpg HTTP/1.1" 200 3007 "http://dtcsolution.roomfurnish.com/html/" "Opera/9.80 (Windows NT 5.1; U; en) Presto/2.2.15 Version/10.10" "dtcsolution.roomfurnish.com"
58.185.25.171 - - [30/Dec/2009:18:26:53 -0800] "GET /html/images/im2.jpg HTTP/1.1" 200 4990 "http://dtcsolution.roomfurnish.com/html/" "Opera/9.80 (Windows NT 5.1; U; en) Presto/2.2.15 Version/10.10" "dtcsolution.roomfurnish.com"
58.185.25.171 - - [30/Dec/2009:18:26:58 -0800] "GET /html/images/bg1.jpg HTTP/1.1" 200 584 "http://dtcsolution.roomfurnish.com/html/" "Opera/9.80 (Windows NT 5.1; U; en) Presto/2.2.15 Version/10.10" "dtcsolution.roomfurnish.com"
12.9.138.10 - - [30/Dec/2009:18:28:11 -0800] "GET /html/ HTTP/1.0" 200 29618 "http://www.dtcsolution.com/" "Mozilla/4.0 (compatible; MSIE 6.0; Windows NT 5.1; SV1; .NET CLR 1.1.4322; ImageShack Toolbar 4.3.5; .NET CLR 2.0.50727; .NET CLR 3.0.04506.30; MS-RTC LM 8)" "dtcsolution.roomfurnish.com"
12.9.138.10 - - [30/Dec/2009:18:28:13 -0800] "GET /html/images/main_bgs.jpg HTTP/1.0" 404 - "http://dtcsolution.roomfurnish.com/html/" "Mozilla/4.0 (compatible; MSIE 6.0; Windows NT 5.1; SV1; .NET CLR 1.1.4322; ImageShack Toolbar 4.3.5; .NET CLR 2.0.50727; .NET CLR 3.0.04506.30; MS-RTC LM 8)" "dtcsolution.roomfurnish.com"
12.9.138.10 - - [30/Dec/2009:18:28:19 -0800] "GET /html/images/b2.jpg HTTP/1.0" 200 24561 "http://dtcsolution.roomfurnish.com/html/" "Mozilla/4.0 (compatible; MSIE 6.0; Windows NT 5.1; SV1; .NET CLR 1.1.4322; ImageShack Toolbar 4.3.5; .NET CLR 2.0.50727; .NET CLR 3.0.04506.30; MS-RTC LM 8)" "dtcsolution.roomfurnish.com"
12.9.138.10 - - [30/Dec/2009:18:28:20 -0800] "GET /html/images/b6.jpg HTTP/1.0" 200 1561 "http://dtcsolution.roomfurnish.com/html/" "Mozilla/4.0 (compatible; MSIE 6.0; Windows NT 5.1; SV1; .NET CLR 1.1.4322; ImageShack Toolbar 4.3.5; .NET CLR 2.0.50727; .NET CLR 3.0.04506.30; MS-RTC LM 8)" "dtcsolution.roomfurnish.com"
12.9.138.10 - - [30/Dec/2009:18:28:21 -0800] "GET /html/images/line.jpg HTTP/1.0" 200 1896 "http://dtcsolution.roomfurnish.com/html/" "Mozilla/4.0 (compatible; MSIE 6.0; Windows NT 5.1; SV1; .NET CLR 1.1.4322; ImageShack Toolbar 4.3.5; .NET CLR 2.0.50727; .NET CLR 3.0.04506.30; MS-RTC LM 8)" "dtcsolution.roomfurnish.com"
77.88.29.247 - - [30/Dec/2009:18:38:55 -0800] "GET /FL/Thumbs.db HTTP/1.1" 200 2465196 "-" "Yandex/1.01.001 (compatible; Win16; I)" "www.roomfurnish.com"
65.46.75.190 - - [30/Dec/2009:18:47:02 -0800] "GET /robots.txt HTTP/1.1" 404 - "-" "ShopWiki/1.0 ( +http://www.shopwiki.com/wiki/Help:Bot)" "www.roomfurnish.com"
38.98.120.94 - - [30/Dec/2009:18:47:03 -0800] "GET / HTTP/1.1" 200 2855 "-" "ShopWiki/1.0 ( +http://www.shopwiki.com/wiki/Help:Bot)" "www.roomfurnish.com"
38.98.120.94 - - [30/Dec/2009:18:47:04 -0800] "GET /BOSSTON/BOSSTON-CD/Chaise/ HTTP/1.1" 200 3233 "-" "ShopWiki/1.0 ( +http://www.shopwiki.com/wiki/Help:Bot)" "www.roomfurnish.com"
65.46.75.190 - - [30/Dec/2009:18:47:05 -0800] "GET /dtcsolution/LIBRARY/LOGOS/ HTTP/1.1" 200 3255 "-" "ShopWiki/1.0 ( +http://www.shopwiki.com/wiki/Help:Bot)" "www.roomfurnish.com"
208.80.193.55 - - [30/Dec/2009:18:57:28 -0800] "GET / HTTP/1.0" 200 2002 "-" "Mozilla/4.0 (compatible; MSIE 7.0; Windows NT 5.1; QS 4.2.0.0; .NET CLR 1.1.4322)" "dtcsolution.roomfurnish.com"
77.88.29.247 - - [30/Dec/2009:19:23:58 -0800] "GET /tmp/sess_8afe19680fa14eba5fc39c469f066b26 HTTP/1.1" 403 - "-" "Yandex/1.01.001 (compatible; Win16; I)" "www.roomfurnish.com"
203.126.242.57 - - [30/Dec/2009:19:27:29 -0800] "GET /html/ HTTP/1.0" 200 29618 "http://www.dtcsolution.com/" "Mozilla/4.0 (compatible; MSIE 6.0; Windows NT 5.1; SV1; .NET CLR 2.0.50727; .NET CLR 3.0.04506.648; .NET CLR 3.5.21022)" "dtcsolution.roomfurnish.com"
203.126.242.57 - - [30/Dec/2009:19:27:31 -0800] "GET /html/images/main_bgs.jpg HTTP/1.0" 404 - "http://dtcsolution.roomfurnish.com/html/" "Mozilla/4.0 (compatible; MSIE 6.0; Windows NT 5.1; SV1; .NET CLR 2.0.50727; .NET CLR 3.0.04506.648; .NET CLR 3.5.21022)" "dtcsolution.roomfurnish.com"
203.126.242.57 - - [30/Dec/2009:19:27:37 -0800] "GET /html/images/icon.gif HTTP/1.0" 200 53 "http://dtcsolution.roomfurnish.com/html/" "Mozilla/4.0 (compatible; MSIE 6.0; Windows NT 5.1; SV1; .NET CLR 2.0.50727; .NET CLR 3.0.04506.648; .NET CLR 3.5.21022)" "dtcsolution.roomfurnish.com"
203.126.242.57 - - [30/Dec/2009:19:27:40 -0800] "GET /html/images/im2.jpg HTTP/1.0" 200 4990 "http://dtcsolution.roomfurnish.com/html/" "Mozilla/4.0 (compatible; MSIE 6.0; Windows NT 5.1; SV1; .NET CLR 2.0.50727; .NET CLR 3.0.04506.648; .NET CLR 3.5.21022)" "dtcsolution.roomfurnish.com"
203.126.242.57 - - [30/Dec/2009:19:27:43 -0800] "GET /html/images/bottom.jpg HTTP/1.0" 200 3496 "http://dtcsolution.roomfurnish.com/html/" "Mozilla/4.0 (compatible; MSIE 6.0; Windows NT 5.1; SV1; .NET CLR 2.0.50727; .NET CLR 3.0.04506.648; .NET CLR 3.5.21022)" "dtcsolution.roomfurnish.com"
218.186.8.229 - - [30/Dec/2009:19:52:31 -0800] "GET /html/ HTTP/1.1" 200 29618 "http://www.dtcsolution.com/" "Mozilla/5.0 (Windows; U; Windows NT 6.1; en-US; rv:1.9.1.6) Gecko/20091201 Firefox/3.5.6" "dtcsolution.roomfurnish.com"
218.186.8.11 - - [30/Dec/2009:19:52:34 -0800] "GET /html/images/main_bgs.jpg HTTP/1.1" 404 - "http://dtcsolution.roomfurnish.com/html/" "Mozilla/5.0 (Windows; U; Windows NT 6.1; en-US; rv:1.9.1.6) Gecko/20091201 Firefox/3.5.6" "dtcsolution.roomfurnish.com"
218.186.8.11 - - [30/Dec/2009:19:52:37 -0800] "GET /html/images/icon.gif HTTP/1.1" 200 53 "http://dtcsolution.roomfurnish.com/html/" "Mozilla/5.0 (Windows; U; Windows NT 6.1; en-US; rv:1.9.1.6) Gecko/20091201 Firefox/3.5.6" "dtcsolution.roomfurnish.com"
77.88.29.247 - - [30/Dec/2009:20:08:58 -0800] "GET /BOB/ HTTP/1.1" 200 520 "-" "Yandex/1.01.001 (compatible; Win16; I)" "www.roomfurnish.com"
220.255.7.211 - - [30/Dec/2009:20:11:28 -0800] "GET /html/ HTTP/1.1" 200 29618 "http://www.dtcsolution.com/" "Mozilla/4.0 (compatible; MSIE 7.0; Windows NT 5.1; QQDownload 1.7; QQPinyinSetup 620; .NET CLR 2.0.50727; .NET CLR 3.0.04506.30)" "dtcsolution.roomfurnish.com"
220.255.7.144 - - [30/Dec/2009:20:11:28 -0800] "GET /html/images/main_bgs.jpg HTTP/1.1" 404 - "http://dtcsolution.roomfurnish.com/html/" "Mozilla/4.0 (compatible; MSIE 7.0; Windows NT 5.1; QQDownload 1.7; QQPinyinSetup 620; .NET CLR 2.0.50727; .NET CLR 3.0.04506.30)" "dtcsolution.roomfurnish.com"
77.88.29.247 - - [30/Dec/2009:20:54:08 -0800] "GET /tmp/sess_a2fb6f20df572f66e3d0d0c968c8b67b HTTP/1.1" 403 - "-" "Yandex/1.01.001 (compatible; Win16; I)" "www.roomfurnish.com"
88.131.106.21 - - [30/Dec/2009:20:54:45 -0800] "GET /robots.txt HTTP/1.0" 404 - "-" "Speedy Spider (http://www.entireweb.com/about/search_tech/speedy_spider/)" "roomfurnish.com"
88.131.106.21 - - [30/Dec/2009:20:54:49 -0800] "GET /288folisofa.html HTTP/1.0" 404 - "-" "Speedy Spider (http://www.entireweb.com/about/search_tech/speedy_spider/)" "roomfurnish.com"
202.156.14.99 - - [30/Dec/2009:21:03:50 -0800] "GET /html/ HTTP/1.1" 200 29618 "http://www.dtcsolution.com/" "Mozilla/4.0 (compatible; MSIE 8.0; Windows NT 5.1; Trident/4.0; .NET CLR 1.1.4322; InfoPath.1; .NET CLR 2.0.50727; OfficeLiveConnector.1.3; OfficeLivePatch.0.0; .NET CLR 3.0.4506.2152; .NET CLR 3.5.30729; yie8)" "dtcsolution.roomfurnish.com"
202.156.14.10 - - [30/Dec/2009:21:03:53 -0800] "GET /html/images/main_bgs.jpg HTTP/1.1" 404 - "http://dtcsolution.roomfurnish.com/html/" "Mozilla/4.0 (compatible; MSIE 8.0; Windows NT 5.1; Trident/4.0; .NET CLR 1.1.4322; InfoPath.1; .NET CLR 2.0.50727; OfficeLiveConnector.1.3; OfficeLivePatch.0.0; .NET CLR 3.0.4506.2152; .NET CLR 3.5.30729; yie8)" "dtcsolution.roomfurnish.com"
202.156.14.10 - - [30/Dec/2009:21:03:55 -0800] "GET /html/images/b2.jpg HTTP/1.1" 200 24561 "http://dtcsolution.roomfurnish.com/html/" "Mozilla/4.0 (compatible; MSIE 8.0; Windows NT 5.1; Trident/4.0; .NET CLR 1.1.4322; InfoPath.1; .NET CLR 2.0.50727; OfficeLiveConnector.1.3; OfficeLivePatch.0.0; .NET CLR 3.0.4506.2152; .NET CLR 3.5.30729; yie8)" "dtcsolution.roomfurnish.com"
202.156.14.10 - - [30/Dec/2009:21:03:57 -0800] "GET /html/images/b6.jpg HTTP/1.1" 200 1561 "http://dtcsolution.roomfurnish.com/html/" "Mozilla/4.0 (compatible; MSIE 8.0; Windows NT 5.1; Trident/4.0; .NET CLR 1.1.4322; InfoPath.1; .NET CLR 2.0.50727; OfficeLiveConnector.1.3; OfficeLivePatch.0.0; .NET CLR 3.0.4506.2152; .NET CLR 3.5.30729; yie8)" "dtcsolution.roomfurnish.com"
202.156.14.10 - - [30/Dec/2009:21:03:57 -0800] "GET /html/images/im.jpg HTTP/1.1" 200 7429 "http://dtcsolution.roomfurnish.com/html/" "Mozilla/4.0 (compatible; MSIE 8.0; Windows NT 5.1; Trident/4.0; .NET CLR 1.1.4322; InfoPath.1; .NET CLR 2.0.50727; OfficeLiveConnector.1.3; OfficeLivePatch.0.0; .NET CLR 3.0.4506.2152; .NET CLR 3.5.30729; yie8)" "dtcsolution.roomfurnish.com"
112.142.94.84 - - [30/Dec/2009:21:09:31 -0800] "GET /html/ HTTP/1.1" 200 29618 "http://www.dtcsolution.com/" "Mozilla/4.0 (compatible; MSIE 8.0; Windows NT 5.1; Trident/4.0; Mozilla/4.0 (compatible; MSIE 6.0; Windows NT 5.1; SV1) ; .NET CLR 2.0.50727; OfficeLiveConnector.1.3; OfficeLivePatch.0.0; InfoPath.2; .NET CLR 3.0.4506.2152; .NET CLR 3.5.30729; .NET CLR 1.1.4322)" "dtcsolution.roomfurnish.com"
112.142.94.84 - - [30/Dec/2009:21:09:32 -0800] "GET /html/images/main_bgs.jpg HTTP/1.1" 404 - "http://dtcsolution.roomfurnish.com/html/" "Mozilla/4.0 (compatible; MSIE 8.0; Windows NT 5.1; Trident/4.0; Mozilla/4.0 (compatible; MSIE 6.0; Windows NT 5.1; SV1) ; .NET CLR 2.0.50727; OfficeLiveConnector.1.3; OfficeLivePatch.0.0; InfoPath.2; .NET CLR 3.0.4506.2152; .NET CLR 3.5.30729; .NET CLR 1.1.4322)" "dtcsolution.roomfurnish.com"
112.142.94.84 - - [30/Dec/2009:21:09:36 -0800] "GET /html/images/b5.jpg HTTP/1.1" 200 25484 "http://dtcsolution.roomfurnish.com/html/" "Mozilla/4.0 (compatible; MSIE 8.0; Windows NT 5.1; Trident/4.0; Mozilla/4.0 (compatible; MSIE 6.0; Windows NT 5.1; SV1) ; .NET CLR 2.0.50727; OfficeLiveConnector.1.3; OfficeLivePatch.0.0; InfoPath.2; .NET CLR 3.0.4506.2152; .NET CLR 3.5.30729; .NET CLR 1.1.4322)" "dtcsolution.roomfurnish.com"
112.142.94.84 - - [30/Dec/2009:21:09:38 -0800] "GET /html/images/bg.jpg HTTP/1.1" 200 549 "http://dtcsolution.roomfurnish.com/html/" "Mozilla/4.0 (compatible; MSIE 8.0; Windows NT 5.1; Trident/4.0; Mozilla/4.0 (compatible; MSIE 6.0; Windows NT 5.1; SV1) ; .NET CLR 2.0.50727; OfficeLiveConnector.1.3; OfficeLivePatch.0.0; InfoPath.2; .NET CLR 3.0.4506.2152; .NET CLR 3.5.30729; .NET CLR 1.1.4322)" "dtcsolution.roomfurnish.com"
112.142.94.84 - - [30/Dec/2009:21:09:39 -0800] "GET /html/images/w.jpg HTTP/1.1" 200 4655 "http://dtcsolution.roomfurnish.com/html/" "Mozilla/4.0 (compatible; MSIE 8.0; Windows NT 5.1; Trident/4.0; Mozilla/4.0 (compatible; MSIE 6.0; Windows NT 5.1; SV1) ; .NET CLR 2.0.50727; OfficeLiveConnector.1.3; OfficeLivePatch.0.0; InfoPath.2; .NET CLR 3.0.4506.2152; .NET CLR 3.5.30729; .NET CLR 1.1.4322)" "dtcsolution.roomfurnish.com"
124.115.6.11 - - [30/Dec/2009:21:17:12 -0800] "GET /robots.txt HTTP/1.1" 404 - "-" "Sosospider+(+http://help.soso.com/webspider.htm)" "roomfurnish.com"
77.88.29.247 - - [30/Dec/2009:21:41:08 -0800] "GET /tmp/sess_644d026199fc9d70c8766789692250d7 HTTP/1.1" 403 - "-" "Yandex/1.01.001 (compatible; Win16; I)" "www.roomfurnish.com"
203.208.246.100 - - [30/Dec/2009:21:45:01 -0800] "GET /html/ HTTP/1.1" 200 29618 "http://www.dtcsolution.com/" "Mozilla/5.0 (Windows; U; Windows NT 5.1; en-US; rv:1.9.1.6) Gecko/20091201 Firefox/3.5.6" "dtcsolution.roomfurnish.com"
203.208.246.100 - - [30/Dec/2009:21:45:02 -0800] "GET /html/images/main_bgs.jpg HTTP/1.1" 404 - "http://dtcsolution.roomfurnish.com/html/" "Mozilla/5.0 (Windows; U; Windows NT 5.1; en-US; rv:1.9.1.6) Gecko/20091201 Firefox/3.5.6" "dtcsolution.roomfurnish.com"
203.208.246.100 - - [30/Dec/2009:21:45:02 -0800] "GET /html/images/b1.jpg HTTP/1.1" 200 22950 "http://dtcsolution.roomfurnish.com/html/" "Mozilla/5.0 (Windows; U; Windows NT 5.1; en-US; rv:1.9.1.6) Gecko/20091201 Firefox/3.5.6" "dtcsolution.roomfurnish.com"
203.208.246.100 - - [30/Dec/2009:21:45:04 -0800] "GET /html/images/line.jpg HTTP/1.1" 200 1896 "http://dtcsolution.roomfurnish.com/html/" "Mozilla/5.0 (Windows; U; Windows NT 5.1; en-US; rv:1.9.1.6) Gecko/20091201 Firefox/3.5.6" "dtcsolution.roomfurnish.com"
203.208.246.100 - - [30/Dec/2009:21:45:05 -0800] "GET /html/images/name.jpg HTTP/1.1" 200 2150 "http://dtcsolution.roomfurnish.com/html/" "Mozilla/5.0 (Windows; U; Windows NT 5.1; en-US; rv:1.9.1.6) Gecko/20091201 Firefox/3.5.6" "dtcsolution.roomfurnish.com"
203.208.246.100 - - [30/Dec/2009:21:45:08 -0800] "GET /html/images/menu5.jpg HTTP/1.1" 200 2064 "http://dtcsolution.roomfurnish.com/html/" "Mozilla/5.0 (Windows; U; Windows NT 5.1; en-US; rv:1.9.1.6) Gecko/20091201 Firefox/3.5.6" "dtcsolution.roomfurnish.com"
203.208.246.100 - - [30/Dec/2009:21:45:08 -0800] "GET /html/images/bottom.jpg HTTP/1.1" 200 3496 "http://dtcsolution.roomfurnish.com/html/" "Mozilla/5.0 (Windows; U; Windows NT 5.1; en-US; rv:1.9.1.6) Gecko/20091201 Firefox/3.5.6" "dtcsolution.roomfurnish.com"
67.195.113.218 - - [30/Dec/2009:21:52:20 -0800] "GET /robots.txt HTTP/1.0" 404 - "-" "Mozilla/5.0 (compatible; Yahoo! Slurp; http://help.yahoo.com/help/us/ysearch/slurp)" "www.roomfurnish.com"
67.195.113.218 - - [30/Dec/2009:21:52:23 -0800] "GET /logs/access_090830.log HTTP/1.0" 200 4700150 "-" "Mozilla/5.0 (compatible; Yahoo! Slurp/3.0; http://help.yahoo.com/help/us/ysearch/slurp)" "www.roomfurnish.com"
220.255.7.143 - - [30/Dec/2009:22:13:46 -0800] "GET /html/images/main_bgs.jpg HTTP/1.1" 404 - "http://dtcsolution.roomfurnish.com/html/" "Mozilla/5.0 (Windows; U; Windows NT 6.0; en-US) AppleWebKit/532.0 (KHTML, like Gecko) Chrome/3.0.195.38 Safari/532.0" "dtcsolution.roomfurnish.com"
67.195.112.165 - - [30/Dec/2009:22:17:53 -0800] "GET /robots.txt HTTP/1.0" 404 - "-" "Mozilla/5.0 (compatible; Yahoo! Slurp; http://help.yahoo.com/help/us/ysearch/slurp)" "dtcsolution.roomfurnish.com"
