67.195.112.165 - - [30/Dec/2009:22:17:53 -0800] "GET /html/ HTTP/1.0" 200 29618 "-" "Mozilla/5.0 (compatible; Yahoo! Slurp/3.0; http://help.yahoo.com/help/us/ysearch/slurp)" "dtcsolution.roomfurnish.com"
67.195.113.218 - - [30/Dec/2009:22:18:49 -0800] "GET /?D=A HTTP/1.0" 200 2839 "-" "Mozilla/5.0 (compatible; Yahoo! Slurp/3.0; http://help.yahoo.com/help/us/ysearch/slurp)" "www.roomfurnish.com"
77.88.29.247 - - [30/Dec/2009:22:26:02 -0800] "GET /tmp/sess_3e77047839e3257a47adebfbd4cc180e HTTP/1.1" 403 163 "-" "Yandex/1.01.001 (compatible; Win16; I)" "www.roomfurnish.com"
218.186.8.232 - - [30/Dec/2009:22:51:01 -0800] "GET /html/ HTTP/1.1" 200 29618 "http://www.dtcsolution.com/" "Mozilla/5.0 (Windows; U; Windows NT 5.1; en-US; rv:1.9.1.6) Gecko/20091201 Firefox/3.5.6 (.NET CLR 3.5.30729)" "dtcsolution.roomfurnish.com"
218.186.8.14 - - [30/Dec/2009:22:51:01 -0800] "GET /html/images/main_bgs.jpg HTTP/1.1" 404 - "http://dtcsolution.roomfurnish.com/html/" "Mozilla/5.0 (Windows; U; Windows NT 5.1; en-US; rv:1.9.1.6) Gecko/20091201 Firefox/3.5.6 (.NET CLR 3.5.30729)" "dtcsolution.roomfurnish.com"
218.186.8.14 - - [30/Dec/2009:22:51:01 -0800] "GET /html/images/but1.jpg HTTP/1.1" 200 1436 "http://dtcsolution.roomfurnish.com/html/" "Mozilla/5.0 (Windows; U; Windows NT 5.1; en-US; rv:1.9.1.6) Gecko/20091201 Firefox/3.5.6 (.NET CLR 3.5.30729)" "dtcsolution.roomfurnish.com"
218.186.8.14 - - [30/Dec/2009:22:51:02 -0800] "GET /html/images/b.jpg HTTP/1.1" 200 624 "http://dtcsolution.roomfurnish.com/html/" "Mozilla/5.0 (Windows; U; Windows NT 5.1; en-US; rv:1.9.1.6) Gecko/20091201 Firefox/3.5.6 (.NET CLR 3.5.30729)" "dtcsolution.roomfurnish.com"
218.186.8.14 - - [30/Dec/2009:22:51:12 -0800] "GET /html/images/im2.jpg HTTP/1.1" 200 4990 "http://dtcsolution.roomfurnish.com/html/" "Mozilla/5.0 (Windows; U; Windows NT 5.1; en-US; rv:1.9.1.6) Gecko/20091201 Firefox/3.5.6 (.NET CLR 3.5.30729)" "dtcsolution.roomfurnish.com"
77.88.29.247 - - [30/Dec/2009:23:11:05 -0800] "GET /tmp/sess_c9fa9f6754970bfa93362866fb151faa HTTP/1.1" 403 - "-" "Yandex/1.01.001 (compatible; Win16; I)" "www.roomfurnish.com"
208.80.193.32 - - [30/Dec/2009:23:30:16 -0800] "GET / HTTP/1.0" 200 2839 "-" "Mozilla/4.0 (compatible; MSIE 6.0; Windows NT 5.0; T312461; InfoPath.1; Zango 10.0.328.0)" "www.roomfurnish.com"
208.80.193.32 - - [30/Dec/2009:23:30:16 -0800] "GET / HTTP/1.0" 200 2839 "-" "Mozilla/4.0 (compatible; MSIE 6.0; Windows NT 5.1; InfoPath.2)" "roomfurnish.com"
117.20.184.72 - - [30/Dec/2009:23:39:27 -0800] "GET /html/ HTTP/1.1" 200 29618 "http://www.dtcsolution.com/" "Mozilla/4.0 (compatible; MSIE 7.0; Windows NT 5.1; .NET CLR 1.1.4322; .NET CLR 1.0.3705; MS-RTC LM 8; OfficeLiveConnector.1.4; OfficeLivePatch.1.3; .NET CLR 2.0.50727; .NET CLR 3.0.4506.2152; .NET CLR 3.5.30729; InfoPath.1)" "dtcsolution.roomfurnish.com"
117.20.184.72 - - [30/Dec/2009:23:39:29 -0800] "GET /html/images/main_bgs.jpg HTTP/1.1" 404 - "http://dtcsolution.roomfurnish.com/html/" "Mozilla/4.0 (compatible; MSIE 7.0; Windows NT 5.1; .NET CLR 1.1.4322; .NET CLR 1.0.3705; MS-RTC LM 8; OfficeLiveConnector.1.4; OfficeLivePatch.1.3; .NET CLR 2.0.50727; .NET CLR 3.0.4506.2152; .NET CLR 3.5.30729; InfoPath.1)" "dtcsolution.roomfurnish.com"
218.186.9.12 - - [30/Dec/2009:23:46:57 -0800] "GET /html/ HTTP/1.1" 200 29618 "http://www.dtcsolution.com/" "Mozilla/4.0 (compatible; MSIE 6.0; Windows NT 5.1; SV1; .NET CLR 1.1.4322; .NET CLR 2.0.50727; .NET CLR 3.0.4506.2152; .NET CLR 3.5.30729; MS-RTC LM 8)" "dtcsolution.roomfurnish.com"
218.186.9.12 - - [30/Dec/2009:23:46:57 -0800] "GET /html/images/main_bgs.jpg HTTP/1.1" 404 - "http://dtcsolution.roomfurnish.com/html/" "Mozilla/4.0 (compatible; MSIE 6.0; Windows NT 5.1; SV1; .NET CLR 1.1.4322; .NET CLR 2.0.50727; .NET CLR 3.0.4506.2152; .NET CLR 3.5.30729; MS-RTC LM 8)" "dtcsolution.roomfurnish.com"
77.88.29.247 - - [30/Dec/2009:23:56:06 -0800] "GET /tmp/sess_b6a1f107fc9be70a00cdca50ec6f7845 HTTP/1.1" 403 - "-" "Yandex/1.01.001 (compatible; Win16; I)" "www.roomfurnish.com"
220.255.7.141 - - [31/Dec/2009:00:05:10 -0800] "GET /html/images/main_bgs.jpg HTTP/1.1" 404 - "http://dtcsolution.roomfurnish.com/html/" "Mozilla/5.0 (Windows; U; Windows NT 6.0; en-US; rv:1.9.0.16) Gecko/2009120208 Firefox/3.0.16 (.NET CLR 3.5.30729)" "dtcsolution.roomfurnish.com"
207.126.224.241 - - [31/Dec/2009:00:17:37 -0800] "GET / HTTP/1.0" 200 2839 "-" "Mozilla/4.05 [en]" "www.roomfurnish.com"
202.156.13.227 - - [31/Dec/2009:00:21:19 -0800] "GET /html/ HTTP/1.1" 200 29618 "http://www.dtcsolution.com/" "Mozilla/5.0 (Windows; U; Windows NT 5.1; en-US; rv:1.9.1.6) Gecko/20091201 Firefox/3.5.6 GTB6" "dtcsolution.roomfurnish.com"
202.156.13.11 - - [31/Dec/2009:00:21:20 -0800] "GET /html/images/main_bgs.jpg HTTP/1.1" 404 - "http://dtcsolution.roomfurnish.com/html/" "Mozilla/5.0 (Windows; U; Windows NT 5.1; en-US; rv:1.9.1.6) Gecko/20091201 Firefox/3.5.6 GTB6" "dtcsolution.roomfurnish.com"
110.136.139.224 - - [31/Dec/2009:00:32:48 -0800] "GET /html/ HTTP/1.1" 200 29618 "http://www.dtcsolution.com/" "Mozilla/5.0 (Windows; U; Windows NT 5.1; id; rv:1.9.1.6) Gecko/20091201 Ant.com Toolbar 1.5 Firefox/3.5.6" "dtcsolution.roomfurnish.com"
110.136.139.224 - - [31/Dec/2009:00:32:49 -0800] "GET /html/images/main_bgs.jpg HTTP/1.1" 404 - "http://dtcsolution.roomfurnish.com/html/" "Mozilla/5.0 (Windows; U; Windows NT 5.1; id; rv:1.9.1.6) Gecko/20091201 Ant.com Toolbar 1.5 Firefox/3.5.6" "dtcsolution.roomfurnish.com"
110.136.139.224 - - [31/Dec/2009:00:33:40 -0800] "GET /html/ HTTP/1.1" 200 29618 "http://www.dtcsolution.com/" "Mozilla/5.0 (Windows; U; Windows NT 5.1; id; rv:1.9.1.6) Gecko/20091201 Ant.com Toolbar 1.5 Firefox/3.5.6" "dtcsolution.roomfurnish.com"
110.136.139.224 - - [31/Dec/2009:00:33:41 -0800] "GET /html/images/main_bgs.jpg HTTP/1.1" 404 - "http://dtcsolution.roomfurnish.com/html/" "Mozilla/5.0 (Windows; U; Windows NT 5.1; id; rv:1.9.1.6) Gecko/20091201 Ant.com Toolbar 1.5 Firefox/3.5.6" "dtcsolution.roomfurnish.com"
77.88.29.247 - - [31/Dec/2009:00:41:08 -0800] "GET /logs/access_090930.log HTTP/1.1" 200 0 "-" "Yandex/1.01.001 (compatible; Win16; I)" "www.roomfurnish.com"
77.88.29.247 - - [31/Dec/2009:01:25:47 -0800] "GET /logs/access_090730.log HTTP/1.1" 200 0 "-" "Yandex/1.01.001 (compatible; Win16; I)" "www.roomfurnish.com"
77.88.29.247 - - [31/Dec/2009:02:10:22 -0800] "GET /tmp/sess_380af290f26688a607e6d621e4da98b9 HTTP/1.1" 403 163 "-" "Yandex/1.01.001 (compatible; Win16; I)" "www.roomfurnish.com"
88.131.106.21 - - [31/Dec/2009:02:25:39 -0800] "GET /robots.txt HTTP/1.0" 404 - "-" "Speedy Spider (http://www.entireweb.com/about/search_tech/speedy_spider/)" "roomfurnish.com"
88.131.106.21 - - [31/Dec/2009:02:25:40 -0800] "GET /362laziasofa.html HTTP/1.0" 404 - "-" "Speedy Spider (http://www.entireweb.com/about/search_tech/speedy_spider/)" "roomfurnish.com"
59.160.109.233 - - [31/Dec/2009:02:39:52 -0800] "GET / HTTP/1.0" 200 2839 "http://www.synapse.co.in/clients/b2c_yahoostore_homefurnish.shtml" "Mozilla/4.0 (compatible; MSIE 8.0; Windows NT 5.1; Trident/4.0; .NET CLR 2.0.50727; .NET CLR 3.0.04506.648; .NET CLR 3.5.21022; InfoPath.1; .NET CLR 3.0.4506.2152; .NET CLR 3.5.30729)" "www.roomfurnish.com"
59.160.109.233 - - [31/Dec/2009:02:39:53 -0800] "GET /favicon.ico HTTP/1.0" 404 - "-" "Mozilla/4.0 (compatible; MSIE 8.0; Windows NT 5.1; Trident/4.0; .NET CLR 2.0.50727; .NET CLR 3.0.04506.648; .NET CLR 3.5.21022; InfoPath.1; .NET CLR 3.0.4506.2152; .NET CLR 3.5.30729)" "www.roomfurnish.com"
59.160.109.233 - - [31/Dec/2009:02:40:00 -0800] "GET /BOSSTON/ HTTP/1.0" 200 928 "http://www.roomfurnish.com/" "Mozilla/4.0 (compatible; MSIE 8.0; Windows NT 5.1; Trident/4.0; .NET CLR 2.0.50727; .NET CLR 3.0.04506.648; .NET CLR 3.5.21022; InfoPath.1; .NET CLR 3.0.4506.2152; .NET CLR 3.5.30729)" "www.roomfurnish.com"
59.160.109.233 - - [31/Dec/2009:02:40:01 -0800] "GET /favicon.ico HTTP/1.0" 404 - "-" "Mozilla/4.0 (compatible; MSIE 8.0; Windows NT 5.1; Trident/4.0; .NET CLR 2.0.50727; .NET CLR 3.0.04506.648; .NET CLR 3.5.21022; InfoPath.1; .NET CLR 3.0.4506.2152; .NET CLR 3.5.30729)" "www.roomfurnish.com"
77.88.29.247 - - [31/Dec/2009:02:55:23 -0800] "GET /tmp/sess_a77880f8fb1f1b2d033247902fcea5de HTTP/1.1" 403 - "-" "Yandex/1.01.001 (compatible; Win16; I)" "www.roomfurnish.com"
65.55.110.19 - - [31/Dec/2009:03:03:58 -0800] "GET /html/ HTTP/1.1" 200 29618 "http://dtcsolution.com/project_management.html" "Mozilla/4.0 (compatible; MSIE 6.0; Windows NT 5.1; SLCC1; .NET CLR 1.1.4322; .NET CLR 2.0.40607; .NET CLR 3.0.04506.648)" "dtcsolution.roomfurnish.com"
66.249.68.54 - - [31/Dec/2009:03:15:01 -0800] "GET /robots.txt HTTP/1.0" 404 - "-" "Googlebot-Image/1.0" "dtcsolution.roomfurnish.com"
75.101.232.178 - - [31/Dec/2009:03:26:21 -0800] "GET /favicon.ico HTTP/1.1" 404 - "-" "-" "roomfurnish.com"
220.181.125.71 - - [31/Dec/2009:03:31:58 -0800] "GET / HTTP/1.1" 200 2855 "-" "Sogou web spider/4.0(+http://www.sogou.com/docs/help/webmasters.htm#07)" "www.roomfurnish.com"
220.181.125.71 - - [31/Dec/2009:03:32:08 -0800] "GET /robots.txt HTTP/1.1" 404 - "-" "-" "www.roomfurnish.com"
202.156.12.251 - - [31/Dec/2009:03:36:46 -0800] "GET /html/ HTTP/1.1" 200 29618 "http://www.dtcsolution.com/" "Mozilla/4.0 (compatible; MSIE 7.0; Windows NT 6.0; GTB6.3; SLCC1; .NET CLR 2.0.50727; Media Center PC 5.0; .NET CLR 3.0.04506; UGES 1.4.9.0)" "dtcsolution.roomfurnish.com"
202.156.12.12 - - [31/Dec/2009:03:36:47 -0800] "GET /html/images/main_bgs.jpg HTTP/1.1" 404 - "http://dtcsolution.roomfurnish.com/html/" "Mozilla/4.0 (compatible; MSIE 7.0; Windows NT 6.0; GTB6.3; SLCC1; .NET CLR 2.0.50727; Media Center PC 5.0; .NET CLR 3.0.04506; UGES 1.4.9.0)" "dtcsolution.roomfurnish.com"
202.156.12.12 - - [31/Dec/2009:03:36:53 -0800] "GET /html/images/b3.jpg HTTP/1.1" 200 24167 "http://dtcsolution.roomfurnish.com/html/" "Mozilla/4.0 (compatible; MSIE 7.0; Windows NT 6.0; GTB6.3; SLCC1; .NET CLR 2.0.50727; Media Center PC 5.0; .NET CLR 3.0.04506; UGES 1.4.9.0)" "dtcsolution.roomfurnish.com"
77.88.29.247 - - [31/Dec/2009:03:40:41 -0800] "GET /tmp/sess_7f9e7618e6254cecb5491eca5fe356cd HTTP/1.1" 403 - "-" "Yandex/1.01.001 (compatible; Win16; I)" "www.roomfurnish.com"
88.131.106.21 - - [31/Dec/2009:03:42:00 -0800] "GET /robots.txt HTTP/1.0" 404 - "-" "Speedy Spider (http://www.entireweb.com/about/search_tech/speedy_spider/)" "roomfurnish.com"
88.131.106.21 - - [31/Dec/2009:03:42:02 -0800] "GET /205modenasofa.html HTTP/1.0" 404 - "-" "Speedy Spider (http://www.entireweb.com/about/search_tech/speedy_spider/)" "roomfurnish.com"
77.88.29.247 - - [31/Dec/2009:04:25:31 -0800] "GET /tmp/sess_7021376dcae1f855e495513a08e65016 HTTP/1.1" 403 - "-" "Yandex/1.01.001 (compatible; Win16; I)" "www.roomfurnish.com"
67.195.115.45 - - [31/Dec/2009:04:25:41 -0800] "GET /robots.txt HTTP/1.0" 404 - "-" "Mozilla/5.0 (compatible; Yahoo! Slurp; http://help.yahoo.com/help/us/ysearch/slurp)" "roomfurnish.com"
67.195.115.45 - - [31/Dec/2009:04:25:42 -0800] "GET /FL/ HTTP/1.0" 200 70792 "-" "Mozilla/5.0 (compatible; Yahoo! Slurp/3.0; http://help.yahoo.com/help/us/ysearch/slurp)" "roomfurnish.com"
67.195.113.218 - - [31/Dec/2009:04:46:44 -0800] "GET /swatch/?S=D HTTP/1.0" 200 646 "-" "Mozilla/5.0 (compatible; Yahoo! Slurp/3.0; http://help.yahoo.com/help/us/ysearch/slurp)" "www.roomfurnish.com"
202.156.13.12 - - [31/Dec/2009:05:07:48 -0800] "GET /html/ HTTP/1.1" 200 29618 "http://www.dtcsolution.com/" "Mozilla/4.0 (compatible; MSIE 6.0; Windows NT 5.1)" "dtcsolution.roomfurnish.com"
202.156.13.12 - - [31/Dec/2009:05:07:49 -0800] "GET /html/images/main_bgs.jpg HTTP/1.0" 404 - "http://dtcsolution.roomfurnish.com/html/" "Mozilla/4.0 (compatible; MSIE 6.0; Windows NT 5.1)" "dtcsolution.roomfurnish.com"
202.156.13.12 - - [31/Dec/2009:05:07:53 -0800] "GET /html/images/b4.jpg HTTP/1.1" 200 23703 "http://dtcsolution.roomfurnish.com/html/" "Mozilla/4.0 (compatible; MSIE 6.0; Windows NT 5.1)" "dtcsolution.roomfurnish.com"
77.88.29.247 - - [31/Dec/2009:05:10:23 -0800] "GET /logs/access_080530.log HTTP/1.1" 200 0 "-" "Yandex/1.01.001 (compatible; Win16; I)" "www.roomfurnish.com"
77.88.29.247 - - [31/Dec/2009:05:55:14 -0800] "GET /tmp/sess_cfa7c25c2978581889bbff83f181af6c HTTP/1.1" 403 - "-" "Yandex/1.01.001 (compatible; Win16; I)" "www.roomfurnish.com"
77.88.29.247 - - [31/Dec/2009:06:40:04 -0800] "GET /tmp/sess_bad7392b6cf50e77cd791384d55b2651 HTTP/1.1" 403 - "-" "Yandex/1.01.001 (compatible; Win16; I)" "www.roomfurnish.com"
124.115.6.11 - - [31/Dec/2009:06:43:28 -0800] "GET /robots.txt HTTP/1.1" 404 - "-" "Sosospider+(+http://help.soso.com/webspider.htm)" "www.roomfurnish.com"
195.210.57.83 - - [31/Dec/2009:06:52:54 -0800] "GET /robots.txt HTTP/1.0" 404 - "-" "Mozilla/5.0 (compatible; KaloogaBot; http://www.kalooga.com/info.html?page=crawler)" "www.roomfurnish.com"
195.210.57.83 - - [31/Dec/2009:06:52:54 -0800] "GET /tmp/sess_7f9e7618e6254cecb5491eca5fe356cd HTTP/1.0" 403 163 "-" "Mozilla/5.0 (compatible; KaloogaBot; http://www.kalooga.com/info.html?page=crawler)" "www.roomfurnish.com"
77.88.29.247 - - [31/Dec/2009:07:24:51 -0800] "GET /tmp/ HTTP/1.1" 200 13467 "-" "Yandex/1.01.001 (compatible; Win16; I)" "www.roomfurnish.com"
66.249.67.162 - - [31/Dec/2009:07:50:34 -0800] "GET /robots.txt HTTP/1.1" 404 - "-" "Mozilla/5.0 (compatible; Googlebot/2.1; +http://www.google.com/bot.html)" "roomfurnish.com"
77.88.29.247 - - [31/Dec/2009:08:09:44 -0800] "GET /dtcsolution/FONTS/FRADMIT.TTF HTTP/1.1" 200 125624 "-" "Yandex/1.01.001 (compatible; Win16; I)" "www.roomfurnish.com"
38.98.120.94 - - [31/Dec/2009:08:22:53 -0800] "GET /robots.txt HTTP/1.1" 404 - "-" "ShopWiki/1.0 ( +http://www.shopwiki.com/wiki/Help:Bot)" "www.roomfurnish.com"
38.98.120.94 - - [31/Dec/2009:08:22:54 -0800] "GET / HTTP/1.1" 200 2855 "-" "ShopWiki/1.0 ( +http://www.shopwiki.com/wiki/Help:Bot)" "www.roomfurnish.com"
38.98.120.94 - - [31/Dec/2009:08:22:57 -0800] "GET /BOSSTON/BOSSTON-CD/Chaise/ HTTP/1.1" 200 3233 "-" "ShopWiki/1.0 ( +http://www.shopwiki.com/wiki/Help:Bot)" "www.roomfurnish.com"
38.98.120.94 - - [31/Dec/2009:08:22:58 -0800] "GET /dtcsolution/LIBRARY/LOGOS/ HTTP/1.1" 200 3255 "-" "ShopWiki/1.0 ( +http://www.shopwiki.com/wiki/Help:Bot)" "www.roomfurnish.com"
77.88.29.247 - - [31/Dec/2009:08:54:51 -0800] "GET /dtcsolution/FONTS/framdit.ttf HTTP/1.1" 200 152844 "-" "Yandex/1.01.001 (compatible; Win16; I)" "www.roomfurnish.com"
67.195.115.45 - - [31/Dec/2009:09:13:24 -0800] "GET /?M=A HTTP/1.0" 200 2839 "-" "Mozilla/5.0 (compatible; Yahoo! Slurp/3.0; http://help.yahoo.com/help/us/ysearch/slurp)" "roomfurnish.com"
67.195.113.218 - - [31/Dec/2009:09:26:55 -0800] "GET /robots.txt HTTP/1.0" 404 - "-" "Mozilla/5.0 (compatible; Yahoo! Slurp; http://help.yahoo.com/help/us/ysearch/slurp)" "www.roomfurnish.com"
67.195.113.218 - - [31/Dec/2009:09:26:55 -0800] "GET / HTTP/1.0" 200 2839 "-" "Mozilla/5.0 (compatible; Yahoo! Slurp/3.0; http://help.yahoo.com/help/us/ysearch/slurp)" "www.roomfurnish.com"
77.88.29.247 - - [31/Dec/2009:09:36:36 -0800] "GET /dtcsolution/FONTS/framd.ttf HTTP/1.1" 200 135984 "-" "Yandex/1.01.001 (compatible; Win16; I)" "www.roomfurnish.com"
67.195.115.45 - - [31/Dec/2009:10:30:38 -0800] "GET /swatch/?D=A HTTP/1.0" 200 646 "-" "Mozilla/5.0 (compatible; Yahoo! Slurp/3.0; http://help.yahoo.com/help/us/ysearch/slurp)" "roomfurnish.com"
64.56.67.154 - - [31/Dec/2009:10:46:51 -0800] "GET /robots.txt HTTP/1.0" 404 - "-" "al_viewer (larbin2.6.3@unspecified.mail)" "www.roomfurnish.com"
64.56.67.154 - - [31/Dec/2009:10:46:51 -0800] "GET / HTTP/1.0" 200 2839 "-" "al_viewer larbin2.6.3@unspecified.mail" "www.roomfurnish.com"
77.88.29.247 - - [31/Dec/2009:11:16:37 -0800] "GET /tmp/sess_04120572904818bf788a91ec32f08c80 HTTP/1.1" 403 - "-" "Yandex/1.01.001 (compatible; Win16; I)" "www.roomfurnish.com"
95.108.150.235 - - [31/Dec/2009:11:28:09 -0800] "GET /robots.txt HTTP/1.1" 404 - "-" "Yandex/1.01.001 (compatible; Win16; H)" "www.roomfurnish.com"
95.108.150.235 - - [31/Dec/2009:11:28:10 -0800] "GET /robots.txt HTTP/1.1" 404 - "-" "Yandex/1.01.001 (compatible; Win16; H)" "roomfurnish.com"
95.108.150.235 - - [31/Dec/2009:11:28:11 -0800] "GET / HTTP/1.1" 200 2855 "-" "Yandex/1.01.001 (compatible; Win16; H)" "www.roomfurnish.com"
95.108.150.235 - - [31/Dec/2009:11:28:12 -0800] "GET / HTTP/1.1" 200 2855 "-" "Yandex/1.01.001 (compatible; Win16; H)" "roomfurnish.com"
95.108.150.235 - - [31/Dec/2009:11:28:13 -0800] "GET / HTTP/1.1" 200 2855 "-" "Yandex/1.01.001 (compatible; Win16; H)" "www.roomfurnish.com"
95.108.150.235 - - [31/Dec/2009:11:28:14 -0800] "GET / HTTP/1.1" 200 2855 "-" "Yandex/1.01.001 (compatible; Win16; H)" "roomfurnish.com"
77.88.29.247 - - [31/Dec/2009:12:21:10 -0800] "GET /robots.txt HTTP/1.1" 404 - "-" "Yandex/1.01.001 (compatible; Win16; I)" "www.roomfurnish.com"
67.195.113.218 - - [31/Dec/2009:12:26:29 -0800] "GET /QM/Qm2002/?M=A HTTP/1.0" 200 14661 "-" "Mozilla/5.0 (compatible; Yahoo! Slurp/3.0; http://help.yahoo.com/help/us/ysearch/slurp)" "www.roomfurnish.com"
65.55.106.109 - - [31/Dec/2009:12:42:49 -0800] "GET /robots.txt HTTP/1.1" 404 - "-" "msnbot/2.0b (+http://search.msn.com/msnbot.htm)" "dtcsolution.roomfurnish.com"
65.55.106.109 - - [31/Dec/2009:12:43:41 -0800] "GET /html/ HTTP/1.1" 200 29618 "-" "msnbot/2.0b (+http://search.msn.com/msnbot.htm)" "dtcsolution.roomfurnish.com"
77.88.29.247 - - [31/Dec/2009:12:45:03 -0800] "GET /tmp/sess_7b258827970bfc08530761c41d74f4bb HTTP/1.1" 403 - "-" "Yandex/1.01.001 (compatible; Win16; I)" "www.roomfurnish.com"
77.88.29.247 - - [31/Dec/2009:13:10:12 -0800] "GET /dtcsolution/LIBRARY/ HTTP/1.1" 200 1396 "-" "Yandex/1.01.001 (compatible; Win16; I)" "www.roomfurnish.com"
77.88.29.247 - - [31/Dec/2009:13:20:11 -0800] "GET / HTTP/1.1" 200 2855 "-" "Yandex/1.01.001 (compatible; Win16; I)" "www.roomfurnish.com"
77.88.29.247 - - [31/Dec/2009:13:20:36 -0800] "GET /?S=A HTTP/1.1" 200 2855 "-" "Yandex/1.01.001 (compatible; Win16; I)" "www.roomfurnish.com"
77.88.29.247 - - [31/Dec/2009:13:20:57 -0800] "GET /test/ HTTP/1.1" 200 798 "-" "Yandex/1.01.001 (compatible; Win16; I)" "www.roomfurnish.com"
77.88.29.247 - - [31/Dec/2009:13:21:16 -0800] "GET /?M=A HTTP/1.1" 200 2855 "-" "Yandex/1.01.001 (compatible; Win16; I)" "www.roomfurnish.com"
77.88.29.247 - - [31/Dec/2009:13:21:38 -0800] "GET /FL/ HTTP/1.1" 200 70819 "-" "Yandex/1.01.001 (compatible; Win16; I)" "www.roomfurnish.com"
77.88.29.247 - - [31/Dec/2009:13:21:49 -0800] "GET /classic_blue.html HTTP/1.1" 200 18032 "-" "Yandex/1.01.001 (compatible; Win16; I)" "www.roomfurnish.com"
77.88.29.247 - - [31/Dec/2009:13:21:52 -0800] "GET /test/?D=A HTTP/1.1" 200 798 "-" "Yandex/1.01.001 (compatible; Win16; I)" "www.roomfurnish.com"
77.88.29.247 - - [31/Dec/2009:13:22:08 -0800] "GET /test/images/ HTTP/1.1" 200 688 "-" "Yandex/1.01.001 (compatible; Win16; I)" "www.roomfurnish.com"
77.88.29.247 - - [31/Dec/2009:13:22:12 -0800] "GET /BOSSTON/ HTTP/1.1" 200 944 "-" "Yandex/1.01.001 (compatible; Win16; I)" "www.roomfurnish.com"
77.88.29.247 - - [31/Dec/2009:13:22:28 -0800] "GET /test/?N=D HTTP/1.1" 200 798 "-" "Yandex/1.01.001 (compatible; Win16; I)" "www.roomfurnish.com"
77.88.29.247 - - [31/Dec/2009:13:22:43 -0800] "GET /BOB/ HTTP/1.1" 200 520 "-" "Yandex/1.01.001 (compatible; Win16; I)" "www.roomfurnish.com"
77.88.29.247 - - [31/Dec/2009:13:22:52 -0800] "GET /nantian/ HTTP/1.1" 200 10769 "-" "Yandex/1.01.001 (compatible; Win16; I)" "www.roomfurnish.com"
77.88.29.247 - - [31/Dec/2009:13:22:55 -0800] "GET /FRABK.TTF HTTP/1.1" 200 141768 "-" "Yandex/1.01.001 (compatible; Win16; I)" "www.roomfurnish.com"
77.88.29.247 - - [31/Dec/2009:13:23:10 -0800] "GET /tmp/ HTTP/1.1" 200 13467 "-" "Yandex/1.01.001 (compatible; Win16; I)" "www.roomfurnish.com"
77.88.29.247 - - [31/Dec/2009:13:23:14 -0800] "GET /test/test_index.html HTTP/1.1" 200 904 "-" "Yandex/1.01.001 (compatible; Win16; I)" "www.roomfurnish.com"
77.88.29.247 - - [31/Dec/2009:13:23:16 -0800] "GET /BOSSTON/?N=D HTTP/1.1" 200 944 "-" "Yandex/1.01.001 (compatible; Win16; I)" "www.roomfurnish.com"
77.88.29.247 - - [31/Dec/2009:13:23:20 -0800] "GET /?S=D HTTP/1.1" 200 2855 "-" "Yandex/1.01.001 (compatible; Win16; I)" "www.roomfurnish.com"
77.88.29.247 - - [31/Dec/2009:13:23:43 -0800] "GET /swatch/ HTTP/1.1" 200 662 "-" "Yandex/1.01.001 (compatible; Win16; I)" "www.roomfurnish.com"
77.88.29.247 - - [31/Dec/2009:13:23:46 -0800] "GET /logs/ HTTP/1.1" 200 4942 "-" "Yandex/1.01.001 (compatible; Win16; I)" "www.roomfurnish.com"
77.88.29.247 - - [31/Dec/2009:13:23:56 -0800] "GET /BOSSTON/?D=A HTTP/1.1" 200 944 "-" "Yandex/1.01.001 (compatible; Win16; I)" "www.roomfurnish.com"
77.88.29.247 - - [31/Dec/2009:13:23:59 -0800] "GET /?M=D HTTP/1.1" 200 2855 "-" "Yandex/1.01.001 (compatible; Win16; I)" "www.roomfurnish.com"
77.88.29.247 - - [31/Dec/2009:13:24:03 -0800] "GET /QM/ HTTP/1.1" 200 1340 "-" "Yandex/1.01.001 (compatible; Win16; I)" "www.roomfurnish.com"
77.88.29.247 - - [31/Dec/2009:13:24:05 -0800] "GET /FLleather/ HTTP/1.1" 200 2028 "-" "Yandex/1.01.001 (compatible; Win16; I)" "www.roomfurnish.com"
77.88.29.247 - - [31/Dec/2009:13:24:28 -0800] "GET /?N=D HTTP/1.1" 200 2855 "-" "Yandex/1.01.001 (compatible; Win16; I)" "www.roomfurnish.com"
77.88.29.247 - - [31/Dec/2009:13:24:31 -0800] "GET /test/?M=A HTTP/1.1" 200 798 "-" "Yandex/1.01.001 (compatible; Win16; I)" "www.roomfurnish.com"
77.88.29.247 - - [31/Dec/2009:13:24:33 -0800] "GET /test/images/?D=A HTTP/1.1" 200 688 "-" "Yandex/1.01.001 (compatible; Win16; I)" "www.roomfurnish.com"
77.88.29.247 - - [31/Dec/2009:13:24:51 -0800] "GET /test/images/?N=D HTTP/1.1" 200 688 "-" "Yandex/1.01.001 (compatible; Win16; I)" "www.roomfurnish.com"
77.88.29.247 - - [31/Dec/2009:13:25:08 -0800] "GET /?D=A HTTP/1.1" 200 2855 "-" "Yandex/1.01.001 (compatible; Win16; I)" "www.roomfurnish.com"
77.88.29.247 - - [31/Dec/2009:13:25:20 -0800] "GET /BOSSTON/?M=A HTTP/1.1" 200 944 "-" "Yandex/1.01.001 (compatible; Win16; I)" "www.roomfurnish.com"
77.88.29.247 - - [31/Dec/2009:13:25:58 -0800] "GET /BOSSTON/BOSSTON-CD/ HTTP/1.1" 200 1095 "-" "Yandex/1.01.001 (compatible; Win16; I)" "www.roomfurnish.com"
77.88.29.247 - - [31/Dec/2009:13:26:01 -0800] "GET /test/images/?M=A HTTP/1.1" 200 688 "-" "Yandex/1.01.001 (compatible; Win16; I)" "www.roomfurnish.com"
77.88.29.247 - - [31/Dec/2009:13:26:13 -0800] "GET /test/images/?S=A HTTP/1.1" 200 688 "-" "Yandex/1.01.001 (compatible; Win16; I)" "www.roomfurnish.com"
77.88.29.247 - - [31/Dec/2009:13:26:47 -0800] "GET /BOSSTON/?S=A HTTP/1.1" 200 944 "-" "Yandex/1.01.001 (compatible; Win16; I)" "www.roomfurnish.com"
77.88.29.247 - - [31/Dec/2009:13:27:10 -0800] "GET /BOSSTON/3Sofa/ HTTP/1.1" 200 2629 "-" "Yandex/1.01.001 (compatible; Win16; I)" "www.roomfurnish.com"
67.195.115.45 - - [31/Dec/2009:13:29:17 -0800] "GET /dtcsolution/Thumbs.db HTTP/1.0" 200 30208 "-" "Mozilla/5.0 (compatible; Yahoo! Slurp/3.0; http://help.yahoo.com/help/us/ysearch/slurp)" "roomfurnish.com"
65.46.75.190 - - [31/Dec/2009:13:32:15 -0800] "GET /robots.txt HTTP/1.1" 404 - "-" "ShopWiki/1.0 ( +http://www.shopwiki.com/wiki/Help:Bot)" "www.roomfurnish.com"
65.46.75.190 - - [31/Dec/2009:13:32:17 -0800] "GET / HTTP/1.1" 200 2855 "-" "ShopWiki/1.0 ( +http://www.shopwiki.com/wiki/Help:Bot)" "www.roomfurnish.com"
8.11.2.10 - - [31/Dec/2009:13:32:19 -0800] "GET /BOSSTON/BOSSTON-CD/Chaise/ HTTP/1.1" 200 3233 "-" "ShopWiki/1.0 ( +http://www.shopwiki.com/wiki/Help:Bot)" "www.roomfurnish.com"
8.11.2.10 - - [31/Dec/2009:13:32:19 -0800] "GET /dtcsolution/LIBRARY/LOGOS/ HTTP/1.1" 200 3255 "-" "ShopWiki/1.0 ( +http://www.shopwiki.com/wiki/Help:Bot)" "www.roomfurnish.com"
77.88.29.247 - - [31/Dec/2009:13:32:37 -0800] "GET /?N=A HTTP/1.1" 200 2855 "-" "Yandex/1.01.001 (compatible; Win16; I)" "www.roomfurnish.com"
77.88.29.247 - - [31/Dec/2009:13:41:24 -0800] "GET /logs/access_071230.log HTTP/1.1" 200 300461 "-" "Yandex/1.01.001 (compatible; Win16; I)" "www.roomfurnish.com"
77.88.29.247 - - [31/Dec/2009:13:41:31 -0800] "GET /logs/access_090330.log HTTP/1.1" 200 109271 "-" "Yandex/1.01.001 (compatible; Win16; I)" "www.roomfurnish.com"
77.88.29.247 - - [31/Dec/2009:13:41:39 -0800] "GET /swatch/?S=A HTTP/1.1" 200 662 "-" "Yandex/1.01.001 (compatible; Win16; I)" "www.roomfurnish.com"
77.88.29.247 - - [31/Dec/2009:13:41:45 -0800] "GET /logs/access_091030.log HTTP/1.1" 200 1309117 "-" "Yandex/1.01.001 (compatible; Win16; I)" "www.roomfurnish.com"
77.88.29.247 - - [31/Dec/2009:13:41:53 -0800] "GET /logs/access_091230.log HTTP/1.1" 200 1247517 "-" "Yandex/1.01.001 (compatible; Win16; I)" "www.roomfurnish.com"
77.88.29.247 - - [31/Dec/2009:13:41:58 -0800] "GET /logs/access_081130.log HTTP/1.1" 200 142110 "-" "Yandex/1.01.001 (compatible; Win16; I)" "www.roomfurnish.com"
77.88.29.247 - - [31/Dec/2009:13:42:03 -0800] "GET /QM/Qm2002/ HTTP/1.1" 200 14677 "-" "Yandex/1.01.001 (compatible; Win16; I)" "www.roomfurnish.com"
77.88.29.247 - - [31/Dec/2009:13:42:07 -0800] "GET /logs/access_080330.log HTTP/1.1" 200 179698 "-" "Yandex/1.01.001 (compatible; Win16; I)" "www.roomfurnish.com"
77.88.29.247 - - [31/Dec/2009:13:42:11 -0800] "GET /QM/LivingRoom/ HTTP/1.1" 200 5148 "-" "Yandex/1.01.001 (compatible; Win16; I)" "www.roomfurnish.com"
77.88.29.247 - - [31/Dec/2009:13:42:15 -0800] "GET /logs/access_070830.log HTTP/1.1" 200 726881 "-" "Yandex/1.01.001 (compatible; Win16; I)" "www.roomfurnish.com"
77.88.29.247 - - [31/Dec/2009:13:42:30 -0800] "GET /logs/access_091130.log HTTP/1.1" 200 2791094 "-" "Yandex/1.01.001 (compatible; Win16; I)" "www.roomfurnish.com"
77.88.29.247 - - [31/Dec/2009:13:42:34 -0800] "GET /FLleather/?M=A HTTP/1.1" 200 2028 "-" "Yandex/1.01.001 (compatible; Win16; I)" "www.roomfurnish.com"
77.88.29.247 - - [31/Dec/2009:13:42:37 -0800] "GET /logs/?N=D HTTP/1.1" 200 4942 "-" "Yandex/1.01.001 (compatible; Win16; I)" "www.roomfurnish.com"
77.88.29.247 - - [31/Dec/2009:13:42:39 -0800] "GET /logs/access_080830.log HTTP/1.1" 200 217348 "-" "Yandex/1.01.001 (compatible; Win16; I)" "www.roomfurnish.com"
77.88.29.247 - - [31/Dec/2009:13:42:51 -0800] "GET /logs/scripts.log HTTP/1.1" 200 786432 "-" "Yandex/1.01.001 (compatible; Win16; I)" "www.roomfurnish.com"
77.88.29.247 - - [31/Dec/2009:13:43:04 -0800] "GET /logs/access_081030.log HTTP/1.1" 200 162059 "-" "Yandex/1.01.001 (compatible; Win16; I)" "www.roomfurnish.com"
77.88.29.247 - - [31/Dec/2009:13:43:13 -0800] "GET /logs/access_080430.log HTTP/1.1" 200 172686 "-" "Yandex/1.01.001 (compatible; Win16; I)" "www.roomfurnish.com"
77.88.29.247 - - [31/Dec/2009:13:43:29 -0800] "GET /logs/access_081230.log HTTP/1.1" 200 131718 "-" "Yandex/1.01.001 (compatible; Win16; I)" "www.roomfurnish.com"
77.88.29.247 - - [31/Dec/2009:13:43:34 -0800] "GET /logs/access_090430.log HTTP/1.1" 200 136047 "-" "Yandex/1.01.001 (compatible; Win16; I)" "www.roomfurnish.com"
77.88.29.247 - - [31/Dec/2009:13:43:42 -0800] "GET /QM/Other/ HTTP/1.1" 200 2546 "-" "Yandex/1.01.001 (compatible; Win16; I)" "www.roomfurnish.com"
77.88.29.247 - - [31/Dec/2009:13:43:48 -0800] "GET /logs/access_071030.log HTTP/1.1" 200 384225 "-" "Yandex/1.01.001 (compatible; Win16; I)" "www.roomfurnish.com"
77.88.29.247 - - [31/Dec/2009:13:44:22 -0800] "GET /QM/Bedroom/ HTTP/1.1" 200 2358 "-" "Yandex/1.01.001 (compatible; Win16; I)" "www.roomfurnish.com"
77.88.29.247 - - [31/Dec/2009:13:44:25 -0800] "GET /logs/access_090130.log HTTP/1.1" 200 129679 "-" "Yandex/1.01.001 (compatible; Win16; I)" "www.roomfurnish.com"
77.88.29.247 - - [31/Dec/2009:13:44:42 -0800] "GET /logs/access_090301.log HTTP/1.1" 200 106831 "-" "Yandex/1.01.001 (compatible; Win16; I)" "www.roomfurnish.com"
77.88.29.247 - - [31/Dec/2009:13:45:03 -0800] "GET /swatch/?N=D HTTP/1.1" 200 662 "-" "Yandex/1.01.001 (compatible; Win16; I)" "www.roomfurnish.com"
77.88.29.247 - - [31/Dec/2009:13:45:11 -0800] "GET /logs/access_080301.log HTTP/1.1" 200 231746 "-" "Yandex/1.01.001 (compatible; Win16; I)" "www.roomfurnish.com"
77.88.29.247 - - [31/Dec/2009:13:45:24 -0800] "GET /logs/access_070930.log HTTP/1.1" 200 546351 "-" "Yandex/1.01.001 (compatible; Win16; I)" "www.roomfurnish.com"
77.88.29.247 - - [31/Dec/2009:13:45:30 -0800] "GET /logs/access_090530.log HTTP/1.1" 200 162229 "-" "Yandex/1.01.001 (compatible; Win16; I)" "www.roomfurnish.com"
77.88.29.247 - - [31/Dec/2009:13:46:12 -0800] "GET /logs/access_090730.log HTTP/1.1" 200 3197677 "-" "Yandex/1.01.001 (compatible; Win16; I)" "www.roomfurnish.com"
77.88.29.247 - - [31/Dec/2009:13:46:17 -0800] "GET /logs/?D=A HTTP/1.1" 200 4942 "-" "Yandex/1.01.001 (compatible; Win16; I)" "www.roomfurnish.com"
38.98.120.94 - - [31/Dec/2009:13:47:45 -0800] "GET / HTTP/1.1" 200 2855 "-" "ShopWiki/1.0 ( +http://www.shopwiki.com/wiki/Help:Bot)" "www.roomfurnish.com"
65.46.75.190 - - [31/Dec/2009:13:47:46 -0800] "GET /BOSSTON/BOSSTON-CD/Chaise/ HTTP/1.1" 200 3233 "-" "ShopWiki/1.0 ( +http://www.shopwiki.com/wiki/Help:Bot)" "www.roomfurnish.com"
8.11.2.10 - - [31/Dec/2009:13:47:48 -0800] "GET /dtcsolution/LIBRARY/LOGOS/ HTTP/1.1" 200 3255 "-" "ShopWiki/1.0 ( +http://www.shopwiki.com/wiki/Help:Bot)" "www.roomfurnish.com"
77.88.29.247 - - [31/Dec/2009:13:48:26 -0800] "GET /BOSSTON/BOSSTON-CD/?N=D HTTP/1.1" 200 1095 "-" "Yandex/1.01.001 (compatible; Win16; I)" "www.roomfurnish.com"
77.88.29.247 - - [31/Dec/2009:13:49:00 -0800] "GET /BOSSTON/BOSSTON-CD/?M=A HTTP/1.1" 200 1095 "-" "Yandex/1.01.001 (compatible; Win16; I)" "www.roomfurnish.com"
77.88.29.247 - - [31/Dec/2009:13:49:26 -0800] "GET /BOSSTON/BOSSTON-CD/20048/ HTTP/1.1" 200 6391 "-" "Yandex/1.01.001 (compatible; Win16; I)" "www.roomfurnish.com"
77.88.29.247 - - [31/Dec/2009:13:50:52 -0800] "GET /BOSSTON/BOSSTON-CD/?S=A HTTP/1.1" 200 1095 "-" "Yandex/1.01.001 (compatible; Win16; I)" "www.roomfurnish.com"
77.88.29.247 - - [31/Dec/2009:13:54:11 -0800] "GET /BOSSTON/BOSSTON-CD/20049/ HTTP/1.1" 200 1412 "-" "Yandex/1.01.001 (compatible; Win16; I)" "www.roomfurnish.com"
77.88.29.247 - - [31/Dec/2009:14:00:07 -0800] "GET /BOSSTON/BOSSTON-CD/Chair/ HTTP/1.1" 200 2390 "-" "Yandex/1.01.001 (compatible; Win16; I)" "www.roomfurnish.com"
77.88.29.247 - - [31/Dec/2009:14:00:59 -0800] "GET /BOSSTON/BOSSTON-CD/?D=A HTTP/1.1" 200 1095 "-" "Yandex/1.01.001 (compatible; Win16; I)" "www.roomfurnish.com"
77.88.29.247 - - [31/Dec/2009:14:23:27 -0800] "GET /tmp/sess_f46849f489abeddaae0714b49dba5729 HTTP/1.1" 403 - "-" "Yandex/1.01.001 (compatible; Win16; I)" "www.roomfurnish.com"
68.102.254.1 - - [31/Dec/2009:14:25:55 -0800] "GET /leathersofa.html HTTP/1.1" 404 - "-" "Mozilla/4.0 (compatible; MSIE 7.0; Windows NT 5.1; .NET CLR 1.1.4322; .NET CLR 2.0.50727)" "www.roomfurnish.com"
68.102.254.1 - - [31/Dec/2009:14:25:55 -0800] "GET /leathersofa.html HTTP/1.1" 404 - "-" "mAgent" "www.roomfurnish.com"
124.115.1.62 - - [31/Dec/2009:14:30:37 -0800] "GET / HTTP/1.1" 200 2855 "-" "Mozilla/4.0 (compatible; MSIE 6.0; Windows NT 5.1)" "www.roomfurnish.com"
124.115.10.193 - - [31/Dec/2009:14:31:26 -0800] "GET / HTTP/1.1" 200 2855 "-" "Mozilla/4.0 (compatible; MSIE 6.0; Windows NT 5.1)" "www.roomfurnish.com"
124.115.1.60 - - [31/Dec/2009:14:32:25 -0800] "GET / HTTP/1.1" 200 2855 "-" "Mozilla/4.0 (compatible; MSIE 6.0; Windows NT 5.1)" "www.roomfurnish.com"
124.115.1.59 - - [31/Dec/2009:14:33:00 -0800] "GET / HTTP/1.1" 200 2855 "-" "Mozilla/4.0 (compatible; MSIE 6.0; Windows NT 5.1)" "www.roomfurnish.com"
124.115.1.66 - - [31/Dec/2009:14:36:03 -0800] "GET / HTTP/1.1" 200 2855 "-" "Mozilla/4.0 (compatible; MSIE 6.0; Windows NT 5.1)" "www.roomfurnish.com"
38.98.120.84 - - [31/Dec/2009:14:43:49 -0800] "GET / HTTP/1.1" 200 2855 "-" "ShopWiki/1.0 ( +http://www.shopwiki.com/wiki/Help:Bot)" "www.roomfurnish.com"
38.98.120.84 - - [31/Dec/2009:14:43:50 -0800] "GET /BOSSTON/BOSSTON-CD/Chaise/ HTTP/1.1" 200 3233 "-" "ShopWiki/1.0 ( +http://www.shopwiki.com/wiki/Help:Bot)" "www.roomfurnish.com"
38.98.120.84 - - [31/Dec/2009:14:43:51 -0800] "GET /dtcsolution/LIBRARY/LOGOS/ HTTP/1.1" 200 3255 "-" "ShopWiki/1.0 ( +http://www.shopwiki.com/wiki/Help:Bot)" "www.roomfurnish.com"
77.88.29.247 - - [31/Dec/2009:14:49:47 -0800] "GET /classic_blue.html HTTP/1.1" 200 18032 "-" "Yandex/1.01.001 (compatible; Win16; I)" "www.roomfurnish.com"
65.55.207.117 - - [31/Dec/2009:15:03:51 -0800] "GET /robots.txt HTTP/1.1" 404 - "-" "msnbot/2.0b (+http://search.msn.com/msnbot.htm)" "dtcsolution.roomfurnish.com"
77.88.29.247 - - [31/Dec/2009:15:12:28 -0800] "GET /tmp/sess_a6023fb335ee5670e4d6e175c9ce6e2d HTTP/1.1" 403 - "-" "Yandex/1.01.001 (compatible; Win16; I)" "www.roomfurnish.com"
65.55.207.117 - - [31/Dec/2009:15:28:10 -0800] "GET /html/ HTTP/1.1" 200 29618 "-" "msnbot/2.0b (+http://search.msn.com/msnbot.htm)" "dtcsolution.roomfurnish.com"
193.47.80.40 - - [31/Dec/2009:15:30:40 -0800] "GET /robots.txt HTTP/1.1" 404 - "-" "Mozilla/5.0 (compatible; Exabot/3.0; +http://www.exabot.com/go/robot)" "roomfurnish.com"
193.47.80.40 - - [31/Dec/2009:15:30:40 -0800] "GET / HTTP/1.1" 200 2855 "-" "Mozilla/5.0 (compatible; Exabot/3.0; +http://www.exabot.com/go/robot)" "roomfurnish.com"
77.88.29.247 - - [31/Dec/2009:15:35:05 -0800] "GET /nantian/M1111stool.xls HTTP/1.1" 200 194048 "-" "Yandex/1.01.001 (compatible; Win16; I)" "www.roomfurnish.com"
77.88.29.247 - - [31/Dec/2009:15:58:12 -0800] "GET /tmp/sess_5c8a90495e9192f5f945f357b14625a3 HTTP/1.1" 403 - "-" "Yandex/1.01.001 (compatible; Win16; I)" "www.roomfurnish.com"
77.88.29.247 - - [31/Dec/2009:16:20:42 -0800] "GET /dtcsolution/html/ HTTP/1.1" 200 29618 "-" "Yandex/1.01.001 (compatible; Win16; I)" "www.roomfurnish.com"
77.88.29.247 - - [31/Dec/2009:16:43:12 -0800] "GET /logs/access_071230.log HTTP/1.1" 200 0 "-" "Yandex/1.01.001 (compatible; Win16; I)" "www.roomfurnish.com"
77.88.29.247 - - [31/Dec/2009:17:06:42 -0800] "GET /tmp/sess_dbe3071d68f9c27cc6b3e0eadb70b838 HTTP/1.1" 403 163 "-" "Yandex/1.01.001 (compatible; Win16; I)" "www.roomfurnish.com"
193.47.80.40 - - [31/Dec/2009:17:19:03 -0800] "GET /classic_blue.html HTTP/1.1" 200 18032 "-" "Mozilla/5.0 (compatible; Exabot/3.0; +http://www.exabot.com/go/robot)" "roomfurnish.com"
77.88.29.247 - - [31/Dec/2009:17:36:06 -0800] "GET /tmp/sess_0ad5642e4f7395dbe3488c1c4b967636 HTTP/1.1" 403 - "-" "Yandex/1.01.001 (compatible; Win16; I)" "www.roomfurnish.com"
77.88.29.247 - - [31/Dec/2009:17:59:59 -0800] "GET /logs/access_090330.log HTTP/1.1" 200 0 "-" "Yandex/1.01.001 (compatible; Win16; I)" "www.roomfurnish.com"
8.11.2.9 - - [31/Dec/2009:18:04:27 -0800] "GET /robots.txt HTTP/1.1" 404 - "-" "ShopWiki/1.0 ( +http://www.shopwiki.com/wiki/Help:Bot)" "www.roomfurnish.com"
38.98.120.84 - - [31/Dec/2009:18:04:28 -0800] "GET / HTTP/1.1" 200 2855 "-" "ShopWiki/1.0 ( +http://www.shopwiki.com/wiki/Help:Bot)" "www.roomfurnish.com"
38.98.120.84 - - [31/Dec/2009:18:04:29 -0800] "GET /BOSSTON/BOSSTON-CD/Chaise/ HTTP/1.1" 200 3233 "-" "ShopWiki/1.0 ( +http://www.shopwiki.com/wiki/Help:Bot)" "www.roomfurnish.com"
38.98.120.84 - - [31/Dec/2009:18:04:30 -0800] "GET /dtcsolution/LIBRARY/LOGOS/ HTTP/1.1" 200 3255 "-" "ShopWiki/1.0 ( +http://www.shopwiki.com/wiki/Help:Bot)" "www.roomfurnish.com"
113.10.121.147 - - [31/Dec/2009:18:13:16 -0800] "GET /html/ HTTP/1.1" 200 29618 "http://www.dtcsolution.com/" "Mozilla/4.0 (compatible; MSIE 6.0; Windows NT 5.1; SV1; .NET CLR 2.0.50727; .NET CLR 3.0.4506.2152; .NET CLR 3.5.30729)" "dtcsolution.roomfurnish.com"
113.10.121.147 - - [31/Dec/2009:18:13:17 -0800] "GET /html/images/main_bgs.jpg HTTP/1.1" 404 - "http://dtcsolution.roomfurnish.com/html/" "Mozilla/4.0 (compatible; MSIE 6.0; Windows NT 5.1; SV1; .NET CLR 2.0.50727; .NET CLR 3.0.4506.2152; .NET CLR 3.5.30729)" "dtcsolution.roomfurnish.com"
113.10.121.147 - - [31/Dec/2009:18:13:20 -0800] "GET /html/images/but.jpg HTTP/1.1" 200 1685 "http://dtcsolution.roomfurnish.com/html/" "Mozilla/4.0 (compatible; MSIE 6.0; Windows NT 5.1; SV1; .NET CLR 2.0.50727; .NET CLR 3.0.4506.2152; .NET CLR 3.5.30729)" "dtcsolution.roomfurnish.com"
113.10.121.147 - - [31/Dec/2009:18:13:21 -0800] "GET /html/images/pass.jpg HTTP/1.1" 200 1772 "http://dtcsolution.roomfurnish.com/html/" "Mozilla/4.0 (compatible; MSIE 6.0; Windows NT 5.1; SV1; .NET CLR 2.0.50727; .NET CLR 3.0.4506.2152; .NET CLR 3.5.30729)" "dtcsolution.roomfurnish.com"
113.10.121.147 - - [31/Dec/2009:18:13:26 -0800] "GET /html/images/b6.jpg HTTP/1.1" 200 1561 "http://dtcsolution.roomfurnish.com/html/" "Mozilla/4.0 (compatible; MSIE 6.0; Windows NT 5.1; SV1; .NET CLR 2.0.50727; .NET CLR 3.0.4506.2152; .NET CLR 3.5.30729)" "dtcsolution.roomfurnish.com"
113.10.121.147 - - [31/Dec/2009:18:13:30 -0800] "GET /html/images/menu2.jpg HTTP/1.1" 200 5107 "http://dtcsolution.roomfurnish.com/html/" "Mozilla/4.0 (compatible; MSIE 6.0; Windows NT 5.1; SV1; .NET CLR 2.0.50727; .NET CLR 3.0.4506.2152; .NET CLR 3.5.30729)" "dtcsolution.roomfurnish.com"
77.88.29.247 - - [31/Dec/2009:18:24:06 -0800] "GET /logs/access_090430.log HTTP/1.1" 200 0 "-" "Yandex/1.01.001 (compatible; Win16; I)" "www.roomfurnish.com"
77.88.29.247 - - [31/Dec/2009:18:47:19 -0800] "GET /tmp/sess_bdaf8b2d15c334022c02eab702a88ecb HTTP/1.1" 403 163 "-" "Yandex/1.01.001 (compatible; Win16; I)" "www.roomfurnish.com"
77.88.29.247 - - [31/Dec/2009:19:09:55 -0800] "GET /tmp/sess_d3c9d4f664683f14dbdcc819dfd84b65 HTTP/1.1" 403 - "-" "Yandex/1.01.001 (compatible; Win16; I)" "www.roomfurnish.com"
220.255.7.148 - - [31/Dec/2009:19:14:22 -0800] "GET /html/images/main_bgs.jpg HTTP/1.1" 404 - "http://dtcsolution.roomfurnish.com/html/" "Mozilla/5.0 (Windows; U; Windows NT 5.1; en-US) AppleWebKit/532.0 (KHTML, like Gecko) Chrome/3.0.195.38 Safari/532.0" "dtcsolution.roomfurnish.com"
77.88.29.247 - - [31/Dec/2009:19:32:35 -0800] "GET /logs/access_080430.log HTTP/1.1" 200 0 "-" "Yandex/1.01.001 (compatible; Win16; I)" "www.roomfurnish.com"
77.88.29.247 - - [31/Dec/2009:19:54:48 -0800] "GET /logs/access_091030.log HTTP/1.1" 200 0 "-" "Yandex/1.01.001 (compatible; Win16; I)" "www.roomfurnish.com"
65.46.75.190 - - [31/Dec/2009:19:59:37 -0800] "GET / HTTP/1.1" 200 2855 "-" "ShopWiki/1.0 ( +http://www.shopwiki.com/wiki/Help:Bot)" "www.roomfurnish.com"
65.46.75.190 - - [31/Dec/2009:19:59:37 -0800] "GET /BOSSTON/BOSSTON-CD/Chaise/ HTTP/1.1" 200 3233 "-" "ShopWiki/1.0 ( +http://www.shopwiki.com/wiki/Help:Bot)" "www.roomfurnish.com"
77.88.29.247 - - [31/Dec/2009:20:18:25 -0800] "GET /logs/access_081130.log HTTP/1.1" 200 0 "-" "Yandex/1.01.001 (compatible; Win16; I)" "www.roomfurnish.com"
77.88.29.247 - - [31/Dec/2009:20:40:40 -0800] "GET /test/ HTTP/1.1" 200 798 "-" "Yandex/1.01.001 (compatible; Win16; I)" "www.roomfurnish.com"
220.255.7.212 - - [31/Dec/2009:21:01:58 -0800] "GET /html/ HTTP/1.1" 200 29618 "http://www.dtcsolution.com/" "Mozilla/4.0 (compatible; MSIE 6.0; Windows NT 5.1; SV1; .NET CLR 1.0.3705; .NET CLR 1.1.4322; Media Center PC 4.0; .NET CLR 2.0.50727; .NET CLR 3.0.4506.2152; .NET CLR 3.5.30729)" "dtcsolution.roomfurnish.com"
220.255.7.147 - - [31/Dec/2009:21:01:58 -0800] "GET /html/images/main_bgs.jpg HTTP/1.1" 404 - "http://dtcsolution.roomfurnish.com/html/" "Mozilla/4.0 (compatible; MSIE 6.0; Windows NT 5.1; SV1; .NET CLR 1.0.3705; .NET CLR 1.1.4322; Media Center PC 4.0; .NET CLR 2.0.50727; .NET CLR 3.0.4506.2152; .NET CLR 3.5.30729)" "dtcsolution.roomfurnish.com"
38.98.120.94 - - [31/Dec/2009:21:11:28 -0800] "GET /robots.txt HTTP/1.1" 404 - "-" "ShopWiki/1.0 ( +http://www.shopwiki.com/wiki/Help:Bot)" "www.roomfurnish.com"
38.98.120.94 - - [31/Dec/2009:21:11:28 -0800] "GET / HTTP/1.1" 200 2855 "-" "ShopWiki/1.0 ( +http://www.shopwiki.com/wiki/Help:Bot)" "www.roomfurnish.com"
8.11.2.10 - - [31/Dec/2009:21:11:29 -0800] "GET /BOSSTON/BOSSTON-CD/Chaise/ HTTP/1.1" 200 3233 "-" "ShopWiki/1.0 ( +http://www.shopwiki.com/wiki/Help:Bot)" "www.roomfurnish.com"
77.88.29.247 - - [31/Dec/2009:21:15:11 -0800] "GET /tmp/sess_b639b063b925f8d05981d073bf6db03f HTTP/1.1" 403 - "-" "Yandex/1.01.001 (compatible; Win16; I)" "www.roomfurnish.com"
220.181.125.71 - - [31/Dec/2009:21:36:19 -0800] "GET /robots.txt HTTP/1.1" 404 - "-" "-" "roomfurnish.com"
77.88.29.247 - - [31/Dec/2009:21:42:16 -0800] "GET /logs/access_090630.log HTTP/1.1" 200 0 "-" "Yandex/1.01.001 (compatible; Win16; I)" "www.roomfurnish.com"
77.88.29.247 - - [31/Dec/2009:22:04:08 -0800] "GET /tmp/sess_74c6f4a3f336449fec4ef54521e9d5ef HTTP/1.1" 403 - "-" "Yandex/1.01.001 (compatible; Win16; I)" "www.roomfurnish.com"
195.210.57.83 - - [31/Dec/2009:22:11:38 -0800] "GET /robots.txt HTTP/1.0" 404 - "-" "Mozilla/5.0 (compatible; KaloogaBot; http://www.kalooga.com/info.html?page=crawler)" "www.roomfurnish.com"
195.210.57.83 - - [31/Dec/2009:22:11:39 -0800] "GET /BOSSTON/?D=D HTTP/1.0" 200 928 "-" "Mozilla/5.0 (compatible; KaloogaBot; http://www.kalooga.com/info.html?page=crawler)" "www.roomfurnish.com"
77.88.29.247 - - [31/Dec/2009:22:25:33 -0800] "GET /logs/access_080130.log HTTP/1.1" 200 0 "-" "Yandex/1.01.001 (compatible; Win16; I)" "www.roomfurnish.com"
77.88.29.247 - - [31/Dec/2009:22:47:20 -0800] "GET /tmp/sess_f6c518bddc54ee54eb3e89724e692964 HTTP/1.1" 403 - "-" "Yandex/1.01.001 (compatible; Win16; I)" "www.roomfurnish.com"
67.195.113.218 - - [31/Dec/2009:22:53:17 -0800] "GET /robots.txt HTTP/1.0" 404 - "-" "Mozilla/5.0 (compatible; Yahoo! Slurp; http://help.yahoo.com/help/us/ysearch/slurp)" "www.roomfurnish.com"
67.195.113.218 - - [31/Dec/2009:22:53:17 -0800] "GET /QM/HomeOffice/ HTTP/1.0" 200 2108 "-" "Mozilla/5.0 (compatible; Yahoo! Slurp/3.0; http://help.yahoo.com/help/us/ysearch/slurp)" "www.roomfurnish.com"
124.115.6.11 - - [31/Dec/2009:23:02:23 -0800] "GET /robots.txt HTTP/1.1" 404 275 "-" "Sosospider+(+http://help.soso.com/webspider.htm)" "roomfurnish.com"
77.88.29.247 - - [31/Dec/2009:23:09:56 -0800] "GET /tmp/sess_84b83b91202081bba12573353fc04694 HTTP/1.1" 403 - "-" "Yandex/1.01.001 (compatible; Win16; I)" "www.roomfurnish.com"
77.88.29.247 - - [31/Dec/2009:23:31:55 -0800] "GET /dtcsolution/Thumbs.db HTTP/1.1" 200 30208 "-" "Yandex/1.01.001 (compatible; Win16; I)" "www.roomfurnish.com"
77.88.29.247 - - [31/Dec/2009:23:53:44 -0800] "GET /logs/access_080830.log HTTP/1.1" 200 0 "-" "Yandex/1.01.001 (compatible; Win16; I)" "www.roomfurnish.com"
83.167.62.170 - - [01/Jan/2010:00:09:03 -0800] "GET /robots.txt HTTP/1.1" 404 - "-" "Mozilla/5.0 (compatible; Exabot/3.0 (BiggerBetter); +http://www.exabot.com/go/robot)" "roomfurnish.com"
83.167.62.170 - - [01/Jan/2010:00:09:03 -0800] "GET /test/images/?M=A HTTP/1.1" 200 688 "-" "Mozilla/5.0 (compatible; Exabot/3.0 (BiggerBetter); +http://www.exabot.com/go/robot)" "roomfurnish.com"
77.88.29.247 - - [01/Jan/2010:00:15:17 -0800] "GET /tmp/sess_4cd8ebc9800795ea052a12c9151cad32 HTTP/1.1" 403 163 "-" "Yandex/1.01.001 (compatible; Win16; I)" "www.roomfurnish.com"
202.156.13.250 - - [01/Jan/2010:00:25:59 -0800] "GET /html/ HTTP/1.1" 200 29618 "http://www.dtcsolution.com/" "Mozilla/5.0 (Windows; U; Windows NT 6.0; en-US; rv:1.9.1.6) Gecko/20091201 Firefox/3.5.6 (.NET CLR 3.5.30729)" "dtcsolution.roomfurnish.com"
202.156.13.10 - - [01/Jan/2010:00:25:59 -0800] "GET /html/images/main_bgs.jpg HTTP/1.1" 404 - "http://dtcsolution.roomfurnish.com/html/" "Mozilla/5.0 (Windows; U; Windows NT 6.0; en-US; rv:1.9.1.6) Gecko/20091201 Firefox/3.5.6 (.NET CLR 3.5.30729)" "dtcsolution.roomfurnish.com"
202.156.13.10 - - [01/Jan/2010:00:25:59 -0800] "GET /html/images/1.jpg HTTP/1.1" 200 21212 "http://dtcsolution.roomfurnish.com/html/" "Mozilla/5.0 (Windows; U; Windows NT 6.0; en-US; rv:1.9.1.6) Gecko/20091201 Firefox/3.5.6 (.NET CLR 3.5.30729)" "dtcsolution.roomfurnish.com"
202.156.13.10 - - [01/Jan/2010:00:25:59 -0800] "GET /html/images/2.jpg HTTP/1.1" 200 18302 "http://dtcsolution.roomfurnish.com/html/" "Mozilla/5.0 (Windows; U; Windows NT 6.0; en-US; rv:1.9.1.6) Gecko/20091201 Firefox/3.5.6 (.NET CLR 3.5.30729)" "dtcsolution.roomfurnish.com"
202.156.13.10 - - [01/Jan/2010:00:26:01 -0800] "GET /html/images/b0.jpg HTTP/1.1" 200 616 "http://dtcsolution.roomfurnish.com/html/" "Mozilla/5.0 (Windows; U; Windows NT 6.0; en-US; rv:1.9.1.6) Gecko/20091201 Firefox/3.5.6 (.NET CLR 3.5.30729)" "dtcsolution.roomfurnish.com"
77.88.29.247 - - [01/Jan/2010:00:39:50 -0800] "GET /swatch/ HTTP/1.1" 200 662 "-" "Yandex/1.01.001 (compatible; Win16; I)" "www.roomfurnish.com"
202.156.12.225 - - [01/Jan/2010:00:56:14 -0800] "GET /html/ HTTP/1.1" 200 29618 "http://www.dtcsolution.com/" "Mozilla/5.0 (Windows; U; Windows NT 6.0; en-US; rv:1.9.1.6) Gecko/20091201 Firefox/3.5.6 (.NET CLR 3.5.30729)" "dtcsolution.roomfurnish.com"
77.88.29.247 - - [01/Jan/2010:01:02:14 -0800] "GET /logs/scripts.log HTTP/1.1" 200 720896 "-" "Yandex/1.01.001 (compatible; Win16; I)" "www.roomfurnish.com"
77.88.29.247 - - [01/Jan/2010:01:23:55 -0800] "GET /tmp/mailError.log HTTP/1.1" 200 0 "-" "Yandex/1.01.001 (compatible; Win16; I)" "www.roomfurnish.com"
77.88.29.247 - - [01/Jan/2010:01:44:57 -0800] "GET /dtcsolution/ HTTP/1.1" 200 2040 "-" "Yandex/1.01.001 (compatible; Win16; I)" "www.roomfurnish.com"
66.249.67.162 - - [01/Jan/2010:01:46:17 -0800] "GET /robots.txt HTTP/1.1" 404 - "-" "Mozilla/5.0 (compatible; Googlebot/2.1; +http://www.google.com/bot.html)" "roomfurnish.com"
77.88.29.247 - - [01/Jan/2010:02:04:59 -0800] "GET /tmp/sess_f8efd4dd87d668efa8a4f5d61158038d HTTP/1.1" 403 163 "-" "Yandex/1.01.001 (compatible; Win16; I)" "www.roomfurnish.com"
77.88.29.247 - - [01/Jan/2010:02:12:45 -0800] "GET /FLleather/?S=A HTTP/1.1" 200 2028 "-" "Yandex/1.01.001 (compatible; Win16; I)" "www.roomfurnish.com"
77.88.29.247 - - [01/Jan/2010:02:21:24 -0800] "GET /logs/access_090430.log HTTP/1.1" 200 136047 "-" "Yandex/1.01.001 (compatible; Win16; I)" "www.roomfurnish.com"
77.88.29.247 - - [01/Jan/2010:02:25:26 -0800] "GET /swatch/Leather/ HTTP/1.1" 200 3784 "-" "Yandex/1.01.001 (compatible; Win16; I)" "www.roomfurnish.com"
208.80.193.42 - - [01/Jan/2010:02:42:18 -0800] "GET / HTTP/1.0" 200 2002 "-" "Mozilla/4.0 (compatible; MSIE 6.0; Windows NT 5.1; SV1; HCI0545; HCI0721; .NET CLR 1.1.4322; .NET CLR 2.0.50727)" "dtcsolution.roomfurnish.com"
77.88.29.247 - - [01/Jan/2010:02:44:02 -0800] "GET /tmp/sess_34d927a97d93c021235e2b7ad2279f21 HTTP/1.1" 403 - "-" "Yandex/1.01.001 (compatible; Win16; I)" "www.roomfurnish.com"
77.88.29.247 - - [01/Jan/2010:02:55:06 -0800] "GET /QM/?S=A HTTP/1.1" 200 1340 "-" "Yandex/1.01.001 (compatible; Win16; I)" "www.roomfurnish.com"
77.88.29.247 - - [01/Jan/2010:03:02:23 -0800] "GET /logs/access_090830.log HTTP/1.1" 200 4700150 "-" "Yandex/1.01.001 (compatible; Win16; I)" "www.roomfurnish.com"
77.88.29.247 - - [01/Jan/2010:03:19:58 -0800] "GET /nantian/Thumbs.db HTTP/1.1" 200 550912 "-" "Yandex/1.01.001 (compatible; Win16; I)" "www.roomfurnish.com"
77.88.29.247 - - [01/Jan/2010:03:34:48 -0800] "GET /FLleather/?N=D HTTP/1.1" 200 2028 "-" "Yandex/1.01.001 (compatible; Win16; I)" "www.roomfurnish.com"
77.88.29.247 - - [01/Jan/2010:03:51:25 -0800] "GET /tmp/sess_51a8e8384b621b3af38f4d6817e5b1c5 HTTP/1.1" 403 - "-" "Yandex/1.01.001 (compatible; Win16; I)" "www.roomfurnish.com"
202.73.63.34 - - [01/Jan/2010:04:02:57 -0800] "GET /html/ HTTP/1.1" 200 29618 "http://www.dtcsolution.com/" "Mozilla/5.0 (Windows; U; Windows NT 6.0; en-US; rv:1.9.0.16) Gecko/2009120208 Firefox/3.0.16 (.NET CLR 3.5.30729)" "dtcsolution.roomfurnish.com"
202.73.63.34 - - [01/Jan/2010:04:03:00 -0800] "GET /html/images/main_bgs.jpg HTTP/1.1" 404 - "http://dtcsolution.roomfurnish.com/html/" "Mozilla/5.0 (Windows; U; Windows NT 6.0; en-US; rv:1.9.0.16) Gecko/2009120208 Firefox/3.0.16 (.NET CLR 3.5.30729)" "dtcsolution.roomfurnish.com"
202.73.63.34 - - [01/Jan/2010:04:03:11 -0800] "GET /html/images/cchecks1.jpg HTTP/1.1" 200 18380 "http://dtcsolution.roomfurnish.com/html/" "Mozilla/5.0 (Windows; U; Windows NT 6.0; en-US; rv:1.9.0.16) Gecko/2009120208 Firefox/3.0.16 (.NET CLR 3.5.30729)" "dtcsolution.roomfurnish.com"
202.73.63.34 - - [01/Jan/2010:04:03:12 -0800] "GET /html/images/menu2.jpg HTTP/1.1" 200 5107 "http://dtcsolution.roomfurnish.com/html/" "Mozilla/5.0 (Windows; U; Windows NT 6.0; en-US; rv:1.9.0.16) Gecko/2009120208 Firefox/3.0.16 (.NET CLR 3.5.30729)" "dtcsolution.roomfurnish.com"
202.73.63.34 - - [01/Jan/2010:04:03:15 -0800] "GET /html/images/menu5.jpg HTTP/1.1" 200 2064 "http://dtcsolution.roomfurnish.com/html/" "Mozilla/5.0 (Windows; U; Windows NT 6.0; en-US; rv:1.9.0.16) Gecko/2009120208 Firefox/3.0.16 (.NET CLR 3.5.30729)" "dtcsolution.roomfurnish.com"
77.88.29.247 - - [01/Jan/2010:04:08:29 -0800] "GET /dtcsolution/LIBRARY/all_bullets.psd HTTP/1.1" 200 83725 "-" "Yandex/1.01.001 (compatible; Win16; I)" "www.roomfurnish.com"
77.88.29.247 - - [01/Jan/2010:04:11:08 -0800] "GET /FLleather/?M=A HTTP/1.1" 200 2028 "-" "Yandex/1.01.001 (compatible; Win16; I)" "www.roomfurnish.com"
77.88.29.247 - - [01/Jan/2010:04:27:34 -0800] "GET /dtcsolution/FONTS/tahoma.ttf HTTP/1.1" 200 265528 "-" "Yandex/1.01.001 (compatible; Win16; I)" "www.roomfurnish.com"
77.88.29.247 - - [01/Jan/2010:04:33:39 -0800] "GET /logs/access_080530.log HTTP/1.1" 200 196379 "-" "Yandex/1.01.001 (compatible; Win16; I)" "www.roomfurnish.com"
77.88.29.247 - - [01/Jan/2010:04:38:03 -0800] "GET /logs/?S=A HTTP/1.1" 200 4942 "-" "Yandex/1.01.001 (compatible; Win16; I)" "www.roomfurnish.com"
77.88.29.247 - - [01/Jan/2010:04:41:28 -0800] "GET /logs/access_081030.log HTTP/1.1" 200 162059 "-" "Yandex/1.01.001 (compatible; Win16; I)" "www.roomfurnish.com"
77.88.29.247 - - [01/Jan/2010:04:49:41 -0800] "GET /?N=A HTTP/1.1" 200 2855 "-" "Yandex/1.01.001 (compatible; Win16; I)" "www.roomfurnish.com"
88.131.106.21 - - [01/Jan/2010:04:54:30 -0800] "GET /robots.txt HTTP/1.0" 404 - "-" "Speedy Spider (http://www.entireweb.com/about/search_tech/speedy_spider/)" "roomfurnish.com"
88.131.106.21 - - [01/Jan/2010:04:54:33 -0800] "GET /g-1826.html HTTP/1.0" 404 - "-" "Speedy Spider (http://www.entireweb.com/about/search_tech/speedy_spider/)" "roomfurnish.com"
220.181.7.108 - - [01/Jan/2010:04:56:03 -0800] "GET /robots.txt HTTP/1.1" 404 - "-" "Baiduspider+(+http://www.baidu.com/search/spider.htm)" "roomfurnish.com"
77.88.29.247 - - [01/Jan/2010:04:58:26 -0800] "GET /logs/access_080130.log HTTP/1.1" 200 238046 "-" "Yandex/1.01.001 (compatible; Win16; I)" "www.roomfurnish.com"
