117.20.159.88 - - [02/Jan/2010:12:34:30 -0800] "GET /html/ HTTP/1.1" 200 29618 "http://www.dtcsolution.com/" "Mozilla/5.0 (Windows; U; Windows NT 6.0; en-US) AppleWebKit/532.0 (KHTML, like Gecko) Chrome/3.0.195.38 Safari/532.0" "dtcsolution.roomfurnish.com"
117.20.159.88 - - [02/Jan/2010:12:34:31 -0800] "GET /html/images/main_bgs.jpg HTTP/1.1" 404 - "http://dtcsolution.roomfurnish.com/html/" "Mozilla/5.0 (Windows; U; Windows NT 6.0; en-US) AppleWebKit/532.0 (KHTML, like Gecko) Chrome/3.0.195.38 Safari/532.0" "dtcsolution.roomfurnish.com"
117.20.159.88 - - [02/Jan/2010:12:34:35 -0800] "GET /html/images/b3.jpg HTTP/1.1" 200 24167 "http://dtcsolution.roomfurnish.com/html/" "Mozilla/5.0 (Windows; U; Windows NT 6.0; en-US) AppleWebKit/532.0 (KHTML, like Gecko) Chrome/3.0.195.38 Safari/532.0" "dtcsolution.roomfurnish.com"
117.20.159.88 - - [02/Jan/2010:12:34:37 -0800] "GET /html/images/b5.jpg HTTP/1.1" 200 25484 "http://dtcsolution.roomfurnish.com/html/" "Mozilla/5.0 (Windows; U; Windows NT 6.0; en-US) AppleWebKit/532.0 (KHTML, like Gecko) Chrome/3.0.195.38 Safari/532.0" "dtcsolution.roomfurnish.com"
117.20.159.88 - - [02/Jan/2010:12:34:38 -0800] "GET /html/images/b6.jpg HTTP/1.1" 200 1561 "http://dtcsolution.roomfurnish.com/html/" "Mozilla/5.0 (Windows; U; Windows NT 6.0; en-US) AppleWebKit/532.0 (KHTML, like Gecko) Chrome/3.0.195.38 Safari/532.0" "dtcsolution.roomfurnish.com"
117.20.159.88 - - [02/Jan/2010:12:34:39 -0800] "GET /html/images/menu3.jpg HTTP/1.1" 200 4690 "http://dtcsolution.roomfurnish.com/html/" "Mozilla/5.0 (Windows; U; Windows NT 6.0; en-US) AppleWebKit/532.0 (KHTML, like Gecko) Chrome/3.0.195.38 Safari/532.0" "dtcsolution.roomfurnish.com"
77.88.29.247 - - [02/Jan/2010:12:54:03 -0800] "GET /robots.txt HTTP/1.1" 404 - "-" "Yandex/1.01.001 (compatible; Win16; I)" "www.roomfurnish.com"
67.195.113.218 - - [02/Jan/2010:13:32:11 -0800] "GET /dtcsolution/?S=A HTTP/1.0" 200 2024 "-" "Mozilla/5.0 (compatible; Yahoo! Slurp/3.0; http://help.yahoo.com/help/us/ysearch/slurp)" "www.roomfurnish.com"
77.88.29.247 - - [02/Jan/2010:13:38:41 -0800] "GET /tmp/sess_cd2a6935784abe8f1e60cb02eef39a9b HTTP/1.1" 403 - "-" "Yandex/1.01.001 (compatible; Win16; I)" "www.roomfurnish.com"
124.115.1.59 - - [02/Jan/2010:13:55:05 -0800] "GET / HTTP/1.1" 200 2855 "-" "Mozilla/4.0 (compatible; MSIE 6.0; Windows NT 5.1)" "www.roomfurnish.com"
77.88.29.247 - - [02/Jan/2010:14:23:11 -0800] "GET /tmp/sess_b1e2ab0a6d8c68fc763520fb23e13ae7 HTTP/1.1" 403 - "-" "Yandex/1.01.001 (compatible; Win16; I)" "www.roomfurnish.com"
67.195.113.218 - - [02/Jan/2010:14:30:18 -0800] "GET / HTTP/1.0" 200 2839 "-" "Mozilla/5.0 (compatible; Yahoo! Slurp/3.0; http://help.yahoo.com/help/us/ysearch/slurp)" "www.roomfurnish.com"
65.55.106.157 - - [02/Jan/2010:15:04:50 -0800] "GET /robots.txt HTTP/1.1" 404 - "-" "msnbot/2.0b (+http://search.msn.com/msnbot.htm)" "dtcsolution.roomfurnish.com"
77.88.29.247 - - [02/Jan/2010:15:07:35 -0800] "GET /tmp/sess_a7d36065c8a3e64a44db601630e872c8 HTTP/1.1" 403 163 "-" "Yandex/1.01.001 (compatible; Win16; I)" "www.roomfurnish.com"
65.55.106.157 - - [02/Jan/2010:15:14:44 -0800] "GET /html/ HTTP/1.1" 200 29618 "-" "msnbot/2.0b (+http://search.msn.com/msnbot.htm)" "dtcsolution.roomfurnish.com"
67.195.115.45 - - [02/Jan/2010:15:53:55 -0800] "GET /tmp/sess_60a74bf842291cda30ef78a68bb8d142 HTTP/1.0" 403 - "-" "Mozilla/5.0 (compatible; Yahoo! Slurp/3.0; http://help.yahoo.com/help/us/ysearch/slurp)" "roomfurnish.com"
77.88.29.247 - - [02/Jan/2010:15:55:53 -0800] "GET /tmp/sess_bc7ef92eee16278f51bb4b3d62724f85 HTTP/1.1" 403 - "-" "Yandex/1.01.001 (compatible; Win16; I)" "www.roomfurnish.com"
67.195.115.45 - - [02/Jan/2010:15:56:54 -0800] "GET /FRABK.TTF HTTP/1.0" 200 141768 "-" "Mozilla/5.0 (compatible; Yahoo! Slurp/3.0; http://help.yahoo.com/help/us/ysearch/slurp)" "roomfurnish.com"
208.80.193.32 - - [02/Jan/2010:16:01:47 -0800] "GET / HTTP/1.0" 200 2839 "-" "Mozilla/4.0 (compatible; MSIE 6.0; Windows NT 5.1; World Lynx; SV1; .NET CLR 2.0.50727; IEMB3)" "roomfurnish.com"
208.80.193.32 - - [02/Jan/2010:16:01:47 -0800] "GET / HTTP/1.0" 200 2839 "-" "Mozilla/4.0 (compatible; MSIE 6.0; AOL 9.0; Windows NT 5.1; SV1; FunWebProducts; .NET CLR 1.0.3705; .NET CLR 1.1.4322; Media Center PC 4.0; .NET CLR 2.0.50727; ZangoToolbar 4.8.2)" "www.roomfurnish.com"
83.167.62.170 - - [02/Jan/2010:16:06:35 -0800] "GET /robots.txt HTTP/1.1" 404 - "-" "Mozilla/5.0 (compatible; Exabot/3.0 (BiggerBetter); +http://www.exabot.com/go/robot)" "roomfurnish.com"
83.167.62.170 - - [02/Jan/2010:16:06:35 -0800] "GET /BOSSTON/3Sofa/?M=A HTTP/1.1" 200 2629 "-" "Mozilla/5.0 (compatible; Exabot/3.0 (BiggerBetter); +http://www.exabot.com/go/robot)" "roomfurnish.com"
65.55.207.48 - - [02/Jan/2010:16:12:32 -0800] "GET /robots.txt HTTP/1.1" 404 - "-" "msnbot/2.0b (+http://search.msn.com/msnbot.htm)" "dtcsolution.roomfurnish.com"
65.55.207.48 - - [02/Jan/2010:16:14:16 -0800] "GET /html/ HTTP/1.1" 200 29618 "-" "msnbot/2.0b (+http://search.msn.com/msnbot.htm)" "dtcsolution.roomfurnish.com"
77.88.29.247 - - [02/Jan/2010:16:40:04 -0800] "GET /tmp/sess_8b8231a60e321454f92d4ee99a8e4218 HTTP/1.1" 403 163 "-" "Yandex/1.01.001 (compatible; Win16; I)" "www.roomfurnish.com"
77.88.29.247 - - [02/Jan/2010:17:24:25 -0800] "GET /FL/Thumbs.db HTTP/1.1" 200 2465196 "-" "Yandex/1.01.001 (compatible; Win16; I)" "www.roomfurnish.com"
83.167.62.170 - - [02/Jan/2010:17:26:46 -0800] "GET /dtcsolution/FONTS/tahoma.ttf HTTP/1.1" 200 265528 "-" "Mozilla/5.0 (compatible; Exabot/3.0 (BiggerBetter); +http://www.exabot.com/go/robot)" "roomfurnish.com"
83.167.62.170 - - [02/Jan/2010:17:26:47 -0800] "GET /dtcsolution/FONTS/?D=D HTTP/1.1" 200 3647 "-" "Mozilla/5.0 (compatible; Exabot/3.0 (BiggerBetter); +http://www.exabot.com/go/robot)" "roomfurnish.com"
77.88.29.247 - - [02/Jan/2010:18:09:57 -0800] "GET /tmp/sess_82670e5ae6cfdf4578563244c4807fc9 HTTP/1.1" 403 - "-" "Yandex/1.01.001 (compatible; Win16; I)" "www.roomfurnish.com"
88.131.106.12 - - [02/Jan/2010:18:16:14 -0800] "GET /robots.txt HTTP/1.0" 404 - "-" "Speedy Spider (http://www.entireweb.com/about/search_tech/speedy_spider/)" "roomfurnish.com"
88.131.106.12 - - [02/Jan/2010:18:16:16 -0800] "GET / HTTP/1.0" 200 2839 "-" "Speedy Spider (http://www.entireweb.com/about/search_tech/speedy_spider/)" "roomfurnish.com"
113.167.48.184 - - [02/Jan/2010:18:23:29 -0800] "GET /html/ HTTP/1.1" 200 29618 "http://www.dtcsolution.com/" "Mozilla/4.0 (compatible; MSIE 6.0; Windows NT 5.1; SV1)" "dtcsolution.roomfurnish.com"
113.167.48.184 - - [02/Jan/2010:18:23:30 -0800] "GET /html/images/main_bgs.jpg HTTP/1.1" 404 - "http://dtcsolution.roomfurnish.com/html/" "Mozilla/4.0 (compatible; MSIE 6.0; Windows NT 5.1; SV1)" "dtcsolution.roomfurnish.com"
113.167.48.184 - - [02/Jan/2010:18:23:31 -0800] "GET /html/images/spacer.gif HTTP/1.1" 200 43 "http://dtcsolution.roomfurnish.com/html/" "Mozilla/4.0 (compatible; MSIE 6.0; Windows NT 5.1; SV1)" "dtcsolution.roomfurnish.com"
113.167.48.184 - - [02/Jan/2010:18:23:33 -0800] "GET /html/images/name.jpg HTTP/1.1" 200 2150 "http://dtcsolution.roomfurnish.com/html/" "Mozilla/4.0 (compatible; MSIE 6.0; Windows NT 5.1; SV1)" "dtcsolution.roomfurnish.com"
113.167.48.184 - - [02/Jan/2010:18:23:35 -0800] "GET /html/images/b1.jpg HTTP/1.1" 200 22950 "http://dtcsolution.roomfurnish.com/html/" "Mozilla/4.0 (compatible; MSIE 6.0; Windows NT 5.1; SV1)" "dtcsolution.roomfurnish.com"
113.167.48.184 - - [02/Jan/2010:18:23:39 -0800] "GET /html/images/bg.jpg HTTP/1.1" 200 549 "http://dtcsolution.roomfurnish.com/html/" "Mozilla/4.0 (compatible; MSIE 6.0; Windows NT 5.1; SV1)" "dtcsolution.roomfurnish.com"
113.167.48.184 - - [02/Jan/2010:18:23:42 -0800] "GET /html/images/menu5.jpg HTTP/1.1" 200 2064 "http://dtcsolution.roomfurnish.com/html/" "Mozilla/4.0 (compatible; MSIE 6.0; Windows NT 5.1; SV1)" "dtcsolution.roomfurnish.com"
113.167.48.184 - - [02/Jan/2010:18:23:42 -0800] "GET /html/images/im.jpg HTTP/1.1" 200 7429 "http://dtcsolution.roomfurnish.com/html/" "Mozilla/4.0 (compatible; MSIE 6.0; Windows NT 5.1; SV1)" "dtcsolution.roomfurnish.com"
113.167.48.184 - - [02/Jan/2010:18:23:43 -0800] "GET /html/images/bg1.jpg HTTP/1.1" 200 584 "http://dtcsolution.roomfurnish.com/html/" "Mozilla/4.0 (compatible; MSIE 6.0; Windows NT 5.1; SV1)" "dtcsolution.roomfurnish.com"
83.167.62.170 - - [02/Jan/2010:18:25:08 -0800] "GET /dtcsolution/LIBRARY/BUTTONS/?S=A HTTP/1.1" 200 2053 "-" "Mozilla/5.0 (compatible; Exabot/3.0 (BiggerBetter); +http://www.exabot.com/go/robot)" "roomfurnish.com"
124.197.97.179 - - [02/Jan/2010:18:31:25 -0800] "GET /html/ HTTP/1.1" 200 29618 "http://www.dtcsolution.com/" "Mozilla/4.0 (compatible; MSIE 8.0; Windows NT 6.0; Trident/4.0; SLCC1; .NET CLR 2.0.50727; Media Center PC 5.0; .NET CLR 3.5.30729; .NET CLR 3.0.30729)" "dtcsolution.roomfurnish.com"
124.197.97.179 - - [02/Jan/2010:18:31:28 -0800] "GET /html/images/bottom.jpg HTTP/1.1" 200 3496 "http://dtcsolution.roomfurnish.com/html/" "Mozilla/4.0 (compatible; MSIE 8.0; Windows NT 6.0; Trident/4.0; SLCC1; .NET CLR 2.0.50727; Media Center PC 5.0; .NET CLR 3.5.30729; .NET CLR 3.0.30729)" "dtcsolution.roomfurnish.com"
124.197.97.179 - - [02/Jan/2010:18:31:29 -0800] "GET /html/images/b4.jpg HTTP/1.1" 200 23703 "http://dtcsolution.roomfurnish.com/html/" "Mozilla/4.0 (compatible; MSIE 8.0; Windows NT 6.0; Trident/4.0; SLCC1; .NET CLR 2.0.50727; Media Center PC 5.0; .NET CLR 3.5.30729; .NET CLR 3.0.30729)" "dtcsolution.roomfurnish.com"
124.197.97.179 - - [02/Jan/2010:18:31:30 -0800] "GET /html/images/main_bgs.jpg HTTP/1.1" 404 - "http://dtcsolution.roomfurnish.com/html/" "Mozilla/4.0 (compatible; MSIE 8.0; Windows NT 6.0; Trident/4.0; SLCC1; .NET CLR 2.0.50727; Media Center PC 5.0; .NET CLR 3.5.30729; .NET CLR 3.0.30729)" "dtcsolution.roomfurnish.com"
124.197.97.179 - - [02/Jan/2010:18:31:31 -0800] "GET /html/images/menu3.jpg HTTP/1.1" 200 4690 "http://dtcsolution.roomfurnish.com/html/" "Mozilla/4.0 (compatible; MSIE 8.0; Windows NT 6.0; Trident/4.0; SLCC1; .NET CLR 2.0.50727; Media Center PC 5.0; .NET CLR 3.5.30729; .NET CLR 3.0.30729)" "dtcsolution.roomfurnish.com"
124.197.97.179 - - [02/Jan/2010:18:32:26 -0800] "GET /html/images/main_bgs.jpg HTTP/1.1" 404 275 "http://dtcsolution.roomfurnish.com/html/" "Mozilla/4.0 (compatible; MSIE 8.0; Windows NT 6.0; Trident/4.0; SLCC1; .NET CLR 2.0.50727; Media Center PC 5.0; .NET CLR 3.5.30729; .NET CLR 3.0.30729)" "dtcsolution.roomfurnish.com"
124.197.97.179 - - [02/Jan/2010:18:32:36 -0800] "GET /html/images/main_bgs.jpg HTTP/1.1" 404 - "http://dtcsolution.roomfurnish.com/html/" "Mozilla/4.0 (compatible; MSIE 8.0; Windows NT 6.0; Trident/4.0; SLCC1; .NET CLR 2.0.50727; Media Center PC 5.0; .NET CLR 3.5.30729; .NET CLR 3.0.30729)" "dtcsolution.roomfurnish.com"
83.167.62.170 - - [02/Jan/2010:18:39:04 -0800] "GET /dtcsolution/LIBRARY/?N=D HTTP/1.1" 200 1396 "-" "Mozilla/5.0 (compatible; Exabot/3.0 (BiggerBetter); +http://www.exabot.com/go/robot)" "roomfurnish.com"
83.167.62.170 - - [02/Jan/2010:18:39:07 -0800] "GET /dtcsolution/LIBRARY/?D=A HTTP/1.1" 200 1396 "-" "Mozilla/5.0 (compatible; Exabot/3.0 (BiggerBetter); +http://www.exabot.com/go/robot)" "roomfurnish.com"
83.167.62.170 - - [02/Jan/2010:18:50:49 -0800] "GET /BOSSTON/?M=D HTTP/1.1" 200 944 "-" "Mozilla/5.0 (compatible; Exabot/3.0 (BiggerBetter); +http://www.exabot.com/go/robot)" "roomfurnish.com"
77.88.29.247 - - [02/Jan/2010:18:54:54 -0800] "GET /tmp/sess_de7fe303b78d4738e3d3048447e33a52 HTTP/1.1" 403 - "-" "Yandex/1.01.001 (compatible; Win16; I)" "www.roomfurnish.com"
216.113.181.67 - - [02/Jan/2010:19:03:05 -0800] "GET /html/ HTTP/1.0" 200 29618 "-" "Mozilla/5.0 (Windows; U; Windows NT 5.0; en-US; rv:1.9.0.6) Gecko/2009011913 Firefox/3.0.6" "dtcsolution.roomfurnish.com"
72.44.39.186 - - [02/Jan/2010:19:06:37 -0800] "GET /robots.txt HTTP/1.0" 404 - "-" "SheenBot/SheenBot-1.0.2 (Sheen web crawler)" "www.roomfurnish.com"
72.44.39.186 - - [02/Jan/2010:19:06:38 -0800] "GET / HTTP/1.0" 200 2839 "-" "SheenBot/SheenBot-1.0.2 (Sheen web crawler)" "www.roomfurnish.com"
202.156.13.244 - - [02/Jan/2010:19:17:39 -0800] "GET /html/ HTTP/1.1" 200 29618 "http://www.dtcsolution.com/" "Mozilla/5.0 (Macintosh; U; Intel Mac OS X 10_4_11; ja-jp) AppleWebKit/531.21.8 (KHTML, like Gecko) Version/4.0.4 Safari/531.21.10" "dtcsolution.roomfurnish.com"
202.156.13.12 - - [02/Jan/2010:19:17:40 -0800] "GET /html/images/main_bgs.jpg HTTP/1.1" 404 - "http://dtcsolution.roomfurnish.com/html/" "Mozilla/5.0 (Macintosh; U; Intel Mac OS X 10_4_11; ja-jp) AppleWebKit/531.21.8 (KHTML, like Gecko) Version/4.0.4 Safari/531.21.10" "dtcsolution.roomfurnish.com"
202.156.13.12 - - [02/Jan/2010:19:17:41 -0800] "GET /html/images/cchecks.jpg HTTP/1.1" 200 1203 "http://dtcsolution.roomfurnish.com/html/" "Mozilla/5.0 (Macintosh; U; Intel Mac OS X 10_4_11; ja-jp) AppleWebKit/531.21.8 (KHTML, like Gecko) Version/4.0.4 Safari/531.21.10" "dtcsolution.roomfurnish.com"
202.156.13.12 - - [02/Jan/2010:19:17:42 -0800] "GET /html/images/b2.jpg HTTP/1.1" 200 24561 "http://dtcsolution.roomfurnish.com/html/" "Mozilla/5.0 (Macintosh; U; Intel Mac OS X 10_4_11; ja-jp) AppleWebKit/531.21.8 (KHTML, like Gecko) Version/4.0.4 Safari/531.21.10" "dtcsolution.roomfurnish.com"
202.156.13.12 - - [02/Jan/2010:19:17:43 -0800] "GET /html/images/b6.jpg HTTP/1.1" 200 1561 "http://dtcsolution.roomfurnish.com/html/" "Mozilla/5.0 (Macintosh; U; Intel Mac OS X 10_4_11; ja-jp) AppleWebKit/531.21.8 (KHTML, like Gecko) Version/4.0.4 Safari/531.21.10" "dtcsolution.roomfurnish.com"
202.156.13.12 - - [02/Jan/2010:19:17:43 -0800] "GET /html/images/line.jpg HTTP/1.1" 200 1896 "http://dtcsolution.roomfurnish.com/html/" "Mozilla/5.0 (Macintosh; U; Intel Mac OS X 10_4_11; ja-jp) AppleWebKit/531.21.8 (KHTML, like Gecko) Version/4.0.4 Safari/531.21.10" "dtcsolution.roomfurnish.com"
202.156.13.12 - - [02/Jan/2010:19:17:44 -0800] "GET /html/images/icon.gif HTTP/1.1" 200 53 "http://dtcsolution.roomfurnish.com/html/" "Mozilla/5.0 (Macintosh; U; Intel Mac OS X 10_4_11; ja-jp) AppleWebKit/531.21.8 (KHTML, like Gecko) Version/4.0.4 Safari/531.21.10" "dtcsolution.roomfurnish.com"
77.88.29.247 - - [02/Jan/2010:19:39:11 -0800] "GET /tmp/sess_8148ca7387367aaabe1563839aff98a3 HTTP/1.1" 403 - "-" "Yandex/1.01.001 (compatible; Win16; I)" "www.roomfurnish.com"
66.249.67.162 - - [02/Jan/2010:19:44:04 -0800] "GET /robots.txt HTTP/1.1" 404 - "-" "Mozilla/5.0 (compatible; Googlebot/2.1; +http://www.google.com/bot.html)" "roomfurnish.com"
77.88.29.247 - - [02/Jan/2010:20:23:36 -0800] "GET /tmp/back HTTP/1.1" 200 541 "-" "Yandex/1.01.001 (compatible; Win16; I)" "www.roomfurnish.com"
220.255.7.142 - - [02/Jan/2010:21:07:58 -0800] "GET /html/images/main_bgs.jpg HTTP/1.1" 404 - "http://dtcsolution.roomfurnish.com/html/" "Mozilla/4.0 (compatible; MSIE 7.0; Windows NT 5.1; GTB6.3; .NET CLR 1.1.4322; .NET CLR 2.0.50727; .NET CLR 3.0.04506.30; .NET CLR 3.0.04506.648)" "dtcsolution.roomfurnish.com"
77.88.29.247 - - [02/Jan/2010:21:20:51 -0800] "GET /tmp/sess_3e77047839e3257a47adebfbd4cc180e HTTP/1.1" 403 - "-" "Yandex/1.01.001 (compatible; Win16; I)" "www.roomfurnish.com"
137.132.3.11 - - [02/Jan/2010:21:23:30 -0800] "GET /html/ HTTP/1.1" 200 29618 "http://www.dtcsolution.com/" "Mozilla/4.0 (compatible; MSIE 8.0; Windows NT 5.1; Trident/4.0; GTB6; (R1 1.6); .NET CLR 1.1.4322; .NET CLR 2.0.50727; .NET CLR 3.0.4506.2152; .NET CLR 3.5.30729; CIBA)" "dtcsolution.roomfurnish.com"
137.132.3.11 - - [02/Jan/2010:21:23:31 -0800] "GET /html/images/main_bgs.jpg HTTP/1.1" 404 - "http://dtcsolution.roomfurnish.com/html/" "Mozilla/4.0 (compatible; MSIE 8.0; Windows NT 5.1; Trident/4.0; GTB6; (R1 1.6); .NET CLR 1.1.4322; .NET CLR 2.0.50727; .NET CLR 3.0.4506.2152; .NET CLR 3.5.30729; CIBA)" "dtcsolution.roomfurnish.com"
137.132.3.11 - - [02/Jan/2010:21:23:31 -0800] "GET /html/images/but1.jpg HTTP/1.1" 200 1436 "http://dtcsolution.roomfurnish.com/html/" "Mozilla/4.0 (compatible; MSIE 8.0; Windows NT 5.1; Trident/4.0; GTB6; (R1 1.6); .NET CLR 1.1.4322; .NET CLR 2.0.50727; .NET CLR 3.0.4506.2152; .NET CLR 3.5.30729; CIBA)" "dtcsolution.roomfurnish.com"
137.132.3.11 - - [02/Jan/2010:21:23:31 -0800] "GET /html/images/b2.jpg HTTP/1.1" 200 24561 "http://dtcsolution.roomfurnish.com/html/" "Mozilla/4.0 (compatible; MSIE 8.0; Windows NT 5.1; Trident/4.0; GTB6; (R1 1.6); .NET CLR 1.1.4322; .NET CLR 2.0.50727; .NET CLR 3.0.4506.2152; .NET CLR 3.5.30729; CIBA)" "dtcsolution.roomfurnish.com"
137.132.3.11 - - [02/Jan/2010:21:23:32 -0800] "GET /html/images/cchecks.jpg HTTP/1.1" 200 1203 "http://dtcsolution.roomfurnish.com/html/" "Mozilla/4.0 (compatible; MSIE 8.0; Windows NT 5.1; Trident/4.0; GTB6; (R1 1.6); .NET CLR 1.1.4322; .NET CLR 2.0.50727; .NET CLR 3.0.4506.2152; .NET CLR 3.5.30729; CIBA)" "dtcsolution.roomfurnish.com"
137.132.3.11 - - [02/Jan/2010:21:23:32 -0800] "GET /html/images/menu1.jpg HTTP/1.1" 200 4413 "http://dtcsolution.roomfurnish.com/html/" "Mozilla/4.0 (compatible; MSIE 8.0; Windows NT 5.1; Trident/4.0; GTB6; (R1 1.6); .NET CLR 1.1.4322; .NET CLR 2.0.50727; .NET CLR 3.0.4506.2152; .NET CLR 3.5.30729; CIBA)" "dtcsolution.roomfurnish.com"
137.132.3.11 - - [02/Jan/2010:21:23:33 -0800] "GET /html/images/w.jpg HTTP/1.1" 200 4655 "http://dtcsolution.roomfurnish.com/html/" "Mozilla/4.0 (compatible; MSIE 8.0; Windows NT 5.1; Trident/4.0; GTB6; (R1 1.6); .NET CLR 1.1.4322; .NET CLR 2.0.50727; .NET CLR 3.0.4506.2152; .NET CLR 3.5.30729; CIBA)" "dtcsolution.roomfurnish.com"
195.210.57.83 - - [02/Jan/2010:21:32:02 -0800] "GET /robots.txt HTTP/1.0" 404 - "-" "Mozilla/5.0 (compatible; KaloogaBot; http://www.kalooga.com/info.html?page=crawler)" "www.roomfurnish.com"
195.210.57.83 - - [02/Jan/2010:21:32:02 -0800] "GET /tmp/sess_e7d0c249aae04cfdd6047cf5736d3aaa HTTP/1.0" 403 - "-" "Mozilla/5.0 (compatible; KaloogaBot; http://www.kalooga.com/info.html?page=crawler)" "www.roomfurnish.com"
77.88.29.247 - - [02/Jan/2010:22:04:19 -0800] "GET /tmp/sess_c9fa9f6754970bfa93362866fb151faa HTTP/1.1" 403 - "-" "Yandex/1.01.001 (compatible; Win16; I)" "www.roomfurnish.com"
77.88.29.247 - - [02/Jan/2010:22:47:26 -0800] "GET /tmp/sess_644d026199fc9d70c8766789692250d7 HTTP/1.1" 403 - "-" "Yandex/1.01.001 (compatible; Win16; I)" "www.roomfurnish.com"
77.88.29.247 - - [02/Jan/2010:23:30:33 -0800] "GET /tmp/sess_3910c7e90e24d9a422b063b8b4d5408c HTTP/1.1" 403 - "-" "Yandex/1.01.001 (compatible; Win16; I)" "www.roomfurnish.com"
202.156.12.248 - - [02/Jan/2010:23:55:41 -0800] "GET /html/ HTTP/1.1" 200 29618 "http://www.dtcsolution.com/" "Mozilla/4.0 (compatible; MSIE 8.0; Windows NT 5.1; Trident/4.0; GTB6.3)" "dtcsolution.roomfurnish.com"
202.156.12.13 - - [02/Jan/2010:23:55:42 -0800] "GET /html/images/main_bgs.jpg HTTP/1.1" 404 - "http://dtcsolution.roomfurnish.com/html/" "Mozilla/4.0 (compatible; MSIE 8.0; Windows NT 5.1; Trident/4.0; GTB6.3)" "dtcsolution.roomfurnish.com"
202.156.12.13 - - [02/Jan/2010:23:55:42 -0800] "GET /html/images/but.jpg HTTP/1.1" 200 1685 "http://dtcsolution.roomfurnish.com/html/" "Mozilla/4.0 (compatible; MSIE 8.0; Windows NT 5.1; Trident/4.0; GTB6.3)" "dtcsolution.roomfurnish.com"
202.156.12.13 - - [02/Jan/2010:23:55:44 -0800] "GET /html/images/b0.jpg HTTP/1.1" 200 616 "http://dtcsolution.roomfurnish.com/html/" "Mozilla/4.0 (compatible; MSIE 8.0; Windows NT 5.1; Trident/4.0; GTB6.3)" "dtcsolution.roomfurnish.com"
202.156.12.13 - - [02/Jan/2010:23:55:45 -0800] "GET /html/images/w1.jpg HTTP/1.1" 200 3007 "http://dtcsolution.roomfurnish.com/html/" "Mozilla/4.0 (compatible; MSIE 8.0; Windows NT 5.1; Trident/4.0; GTB6.3)" "dtcsolution.roomfurnish.com"
77.88.29.247 - - [03/Jan/2010:00:13:56 -0800] "GET /tmp/sess_a2fb6f20df572f66e3d0d0c968c8b67b HTTP/1.1" 403 - "-" "Yandex/1.01.001 (compatible; Win16; I)" "www.roomfurnish.com"
77.88.29.247 - - [03/Jan/2010:00:57:19 -0800] "GET /tmp/sess_a491f4f85496439cc6b7c40f9ec6c262 HTTP/1.1" 403 - "-" "Yandex/1.01.001 (compatible; Win16; I)" "www.roomfurnish.com"
220.255.7.142 - - [03/Jan/2010:01:11:05 -0800] "GET /html/images/main_bgs.jpg HTTP/1.1" 404 - "http://dtcsolution.roomfurnish.com/html/" "Mozilla/5.0 (Windows; U; Windows NT 5.1; en-US; rv:1.9.1.6) Gecko/20091201 Firefox/3.5.6 (.NET CLR 3.5.30729)" "dtcsolution.roomfurnish.com"
77.88.29.247 - - [03/Jan/2010:01:40:32 -0800] "GET /tmp/sess_c44ce680881a13e67f18b5dfe765afaa HTTP/1.1" 403 - "-" "Yandex/1.01.001 (compatible; Win16; I)" "www.roomfurnish.com"
202.156.12.235 - - [03/Jan/2010:02:25:04 -0800] "GET /html/ HTTP/1.1" 200 29618 "-" "Mozilla/4.0 (compatible; MSIE 7.0; Windows NT 6.0; GTB6; SLCC1; .NET CLR 2.0.50727; Media Center PC 5.0; eSobiSubscriber 2.0.4.16; .NET CLR 3.5.30729; .NET CLR 3.0.30618; OfficeLiveConnector.1.3; OfficeLivePatch.0.0)" "dtcsolution.roomfurnish.com"
202.156.12.14 - - [03/Jan/2010:02:25:05 -0800] "GET /html/images/main_bgs.jpg HTTP/1.1" 404 275 "http://dtcsolution.roomfurnish.com/html/" "Mozilla/4.0 (compatible; MSIE 7.0; Windows NT 6.0; GTB6; SLCC1; .NET CLR 2.0.50727; Media Center PC 5.0; eSobiSubscriber 2.0.4.16; .NET CLR 3.5.30729; .NET CLR 3.0.30618; OfficeLiveConnector.1.3; OfficeLivePatch.0.0)" "dtcsolution.roomfurnish.com"
202.156.12.14 - - [03/Jan/2010:02:25:07 -0800] "GET /html/images/1.jpg HTTP/1.1" 200 21212 "http://dtcsolution.roomfurnish.com/html/" "Mozilla/4.0 (compatible; MSIE 7.0; Windows NT 6.0; GTB6; SLCC1; .NET CLR 2.0.50727; Media Center PC 5.0; eSobiSubscriber 2.0.4.16; .NET CLR 3.5.30729; .NET CLR 3.0.30618; OfficeLiveConnector.1.3; OfficeLivePatch.0.0)" "dtcsolution.roomfurnish.com"
202.156.12.14 - - [03/Jan/2010:02:25:09 -0800] "GET /html/images/2.jpg HTTP/1.1" 200 18302 "http://dtcsolution.roomfurnish.com/html/" "Mozilla/4.0 (compatible; MSIE 7.0; Windows NT 6.0; GTB6; SLCC1; .NET CLR 2.0.50727; Media Center PC 5.0; eSobiSubscriber 2.0.4.16; .NET CLR 3.5.30729; .NET CLR 3.0.30618; OfficeLiveConnector.1.3; OfficeLivePatch.0.0)" "dtcsolution.roomfurnish.com"
77.88.29.247 - - [03/Jan/2010:02:26:12 -0800] "GET /tmp/sess_93eec51dff26ed754fb7f4df2c408911 HTTP/1.1" 403 - "-" "Yandex/1.01.001 (compatible; Win16; I)" "www.roomfurnish.com"
207.46.199.179 - - [03/Jan/2010:02:32:16 -0800] "GET /robots.txt HTTP/1.1" 404 - "-" "msnbot/2.0b (+http://search.msn.com/msnbot.htm)" "dtcsolution.roomfurnish.com"
77.88.29.247 - - [03/Jan/2010:03:09:26 -0800] "GET /tmp/sess_7f368627da7f28d308b4bf1ba468469e HTTP/1.1" 403 - "-" "Yandex/1.01.001 (compatible; Win16; I)" "www.roomfurnish.com"
77.88.29.247 - - [03/Jan/2010:03:52:12 -0800] "GET /tmp/sess_8afe19680fa14eba5fc39c469f066b26 HTTP/1.1" 403 - "-" "Yandex/1.01.001 (compatible; Win16; I)" "www.roomfurnish.com"
77.88.29.247 - - [03/Jan/2010:04:34:55 -0800] "GET /tmp/sess_b52765f242d2608acc514a63bb91ef8c HTTP/1.1" 403 - "-" "Yandex/1.01.001 (compatible; Win16; I)" "www.roomfurnish.com"
91.205.173.243 - - [03/Jan/2010:05:10:59 -0800] "GET /BOSSTON/3Sofa/?M=D HTTP/1.0" 200 2613 "-" "Mozilla/5.0 (compatible; MJ12bot/v1.3.2; http://www.majestic12.co.uk/bot.php?+)" "www.roomfurnish.com"
91.205.173.243 - - [03/Jan/2010:05:11:10 -0800] "GET /BOSSTON/3Sofa/?N=A HTTP/1.0" 200 2613 "-" "Mozilla/5.0 (compatible; MJ12bot/v1.3.2; http://www.majestic12.co.uk/bot.php?+)" "www.roomfurnish.com"
193.47.80.40 - - [03/Jan/2010:05:49:22 -0800] "GET /?N=D HTTP/1.1" 200 2855 "-" "Mozilla/5.0 (compatible; Exabot/3.0; +http://www.exabot.com/go/robot)" "roomfurnish.com"
77.88.29.247 - - [03/Jan/2010:06:01:01 -0800] "GET /dtcsolution/FONTS/HELIOSBO.PFB HTTP/1.1" 200 33926 "-" "Yandex/1.01.001 (compatible; Win16; I)" "www.roomfurnish.com"
202.156.12.243 - - [03/Jan/2010:09:15:27 -0800] "GET /html/ HTTP/1.1" 200 29618 "http://www.dtcsolution.com/" "Mozilla/5.0 (Windows; U; Windows NT 6.0; en-US) AppleWebKit/532.0 (KHTML, like Gecko) Chrome/3.0.195.38 Safari/532.0" "dtcsolution.roomfurnish.com"
202.156.12.14 - - [03/Jan/2010:09:15:28 -0800] "GET /html/images/main_bgs.jpg HTTP/1.1" 404 - "http://dtcsolution.roomfurnish.com/html/" "Mozilla/5.0 (Windows; U; Windows NT 6.0; en-US) AppleWebKit/532.0 (KHTML, like Gecko) Chrome/3.0.195.38 Safari/532.0" "dtcsolution.roomfurnish.com"
202.156.12.14 - - [03/Jan/2010:09:15:29 -0800] "GET /html/images/but1.jpg HTTP/1.1" 200 1436 "http://dtcsolution.roomfurnish.com/html/" "Mozilla/5.0 (Windows; U; Windows NT 6.0; en-US) AppleWebKit/532.0 (KHTML, like Gecko) Chrome/3.0.195.38 Safari/532.0" "dtcsolution.roomfurnish.com"
202.156.12.14 - - [03/Jan/2010:09:15:30 -0800] "GET /html/images/b1.jpg HTTP/1.1" 200 22950 "http://dtcsolution.roomfurnish.com/html/" "Mozilla/5.0 (Windows; U; Windows NT 6.0; en-US) AppleWebKit/532.0 (KHTML, like Gecko) Chrome/3.0.195.38 Safari/532.0" "dtcsolution.roomfurnish.com"
202.156.12.14 - - [03/Jan/2010:09:15:33 -0800] "GET /html/images/icon.gif HTTP/1.1" 200 53 "http://dtcsolution.roomfurnish.com/html/" "Mozilla/5.0 (Windows; U; Windows NT 6.0; en-US) AppleWebKit/532.0 (KHTML, like Gecko) Chrome/3.0.195.38 Safari/532.0" "dtcsolution.roomfurnish.com"
67.195.113.218 - - [03/Jan/2010:09:47:23 -0800] "GET /robots.txt HTTP/1.0" 404 - "-" "Mozilla/5.0 (compatible; Yahoo! Slurp; http://help.yahoo.com/help/us/ysearch/slurp)" "www.roomfurnish.com"
88.131.106.12 - - [03/Jan/2010:10:25:47 -0800] "GET /robots.txt HTTP/1.0" 404 - "-" "Speedy Spider (http://www.entireweb.com/about/search_tech/speedy_spider/)" "roomfurnish.com"
88.131.106.12 - - [03/Jan/2010:10:26:03 -0800] "GET /239grandesofa.html HTTP/1.0" 404 - "-" "Speedy Spider (http://www.entireweb.com/about/search_tech/speedy_spider/)" "roomfurnish.com"
93.158.145.27 - - [03/Jan/2010:11:27:22 -0800] "GET /robots.txt HTTP/1.1" 404 - "-" "Yandex/1.01.001 (compatible; Win16; I)" "www.roomfurnish.com"
93.158.145.27 - - [03/Jan/2010:11:27:24 -0800] "GET /BOSSTON/3Sofa/?N=D HTTP/1.1" 200 2629 "-" "Yandex/1.01.001 (compatible; Win16; I)" "www.roomfurnish.com"
67.195.113.218 - - [03/Jan/2010:11:41:42 -0800] "GET /nantian/?N=D HTTP/1.0" 200 10753 "-" "Mozilla/5.0 (compatible; Yahoo! Slurp/3.0; http://help.yahoo.com/help/us/ysearch/slurp)" "www.roomfurnish.com"
77.88.29.247 - - [03/Jan/2010:11:51:21 -0800] "GET /tmp/sess_5c8a90495e9192f5f945f357b14625a3 HTTP/1.1" 403 - "-" "Yandex/1.01.001 (compatible; Win16; I)" "www.roomfurnish.com"
93.158.145.27 - - [03/Jan/2010:12:32:16 -0800] "GET /BOSSTON/3Sofa/?D=A HTTP/1.1" 200 2629 "-" "Yandex/1.01.001 (compatible; Win16; I)" "www.roomfurnish.com"
95.108.150.235 - - [03/Jan/2010:13:12:27 -0800] "GET /robots.txt HTTP/1.1" 404 - "-" "Yandex/1.01.001 (compatible; Win16; H)" "www.roomfurnish.com"
95.108.150.235 - - [03/Jan/2010:13:12:27 -0800] "GET /robots.txt HTTP/1.1" 404 - "-" "Yandex/1.01.001 (compatible; Win16; H)" "roomfurnish.com"
95.108.150.235 - - [03/Jan/2010:13:12:28 -0800] "GET / HTTP/1.1" 200 2855 "-" "Yandex/1.01.001 (compatible; Win16; H)" "roomfurnish.com"
95.108.150.235 - - [03/Jan/2010:13:12:28 -0800] "GET / HTTP/1.1" 200 2855 "-" "Yandex/1.01.001 (compatible; Win16; H)" "www.roomfurnish.com"
95.108.150.235 - - [03/Jan/2010:13:12:30 -0800] "GET / HTTP/1.1" 200 2855 "-" "Yandex/1.01.001 (compatible; Win16; H)" "roomfurnish.com"
95.108.150.235 - - [03/Jan/2010:13:12:30 -0800] "GET / HTTP/1.1" 200 2855 "-" "Yandex/1.01.001 (compatible; Win16; H)" "www.roomfurnish.com"
77.88.29.247 - - [03/Jan/2010:13:22:12 -0800] "GET /robots.txt HTTP/1.1" 404 - "-" "Yandex/1.01.001 (compatible; Win16; I)" "www.roomfurnish.com"
124.115.6.11 - - [03/Jan/2010:13:36:48 -0800] "GET /robots.txt HTTP/1.1" 404 - "-" "Sosospider+(+http://help.soso.com/webspider.htm)" "www.roomfurnish.com"
77.88.29.247 - - [03/Jan/2010:13:47:11 -0800] "GET /classic_blue.html HTTP/1.1" 200 18032 "-" "Yandex/1.01.001 (compatible; Win16; I)" "www.roomfurnish.com"
77.88.29.247 - - [03/Jan/2010:14:11:59 -0800] "GET /logs/ HTTP/1.1" 200 4942 "-" "Yandex/1.01.001 (compatible; Win16; I)" "www.roomfurnish.com"
88.131.106.12 - - [03/Jan/2010:14:20:19 -0800] "GET /robots.txt HTTP/1.0" 404 - "-" "Speedy Spider (http://www.entireweb.com/about/search_tech/speedy_spider/)" "roomfurnish.com"
88.131.106.12 - - [03/Jan/2010:14:20:20 -0800] "GET /lb-11.html HTTP/1.0" 404 - "-" "Speedy Spider (http://www.entireweb.com/about/search_tech/speedy_spider/)" "roomfurnish.com"
77.88.29.247 - - [03/Jan/2010:14:37:05 -0800] "GET /tmp/sess_a77880f8fb1f1b2d033247902fcea5de HTTP/1.1" 403 - "-" "Yandex/1.01.001 (compatible; Win16; I)" "www.roomfurnish.com"
77.88.29.247 - - [03/Jan/2010:15:01:45 -0800] "GET /logs/access_071230.log HTTP/1.1" 200 0 "-" "Yandex/1.01.001 (compatible; Win16; I)" "www.roomfurnish.com"
83.167.62.170 - - [03/Jan/2010:15:08:33 -0800] "GET /FL/Thumbs.db HTTP/1.1" 200 1835008 "-" "Mozilla/5.0 (compatible; Exabot/3.0 (BiggerBetter); +http://www.exabot.com/go/robot)" "roomfurnish.com"
77.88.29.247 - - [03/Jan/2010:15:26:57 -0800] "GET /tmp/sess_7021376dcae1f855e495513a08e65016 HTTP/1.1" 403 - "-" "Yandex/1.01.001 (compatible; Win16; I)" "www.roomfurnish.com"
93.158.145.27 - - [03/Jan/2010:15:40:58 -0800] "GET / HTTP/1.1" 200 2855 "-" "Yandex/1.01.001 (compatible; Win16; I)" "www.roomfurnish.com"
77.88.29.247 - - [03/Jan/2010:15:51:39 -0800] "GET /tmp/sess_380af290f26688a607e6d621e4da98b9 HTTP/1.1" 403 163 "-" "Yandex/1.01.001 (compatible; Win16; I)" "www.roomfurnish.com"
65.55.106.114 - - [03/Jan/2010:16:03:04 -0800] "GET /robots.txt HTTP/1.1" 404 - "-" "msnbot/2.0b (+http://search.msn.com/msnbot.htm)" "dtcsolution.roomfurnish.com"
65.55.106.114 - - [03/Jan/2010:16:04:13 -0800] "GET /html/ HTTP/1.1" 200 29618 "-" "msnbot/2.0b (+http://search.msn.com/msnbot.htm)" "dtcsolution.roomfurnish.com"
67.195.113.218 - - [03/Jan/2010:16:07:18 -0800] "GET /logs/access_090530.log HTTP/1.0" 200 162229 "-" "Mozilla/5.0 (compatible; Yahoo! Slurp/3.0; http://help.yahoo.com/help/us/ysearch/slurp)" "www.roomfurnish.com"
83.167.62.170 - - [03/Jan/2010:16:09:56 -0800] "GET /robots.txt HTTP/1.1" 404 - "-" "Mozilla/5.0 (compatible; Exabot/3.0 (BiggerBetter); +http://www.exabot.com/go/robot)" "roomfurnish.com"
83.167.62.170 - - [03/Jan/2010:16:09:56 -0800] "GET /test/?D=D HTTP/1.1" 200 798 "-" "Mozilla/5.0 (compatible; Exabot/3.0 (BiggerBetter); +http://www.exabot.com/go/robot)" "roomfurnish.com"
77.88.29.247 - - [03/Jan/2010:16:16:16 -0800] "GET /logs/access_090301.log HTTP/1.1" 200 0 "-" "Yandex/1.01.001 (compatible; Win16; I)" "www.roomfurnish.com"
65.46.75.190 - - [03/Jan/2010:16:34:43 -0800] "GET /robots.txt HTTP/1.1" 404 - "-" "ShopWiki/1.0 ( +http://www.shopwiki.com/wiki/Help:Bot)" "www.roomfurnish.com"
38.98.120.94 - - [03/Jan/2010:16:34:43 -0800] "GET / HTTP/1.1" 200 2855 "-" "ShopWiki/1.0 ( +http://www.shopwiki.com/wiki/Help:Bot)" "www.roomfurnish.com"
65.46.75.190 - - [03/Jan/2010:16:34:45 -0800] "GET / HTTP/1.1" 200 2855 "-" "ShopWiki/1.0 ( +http://www.shopwiki.com/wiki/Help:Bot)" "www.roomfurnish.com"
77.88.29.247 - - [03/Jan/2010:16:41:30 -0800] "GET /BOSSTON/BOSSTON-CD/ HTTP/1.1" 200 1095 "-" "Yandex/1.01.001 (compatible; Win16; I)" "www.roomfurnish.com"
77.88.29.247 - - [03/Jan/2010:17:06:30 -0800] "GET /FLleather/ HTTP/1.1" 200 2028 "-" "Yandex/1.01.001 (compatible; Win16; I)" "www.roomfurnish.com"
65.55.106.227 - - [03/Jan/2010:17:27:29 -0800] "GET /robots.txt HTTP/1.1" 404 - "-" "msnbot/2.0b (+http://search.msn.com/msnbot.htm)" "dtcsolution.roomfurnish.com"
65.55.106.227 - - [03/Jan/2010:17:28:44 -0800] "GET /html/ HTTP/1.1" 200 29618 "-" "msnbot/2.0b (+http://search.msn.com/msnbot.htm)" "dtcsolution.roomfurnish.com"
77.88.29.247 - - [03/Jan/2010:17:31:34 -0800] "GET /tmp/sess_b6a1f107fc9be70a00cdca50ec6f7845 HTTP/1.1" 403 - "-" "Yandex/1.01.001 (compatible; Win16; I)" "www.roomfurnish.com"
83.167.62.170 - - [03/Jan/2010:17:35:06 -0800] "GET /dtcsolution/psd/?N=D HTTP/1.1" 200 853 "-" "Mozilla/5.0 (compatible; Exabot/3.0 (BiggerBetter); +http://www.exabot.com/go/robot)" "roomfurnish.com"
77.88.29.247 - - [03/Jan/2010:17:56:35 -0800] "GET /logs/access_081130.log HTTP/1.1" 200 0 "-" "Yandex/1.01.001 (compatible; Win16; I)" "www.roomfurnish.com"
67.195.113.218 - - [03/Jan/2010:18:02:43 -0800] "GET / HTTP/1.0" 200 2839 "-" "Mozilla/5.0 (compatible; Yahoo! Slurp/3.0; http://help.yahoo.com/help/us/ysearch/slurp)" "www.roomfurnish.com"
77.88.29.247 - - [03/Jan/2010:18:21:13 -0800] "GET /logs/access_090130.log HTTP/1.1" 200 0 "-" "Yandex/1.01.001 (compatible; Win16; I)" "www.roomfurnish.com"
77.88.29.247 - - [03/Jan/2010:18:46:11 -0800] "GET /logs/access_091230.log HTTP/1.1" 200 0 "-" "Yandex/1.01.001 (compatible; Win16; I)" "www.roomfurnish.com"
75.101.169.108 - - [03/Jan/2010:18:55:50 -0800] "GET /favicon.ico HTTP/1.1" 404 - "-" "-" "roomfurnish.com"
208.101.2.194 - - [03/Jan/2010:18:59:23 -0800] "GET /html/ HTTP/1.1" 200 29618 "http://www.dtcsolution.com/" "Mozilla/4.0 (compatible; MSIE 7.0; Windows NT 6.0; WOW64; Trident/4.0; SLCC1; .NET CLR 2.0.50727; .NET CLR 1.1.4322; .NET CLR 3.0.30729; .NET CLR 3.5.30729)" "dtcsolution.roomfurnish.com"
208.101.2.194 - - [03/Jan/2010:18:59:24 -0800] "GET /html/images/main_bgs.jpg HTTP/1.1" 404 - "http://dtcsolution.roomfurnish.com/html/" "Mozilla/4.0 (compatible; MSIE 7.0; Windows NT 6.0; WOW64; Trident/4.0; SLCC1; .NET CLR 2.0.50727; .NET CLR 1.1.4322; .NET CLR 3.0.30729; .NET CLR 3.5.30729)" "dtcsolution.roomfurnish.com"
208.101.2.194 - - [03/Jan/2010:18:59:24 -0800] "GET /html/images/2.jpg HTTP/1.1" 200 18302 "http://dtcsolution.roomfurnish.com/html/" "Mozilla/4.0 (compatible; MSIE 7.0; Windows NT 6.0; WOW64; Trident/4.0; SLCC1; .NET CLR 2.0.50727; .NET CLR 1.1.4322; .NET CLR 3.0.30729; .NET CLR 3.5.30729)" "dtcsolution.roomfurnish.com"
208.101.2.194 - - [03/Jan/2010:18:59:26 -0800] "GET /html/images/name.jpg HTTP/1.1" 200 2150 "http://dtcsolution.roomfurnish.com/html/" "Mozilla/4.0 (compatible; MSIE 7.0; Windows NT 6.0; WOW64; Trident/4.0; SLCC1; .NET CLR 2.0.50727; .NET CLR 1.1.4322; .NET CLR 3.0.30729; .NET CLR 3.5.30729)" "dtcsolution.roomfurnish.com"
208.101.2.194 - - [03/Jan/2010:18:59:27 -0800] "GET /html/images/b4.jpg HTTP/1.1" 200 23703 "http://dtcsolution.roomfurnish.com/html/" "Mozilla/4.0 (compatible; MSIE 7.0; Windows NT 6.0; WOW64; Trident/4.0; SLCC1; .NET CLR 2.0.50727; .NET CLR 1.1.4322; .NET CLR 3.0.30729; .NET CLR 3.5.30729)" "dtcsolution.roomfurnish.com"
208.101.2.194 - - [03/Jan/2010:18:59:28 -0800] "GET /html/images/menu4.jpg HTTP/1.1" 200 3364 "http://dtcsolution.roomfurnish.com/html/" "Mozilla/4.0 (compatible; MSIE 7.0; Windows NT 6.0; WOW64; Trident/4.0; SLCC1; .NET CLR 2.0.50727; .NET CLR 1.1.4322; .NET CLR 3.0.30729; .NET CLR 3.5.30729)" "dtcsolution.roomfurnish.com"
208.101.2.194 - - [03/Jan/2010:18:59:29 -0800] "GET /html/images/w.jpg HTTP/1.1" 200 4655 "http://dtcsolution.roomfurnish.com/html/" "Mozilla/4.0 (compatible; MSIE 7.0; Windows NT 6.0; WOW64; Trident/4.0; SLCC1; .NET CLR 2.0.50727; .NET CLR 1.1.4322; .NET CLR 3.0.30729; .NET CLR 3.5.30729)" "dtcsolution.roomfurnish.com"
208.101.2.194 - - [03/Jan/2010:18:59:30 -0800] "GET /html/images/bottom.jpg HTTP/1.1" 200 3496 "http://dtcsolution.roomfurnish.com/html/" "Mozilla/4.0 (compatible; MSIE 7.0; Windows NT 6.0; WOW64; Trident/4.0; SLCC1; .NET CLR 2.0.50727; .NET CLR 1.1.4322; .NET CLR 3.0.30729; .NET CLR 3.5.30729)" "dtcsolution.roomfurnish.com"
208.101.2.194 - - [03/Jan/2010:18:59:30 -0800] "GET /html/images/w1.jpg HTTP/1.1" 200 3007 "http://dtcsolution.roomfurnish.com/html/" "Mozilla/4.0 (compatible; MSIE 7.0; Windows NT 6.0; WOW64; Trident/4.0; SLCC1; .NET CLR 2.0.50727; .NET CLR 1.1.4322; .NET CLR 3.0.30729; .NET CLR 3.5.30729)" "dtcsolution.roomfurnish.com"
77.88.29.247 - - [03/Jan/2010:19:10:48 -0800] "GET /tmp/sess_74c6f4a3f336449fec4ef54521e9d5ef HTTP/1.1" 403 - "-" "Yandex/1.01.001 (compatible; Win16; I)" "www.roomfurnish.com"
77.88.29.247 - - [03/Jan/2010:19:35:36 -0800] "GET /tmp/sess_f6c518bddc54ee54eb3e89724e692964 HTTP/1.1" 403 163 "-" "Yandex/1.01.001 (compatible; Win16; I)" "www.roomfurnish.com"
116.197.228.144 - - [03/Jan/2010:19:35:54 -0800] "GET /html/ HTTP/1.1" 200 29618 "http://www.dtcsolution.com/" "Mozilla/4.0 (compatible; MSIE 7.0; Windows NT 5.1; .NET CLR 1.1.4322; .NET CLR 2.0.50727; .NET CLR 3.0.4506.2152; .NET CLR 3.5.30729)" "dtcsolution.roomfurnish.com"
116.197.228.144 - - [03/Jan/2010:19:35:56 -0800] "GET /html/images/spacer.gif HTTP/1.1" 200 43 "http://dtcsolution.roomfurnish.com/html/" "Mozilla/4.0 (compatible; MSIE 7.0; Windows NT 5.1; .NET CLR 1.1.4322; .NET CLR 2.0.50727; .NET CLR 3.0.4506.2152; .NET CLR 3.5.30729)" "dtcsolution.roomfurnish.com"
116.197.228.144 - - [03/Jan/2010:19:35:56 -0800] "GET /html/images/main_bgs.jpg HTTP/1.1" 404 - "http://dtcsolution.roomfurnish.com/html/" "Mozilla/4.0 (compatible; MSIE 7.0; Windows NT 5.1; .NET CLR 1.1.4322; .NET CLR 2.0.50727; .NET CLR 3.0.4506.2152; .NET CLR 3.5.30729)" "dtcsolution.roomfurnish.com"
116.197.228.144 - - [03/Jan/2010:19:35:56 -0800] "GET /html/images/2.jpg HTTP/1.1" 200 18302 "http://dtcsolution.roomfurnish.com/html/" "Mozilla/4.0 (compatible; MSIE 7.0; Windows NT 5.1; .NET CLR 1.1.4322; .NET CLR 2.0.50727; .NET CLR 3.0.4506.2152; .NET CLR 3.5.30729)" "dtcsolution.roomfurnish.com"
116.197.228.144 - - [03/Jan/2010:19:35:56 -0800] "GET /html/images/b3.jpg HTTP/1.1" 200 24167 "http://dtcsolution.roomfurnish.com/html/" "Mozilla/4.0 (compatible; MSIE 7.0; Windows NT 5.1; .NET CLR 1.1.4322; .NET CLR 2.0.50727; .NET CLR 3.0.4506.2152; .NET CLR 3.5.30729)" "dtcsolution.roomfurnish.com"
116.197.228.144 - - [03/Jan/2010:19:35:56 -0800] "GET /html/images/but1.jpg HTTP/1.1" 200 1436 "http://dtcsolution.roomfurnish.com/html/" "Mozilla/4.0 (compatible; MSIE 7.0; Windows NT 5.1; .NET CLR 1.1.4322; .NET CLR 2.0.50727; .NET CLR 3.0.4506.2152; .NET CLR 3.5.30729)" "dtcsolution.roomfurnish.com"
116.197.228.144 - - [03/Jan/2010:19:35:57 -0800] "GET /html/images/b0.jpg HTTP/1.1" 200 616 "http://dtcsolution.roomfurnish.com/html/" "Mozilla/4.0 (compatible; MSIE 7.0; Windows NT 5.1; .NET CLR 1.1.4322; .NET CLR 2.0.50727; .NET CLR 3.0.4506.2152; .NET CLR 3.5.30729)" "dtcsolution.roomfurnish.com"
116.197.228.144 - - [03/Jan/2010:19:35:59 -0800] "GET /html/images/cchecks1.jpg HTTP/1.1" 200 18380 "http://dtcsolution.roomfurnish.com/html/" "Mozilla/4.0 (compatible; MSIE 7.0; Windows NT 5.1; .NET CLR 1.1.4322; .NET CLR 2.0.50727; .NET CLR 3.0.4506.2152; .NET CLR 3.5.30729)" "dtcsolution.roomfurnish.com"
116.197.228.144 - - [03/Jan/2010:19:35:59 -0800] "GET /html/images/but2.jpg HTTP/1.1" 200 1108 "http://dtcsolution.roomfurnish.com/html/" "Mozilla/4.0 (compatible; MSIE 7.0; Windows NT 5.1; .NET CLR 1.1.4322; .NET CLR 2.0.50727; .NET CLR 3.0.4506.2152; .NET CLR 3.5.30729)" "dtcsolution.roomfurnish.com"
66.249.67.43 - - [03/Jan/2010:19:41:40 -0800] "GET /robots.txt HTTP/1.1" 404 - "-" "Mozilla/5.0 (compatible; Googlebot/2.1; +http://www.google.com/bot.html)" "roomfurnish.com"
208.80.193.30 - - [03/Jan/2010:19:47:53 -0800] "GET / HTTP/1.0" 200 2002 "-" "Mozilla/4.0 (compatible; MSIE 6.0; Windows NT 5.1; SV1; {12Move})" "dtcsolution.roomfurnish.com"
77.88.29.247 - - [03/Jan/2010:20:00:10 -0800] "GET /logs/access_090730.log HTTP/1.1" 200 0 "-" "Yandex/1.01.001 (compatible; Win16; I)" "www.roomfurnish.com"
193.47.80.40 - - [03/Jan/2010:20:01:27 -0800] "GET /robots.txt HTTP/1.1" 404 - "-" "Mozilla/5.0 (compatible; Exabot/3.0; +http://www.exabot.com/go/robot)" "www.roomfurnish.com"
193.47.80.40 - - [03/Jan/2010:20:01:27 -0800] "GET /FL/?S=A HTTP/1.1" 200 70819 "-" "Mozilla/5.0 (compatible; Exabot/3.0; +http://www.exabot.com/go/robot)" "www.roomfurnish.com"
67.195.112.165 - - [03/Jan/2010:20:06:41 -0800] "GET /robots.txt HTTP/1.0" 404 - "-" "Mozilla/5.0 (compatible; Yahoo! Slurp; http://help.yahoo.com/help/us/ysearch/slurp)" "dtcsolution.roomfurnish.com"
67.195.112.165 - - [03/Jan/2010:20:07:52 -0800] "GET /psd/?S=A HTTP/1.0" 200 801 "-" "Mozilla/5.0 (compatible; Yahoo! Slurp/3.0; http://help.yahoo.com/help/us/ysearch/slurp)" "dtcsolution.roomfurnish.com"
77.88.29.247 - - [03/Jan/2010:20:24:54 -0800] "GET /tmp/sess_cfa7c25c2978581889bbff83f181af6c HTTP/1.1" 403 - "-" "Yandex/1.01.001 (compatible; Win16; I)" "www.roomfurnish.com"
217.14.4.216 - - [03/Jan/2010:20:27:14 -0800] "GET /robots.txt HTTP/1.0" 404 - "http://majestic12.co.uk/bot.php?I=5F1D879D7D-106E7682337D425E-roomfurnish_com" "Mozilla/5.0 (compatible; MJ12bot/v1.3.2; http://www.majestic12.co.uk/bot.php?+)" "roomfurnish.com"
217.14.4.216 - - [03/Jan/2010:20:27:19 -0800] "GET /BOSSTON/3Sofa/?D=D HTTP/1.0" 200 2613 "-" "Mozilla/5.0 (compatible; MJ12bot/v1.3.2; http://www.majestic12.co.uk/bot.php?+)" "roomfurnish.com"
217.14.4.216 - - [03/Jan/2010:20:27:20 -0800] "GET /BOSSTON/3Sofa/?M=A HTTP/1.0" 200 2613 "-" "Mozilla/5.0 (compatible; MJ12bot/v1.3.2; http://www.majestic12.co.uk/bot.php?+)" "roomfurnish.com"
217.14.4.216 - - [03/Jan/2010:20:27:25 -0800] "GET /BOSSTON/3Sofa/?M=D HTTP/1.0" 200 2613 "-" "Mozilla/5.0 (compatible; MJ12bot/v1.3.2; http://www.majestic12.co.uk/bot.php?+)" "roomfurnish.com"
217.14.4.216 - - [03/Jan/2010:20:27:27 -0800] "GET /BOSSTON/3Sofa/?N=A HTTP/1.0" 200 2613 "-" "Mozilla/5.0 (compatible; MJ12bot/v1.3.2; http://www.majestic12.co.uk/bot.php?+)" "roomfurnish.com"
217.14.4.216 - - [03/Jan/2010:20:27:30 -0800] "GET /BOSSTON/3Sofa/?S=A HTTP/1.0" 200 2613 "-" "Mozilla/5.0 (compatible; MJ12bot/v1.3.2; http://www.majestic12.co.uk/bot.php?+)" "roomfurnish.com"
217.14.4.216 - - [03/Jan/2010:20:27:32 -0800] "GET /BOSSTON/3Sofa/?S=D HTTP/1.0" 200 2613 "-" "Mozilla/5.0 (compatible; MJ12bot/v1.3.2; http://www.majestic12.co.uk/bot.php?+)" "roomfurnish.com"
217.14.4.216 - - [03/Jan/2010:20:27:36 -0800] "GET /BOSSTON/3Sofa/Thumbs.db HTTP/1.0" 200 50176 "-" "Mozilla/5.0 (compatible; MJ12bot/v1.3.2; http://www.majestic12.co.uk/bot.php?+)" "roomfurnish.com"
217.14.4.216 - - [03/Jan/2010:20:27:38 -0800] "GET /BOSSTON/BOSSTON-CD/20048 HTTP/1.0" 301 95 "-" "Mozilla/5.0 (compatible; MJ12bot/v1.3.2; http://www.majestic12.co.uk/bot.php?+)" "roomfurnish.com"
217.14.4.216 - - [03/Jan/2010:20:27:39 -0800] "GET /BOSSTON/BOSSTON-CD/20048/ HTTP/1.0" 200 6375 "http://roomfurnish.com/BOSSTON/BOSSTON-CD/20048" "Mozilla/5.0 (compatible; MJ12bot/v1.3.2; http://www.majestic12.co.uk/bot.php?+)" "roomfurnish.com"
217.14.4.216 - - [03/Jan/2010:20:27:41 -0800] "GET /BOSSTON/BOSSTON-CD/20049 HTTP/1.0" 301 95 "-" "Mozilla/5.0 (compatible; MJ12bot/v1.3.2; http://www.majestic12.co.uk/bot.php?+)" "roomfurnish.com"
217.14.4.216 - - [03/Jan/2010:20:27:43 -0800] "GET /BOSSTON/BOSSTON-CD/20049/ HTTP/1.0" 200 1396 "http://roomfurnish.com/BOSSTON/BOSSTON-CD/20049" "Mozilla/5.0 (compatible; MJ12bot/v1.3.2; http://www.majestic12.co.uk/bot.php?+)" "roomfurnish.com"
217.14.4.216 - - [03/Jan/2010:20:27:46 -0800] "GET /BOSSTON/BOSSTON-CD/?D=D HTTP/1.0" 200 1079 "-" "Mozilla/5.0 (compatible; MJ12bot/v1.3.2; http://www.majestic12.co.uk/bot.php?+)" "roomfurnish.com"
217.14.4.216 - - [03/Jan/2010:20:27:48 -0800] "GET /BOSSTON/BOSSTON-CD/?M=A HTTP/1.0" 200 1079 "-" "Mozilla/5.0 (compatible; MJ12bot/v1.3.2; http://www.majestic12.co.uk/bot.php?+)" "roomfurnish.com"
217.14.4.216 - - [03/Jan/2010:20:27:51 -0800] "GET /BOSSTON/BOSSTON-CD/?M=D HTTP/1.0" 200 1079 "-" "Mozilla/5.0 (compatible; MJ12bot/v1.3.2; http://www.majestic12.co.uk/bot.php?+)" "roomfurnish.com"
217.14.4.216 - - [03/Jan/2010:20:27:55 -0800] "GET /BOSSTON/BOSSTON-CD/?N=A HTTP/1.0" 200 1079 "-" "Mozilla/5.0 (compatible; MJ12bot/v1.3.2; http://www.majestic12.co.uk/bot.php?+)" "roomfurnish.com"
217.14.4.216 - - [03/Jan/2010:20:27:58 -0800] "GET /BOSSTON/BOSSTON-CD/?S=A HTTP/1.0" 200 1079 "-" "Mozilla/5.0 (compatible; MJ12bot/v1.3.2; http://www.majestic12.co.uk/bot.php?+)" "roomfurnish.com"
217.14.4.216 - - [03/Jan/2010:20:28:00 -0800] "GET /BOSSTON/BOSSTON-CD/?S=D HTTP/1.0" 200 1079 "-" "Mozilla/5.0 (compatible; MJ12bot/v1.3.2; http://www.majestic12.co.uk/bot.php?+)" "roomfurnish.com"
217.14.4.216 - - [03/Jan/2010:20:28:02 -0800] "GET /BOSSTON/BOSSTON-CD/Chair HTTP/1.0" 301 95 "-" "Mozilla/5.0 (compatible; MJ12bot/v1.3.2; http://www.majestic12.co.uk/bot.php?+)" "roomfurnish.com"
217.14.4.216 - - [03/Jan/2010:20:28:06 -0800] "GET /BOSSTON/BOSSTON-CD/Chair/ HTTP/1.0" 200 2374 "http://roomfurnish.com/BOSSTON/BOSSTON-CD/Chair" "Mozilla/5.0 (compatible; MJ12bot/v1.3.2; http://www.majestic12.co.uk/bot.php?+)" "roomfurnish.com"
217.14.4.216 - - [03/Jan/2010:20:28:07 -0800] "GET /BOSSTON/BOSSTON-CD/Chaise HTTP/1.0" 301 96 "-" "Mozilla/5.0 (compatible; MJ12bot/v1.3.2; http://www.majestic12.co.uk/bot.php?+)" "roomfurnish.com"
217.14.4.216 - - [03/Jan/2010:20:28:09 -0800] "GET /BOSSTON/BOSSTON-CD/Chaise/ HTTP/1.0" 200 3217 "http://roomfurnish.com/BOSSTON/BOSSTON-CD/Chaise" "Mozilla/5.0 (compatible; MJ12bot/v1.3.2; http://www.majestic12.co.uk/bot.php?+)" "roomfurnish.com"
217.14.4.216 - - [03/Jan/2010:20:28:11 -0800] "GET /QM/Bedroom/?D=D HTTP/1.0" 200 2342 "-" "Mozilla/5.0 (compatible; MJ12bot/v1.3.2; http://www.majestic12.co.uk/bot.php?+)" "roomfurnish.com"
217.14.4.216 - - [03/Jan/2010:20:28:17 -0800] "GET /QM/Bedroom/?M=A HTTP/1.0" 200 2342 "-" "Mozilla/5.0 (compatible; MJ12bot/v1.3.2; http://www.majestic12.co.uk/bot.php?+)" "roomfurnish.com"
217.14.4.216 - - [03/Jan/2010:20:28:20 -0800] "GET /QM/Bedroom/?M=D HTTP/1.0" 200 2342 "-" "Mozilla/5.0 (compatible; MJ12bot/v1.3.2; http://www.majestic12.co.uk/bot.php?+)" "roomfurnish.com"
217.14.4.216 - - [03/Jan/2010:20:28:25 -0800] "GET /QM/Bedroom/?N=A HTTP/1.0" 200 2342 "-" "Mozilla/5.0 (compatible; MJ12bot/v1.3.2; http://www.majestic12.co.uk/bot.php?+)" "roomfurnish.com"
217.14.4.216 - - [03/Jan/2010:20:28:29 -0800] "GET /QM/Bedroom/?S=A HTTP/1.0" 200 2342 "-" "Mozilla/5.0 (compatible; MJ12bot/v1.3.2; http://www.majestic12.co.uk/bot.php?+)" "roomfurnish.com"
217.14.4.216 - - [03/Jan/2010:20:28:32 -0800] "GET /QM/Bedroom/?S=D HTTP/1.0" 200 2342 "-" "Mozilla/5.0 (compatible; MJ12bot/v1.3.2; http://www.majestic12.co.uk/bot.php?+)" "roomfurnish.com"
217.14.4.216 - - [03/Jan/2010:20:28:35 -0800] "GET /QM/DiningRoom/?D=D HTTP/1.0" 200 2247 "-" "Mozilla/5.0 (compatible; MJ12bot/v1.3.2; http://www.majestic12.co.uk/bot.php?+)" "roomfurnish.com"
217.14.4.216 - - [03/Jan/2010:20:28:38 -0800] "GET /QM/DiningRoom/?M=A HTTP/1.0" 200 2247 "-" "Mozilla/5.0 (compatible; MJ12bot/v1.3.2; http://www.majestic12.co.uk/bot.php?+)" "roomfurnish.com"
217.14.4.216 - - [03/Jan/2010:20:28:40 -0800] "GET /QM/DiningRoom/?M=D HTTP/1.0" 200 2247 "-" "Mozilla/5.0 (compatible; MJ12bot/v1.3.2; http://www.majestic12.co.uk/bot.php?+)" "roomfurnish.com"
217.14.4.216 - - [03/Jan/2010:20:28:46 -0800] "GET /QM/DiningRoom/?N=A HTTP/1.0" 200 2247 "-" "Mozilla/5.0 (compatible; MJ12bot/v1.3.2; http://www.majestic12.co.uk/bot.php?+)" "roomfurnish.com"
217.14.4.216 - - [03/Jan/2010:20:28:48 -0800] "GET /QM/DiningRoom/?S=A HTTP/1.0" 200 2247 "-" "Mozilla/5.0 (compatible; MJ12bot/v1.3.2; http://www.majestic12.co.uk/bot.php?+)" "roomfurnish.com"
217.14.4.216 - - [03/Jan/2010:20:28:52 -0800] "GET /QM/DiningRoom/?S=D HTTP/1.0" 200 2247 "-" "Mozilla/5.0 (compatible; MJ12bot/v1.3.2; http://www.majestic12.co.uk/bot.php?+)" "roomfurnish.com"
217.14.4.216 - - [03/Jan/2010:20:28:55 -0800] "GET /QM/HomeOffice/?D=D HTTP/1.0" 200 2108 "-" "Mozilla/5.0 (compatible; MJ12bot/v1.3.2; http://www.majestic12.co.uk/bot.php?+)" "roomfurnish.com"
217.14.4.216 - - [03/Jan/2010:20:29:02 -0800] "GET /QM/HomeOffice/?M=A HTTP/1.0" 200 2108 "-" "Mozilla/5.0 (compatible; MJ12bot/v1.3.2; http://www.majestic12.co.uk/bot.php?+)" "roomfurnish.com"
217.14.4.216 - - [03/Jan/2010:20:29:08 -0800] "GET /QM/HomeOffice/?M=D HTTP/1.0" 200 2108 "-" "Mozilla/5.0 (compatible; MJ12bot/v1.3.2; http://www.majestic12.co.uk/bot.php?+)" "roomfurnish.com"
217.14.4.216 - - [03/Jan/2010:20:29:14 -0800] "GET /QM/HomeOffice/?N=A HTTP/1.0" 200 2108 "-" "Mozilla/5.0 (compatible; MJ12bot/v1.3.2; http://www.majestic12.co.uk/bot.php?+)" "roomfurnish.com"
217.14.4.216 - - [03/Jan/2010:20:29:16 -0800] "GET /QM/HomeOffice/?S=A HTTP/1.0" 200 2108 "-" "Mozilla/5.0 (compatible; MJ12bot/v1.3.2; http://www.majestic12.co.uk/bot.php?+)" "roomfurnish.com"
217.14.4.216 - - [03/Jan/2010:20:29:22 -0800] "GET /QM/HomeOffice/?S=D HTTP/1.0" 200 2108 "-" "Mozilla/5.0 (compatible; MJ12bot/v1.3.2; http://www.majestic12.co.uk/bot.php?+)" "roomfurnish.com"
217.14.4.216 - - [03/Jan/2010:20:29:25 -0800] "GET /QM/LivingRoom/?D=D HTTP/1.0" 200 5132 "-" "Mozilla/5.0 (compatible; MJ12bot/v1.3.2; http://www.majestic12.co.uk/bot.php?+)" "roomfurnish.com"
217.14.4.216 - - [03/Jan/2010:20:29:29 -0800] "GET /QM/LivingRoom/?M=A HTTP/1.0" 200 5132 "-" "Mozilla/5.0 (compatible; MJ12bot/v1.3.2; http://www.majestic12.co.uk/bot.php?+)" "roomfurnish.com"
217.14.4.216 - - [03/Jan/2010:20:29:36 -0800] "GET /QM/LivingRoom/?M=D HTTP/1.0" 200 5132 "-" "Mozilla/5.0 (compatible; MJ12bot/v1.3.2; http://www.majestic12.co.uk/bot.php?+)" "roomfurnish.com"
217.14.4.216 - - [03/Jan/2010:20:29:41 -0800] "GET /QM/LivingRoom/?N=A HTTP/1.0" 200 5132 "-" "Mozilla/5.0 (compatible; MJ12bot/v1.3.2; http://www.majestic12.co.uk/bot.php?+)" "roomfurnish.com"
217.14.4.216 - - [03/Jan/2010:20:29:43 -0800] "GET /QM/LivingRoom/?S=A HTTP/1.0" 200 5132 "-" "Mozilla/5.0 (compatible; MJ12bot/v1.3.2; http://www.majestic12.co.uk/bot.php?+)" "roomfurnish.com"
217.14.4.216 - - [03/Jan/2010:20:29:47 -0800] "GET /QM/LivingRoom/?S=D HTTP/1.0" 200 5132 "-" "Mozilla/5.0 (compatible; MJ12bot/v1.3.2; http://www.majestic12.co.uk/bot.php?+)" "roomfurnish.com"
217.14.4.216 - - [03/Jan/2010:20:29:55 -0800] "GET /QM/Other/?D=D HTTP/1.0" 200 2530 "-" "Mozilla/5.0 (compatible; MJ12bot/v1.3.2; http://www.majestic12.co.uk/bot.php?+)" "roomfurnish.com"
217.14.4.216 - - [03/Jan/2010:20:29:58 -0800] "GET /QM/Other/?M=A HTTP/1.0" 200 2530 "-" "Mozilla/5.0 (compatible; MJ12bot/v1.3.2; http://www.majestic12.co.uk/bot.php?+)" "roomfurnish.com"
217.14.4.216 - - [03/Jan/2010:20:30:00 -0800] "GET /QM/Other/?M=D HTTP/1.0" 200 2530 "-" "Mozilla/5.0 (compatible; MJ12bot/v1.3.2; http://www.majestic12.co.uk/bot.php?+)" "roomfurnish.com"
217.14.4.216 - - [03/Jan/2010:20:30:03 -0800] "GET /QM/Other/?N=A HTTP/1.0" 200 2530 "-" "Mozilla/5.0 (compatible; MJ12bot/v1.3.2; http://www.majestic12.co.uk/bot.php?+)" "roomfurnish.com"
217.14.4.216 - - [03/Jan/2010:20:30:06 -0800] "GET /QM/Other/?S=A HTTP/1.0" 200 2530 "-" "Mozilla/5.0 (compatible; MJ12bot/v1.3.2; http://www.majestic12.co.uk/bot.php?+)" "roomfurnish.com"
