66.249.67.174 - - [04/Jan/2010:19:07:29 -0800] "GET /robots.txt HTTP/1.1" 404 - "-" "Mozilla/5.0 (compatible; Googlebot/2.1; +http://www.google.com/bot.html)" "site.roomfurnish.com"
93.158.145.27 - - [04/Jan/2010:19:28:22 -0800] "GET /logs/access_080830.log HTTP/1.1" 200 0 "-" "Yandex/1.01.001 (compatible; Win16; I)" "www.roomfurnish.com"
93.158.145.27 - - [04/Jan/2010:19:50:27 -0800] "GET /tmp/sess_e7d0c249aae04cfdd6047cf5736d3aaa HTTP/1.1" 403 - "-" "Yandex/1.01.001 (compatible; Win16; I)" "www.roomfurnish.com"
202.161.43.233 - - [04/Jan/2010:20:05:26 -0800] "GET /html/ HTTP/1.1" 200 29618 "-" "Mozilla/4.0 (compatible;)" "dtcsolution.roomfurnish.com"
202.161.43.233 - - [04/Jan/2010:20:05:26 -0800] "GET /html/ HTTP/1.1" 200 29618 "http://www.dtcsolution.com/" "Mozilla/4.0 (compatible; MSIE 7.0; Windows NT 6.0; WOW64; GTB6.3; SLCC1; .NET CLR 2.0.50727; .NET CLR 3.5.30729; .NET CLR 3.0.30618; InfoPath.2)" "dtcsolution.roomfurnish.com"
202.161.43.233 - - [04/Jan/2010:20:05:27 -0800] "GET /html/images/main_bgs.jpg HTTP/1.1" 404 - "-" "Mozilla/4.0 (compatible;)" "dtcsolution.roomfurnish.com"
202.161.43.233 - - [04/Jan/2010:20:05:27 -0800] "GET /html/images/b1.jpg HTTP/1.1" 200 22950 "-" "Mozilla/4.0 (compatible;)" "dtcsolution.roomfurnish.com"
202.161.43.233 - - [04/Jan/2010:20:05:27 -0800] "GET /html/images/b3.jpg HTTP/1.1" 200 24167 "-" "Mozilla/4.0 (compatible;)" "dtcsolution.roomfurnish.com"
202.161.43.233 - - [04/Jan/2010:20:05:27 -0800] "GET /html/images/line.jpg HTTP/1.1" 200 1896 "-" "Mozilla/4.0 (compatible;)" "dtcsolution.roomfurnish.com"
202.161.43.233 - - [04/Jan/2010:20:05:27 -0800] "GET /html/images/b6.jpg HTTP/1.1" 200 1561 "-" "Mozilla/4.0 (compatible;)" "dtcsolution.roomfurnish.com"
202.161.43.233 - - [04/Jan/2010:20:05:27 -0800] "GET /html/images/b5.jpg HTTP/1.1" 200 25484 "-" "Mozilla/4.0 (compatible;)" "dtcsolution.roomfurnish.com"
202.161.43.233 - - [04/Jan/2010:20:05:27 -0800] "GET /html/images/icon.gif HTTP/1.1" 200 53 "-" "Mozilla/4.0 (compatible;)" "dtcsolution.roomfurnish.com"
202.161.43.233 - - [04/Jan/2010:20:05:27 -0800] "GET /html/images/im.jpg HTTP/1.1" 200 7429 "-" "Mozilla/4.0 (compatible;)" "dtcsolution.roomfurnish.com"
202.161.43.233 - - [04/Jan/2010:20:05:27 -0800] "GET /html/images/main_bgs.jpg HTTP/1.1" 404 - "http://dtcsolution.roomfurnish.com/html/" "Mozilla/4.0 (compatible; MSIE 7.0; Windows NT 6.0; WOW64; GTB6.3; SLCC1; .NET CLR 2.0.50727; .NET CLR 3.5.30729; .NET CLR 3.0.30618; InfoPath.2)" "dtcsolution.roomfurnish.com"
93.158.145.27 - - [04/Jan/2010:20:12:22 -0800] "GET /test/ HTTP/1.1" 200 798 "-" "Yandex/1.01.001 (compatible; Win16; I)" "www.roomfurnish.com"
93.158.145.27 - - [04/Jan/2010:20:34:08 -0800] "GET /tmp/sess_9d718ebdcd144068a7ddbeb40e527a3c HTTP/1.1" 403 163 "-" "Yandex/1.01.001 (compatible; Win16; I)" "www.roomfurnish.com"
90.183.39.17 - - [04/Jan/2010:20:44:42 -0800] "GET /robots.txt HTTP/1.0" 404 - "-" "holmes/3.12.4 (http://morfeo.centrum.cz/bot)" "roomfurnish.com"
93.158.145.27 - - [04/Jan/2010:20:57:13 -0800] "GET /logs/access_080130.log HTTP/1.1" 200 0 "-" "Yandex/1.01.001 (compatible; Win16; I)" "www.roomfurnish.com"
93.158.145.27 - - [04/Jan/2010:21:21:06 -0800] "GET /logs/access_090430.log HTTP/1.1" 200 0 "-" "Yandex/1.01.001 (compatible; Win16; I)" "www.roomfurnish.com"
67.202.2.96 - - [04/Jan/2010:21:28:15 -0800] "GET /favicon.ico HTTP/1.1" 404 - "-" "-" "roomfurnish.com"
93.158.145.27 - - [04/Jan/2010:21:42:39 -0800] "GET /tmp/sess_23c07e410940f2173f4c1e626e4af9f5 HTTP/1.1" 403 - "-" "Yandex/1.01.001 (compatible; Win16; I)" "www.roomfurnish.com"
93.158.145.27 - - [04/Jan/2010:22:04:10 -0800] "GET /tmp/sess_eedf851d0c073c2a9f0df6c6a44eb6f7 HTTP/1.1" 403 - "-" "Yandex/1.01.001 (compatible; Win16; I)" "www.roomfurnish.com"
202.156.13.228 - - [04/Jan/2010:22:17:11 -0800] "GET /html/ HTTP/1.1" 200 29618 "http://www.dtcsolution.com/" "Mozilla/5.0 (Windows; U; Windows NT 6.1; en-US; rv:1.9.1.6) Gecko/20091201 Firefox/3.5.6" "dtcsolution.roomfurnish.com"
202.156.13.12 - - [04/Jan/2010:22:17:12 -0800] "GET /html/images/main_bgs.jpg HTTP/1.1" 404 - "http://dtcsolution.roomfurnish.com/html/" "Mozilla/5.0 (Windows; U; Windows NT 6.1; en-US; rv:1.9.1.6) Gecko/20091201 Firefox/3.5.6" "dtcsolution.roomfurnish.com"
93.158.145.27 - - [04/Jan/2010:22:25:58 -0800] "GET /logs/access_080530.log HTTP/1.1" 200 0 "-" "Yandex/1.01.001 (compatible; Win16; I)" "www.roomfurnish.com"
67.195.113.218 - - [04/Jan/2010:22:33:48 -0800] "GET /robots.txt HTTP/1.0" 404 - "-" "Mozilla/5.0 (compatible; Yahoo! Slurp; http://help.yahoo.com/help/us/ysearch/slurp)" "www.roomfurnish.com"
93.158.145.27 - - [04/Jan/2010:22:47:48 -0800] "GET /logs/access_070830.log HTTP/1.1" 200 0 "-" "Yandex/1.01.001 (compatible; Win16; I)" "www.roomfurnish.com"
67.195.113.218 - - [04/Jan/2010:22:58:33 -0800] "GET / HTTP/1.0" 200 2839 "-" "Mozilla/5.0 (compatible; Yahoo! Slurp/3.0; http://help.yahoo.com/help/us/ysearch/slurp)" "www.roomfurnish.com"
211.63.86.105 - - [04/Jan/2010:23:09:20 -0800] "GET /html/ HTTP/1.1" 200 29618 "http://www.dtcsolution.com/" "Mozilla/4.0 (compatible; MSIE 7.0; Windows NT 5.1; GTB6; .NET CLR 1.1.4322; .NET CLR 2.0.50727; .NET CLR 3.0.4506.2152; .NET CLR 3.5.30729)" "dtcsolution.roomfurnish.com"
211.63.86.105 - - [04/Jan/2010:23:09:20 -0800] "GET /html/images/main_bgs.jpg HTTP/1.1" 404 - "http://dtcsolution.roomfurnish.com/html/" "Mozilla/4.0 (compatible; MSIE 7.0; Windows NT 5.1; GTB6; .NET CLR 1.1.4322; .NET CLR 2.0.50727; .NET CLR 3.0.4506.2152; .NET CLR 3.5.30729)" "dtcsolution.roomfurnish.com"
211.63.86.105 - - [04/Jan/2010:23:09:22 -0800] "GET /html/images/b1.jpg HTTP/1.1" 200 22950 "http://dtcsolution.roomfurnish.com/html/" "Mozilla/4.0 (compatible; MSIE 7.0; Windows NT 5.1; GTB6; .NET CLR 1.1.4322; .NET CLR 2.0.50727; .NET CLR 3.0.4506.2152; .NET CLR 3.5.30729)" "dtcsolution.roomfurnish.com"
211.63.86.105 - - [04/Jan/2010:23:09:22 -0800] "GET /html/images/name.jpg HTTP/1.1" 200 2150 "http://dtcsolution.roomfurnish.com/html/" "Mozilla/4.0 (compatible; MSIE 7.0; Windows NT 5.1; GTB6; .NET CLR 1.1.4322; .NET CLR 2.0.50727; .NET CLR 3.0.4506.2152; .NET CLR 3.5.30729)" "dtcsolution.roomfurnish.com"
211.63.86.105 - - [04/Jan/2010:23:09:23 -0800] "GET /html/images/b2.jpg HTTP/1.1" 200 24561 "http://dtcsolution.roomfurnish.com/html/" "Mozilla/4.0 (compatible; MSIE 7.0; Windows NT 5.1; GTB6; .NET CLR 1.1.4322; .NET CLR 2.0.50727; .NET CLR 3.0.4506.2152; .NET CLR 3.5.30729)" "dtcsolution.roomfurnish.com"
211.63.86.105 - - [04/Jan/2010:23:09:23 -0800] "GET /html/images/b3.jpg HTTP/1.1" 200 24167 "http://dtcsolution.roomfurnish.com/html/" "Mozilla/4.0 (compatible; MSIE 7.0; Windows NT 5.1; GTB6; .NET CLR 1.1.4322; .NET CLR 2.0.50727; .NET CLR 3.0.4506.2152; .NET CLR 3.5.30729)" "dtcsolution.roomfurnish.com"
211.63.86.105 - - [04/Jan/2010:23:09:24 -0800] "GET /html/images/b4.jpg HTTP/1.1" 200 23703 "http://dtcsolution.roomfurnish.com/html/" "Mozilla/4.0 (compatible; MSIE 7.0; Windows NT 5.1; GTB6; .NET CLR 1.1.4322; .NET CLR 2.0.50727; .NET CLR 3.0.4506.2152; .NET CLR 3.5.30729)" "dtcsolution.roomfurnish.com"
211.63.86.105 - - [04/Jan/2010:23:09:24 -0800] "GET /html/images/b5.jpg HTTP/1.1" 200 25484 "http://dtcsolution.roomfurnish.com/html/" "Mozilla/4.0 (compatible; MSIE 7.0; Windows NT 5.1; GTB6; .NET CLR 1.1.4322; .NET CLR 2.0.50727; .NET CLR 3.0.4506.2152; .NET CLR 3.5.30729)" "dtcsolution.roomfurnish.com"
211.63.86.105 - - [04/Jan/2010:23:09:25 -0800] "GET /html/images/b6.jpg HTTP/1.1" 200 1561 "http://dtcsolution.roomfurnish.com/html/" "Mozilla/4.0 (compatible; MSIE 7.0; Windows NT 5.1; GTB6; .NET CLR 1.1.4322; .NET CLR 2.0.50727; .NET CLR 3.0.4506.2152; .NET CLR 3.5.30729)" "dtcsolution.roomfurnish.com"
211.63.86.105 - - [04/Jan/2010:23:09:26 -0800] "GET /html/images/line.jpg HTTP/1.1" 200 1896 "http://dtcsolution.roomfurnish.com/html/" "Mozilla/4.0 (compatible; MSIE 7.0; Windows NT 5.1; GTB6; .NET CLR 1.1.4322; .NET CLR 2.0.50727; .NET CLR 3.0.4506.2152; .NET CLR 3.5.30729)" "dtcsolution.roomfurnish.com"
211.63.86.105 - - [04/Jan/2010:23:09:26 -0800] "GET /html/images/bg.jpg HTTP/1.1" 200 549 "http://dtcsolution.roomfurnish.com/html/" "Mozilla/4.0 (compatible; MSIE 7.0; Windows NT 5.1; GTB6; .NET CLR 1.1.4322; .NET CLR 2.0.50727; .NET CLR 3.0.4506.2152; .NET CLR 3.5.30729)" "dtcsolution.roomfurnish.com"
211.63.86.105 - - [04/Jan/2010:23:09:27 -0800] "GET /html/images/icon.gif HTTP/1.1" 200 53 "http://dtcsolution.roomfurnish.com/html/" "Mozilla/4.0 (compatible; MSIE 7.0; Windows NT 5.1; GTB6; .NET CLR 1.1.4322; .NET CLR 2.0.50727; .NET CLR 3.0.4506.2152; .NET CLR 3.5.30729)" "dtcsolution.roomfurnish.com"
211.63.86.105 - - [04/Jan/2010:23:09:27 -0800] "GET /html/images/w.jpg HTTP/1.1" 200 4655 "http://dtcsolution.roomfurnish.com/html/" "Mozilla/4.0 (compatible; MSIE 7.0; Windows NT 5.1; GTB6; .NET CLR 1.1.4322; .NET CLR 2.0.50727; .NET CLR 3.0.4506.2152; .NET CLR 3.5.30729)" "dtcsolution.roomfurnish.com"
211.63.86.105 - - [04/Jan/2010:23:09:28 -0800] "GET /html/images/im.jpg HTTP/1.1" 200 7429 "http://dtcsolution.roomfurnish.com/html/" "Mozilla/4.0 (compatible; MSIE 7.0; Windows NT 5.1; GTB6; .NET CLR 1.1.4322; .NET CLR 2.0.50727; .NET CLR 3.0.4506.2152; .NET CLR 3.5.30729)" "dtcsolution.roomfurnish.com"
93.158.145.27 - - [04/Jan/2010:23:09:28 -0800] "GET /BOB/ HTTP/1.1" 200 520 "-" "Yandex/1.01.001 (compatible; Win16; I)" "www.roomfurnish.com"
211.63.86.105 - - [04/Jan/2010:23:09:29 -0800] "GET /html/images/bottom.jpg HTTP/1.1" 200 3496 "http://dtcsolution.roomfurnish.com/html/" "Mozilla/4.0 (compatible; MSIE 7.0; Windows NT 5.1; GTB6; .NET CLR 1.1.4322; .NET CLR 2.0.50727; .NET CLR 3.0.4506.2152; .NET CLR 3.5.30729)" "dtcsolution.roomfurnish.com"
93.158.145.27 - - [04/Jan/2010:23:31:10 -0800] "GET /tmp/sess_34d927a97d93c021235e2b7ad2279f21 HTTP/1.1" 403 - "-" "Yandex/1.01.001 (compatible; Win16; I)" "www.roomfurnish.com"
93.158.145.27 - - [04/Jan/2010:23:52:36 -0800] "GET /logs/access_090830.log HTTP/1.1" 200 65536 "-" "Yandex/1.01.001 (compatible; Win16; I)" "www.roomfurnish.com"
93.158.145.27 - - [05/Jan/2010:00:15:09 -0800] "GET /tmp/sess_4cd8ebc9800795ea052a12c9151cad32 HTTP/1.1" 403 - "-" "Yandex/1.01.001 (compatible; Win16; I)" "www.roomfurnish.com"
67.195.113.218 - - [05/Jan/2010:00:30:29 -0800] "GET /logs/ HTTP/1.0" 200 4926 "-" "Mozilla/5.0 (compatible; Yahoo! Slurp/3.0; http://help.yahoo.com/help/us/ysearch/slurp)" "www.roomfurnish.com"
93.158.145.27 - - [05/Jan/2010:00:36:49 -0800] "GET /logs/access_090930.log HTTP/1.1" 200 0 "-" "Yandex/1.01.001 (compatible; Win16; I)" "www.roomfurnish.com"
93.158.145.27 - - [05/Jan/2010:00:58:49 -0800] "GET /logs/scripts.log HTTP/1.1" 200 786432 "-" "Yandex/1.01.001 (compatible; Win16; I)" "www.roomfurnish.com"
203.117.238.203 - - [05/Jan/2010:01:00:41 -0800] "GET /html/ HTTP/1.1" 200 29618 "http://www.dtcsolution.com/" "Mozilla/5.0 (Windows; U; Windows NT 5.1; en-US; rv:1.9.1.6) Gecko/20091201 Firefox/3.5.6 (.NET CLR 3.5.30729)" "dtcsolution.roomfurnish.com"
203.117.238.203 - - [05/Jan/2010:01:00:42 -0800] "GET /html/images/main_bgs.jpg HTTP/1.1" 404 - "http://dtcsolution.roomfurnish.com/html/" "Mozilla/5.0 (Windows; U; Windows NT 5.1; en-US; rv:1.9.1.6) Gecko/20091201 Firefox/3.5.6 (.NET CLR 3.5.30729)" "dtcsolution.roomfurnish.com"
220.181.125.71 - - [05/Jan/2010:01:13:42 -0800] "GET / HTTP/1.1" 200 2855 "-" "Sogou web spider/4.0(+http://www.sogou.com/docs/help/webmasters.htm#07)" "roomfurnish.com"
220.181.125.71 - - [05/Jan/2010:01:13:53 -0800] "GET /robots.txt HTTP/1.1" 404 - "-" "-" "roomfurnish.com"
67.195.115.97 - - [05/Jan/2010:01:14:42 -0800] "GET /robots.txt HTTP/1.0" 404 - "-" "Mozilla/5.0 (compatible; Yahoo! Slurp; http://help.yahoo.com/help/us/ysearch/slurp)" "roomfurnish.com"
67.195.115.97 - - [05/Jan/2010:01:15:46 -0800] "GET /swatch/?N=A HTTP/1.0" 200 646 "-" "Mozilla/5.0 (compatible; Yahoo! Slurp/3.0; http://help.yahoo.com/help/us/ysearch/slurp)" "roomfurnish.com"
93.158.145.27 - - [05/Jan/2010:01:20:29 -0800] "GET /dtcsolution/Thumbs.db HTTP/1.1" 200 30208 "-" "Yandex/1.01.001 (compatible; Win16; I)" "www.roomfurnish.com"
123.28.125.52 - - [05/Jan/2010:01:35:12 -0800] "GET /html/ HTTP/1.1" 200 29618 "http://www.dtcsolution.com/" "Mozilla/4.0 (compatible; MSIE 6.0; Windows NT 5.1; SV1; GTB6.3; .NET CLR 2.0.50727)" "dtcsolution.roomfurnish.com"
123.28.125.52 - - [05/Jan/2010:01:35:13 -0800] "GET /html/ HTTP/1.1" 200 29618 "http://www.dtcsolution.com/" "Mozilla/4.0 (compatible; MSIE 6.0; Windows NT 5.1; SV1; GTB6.3; .NET CLR 2.0.50727)" "dtcsolution.roomfurnish.com"
123.28.125.52 - - [05/Jan/2010:01:35:14 -0800] "GET /html/images/main_bgs.jpg HTTP/1.1" 404 - "http://dtcsolution.roomfurnish.com/html/" "Mozilla/4.0 (compatible; MSIE 6.0; Windows NT 5.1; SV1; GTB6.3; .NET CLR 2.0.50727)" "dtcsolution.roomfurnish.com"
123.28.125.52 - - [05/Jan/2010:01:35:14 -0800] "GET /html/images/main_bgs.jpg HTTP/1.1" 404 - "http://dtcsolution.roomfurnish.com/html/" "Mozilla/4.0 (compatible; MSIE 6.0; Windows NT 5.1; SV1; GTB6.3; .NET CLR 2.0.50727)" "dtcsolution.roomfurnish.com"
93.158.145.27 - - [05/Jan/2010:01:42:08 -0800] "GET /tmp/sess_087b16cc1deb671c492066a796da0726 HTTP/1.1" 403 - "-" "Yandex/1.01.001 (compatible; Win16; I)" "www.roomfurnish.com"
203.125.115.98 - - [05/Jan/2010:01:59:24 -0800] "GET /html/ HTTP/1.0" 200 29618 "http://www.dtcsolution.com/" "Mozilla/5.0 (Windows; U; Windows NT 5.1; en-US; rv:1.9.1.3) Gecko/20090824 Firefox/3.5.3" "dtcsolution.roomfurnish.com"
203.125.115.98 - - [05/Jan/2010:01:59:25 -0800] "GET /html/images/main_bgs.jpg HTTP/1.0" 404 - "http://dtcsolution.roomfurnish.com/html/" "Mozilla/5.0 (Windows; U; Windows NT 5.1; en-US; rv:1.9.1.3) Gecko/20090824 Firefox/3.5.3" "dtcsolution.roomfurnish.com"
203.125.115.98 - - [05/Jan/2010:01:59:28 -0800] "GET /html/images/menu4.jpg HTTP/1.0" 200 3364 "http://dtcsolution.roomfurnish.com/html/" "Mozilla/5.0 (Windows; U; Windows NT 5.1; en-US; rv:1.9.1.3) Gecko/20090824 Firefox/3.5.3" "dtcsolution.roomfurnish.com"
93.158.145.27 - - [05/Jan/2010:02:04:06 -0800] "GET /logs/access_081030.log HTTP/1.1" 200 0 "-" "Yandex/1.01.001 (compatible; Win16; I)" "www.roomfurnish.com"
220.181.7.97 - - [05/Jan/2010:02:05:19 -0800] "GET /robots.txt HTTP/1.1" 404 - "-" "Baiduspider+(+http://www.baidu.com/search/spider.htm)" "www.roomfurnish.com"
203.127.30.66 - - [05/Jan/2010:02:06:20 -0800] "GET /html/ HTTP/1.1" 200 29618 "http://www.dtcsolution.com/" "Mozilla/4.0 (compatible; MSIE 8.0; Windows NT 6.0; Trident/4.0; GTB6.4; SLCC1; .NET CLR 2.0.50727; Media Center PC 5.0; .NET CLR 3.5.21022; .NET CLR 3.5.30729; .NET CLR 3.0.30618)" "dtcsolution.roomfurnish.com"
203.127.30.66 - - [05/Jan/2010:02:06:21 -0800] "GET /html/images/main_bgs.jpg HTTP/1.1" 404 - "http://dtcsolution.roomfurnish.com/html/" "Mozilla/4.0 (compatible; MSIE 8.0; Windows NT 6.0; Trident/4.0; GTB6.4; SLCC1; .NET CLR 2.0.50727; Media Center PC 5.0; .NET CLR 3.5.21022; .NET CLR 3.5.30729; .NET CLR 3.0.30618)" "dtcsolution.roomfurnish.com"
203.127.30.66 - - [05/Jan/2010:02:06:21 -0800] "GET /html/images/but1.jpg HTTP/1.1" 200 1436 "http://dtcsolution.roomfurnish.com/html/" "Mozilla/4.0 (compatible; MSIE 8.0; Windows NT 6.0; Trident/4.0; GTB6.4; SLCC1; .NET CLR 2.0.50727; Media Center PC 5.0; .NET CLR 3.5.21022; .NET CLR 3.5.30729; .NET CLR 3.0.30618)" "dtcsolution.roomfurnish.com"
203.127.30.66 - - [05/Jan/2010:02:06:22 -0800] "GET /html/images/but.jpg HTTP/1.1" 200 1685 "http://dtcsolution.roomfurnish.com/html/" "Mozilla/4.0 (compatible; MSIE 8.0; Windows NT 6.0; Trident/4.0; GTB6.4; SLCC1; .NET CLR 2.0.50727; Media Center PC 5.0; .NET CLR 3.5.21022; .NET CLR 3.5.30729; .NET CLR 3.0.30618)" "dtcsolution.roomfurnish.com"
203.127.30.66 - - [05/Jan/2010:02:06:23 -0800] "GET /html/images/menu1.jpg HTTP/1.1" 200 4413 "http://dtcsolution.roomfurnish.com/html/" "Mozilla/4.0 (compatible; MSIE 8.0; Windows NT 6.0; Trident/4.0; GTB6.4; SLCC1; .NET CLR 2.0.50727; Media Center PC 5.0; .NET CLR 3.5.21022; .NET CLR 3.5.30729; .NET CLR 3.0.30618)" "dtcsolution.roomfurnish.com"
93.158.145.27 - - [05/Jan/2010:02:25:29 -0800] "GET /tmp/sess_60a74bf842291cda30ef78a68bb8d142 HTTP/1.1" 403 163 "-" "Yandex/1.01.001 (compatible; Win16; I)" "www.roomfurnish.com"
95.108.150.235 - - [05/Jan/2010:02:40:45 -0800] "GET /robots.txt HTTP/1.1" 404 - "-" "Yandex/1.01.001 (compatible; Win16; H)" "roomfurnish.com"
95.108.150.235 - - [05/Jan/2010:02:40:46 -0800] "GET /robots.txt HTTP/1.1" 404 - "-" "Yandex/1.01.001 (compatible; Win16; H)" "www.roomfurnish.com"
95.108.150.235 - - [05/Jan/2010:02:40:51 -0800] "GET / HTTP/1.1" 200 2855 "-" "Yandex/1.01.001 (compatible; Win16; H)" "roomfurnish.com"
95.108.150.235 - - [05/Jan/2010:02:40:52 -0800] "GET / HTTP/1.1" 200 2855 "-" "Yandex/1.01.001 (compatible; Win16; H)" "roomfurnish.com"
95.108.150.235 - - [05/Jan/2010:02:40:52 -0800] "GET / HTTP/1.1" 200 2855 "-" "Yandex/1.01.001 (compatible; Win16; H)" "www.roomfurnish.com"
95.108.150.235 - - [05/Jan/2010:02:40:54 -0800] "GET / HTTP/1.1" 200 2855 "-" "Yandex/1.01.001 (compatible; Win16; H)" "www.roomfurnish.com"
93.158.145.27 - - [05/Jan/2010:02:46:56 -0800] "GET /tmp/sess_a702c3fca58cbb17095fc468e9ca3399 HTTP/1.1" 403 163 "-" "Yandex/1.01.001 (compatible; Win16; I)" "www.roomfurnish.com"
58.187.99.42 - - [05/Jan/2010:02:53:51 -0800] "GET /html/ HTTP/1.1" 200 29618 "http://www.dtcsolution.com/" "Mozilla/5.0 (Windows; U; Windows NT 5.1; en-US; rv:1.9.0.16) Gecko/2009120208 Firefox/3.0.16" "dtcsolution.roomfurnish.com"
58.187.99.42 - - [05/Jan/2010:02:53:52 -0800] "GET /html/images/main_bgs.jpg HTTP/1.1" 404 - "http://dtcsolution.roomfurnish.com/html/" "Mozilla/5.0 (Windows; U; Windows NT 5.1; en-US; rv:1.9.0.16) Gecko/2009120208 Firefox/3.0.16" "dtcsolution.roomfurnish.com"
119.63.198.30 - - [05/Jan/2010:02:59:46 -0800] "GET /robots.txt HTTP/1.1" 404 - "-" "Baiduspider+(+http://www.baidu.com/search/spider.htm)" "roomfurnish.com"
93.158.145.27 - - [05/Jan/2010:03:08:26 -0800] "GET /tmp/sess_001f4d8d6d0db35689841039a7b7e83a HTTP/1.1" 403 - "-" "Yandex/1.01.001 (compatible; Win16; I)" "www.roomfurnish.com"
93.158.145.27 - - [05/Jan/2010:03:29:44 -0800] "GET /dtcsolution/FONTS/HELIOSCB.PFM HTTP/1.1" 200 687 "-" "Yandex/1.01.001 (compatible; Win16; I)" "www.roomfurnish.com"
74.6.30.119 - - [05/Jan/2010:03:47:11 -0800] "GET / HTTP/1.0" 200 2839 "-" "Mozilla/5.0 (compatible; Yahoo! DE Slurp; http://help.yahoo.com/help/us/ysearch/slurp)" "www.roomfurnish.com"
93.158.145.27 - - [05/Jan/2010:03:51:05 -0800] "GET /dtcsolution/FONTS/verdanab.ttf HTTP/1.1" 200 136032 "-" "Yandex/1.01.001 (compatible; Win16; I)" "www.roomfurnish.com"
93.158.145.27 - - [05/Jan/2010:04:12:31 -0800] "GET /dtcsolution/FONTS/HELIOSEB.PFM HTTP/1.1" 200 685 "-" "Yandex/1.01.001 (compatible; Win16; I)" "www.roomfurnish.com"
93.158.145.27 - - [05/Jan/2010:04:33:52 -0800] "GET /dtcsolution/FONTS/HELIOSEX.PFB HTTP/1.1" 200 32139 "-" "Yandex/1.01.001 (compatible; Win16; I)" "www.roomfurnish.com"
202.156.13.236 - - [05/Jan/2010:04:42:09 -0800] "GET /html/ HTTP/1.1" 200 29618 "http://www.dtcsolution.com/" "Mozilla/4.0 (compatible; MSIE 8.0; Windows NT 6.1; Trident/4.0; GTB6.3; SLCC2; .NET CLR 2.0.50727; .NET CLR 3.5.30729; .NET CLR 3.0.30729; Media Center PC 6.0; .NET CLR 3.0.30618; InfoPath.2; Media Center PC 5.0; SLCC1; OfficeLiveConnector.1.4; OfficeLivePatch.1.3; Tablet PC 2.0)" "dtcsolution.roomfurnish.com"
202.156.13.12 - - [05/Jan/2010:04:42:11 -0800] "GET /html/images/main_bgs.jpg HTTP/1.1" 404 - "http://dtcsolution.roomfurnish.com/html/" "Mozilla/4.0 (compatible; MSIE 8.0; Windows NT 6.1; Trident/4.0; GTB6.3; SLCC2; .NET CLR 2.0.50727; .NET CLR 3.5.30729; .NET CLR 3.0.30729; Media Center PC 6.0; .NET CLR 3.0.30618; InfoPath.2; Media Center PC 5.0; SLCC1; OfficeLiveConnector.1.4; OfficeLivePatch.1.3; Tablet PC 2.0)" "dtcsolution.roomfurnish.com"
93.158.145.27 - - [05/Jan/2010:04:55:08 -0800] "GET /dtcsolution/FONTS/tahoma.ttf HTTP/1.1" 200 265528 "-" "Yandex/1.01.001 (compatible; Win16; I)" "www.roomfurnish.com"
38.98.120.94 - - [05/Jan/2010:04:57:21 -0800] "GET /robots.txt HTTP/1.1" 404 275 "-" "ShopWiki/1.0 ( +http://www.shopwiki.com/wiki/Help:Bot)" "www.roomfurnish.com"
38.98.120.94 - - [05/Jan/2010:04:57:37 -0800] "GET / HTTP/1.1" 200 2855 "-" "ShopWiki/1.0 ( +http://www.shopwiki.com/wiki/Help:Bot)" "www.roomfurnish.com"
74.125.74.195 - - [05/Jan/2010:05:06:15 -0800] "GET /html/ HTTP/1.1" 200 29618 "http://www.dtcsolution.com/" "Mozilla/4.0 (compatible; MSIE 6.0; Windows NT 5.1; SV1)" "dtcsolution.roomfurnish.com"
72.14.202.82 - - [05/Jan/2010:05:06:16 -0800] "GET /html/images/main_bgs.jpg HTTP/1.1" 404 - "http://dtcsolution.roomfurnish.com/html/" "Mozilla/4.0 (compatible; MSIE 6.0; Windows NT 5.1; SV1)" "dtcsolution.roomfurnish.com"
74.125.74.132 - - [05/Jan/2010:05:06:17 -0800] "GET /html/images/but1.jpg HTTP/1.1" 200 1436 "http://dtcsolution.roomfurnish.com/html/" "Mozilla/4.0 (compatible; MSIE 6.0; Windows NT 5.1; SV1)" "dtcsolution.roomfurnish.com"
74.125.74.132 - - [05/Jan/2010:05:06:21 -0800] "GET /html/images/menu1.jpg HTTP/1.1" 200 4413 "http://dtcsolution.roomfurnish.com/html/" "Mozilla/4.0 (compatible; MSIE 6.0; Windows NT 5.1; SV1)" "dtcsolution.roomfurnish.com"
93.158.145.27 - - [05/Jan/2010:05:16:22 -0800] "GET /dtcsolution/FONTS/FRADMCN.TTF HTTP/1.1" 200 108164 "-" "Yandex/1.01.001 (compatible; Win16; I)" "www.roomfurnish.com"
93.158.145.27 - - [05/Jan/2010:05:37:50 -0800] "GET /dtcsolution/FONTS/PupularScript.ttf HTTP/1.1" 200 225424 "-" "Yandex/1.01.001 (compatible; Win16; I)" "www.roomfurnish.com"
195.210.57.83 - - [05/Jan/2010:05:46:25 -0800] "GET /robots.txt HTTP/1.0" 404 - "-" "Mozilla/5.0 (compatible; KaloogaBot; http://www.kalooga.com/info.html?page=crawler)" "www.roomfurnish.com"
195.210.57.83 - - [05/Jan/2010:05:46:26 -0800] "GET /tmp/sess_087b16cc1deb671c492066a796da0726 HTTP/1.0" 403 - "-" "Mozilla/5.0 (compatible; KaloogaBot; http://www.kalooga.com/info.html?page=crawler)" "www.roomfurnish.com"
67.202.12.64 - - [05/Jan/2010:05:56:49 -0800] "GET /favicon.ico HTTP/1.1" 404 - "-" "-" "roomfurnish.com"
66.249.68.99 - - [05/Jan/2010:05:58:51 -0800] "GET /robots.txt HTTP/1.1" 404 - "-" "Mozilla/5.0 (compatible; Googlebot/2.1; +http://www.google.com/bot.html)" "roomfurnish.com"
93.158.145.27 - - [05/Jan/2010:05:59:05 -0800] "GET /dtcsolution/FONTS/FRABK.TTF HTTP/1.1" 200 141768 "-" "Yandex/1.01.001 (compatible; Win16; I)" "www.roomfurnish.com"
93.158.145.27 - - [05/Jan/2010:06:20:02 -0800] "GET /dtcsolution/LIBRARY/all_bullets.psd HTTP/1.1" 200 83725 "-" "Yandex/1.01.001 (compatible; Win16; I)" "www.roomfurnish.com"
93.158.145.27 - - [05/Jan/2010:06:41:17 -0800] "GET /dtcsolution/LIBRARY/all_arrows.psd HTTP/1.1" 200 107488 "-" "Yandex/1.01.001 (compatible; Win16; I)" "www.roomfurnish.com"
93.158.145.27 - - [05/Jan/2010:07:05:01 -0800] "GET /BOSSTON/3Sofa/Thumbs.db HTTP/1.1" 200 50176 "-" "Yandex/1.01.001 (compatible; Win16; I)" "www.roomfurnish.com"
202.156.13.253 - - [05/Jan/2010:07:31:11 -0800] "GET /html/ HTTP/1.0" 200 29618 "http://www.dtcsolution.com/" "Mozilla/5.0 (Windows; U; Windows NT 5.1; ko; rv:1.9.1.6) Gecko/20091201 Firefox/3.5.6 (.NET CLR 3.5.30729)" "dtcsolution.roomfurnish.com"
202.156.13.10 - - [05/Jan/2010:07:31:12 -0800] "GET /html/images/main_bgs.jpg HTTP/1.1" 404 - "http://dtcsolution.roomfurnish.com/html/" "Mozilla/5.0 (Windows; U; Windows NT 5.1; ko; rv:1.9.1.6) Gecko/20091201 Firefox/3.5.6 (.NET CLR 3.5.30729)" "dtcsolution.roomfurnish.com"
202.156.13.10 - - [05/Jan/2010:07:31:12 -0800] "GET /html/images/1.jpg HTTP/1.1" 200 21212 "http://dtcsolution.roomfurnish.com/html/" "Mozilla/5.0 (Windows; U; Windows NT 5.1; ko; rv:1.9.1.6) Gecko/20091201 Firefox/3.5.6 (.NET CLR 3.5.30729)" "dtcsolution.roomfurnish.com"
202.156.13.10 - - [05/Jan/2010:07:31:12 -0800] "GET /html/images/2.jpg HTTP/1.1" 200 18302 "http://dtcsolution.roomfurnish.com/html/" "Mozilla/5.0 (Windows; U; Windows NT 5.1; ko; rv:1.9.1.6) Gecko/20091201 Firefox/3.5.6 (.NET CLR 3.5.30729)" "dtcsolution.roomfurnish.com"
202.156.13.10 - - [05/Jan/2010:07:31:12 -0800] "GET /html/images/but.jpg HTTP/1.1" 200 1685 "http://dtcsolution.roomfurnish.com/html/" "Mozilla/5.0 (Windows; U; Windows NT 5.1; ko; rv:1.9.1.6) Gecko/20091201 Firefox/3.5.6 (.NET CLR 3.5.30729)" "dtcsolution.roomfurnish.com"
220.255.7.218 - - [05/Jan/2010:07:34:51 -0800] "GET /html/ HTTP/1.1" 200 29618 "http://www.dtcsolution.com/" "Mozilla/5.0 (Windows; U; Windows NT 6.0; en-US; rv:1.9.1.6) Gecko/20091201 Firefox/3.5.6 (.NET CLR 3.5.30729)" "dtcsolution.roomfurnish.com"
220.255.7.141 - - [05/Jan/2010:07:34:52 -0800] "GET /html/images/main_bgs.jpg HTTP/1.1" 404 - "http://dtcsolution.roomfurnish.com/html/" "Mozilla/5.0 (Windows; U; Windows NT 6.0; en-US; rv:1.9.1.6) Gecko/20091201 Firefox/3.5.6 (.NET CLR 3.5.30729)" "dtcsolution.roomfurnish.com"
83.167.62.170 - - [05/Jan/2010:07:38:54 -0800] "GET /test/images/?M=D HTTP/1.1" 200 688 "-" "Mozilla/5.0 (compatible; Exabot/3.0 (BiggerBetter); +http://www.exabot.com/go/robot)" "roomfurnish.com"
83.167.62.170 - - [05/Jan/2010:07:38:56 -0800] "GET /dtcsolution/FONTS/tahomabd.ttf HTTP/1.1" 200 260472 "-" "Mozilla/5.0 (compatible; Exabot/3.0 (BiggerBetter); +http://www.exabot.com/go/robot)" "roomfurnish.com"
116.197.204.173 - - [05/Jan/2010:08:30:51 -0800] "GET /html/ HTTP/1.1" 200 29618 "http://www.dtcsolution.com/" "Mozilla/4.0 (compatible; MSIE 8.0; Windows NT 5.1; Trident/4.0; .NET CLR 2.0.50727)" "dtcsolution.roomfurnish.com"
116.197.204.173 - - [05/Jan/2010:08:30:55 -0800] "GET /html/images/main_bgs.jpg HTTP/1.1" 404 - "http://dtcsolution.roomfurnish.com/html/" "Mozilla/4.0 (compatible; MSIE 8.0; Windows NT 5.1; Trident/4.0; .NET CLR 2.0.50727)" "dtcsolution.roomfurnish.com"
124.115.6.11 - - [05/Jan/2010:09:27:36 -0800] "GET /robots.txt HTTP/1.1" 404 - "-" "Sosospider+(+http://help.soso.com/webspider.htm)" "roomfurnish.com"
67.195.113.218 - - [05/Jan/2010:10:26:47 -0800] "GET /robots.txt HTTP/1.0" 404 - "-" "Mozilla/5.0 (compatible; Yahoo! Slurp; http://help.yahoo.com/help/us/ysearch/slurp)" "www.roomfurnish.com"
67.195.113.218 - - [05/Jan/2010:10:26:52 -0800] "GET /FL/Thumbs.db HTTP/1.0" 200 2465196 "-" "Mozilla/5.0 (compatible; Yahoo! Slurp/3.0; http://help.yahoo.com/help/us/ysearch/slurp)" "www.roomfurnish.com"
58.185.16.215 - - [05/Jan/2010:10:40:57 -0800] "GET /html/ HTTP/1.1" 200 29618 "http://www.dtcsolution.com/" "Mozilla/4.0 (compatible; MSIE 5.5; Windows NT 4.0)" "dtcsolution.roomfurnish.com"
93.158.145.27 - - [05/Jan/2010:11:15:07 -0800] "GET /tmp/sess_cd2a6935784abe8f1e60cb02eef39a9b HTTP/1.1" 403 - "-" "Yandex/1.01.001 (compatible; Win16; I)" "www.roomfurnish.com"
83.167.62.170 - - [05/Jan/2010:11:17:48 -0800] "GET /BOSSTON/3Sofa/?N=D HTTP/1.1" 200 2629 "-" "Mozilla/5.0 (compatible; Exabot/3.0 (BiggerBetter); +http://www.exabot.com/go/robot)" "roomfurnish.com"
83.167.62.170 - - [05/Jan/2010:11:17:50 -0800] "GET /BOSSTON/3Sofa/?M=D HTTP/1.1" 200 2629 "-" "Mozilla/5.0 (compatible; Exabot/3.0 (BiggerBetter); +http://www.exabot.com/go/robot)" "roomfurnish.com"
93.158.145.27 - - [05/Jan/2010:11:44:34 -0800] "GET /tmp/sess_a6023fb335ee5670e4d6e175c9ce6e2d HTTP/1.1" 403 163 "-" "Yandex/1.01.001 (compatible; Win16; I)" "www.roomfurnish.com"
93.158.145.27 - - [05/Jan/2010:12:14:22 -0800] "GET /robots.txt HTTP/1.1" 404 - "-" "Yandex/1.01.001 (compatible; Win16; I)" "www.roomfurnish.com"
93.158.145.27 - - [05/Jan/2010:12:43:41 -0800] "GET /tmp/back HTTP/1.1" 200 541 "-" "Yandex/1.01.001 (compatible; Win16; I)" "www.roomfurnish.com"
93.158.145.27 - - [05/Jan/2010:13:12:39 -0800] "GET /logs/access_080930.log HTTP/1.1" 200 0 "-" "Yandex/1.01.001 (compatible; Win16; I)" "www.roomfurnish.com"
83.167.62.170 - - [05/Jan/2010:13:17:20 -0800] "GET /dtcsolution/LIBRARY/BUTTONS/?D=A HTTP/1.1" 200 2053 "-" "Mozilla/5.0 (compatible; Exabot/3.0 (BiggerBetter); +http://www.exabot.com/go/robot)" "roomfurnish.com"
83.167.62.170 - - [05/Jan/2010:13:17:23 -0800] "GET /dtcsolution/FONTS/framd.ttf HTTP/1.1" 200 135984 "-" "Mozilla/5.0 (compatible; Exabot/3.0 (BiggerBetter); +http://www.exabot.com/go/robot)" "roomfurnish.com"
83.167.62.170 - - [05/Jan/2010:13:17:25 -0800] "GET /dtcsolution/?D=A HTTP/1.1" 200 2040 "-" "Mozilla/5.0 (compatible; Exabot/3.0 (BiggerBetter); +http://www.exabot.com/go/robot)" "roomfurnish.com"
83.167.62.170 - - [05/Jan/2010:13:24:05 -0800] "GET /swatch/?D=D HTTP/1.1" 200 662 "-" "Mozilla/5.0 (compatible; Exabot/3.0 (BiggerBetter); +http://www.exabot.com/go/robot)" "roomfurnish.com"
93.158.145.27 - - [05/Jan/2010:13:43:29 -0800] "GET /tmp/sess_f2f4c4359a37b296f92758314df6edfd HTTP/1.1" 403 - "-" "Yandex/1.01.001 (compatible; Win16; I)" "www.roomfurnish.com"
93.158.145.27 - - [05/Jan/2010:14:12:21 -0800] "GET /logs/access_080430.log HTTP/1.1" 200 0 "-" "Yandex/1.01.001 (compatible; Win16; I)" "www.roomfurnish.com"
124.115.1.59 - - [05/Jan/2010:14:21:38 -0800] "GET / HTTP/1.1" 200 2855 "-" "Mozilla/4.0 (compatible; MSIE 6.0; Windows NT 5.1)" "www.roomfurnish.com"
124.115.1.60 - - [05/Jan/2010:14:22:59 -0800] "GET / HTTP/1.1" 200 2855 "-" "Mozilla/4.0 (compatible; MSIE 6.0; Windows NT 5.1)" "www.roomfurnish.com"
93.158.145.27 - - [05/Jan/2010:14:41:10 -0800] "GET /tmp/sess_26085f28e00f292bf8ecbd88083fe91a HTTP/1.1" 403 - "-" "Yandex/1.01.001 (compatible; Win16; I)" "www.roomfurnish.com"
123.125.66.102 - - [05/Jan/2010:14:49:08 -0800] "GET / HTTP/1.1" 200 2855 "-" "Baiduspider+(+http://www.baidu.com/search/spider.htm)" "www.roomfurnish.com"
93.158.145.27 - - [05/Jan/2010:15:00:26 -0800] "GET /BOSSTON/3Sofa/?M=A HTTP/1.1" 200 2629 "-" "Yandex/1.01.001 (compatible; Win16; I)" "www.roomfurnish.com"
124.115.10.193 - - [05/Jan/2010:15:04:56 -0800] "GET / HTTP/1.1" 200 2855 "-" "Mozilla/4.0 (compatible; MSIE 6.0; Windows NT 5.1)" "www.roomfurnish.com"
124.115.1.66 - - [05/Jan/2010:15:05:45 -0800] "GET / HTTP/1.1" 200 2855 "-" "Mozilla/4.0 (compatible; MSIE 6.0; Windows NT 5.1)" "www.roomfurnish.com"
124.115.1.62 - - [05/Jan/2010:15:06:19 -0800] "GET / HTTP/1.1" 200 2855 "-" "Mozilla/4.0 (compatible; MSIE 6.0; Windows NT 5.1)" "www.roomfurnish.com"
124.115.1.61 - - [05/Jan/2010:15:08:19 -0800] "GET / HTTP/1.1" 200 2855 "-" "Mozilla/4.0 (compatible; MSIE 6.0; Windows NT 5.1)" "www.roomfurnish.com"
93.158.145.27 - - [05/Jan/2010:15:34:22 -0800] "GET /tmp/sess_8148ca7387367aaabe1563839aff98a3 HTTP/1.1" 403 - "-" "Yandex/1.01.001 (compatible; Win16; I)" "www.roomfurnish.com"
65.55.106.156 - - [05/Jan/2010:15:55:31 -0800] "GET /robots.txt HTTP/1.1" 404 - "-" "msnbot/2.0b (+http://search.msn.com/msnbot.htm)" "dtcsolution.roomfurnish.com"
65.55.106.156 - - [05/Jan/2010:15:56:44 -0800] "GET /html/ HTTP/1.1" 200 29618 "-" "msnbot/2.0b (+http://search.msn.com/msnbot.htm)" "dtcsolution.roomfurnish.com"
93.158.145.27 - - [05/Jan/2010:16:02:39 -0800] "GET /tmp/sess_8b8231a60e321454f92d4ee99a8e4218 HTTP/1.1" 403 - "-" "Yandex/1.01.001 (compatible; Win16; I)" "www.roomfurnish.com"
58.185.16.215 - - [05/Jan/2010:16:06:01 -0800] "GET /html/ HTTP/1.1" 200 29618 "http://www.dtcsolution.com/" "Mozilla/4.0 (compatible; MSIE 5.5; Windows NT 5.0)" "dtcsolution.roomfurnish.com"
93.158.145.27 - - [05/Jan/2010:16:30:48 -0800] "GET /tmp/sess_b2f2f666da483367934cc929af5a6087 HTTP/1.1" 403 - "-" "Yandex/1.01.001 (compatible; Win16; I)" "www.roomfurnish.com"
93.158.145.27 - - [05/Jan/2010:16:58:59 -0800] "GET /logs/access_080630.log HTTP/1.1" 200 0 "-" "Yandex/1.01.001 (compatible; Win16; I)" "www.roomfurnish.com"
160.96.200.34 - - [05/Jan/2010:17:04:40 -0800] "GET /html/ HTTP/1.1" 200 29618 "http://www.dtcsolution.com/" "Mozilla/4.0 (compatible; MSIE 6.0; Windows NT 5.1; SV1; .NET CLR 2.0.50727; .NET CLR 3.0.04506.30; .NET CLR 3.0.04506.648; .NET CLR 1.1.4322)" "dtcsolution.roomfurnish.com"
160.96.200.34 - - [05/Jan/2010:17:04:40 -0800] "GET /html/images/main_bgs.jpg HTTP/1.1" 404 - "http://dtcsolution.roomfurnish.com/html/" "Mozilla/4.0 (compatible; MSIE 6.0; Windows NT 5.1; SV1; .NET CLR 2.0.50727; .NET CLR 3.0.04506.30; .NET CLR 3.0.04506.648; .NET CLR 1.1.4322)" "dtcsolution.roomfurnish.com"
160.96.200.34 - - [05/Jan/2010:17:04:41 -0800] "GET /html/images/but.jpg HTTP/1.1" 200 1685 "http://dtcsolution.roomfurnish.com/html/" "Mozilla/4.0 (compatible; MSIE 6.0; Windows NT 5.1; SV1; .NET CLR 2.0.50727; .NET CLR 3.0.04506.30; .NET CLR 3.0.04506.648; .NET CLR 1.1.4322)" "dtcsolution.roomfurnish.com"
209.85.238.134 - - [05/Jan/2010:17:15:23 -0800] "GET /robots.txt HTTP/1.0" 404 - "-" "AdsBot-Google (+http://www.google.com/adsbot.html)" "dtcsolution.roomfurnish.com"
209.85.238.132 - - [05/Jan/2010:17:15:24 -0800] "GET /html/ HTTP/1.1" 200 29618 "-" "AdsBot-Google (+http://www.google.com/adsbot.html)" "dtcsolution.roomfurnish.com"
88.131.106.21 - - [05/Jan/2010:17:15:25 -0800] "GET /robots.txt HTTP/1.0" 404 - "-" "Speedy Spider (http://www.entireweb.com/about/search_tech/speedy_spider/)" "roomfurnish.com"
88.131.106.21 - - [05/Jan/2010:17:15:25 -0800] "GET /288folisofa.html HTTP/1.0" 404 - "-" "Speedy Spider (http://www.entireweb.com/about/search_tech/speedy_spider/)" "roomfurnish.com"
93.158.145.27 - - [05/Jan/2010:17:27:06 -0800] "GET /logs/access.log HTTP/1.1" 200 282612 "-" "Yandex/1.01.001 (compatible; Win16; I)" "www.roomfurnish.com"
125.167.144.14 - - [05/Jan/2010:17:40:04 -0800] "GET /html/ HTTP/1.1" 200 29618 "http://www.dtcsolution.com/" "Mozilla/4.0 (compatible; MSIE 6.0; Windows NT 5.1; SV1; InfoPath.2)" "dtcsolution.roomfurnish.com"
125.167.144.14 - - [05/Jan/2010:17:40:05 -0800] "GET /html/images/main_bgs.jpg HTTP/1.1" 404 - "http://dtcsolution.roomfurnish.com/html/" "Mozilla/4.0 (compatible; MSIE 6.0; Windows NT 5.1; SV1; InfoPath.2)" "dtcsolution.roomfurnish.com"
125.167.144.14 - - [05/Jan/2010:17:40:10 -0800] "GET /html/images/but.jpg HTTP/1.1" 200 1685 "http://dtcsolution.roomfurnish.com/html/" "Mozilla/4.0 (compatible; MSIE 6.0; Windows NT 5.1; SV1; InfoPath.2)" "dtcsolution.roomfurnish.com"
125.167.144.14 - - [05/Jan/2010:17:40:46 -0800] "GET /html/ HTTP/1.1" 200 29618 "http://dtcsolution.com/" "Mozilla/4.0 (compatible; MSIE 6.0; Windows NT 5.1; SV1; InfoPath.2)" "dtcsolution.roomfurnish.com"
125.167.144.14 - - [05/Jan/2010:17:40:47 -0800] "GET /html/images/main_bgs.jpg HTTP/1.1" 404 - "http://dtcsolution.roomfurnish.com/html/" "Mozilla/4.0 (compatible; MSIE 6.0; Windows NT 5.1; SV1; InfoPath.2)" "dtcsolution.roomfurnish.com"
193.47.80.40 - - [05/Jan/2010:17:44:36 -0800] "GET /robots.txt HTTP/1.1" 404 - "-" "Mozilla/5.0 (compatible; Exabot/3.0; +http://www.exabot.com/go/robot)" "roomfurnish.com"
193.47.80.40 - - [05/Jan/2010:17:44:36 -0800] "GET / HTTP/1.1" 200 2855 "-" "Mozilla/5.0 (compatible; Exabot/3.0; +http://www.exabot.com/go/robot)" "roomfurnish.com"
93.158.145.27 - - [05/Jan/2010:17:55:18 -0800] "GET /tmp/sess_3910c7e90e24d9a422b063b8b4d5408c HTTP/1.1" 403 - "-" "Yandex/1.01.001 (compatible; Win16; I)" "www.roomfurnish.com"
93.158.145.27 - - [05/Jan/2010:18:23:26 -0800] "GET /tmp/sess_b1e2ab0a6d8c68fc763520fb23e13ae7 HTTP/1.1" 403 - "-" "Yandex/1.01.001 (compatible; Win16; I)" "www.roomfurnish.com"
202.52.79.19 - - [05/Jan/2010:18:46:57 -0800] "GET /html/ HTTP/1.1" 200 29618 "http://www.dtcsolution.com/" "Mozilla/4.0 (compatible; MSIE 7.0; Windows NT 5.1; .NET CLR 1.1.4322; .NET CLR 2.0.50727; .NET CLR 3.0.04506.30; OfficeLiveConnector.1.3; OfficeLivePatch.0.0)" "dtcsolution.roomfurnish.com"
202.52.79.19 - - [05/Jan/2010:18:46:57 -0800] "GET /html/images/main_bgs.jpg HTTP/1.1" 404 - "http://dtcsolution.roomfurnish.com/html/" "Mozilla/4.0 (compatible; MSIE 7.0; Windows NT 5.1; .NET CLR 1.1.4322; .NET CLR 2.0.50727; .NET CLR 3.0.04506.30; OfficeLiveConnector.1.3; OfficeLivePatch.0.0)" "dtcsolution.roomfurnish.com"
202.52.79.19 - - [05/Jan/2010:18:46:59 -0800] "GET /html/images/but.jpg HTTP/1.1" 200 1685 "http://dtcsolution.roomfurnish.com/html/" "Mozilla/4.0 (compatible; MSIE 7.0; Windows NT 5.1; .NET CLR 1.1.4322; .NET CLR 2.0.50727; .NET CLR 3.0.04506.30; OfficeLiveConnector.1.3; OfficeLivePatch.0.0)" "dtcsolution.roomfurnish.com"
65.55.207.71 - - [05/Jan/2010:18:48:36 -0800] "GET /robots.txt HTTP/1.1" 404 - "-" "msnbot/2.0b (+http://search.msn.com/msnbot.htm)" "dtcsolution.roomfurnish.com"
220.255.7.142 - - [05/Jan/2010:18:51:17 -0800] "GET /html/images/main_bgs.jpg HTTP/1.1" 404 - "http://dtcsolution.roomfurnish.com/html/" "Mozilla/5.0 (Windows; U; Windows NT 5.1; en-US; rv:1.9.0.16) Gecko/2009120208 Firefox/3.0.16 (.NET CLR 3.5.30729)" "dtcsolution.roomfurnish.com"
93.158.145.27 - - [05/Jan/2010:18:51:34 -0800] "GET /tmp/sess_135ebebfb2b28c6aa58c8d0605bbbd6a HTTP/1.1" 403 - "-" "Yandex/1.01.001 (compatible; Win16; I)" "www.roomfurnish.com"
65.55.207.71 - - [05/Jan/2010:18:53:43 -0800] "GET /html/ HTTP/1.1" 200 29618 "-" "msnbot/2.0b (+http://search.msn.com/msnbot.htm)" "dtcsolution.roomfurnish.com"
67.195.113.218 - - [05/Jan/2010:18:56:41 -0800] "GET /robots.txt HTTP/1.0" 404 - "-" "Mozilla/5.0 (compatible; Yahoo! Slurp; http://help.yahoo.com/help/us/ysearch/slurp)" "www.roomfurnish.com"
67.195.113.218 - - [05/Jan/2010:18:56:42 -0800] "GET / HTTP/1.0" 200 2839 "-" "Mozilla/5.0 (compatible; Yahoo! Slurp/3.0; http://help.yahoo.com/help/us/ysearch/slurp)" "www.roomfurnish.com"
93.158.145.27 - - [05/Jan/2010:19:20:01 -0800] "GET /tmp/sess_a7d36065c8a3e64a44db601630e872c8 HTTP/1.1" 403 163 "-" "Yandex/1.01.001 (compatible; Win16; I)" "www.roomfurnish.com"
65.55.110.28 - - [05/Jan/2010:19:26:30 -0800] "GET /html/ HTTP/1.1" 200 29618 "http://www.dtcsolution.com/" "Mozilla/4.0 (compatible; MSIE 6.0; Windows NT 5.2; SV1; .NET CLR 1.1.4322; .NET CLR 2.0.50727; .NET CLR 3.0.30729; .NET CLR 3.5.30707)" "dtcsolution.roomfurnish.com"
124.115.6.11 - - [05/Jan/2010:19:36:46 -0800] "GET /robots.txt HTTP/1.1" 404 - "-" "Sosospider+(+http://help.soso.com/webspider.htm)" "www.roomfurnish.com"
93.158.145.27 - - [05/Jan/2010:19:48:17 -0800] "GET /tmp/sess_bc7ef92eee16278f51bb4b3d62724f85 HTTP/1.1" 403 - "-" "Yandex/1.01.001 (compatible; Win16; I)" "www.roomfurnish.com"
93.158.145.27 - - [05/Jan/2010:20:16:33 -0800] "GET /tmp/sess_0a669ac345e71539cc803b696ebe853c HTTP/1.1" 403 163 "-" "Yandex/1.01.001 (compatible; Win16; I)" "www.roomfurnish.com"
119.27.62.254 - - [05/Jan/2010:20:27:45 -0800] "GET /html HTTP/1.1" 301 103 "-" "Mozilla/4.0 (compatible; MSIE 7.0; Windows NT 5.1; InfoPath.1; .NET CLR 2.0.50727; .NET CLR 1.1.4322; MS-RTC LM 8; .NET CLR 3.0.4506.2152; .NET CLR 3.5.30729)" "dtcsolution.roomfurnish.com"
119.27.62.254 - - [05/Jan/2010:20:27:46 -0800] "GET /html/ HTTP/1.1" 200 29618 "-" "Mozilla/4.0 (compatible; MSIE 7.0; Windows NT 5.1; InfoPath.1; .NET CLR 2.0.50727; .NET CLR 1.1.4322; MS-RTC LM 8; .NET CLR 3.0.4506.2152; .NET CLR 3.5.30729)" "dtcsolution.roomfurnish.com"
203.127.138.96 - - [05/Jan/2010:20:27:47 -0800] "GET /html/ HTTP/1.1" 200 29618 "http://www.dtcsolution.com/" "Mozilla/4.0 (compatible; MSIE 6.0; Windows NT 5.1; SV1; MS-RTC LM 8; .NET CLR 1.1.4322; .NET CLR 2.0.50727)" "dtcsolution.roomfurnish.com"
203.127.138.96 - - [05/Jan/2010:20:27:47 -0800] "GET /html/images/main_bgs.jpg HTTP/1.1" 404 - "http://dtcsolution.roomfurnish.com/html/" "Mozilla/4.0 (compatible; MSIE 6.0; Windows NT 5.1; SV1; MS-RTC LM 8; .NET CLR 1.1.4322; .NET CLR 2.0.50727)" "dtcsolution.roomfurnish.com"
93.158.145.27 - - [05/Jan/2010:20:59:38 -0800] "GET /tmp/sess_e991c1587d1d11062d08939fa8db73ea HTTP/1.1" 403 - "-" "Yandex/1.01.001 (compatible; Win16; I)" "www.roomfurnish.com"
98.173.26.142 - - [05/Jan/2010:21:23:36 -0800] "GET /robots.txt HTTP/1.0" 404 - "-" "envolk/1.7 (+http://www.envolk.com/envolkspiderinfo.html)" "roomfurnish.com"
93.158.145.27 - - [05/Jan/2010:21:27:06 -0800] "GET /tmp/sess_680db94c8394e87d17170d7a0453e28d HTTP/1.1" 403 - "-" "Yandex/1.01.001 (compatible; Win16; I)" "www.roomfurnish.com"
93.158.145.27 - - [05/Jan/2010:21:55:03 -0800] "GET /FL/Thumbs.db HTTP/1.1" 200 2465196 "-" "Yandex/1.01.001 (compatible; Win16; I)" "www.roomfurnish.com"
93.158.145.27 - - [05/Jan/2010:22:22:54 -0800] "GET /tmp/sess_20c1c4ab02614626bf3d198922e438cc HTTP/1.1" 403 - "-" "Yandex/1.01.001 (compatible; Win16; I)" "www.roomfurnish.com"
93.158.145.27 - - [05/Jan/2010:22:50:18 -0800] "GET /tmp/sess_93753d01525fedcfe00e3179633bf4eb HTTP/1.1" 403 163 "-" "Yandex/1.01.001 (compatible; Win16; I)" "www.roomfurnish.com"
113.168.2.190 - - [05/Jan/2010:22:54:03 -0800] "GET /html/ HTTP/1.1" 200 29618 "http://www.dtcsolution.com/" "Mozilla/4.0 (compatible; MSIE 6.0; Windows NT 5.1; SV1)" "dtcsolution.roomfurnish.com"
113.168.2.190 - - [05/Jan/2010:22:54:04 -0800] "GET /html/images/main_bgs.jpg HTTP/1.1" 404 - "http://dtcsolution.roomfurnish.com/html/" "Mozilla/4.0 (compatible; MSIE 6.0; Windows NT 5.1; SV1)" "dtcsolution.roomfurnish.com"
113.168.2.190 - - [05/Jan/2010:22:54:15 -0800] "GET /html/images/menu5.jpg HTTP/1.1" 200 2064 "http://dtcsolution.roomfurnish.com/html/" "Mozilla/4.0 (compatible; MSIE 6.0; Windows NT 5.1; SV1)" "dtcsolution.roomfurnish.com"
113.168.2.190 - - [05/Jan/2010:22:54:16 -0800] "GET /html/images/im2.jpg HTTP/1.1" 200 4990 "http://dtcsolution.roomfurnish.com/html/" "Mozilla/4.0 (compatible; MSIE 6.0; Windows NT 5.1; SV1)" "dtcsolution.roomfurnish.com"
220.255.7.141 - - [05/Jan/2010:23:14:54 -0800] "GET /html/images/main_bgs.jpg HTTP/1.1" 404 - "http://dtcsolution.roomfurnish.com/html/" "Mozilla/5.0 (Windows; U; Windows NT 6.1; en-US; rv:1.9.1.6) Gecko/20091201 Firefox/3.5.6" "dtcsolution.roomfurnish.com"
93.158.145.27 - - [05/Jan/2010:23:18:08 -0800] "GET /tmp/sess_f38c23c301522d8dffb79cfc92a1f191 HTTP/1.1" 403 - "-" "Yandex/1.01.001 (compatible; Win16; I)" "www.roomfurnish.com"
67.195.112.165 - - [05/Jan/2010:23:23:19 -0800] "GET /robots.txt HTTP/1.0" 404 - "-" "Mozilla/5.0 (compatible; Yahoo! Slurp; http://help.yahoo.com/help/us/ysearch/slurp)" "dtcsolution.roomfurnish.com"
112.199.254.238 - - [05/Jan/2010:23:26:23 -0800] "GET /html/ HTTP/1.1" 200 29618 "http://www.dtcsolution.com/" "Mozilla/4.0 (compatible; MSIE 7.0; Windows NT 5.1; .NET CLR 2.0.50727; .NET CLR 1.1.4322; InfoPath.1; .NET CLR 3.0.04506.30; .NET CLR 3.0.04506.648; .NET CLR 3.0.4506.2152; .NET CLR 3.5.30729)" "dtcsolution.roomfurnish.com"
112.199.254.238 - - [05/Jan/2010:23:26:24 -0800] "GET /html/images/main_bgs.jpg HTTP/1.1" 404 275 "http://dtcsolution.roomfurnish.com/html/" "Mozilla/4.0 (compatible; MSIE 7.0; Windows NT 5.1; .NET CLR 2.0.50727; .NET CLR 1.1.4322; InfoPath.1; .NET CLR 3.0.04506.30; .NET CLR 3.0.04506.648; .NET CLR 3.0.4506.2152; .NET CLR 3.5.30729)" "dtcsolution.roomfurnish.com"
112.199.254.238 - - [05/Jan/2010:23:26:24 -0800] "GET /html/images/main_bgs.jpg HTTP/1.1" 404 - "http://dtcsolution.roomfurnish.com/html/" "Mozilla/4.0 (compatible; MSIE 7.0; Windows NT 5.1; .NET CLR 2.0.50727; .NET CLR 1.1.4322; InfoPath.1; .NET CLR 3.0.04506.30; .NET CLR 3.0.04506.648; .NET CLR 3.0.4506.2152; .NET CLR 3.5.30729)" "dtcsolution.roomfurnish.com"
112.199.254.238 - - [05/Jan/2010:23:26:33 -0800] "GET /html/images/main_bgs.jpg HTTP/1.1" 404 - "http://dtcsolution.roomfurnish.com/html/" "Mozilla/4.0 (compatible; MSIE 7.0; Windows NT 5.1; .NET CLR 2.0.50727; .NET CLR 1.1.4322; InfoPath.1; .NET CLR 3.0.04506.30; .NET CLR 3.0.04506.648; .NET CLR 3.0.4506.2152; .NET CLR 3.5.30729)" "dtcsolution.roomfurnish.com"
112.199.254.238 - - [05/Jan/2010:23:26:35 -0800] "GET /html/images/main_bgs.jpg HTTP/1.1" 404 - "http://dtcsolution.roomfurnish.com/html/" "Mozilla/4.0 (compatible; MSIE 7.0; Windows NT 5.1; .NET CLR 2.0.50727; .NET CLR 1.1.4322; InfoPath.1; .NET CLR 3.0.04506.30; .NET CLR 3.0.04506.648; .NET CLR 3.0.4506.2152; .NET CLR 3.5.30729)" "dtcsolution.roomfurnish.com"
112.199.254.238 - - [05/Jan/2010:23:26:36 -0800] "GET /html/images/main_bgs.jpg HTTP/1.1" 404 - "http://dtcsolution.roomfurnish.com/html/" "Mozilla/4.0 (compatible; MSIE 7.0; Windows NT 5.1; .NET CLR 2.0.50727; .NET CLR 1.1.4322; InfoPath.1; .NET CLR 3.0.04506.30; .NET CLR 3.0.04506.648; .NET CLR 3.0.4506.2152; .NET CLR 3.5.30729)" "dtcsolution.roomfurnish.com"
112.199.254.238 - - [05/Jan/2010:23:26:36 -0800] "GET /html/images/main_bgs.jpg HTTP/1.1" 404 - "http://dtcsolution.roomfurnish.com/html/" "Mozilla/4.0 (compatible; MSIE 7.0; Windows NT 5.1; .NET CLR 2.0.50727; .NET CLR 1.1.4322; InfoPath.1; .NET CLR 3.0.04506.30; .NET CLR 3.0.04506.648; .NET CLR 3.0.4506.2152; .NET CLR 3.5.30729)" "dtcsolution.roomfurnish.com"
112.199.254.238 - - [05/Jan/2010:23:26:37 -0800] "GET /html/images/main_bgs.jpg HTTP/1.1" 404 - "http://dtcsolution.roomfurnish.com/html/" "Mozilla/4.0 (compatible; MSIE 7.0; Windows NT 5.1; .NET CLR 2.0.50727; .NET CLR 1.1.4322; InfoPath.1; .NET CLR 3.0.04506.30; .NET CLR 3.0.04506.648; .NET CLR 3.0.4506.2152; .NET CLR 3.5.30729)" "dtcsolution.roomfurnish.com"
112.199.254.238 - - [05/Jan/2010:23:26:38 -0800] "GET /html/images/main_bgs.jpg HTTP/1.1" 404 - "http://dtcsolution.roomfurnish.com/html/" "Mozilla/4.0 (compatible; MSIE 7.0; Windows NT 5.1; .NET CLR 2.0.50727; .NET CLR 1.1.4322; InfoPath.1; .NET CLR 3.0.04506.30; .NET CLR 3.0.04506.648; .NET CLR 3.0.4506.2152; .NET CLR 3.5.30729)" "dtcsolution.roomfurnish.com"
112.199.254.238 - - [05/Jan/2010:23:26:38 -0800] "GET /html/images/main_bgs.jpg HTTP/1.1" 404 - "http://dtcsolution.roomfurnish.com/html/" "Mozilla/4.0 (compatible; MSIE 7.0; Windows NT 5.1; .NET CLR 2.0.50727; .NET CLR 1.1.4322; InfoPath.1; .NET CLR 3.0.04506.30; .NET CLR 3.0.04506.648; .NET CLR 3.0.4506.2152; .NET CLR 3.5.30729)" "dtcsolution.roomfurnish.com"
93.158.145.27 - - [05/Jan/2010:23:45:29 -0800] "GET /logs/access_090330.log HTTP/1.1" 200 0 "-" "Yandex/1.01.001 (compatible; Win16; I)" "www.roomfurnish.com"
220.255.7.147 - - [05/Jan/2010:23:52:41 -0800] "GET /html/images/main_bgs.jpg HTTP/1.1" 404 - "http://dtcsolution.roomfurnish.com/html/" "Mozilla/5.0 (Macintosh; U; Intel Mac OS X 10.5; en-US; rv:1.9.1.6) Gecko/20091201 Firefox/3.5.6" "dtcsolution.roomfurnish.com"
67.195.115.97 - - [06/Jan/2010:00:00:55 -0800] "GET /robots.txt HTTP/1.0" 404 - "-" "Mozilla/5.0 (compatible; Yahoo! Slurp; http://help.yahoo.com/help/us/ysearch/slurp)" "roomfurnish.com"
67.195.115.97 - - [06/Jan/2010:00:01:06 -0800] "GET /swatch/Leather/ HTTP/1.0" 200 3768 "-" "Mozilla/5.0 (compatible; Yahoo! Slurp/3.0; http://help.yahoo.com/help/us/ysearch/slurp)" "roomfurnish.com"
93.158.145.27 - - [06/Jan/2010:00:15:06 -0800] "GET /tmp/sess_82670e5ae6cfdf4578563244c4807fc9 HTTP/1.1" 403 163 "-" "Yandex/1.01.001 (compatible; Win16; I)" "www.roomfurnish.com"
152.226.7.201 - - [06/Jan/2010:00:25:45 -0800] "GET /html/ HTTP/1.1" 200 29618 "http://www.dtcsolution.com/" "Mozilla/4.0 (compatible; MSIE 6.0; Windows NT 5.1; SV1; .NET CLR 1.1.4322)" "dtcsolution.roomfurnish.com"
152.226.7.201 - - [06/Jan/2010:00:25:46 -0800] "GET /html/images/main_bgs.jpg HTTP/1.1" 404 - "-" "Mozilla/4.0 (compatible;)" "dtcsolution.roomfurnish.com"
152.226.7.201 - - [06/Jan/2010:00:25:46 -0800] "GET /html/images/b.jpg HTTP/1.1" 200 624 "-" "Mozilla/4.0 (compatible;)" "dtcsolution.roomfurnish.com"
152.226.7.201 - - [06/Jan/2010:00:25:46 -0800] "GET /html/images/pass.jpg HTTP/1.1" 200 1772 "-" "Mozilla/4.0 (compatible;)" "dtcsolution.roomfurnish.com"
152.226.7.201 - - [06/Jan/2010:00:25:46 -0800] "GET /html/images/menu5.jpg HTTP/1.1" 200 2064 "-" "Mozilla/4.0 (compatible;)" "dtcsolution.roomfurnish.com"
152.226.7.201 - - [06/Jan/2010:00:25:47 -0800] "GET /html/images/main_bgs.jpg HTTP/1.1" 404 - "http://dtcsolution.roomfurnish.com/html/" "Mozilla/4.0 (compatible; MSIE 6.0; Windows NT 5.1; SV1; .NET CLR 1.1.4322)" "dtcsolution.roomfurnish.com"
93.158.145.27 - - [06/Jan/2010:00:42:21 -0800] "GET /tmp/sess_644d026199fc9d70c8766789692250d7 HTTP/1.1" 403 - "-" "Yandex/1.01.001 (compatible; Win16; I)" "www.roomfurnish.com"
67.195.113.218 - - [06/Jan/2010:00:44:25 -0800] "GET /?N=D HTTP/1.0" 200 2839 "-" "Mozilla/5.0 (compatible; Yahoo! Slurp/3.0; http://help.yahoo.com/help/us/ysearch/slurp)" "www.roomfurnish.com"
93.158.145.27 - - [06/Jan/2010:01:09:44 -0800] "GET /tmp/sess_de7fe303b78d4738e3d3048447e33a52 HTTP/1.1" 403 - "-" "Yandex/1.01.001 (compatible; Win16; I)" "www.roomfurnish.com"
67.195.112.165 - - [06/Jan/2010:01:10:21 -0800] "GET /html/ HTTP/1.0" 200 29618 "http://www.dtcsolution.com/" "Mozilla/5.0 (compatible; Yahoo! Slurp/3.0; http://help.yahoo.com/help/us/ysearch/slurp)" "dtcsolution.roomfurnish.com"
65.55.207.47 - - [06/Jan/2010:01:11:38 -0800] "GET /robots.txt HTTP/1.1" 404 - "-" "msnbot/2.0b (+http://search.msn.com/msnbot.htm)" "roomfurnish.com"
65.55.207.47 - - [06/Jan/2010:01:12:46 -0800] "GET / HTTP/1.1" 200 2855 "-" "msnbot/2.0b (+http://search.msn.com/msnbot.htm)" "roomfurnish.com"
93.158.145.27 - - [06/Jan/2010:01:37:00 -0800] "GET /tmp/sess_794d779f46e0c8861a90eb7daad71092 HTTP/1.1" 403 - "-" "Yandex/1.01.001 (compatible; Win16; I)" "www.roomfurnish.com"
93.158.145.27 - - [06/Jan/2010:02:05:20 -0800] "GET /tmp/sess_efb254f544102a7a2092755728f54819 HTTP/1.1" 403 - "-" "Yandex/1.01.001 (compatible; Win16; I)" "www.roomfurnish.com"
220.255.7.143 - - [06/Jan/2010:02:07:56 -0800] "GET /html/images/main_bgs.jpg HTTP/1.1" 404 - "http://dtcsolution.roomfurnish.com/html/" "Mozilla/5.0 (Windows; U; Windows NT 6.1; en-US; rv:1.9.1.6) Gecko/20091201 Firefox/3.5.6" "dtcsolution.roomfurnish.com"
93.158.145.27 - - [06/Jan/2010:02:32:39 -0800] "GET /tmp/sess_dea08a6d7a022ad8997c3d5f86d1bf91 HTTP/1.1" 403 163 "-" "Yandex/1.01.001 (compatible; Win16; I)" "www.roomfurnish.com"
93.158.145.27 - - [06/Jan/2010:02:59:36 -0800] "GET /tmp/sess_d3c9d4f664683f14dbdcc819dfd84b65 HTTP/1.1" 403 - "-" "Yandex/1.01.001 (compatible; Win16; I)" "www.roomfurnish.com"
74.86.57.229 - - [06/Jan/2010:03:18:00 -0800] "GET /html/ HTTP/1.1" 200 29618 "http://www.dtcsolution.com/" "Mozilla/4.0 (compatible; MSIE 7.0; Windows NT 6.0; WOW64; Trident/4.0; SLCC1; .NET CLR 2.0.50727; .NET CLR 1.1.4322; .NET CLR 3.5.30729; .NET CLR 3.0.30618)" "dtcsolution.roomfurnish.com"
74.86.57.229 - - [06/Jan/2010:03:18:00 -0800] "GET /html/images/main_bgs.jpg HTTP/1.0" 404 - "http://dtcsolution.roomfurnish.com/html/" "Mozilla/4.0 (compatible; MSIE 7.0; Windows NT 6.0; WOW64; Trident/4.0; SLCC1; .NET CLR 2.0.50727; .NET CLR 1.1.4322; .NET CLR 3.5.30729; .NET CLR 3.0.30618)" "dtcsolution.roomfurnish.com"
