217.14.4.216 - - [03/Jan/2010:20:30:09 -0800] "GET /QM/Other/?S=D HTTP/1.0" 200 2530 "-" "Mozilla/5.0 (compatible; MJ12bot/v1.3.2; http://www.majestic12.co.uk/bot.php?+)" "roomfurnish.com"
217.14.4.216 - - [03/Jan/2010:20:30:12 -0800] "GET /QM/Qm2002/?D=D HTTP/1.0" 200 14661 "-" "Mozilla/5.0 (compatible; MJ12bot/v1.3.2; http://www.majestic12.co.uk/bot.php?+)" "roomfurnish.com"
217.14.4.216 - - [03/Jan/2010:20:30:14 -0800] "GET /QM/Qm2002/?M=A HTTP/1.0" 200 14661 "-" "Mozilla/5.0 (compatible; MJ12bot/v1.3.2; http://www.majestic12.co.uk/bot.php?+)" "roomfurnish.com"
217.14.4.216 - - [03/Jan/2010:20:30:18 -0800] "GET /QM/Qm2002/?M=D HTTP/1.0" 200 14661 "-" "Mozilla/5.0 (compatible; MJ12bot/v1.3.2; http://www.majestic12.co.uk/bot.php?+)" "roomfurnish.com"
217.14.4.216 - - [03/Jan/2010:20:30:21 -0800] "GET /QM/Qm2002/?N=A HTTP/1.0" 200 14661 "-" "Mozilla/5.0 (compatible; MJ12bot/v1.3.2; http://www.majestic12.co.uk/bot.php?+)" "roomfurnish.com"
217.14.4.216 - - [03/Jan/2010:20:30:23 -0800] "GET /QM/Qm2002/?S=A HTTP/1.0" 200 14661 "-" "Mozilla/5.0 (compatible; MJ12bot/v1.3.2; http://www.majestic12.co.uk/bot.php?+)" "roomfurnish.com"
217.14.4.216 - - [03/Jan/2010:20:30:27 -0800] "GET /QM/Qm2002/?S=D HTTP/1.0" 200 14661 "-" "Mozilla/5.0 (compatible; MJ12bot/v1.3.2; http://www.majestic12.co.uk/bot.php?+)" "roomfurnish.com"
217.14.4.216 - - [03/Jan/2010:20:30:31 -0800] "GET /dtcsolution/FONTS/?D=D HTTP/1.0" 200 3631 "-" "Mozilla/5.0 (compatible; MJ12bot/v1.3.2; http://www.majestic12.co.uk/bot.php?+)" "roomfurnish.com"
217.14.4.216 - - [03/Jan/2010:20:30:34 -0800] "GET /dtcsolution/FONTS/?M=A HTTP/1.0" 200 3631 "-" "Mozilla/5.0 (compatible; MJ12bot/v1.3.2; http://www.majestic12.co.uk/bot.php?+)" "roomfurnish.com"
217.14.4.216 - - [03/Jan/2010:20:30:36 -0800] "GET /dtcsolution/FONTS/?M=D HTTP/1.0" 200 3631 "-" "Mozilla/5.0 (compatible; MJ12bot/v1.3.2; http://www.majestic12.co.uk/bot.php?+)" "roomfurnish.com"
217.14.4.216 - - [03/Jan/2010:20:30:39 -0800] "GET /dtcsolution/FONTS/?N=A HTTP/1.0" 200 3631 "-" "Mozilla/5.0 (compatible; MJ12bot/v1.3.2; http://www.majestic12.co.uk/bot.php?+)" "roomfurnish.com"
217.14.4.216 - - [03/Jan/2010:20:30:43 -0800] "GET /dtcsolution/FONTS/?S=A HTTP/1.0" 200 3631 "-" "Mozilla/5.0 (compatible; MJ12bot/v1.3.2; http://www.majestic12.co.uk/bot.php?+)" "roomfurnish.com"
217.14.4.216 - - [03/Jan/2010:20:30:46 -0800] "GET /dtcsolution/FONTS/?S=D HTTP/1.0" 200 3631 "-" "Mozilla/5.0 (compatible; MJ12bot/v1.3.2; http://www.majestic12.co.uk/bot.php?+)" "roomfurnish.com"
217.14.4.216 - - [03/Jan/2010:20:30:48 -0800] "GET /dtcsolution/FONTS/FRABK.TTF HTTP/1.0" 200 141768 "-" "Mozilla/5.0 (compatible; MJ12bot/v1.3.2; http://www.majestic12.co.uk/bot.php?+)" "roomfurnish.com"
217.14.4.216 - - [03/Jan/2010:20:30:50 -0800] "GET /dtcsolution/FONTS/FRABKIT.TTF HTTP/1.0" 200 158892 "-" "Mozilla/5.0 (compatible; MJ12bot/v1.3.2; http://www.majestic12.co.uk/bot.php?+)" "roomfurnish.com"
217.14.4.216 - - [03/Jan/2010:20:30:52 -0800] "GET /dtcsolution/FONTS/FRADM.TTF HTTP/1.0" 200 134240 "-" "Mozilla/5.0 (compatible; MJ12bot/v1.3.2; http://www.majestic12.co.uk/bot.php?+)" "roomfurnish.com"
217.14.4.216 - - [03/Jan/2010:20:30:56 -0800] "GET /dtcsolution/FONTS/FRADMCN.TTF HTTP/1.0" 200 108164 "-" "Mozilla/5.0 (compatible; MJ12bot/v1.3.2; http://www.majestic12.co.uk/bot.php?+)" "roomfurnish.com"
217.14.4.216 - - [03/Jan/2010:20:30:58 -0800] "GET /dtcsolution/FONTS/FRADMIT.TTF HTTP/1.0" 200 125624 "-" "Mozilla/5.0 (compatible; MJ12bot/v1.3.2; http://www.majestic12.co.uk/bot.php?+)" "roomfurnish.com"
217.14.4.216 - - [03/Jan/2010:20:31:01 -0800] "GET /dtcsolution/FONTS/FRAHV.TTF HTTP/1.0" 200 130720 "-" "Mozilla/5.0 (compatible; MJ12bot/v1.3.2; http://www.majestic12.co.uk/bot.php?+)" "roomfurnish.com"
217.14.4.216 - - [03/Jan/2010:20:31:03 -0800] "GET /dtcsolution/FONTS/FRAHVIT.TTF HTTP/1.0" 200 142168 "-" "Mozilla/5.0 (compatible; MJ12bot/v1.3.2; http://www.majestic12.co.uk/bot.php?+)" "roomfurnish.com"
217.14.4.216 - - [03/Jan/2010:20:31:06 -0800] "GET /dtcsolution/FONTS/FRAMDCN.TTF HTTP/1.0" 200 122352 "-" "Mozilla/5.0 (compatible; MJ12bot/v1.3.2; http://www.majestic12.co.uk/bot.php?+)" "roomfurnish.com"
217.14.4.216 - - [03/Jan/2010:20:31:08 -0800] "GET /dtcsolution/FONTS/HELIOSBO.PFB HTTP/1.0" 200 33926 "-" "Mozilla/5.0 (compatible; MJ12bot/v1.3.2; http://www.majestic12.co.uk/bot.php?+)" "roomfurnish.com"
217.14.4.216 - - [03/Jan/2010:20:31:11 -0800] "GET /dtcsolution/FONTS/HELIOSBO.PFM HTTP/1.0" 200 679 "-" "Mozilla/5.0 (compatible; MJ12bot/v1.3.2; http://www.majestic12.co.uk/bot.php?+)" "roomfurnish.com"
217.14.4.216 - - [03/Jan/2010:20:31:14 -0800] "GET /dtcsolution/FONTS/HELIOSCB.PFB HTTP/1.0" 200 34535 "-" "Mozilla/5.0 (compatible; MJ12bot/v1.3.2; http://www.majestic12.co.uk/bot.php?+)" "roomfurnish.com"
217.14.4.216 - - [03/Jan/2010:20:31:16 -0800] "GET /dtcsolution/FONTS/HELIOSCB.PFM HTTP/1.0" 200 687 "-" "Mozilla/5.0 (compatible; MJ12bot/v1.3.2; http://www.majestic12.co.uk/bot.php?+)" "roomfurnish.com"
217.14.4.216 - - [03/Jan/2010:20:31:20 -0800] "GET /dtcsolution/FONTS/HELIOSEB.PFB HTTP/1.0" 200 32523 "-" "Mozilla/5.0 (compatible; MJ12bot/v1.3.2; http://www.majestic12.co.uk/bot.php?+)" "roomfurnish.com"
217.14.4.216 - - [03/Jan/2010:20:31:22 -0800] "GET /dtcsolution/FONTS/HELIOSEB.PFM HTTP/1.0" 200 685 "-" "Mozilla/5.0 (compatible; MJ12bot/v1.3.2; http://www.majestic12.co.uk/bot.php?+)" "roomfurnish.com"
217.14.4.216 - - [03/Jan/2010:20:31:24 -0800] "GET /dtcsolution/FONTS/HELIOSEX.PFB HTTP/1.0" 200 32139 "-" "Mozilla/5.0 (compatible; MJ12bot/v1.3.2; http://www.majestic12.co.uk/bot.php?+)" "roomfurnish.com"
217.14.4.216 - - [03/Jan/2010:20:31:28 -0800] "GET /dtcsolution/FONTS/HELIOSEX.PFM HTTP/1.0" 200 680 "-" "Mozilla/5.0 (compatible; MJ12bot/v1.3.2; http://www.majestic12.co.uk/bot.php?+)" "roomfurnish.com"
217.14.4.216 - - [03/Jan/2010:20:31:30 -0800] "GET /dtcsolution/FONTS/PupularScript.ttf HTTP/1.0" 200 225424 "-" "Mozilla/5.0 (compatible; MJ12bot/v1.3.2; http://www.majestic12.co.uk/bot.php?+)" "roomfurnish.com"
217.14.4.216 - - [03/Jan/2010:20:31:33 -0800] "GET /dtcsolution/FONTS/framd.ttf HTTP/1.0" 200 135984 "-" "Mozilla/5.0 (compatible; MJ12bot/v1.3.2; http://www.majestic12.co.uk/bot.php?+)" "roomfurnish.com"
217.14.4.216 - - [03/Jan/2010:20:31:35 -0800] "GET /dtcsolution/FONTS/framdit.ttf HTTP/1.0" 200 152844 "-" "Mozilla/5.0 (compatible; MJ12bot/v1.3.2; http://www.majestic12.co.uk/bot.php?+)" "roomfurnish.com"
217.14.4.216 - - [03/Jan/2010:20:31:37 -0800] "GET /dtcsolution/FONTS/tahoma.ttf HTTP/1.0" 200 265528 "-" "Mozilla/5.0 (compatible; MJ12bot/v1.3.2; http://www.majestic12.co.uk/bot.php?+)" "roomfurnish.com"
217.14.4.216 - - [03/Jan/2010:20:31:40 -0800] "GET /dtcsolution/FONTS/tahomabd.ttf HTTP/1.0" 200 260472 "-" "Mozilla/5.0 (compatible; MJ12bot/v1.3.2; http://www.majestic12.co.uk/bot.php?+)" "roomfurnish.com"
217.14.4.216 - - [03/Jan/2010:20:31:42 -0800] "GET /dtcsolution/FONTS/verdanab.ttf HTTP/1.0" 200 136032 "-" "Mozilla/5.0 (compatible; MJ12bot/v1.3.2; http://www.majestic12.co.uk/bot.php?+)" "roomfurnish.com"
217.14.4.216 - - [03/Jan/2010:20:31:44 -0800] "GET /dtcsolution/LIBRARY/?D=D HTTP/1.0" 200 1380 "-" "Mozilla/5.0 (compatible; MJ12bot/v1.3.2; http://www.majestic12.co.uk/bot.php?+)" "roomfurnish.com"
217.14.4.216 - - [03/Jan/2010:20:31:46 -0800] "GET /dtcsolution/LIBRARY/?M=A HTTP/1.0" 200 1380 "-" "Mozilla/5.0 (compatible; MJ12bot/v1.3.2; http://www.majestic12.co.uk/bot.php?+)" "roomfurnish.com"
217.14.4.216 - - [03/Jan/2010:20:31:48 -0800] "GET /dtcsolution/LIBRARY/?M=D HTTP/1.0" 200 1380 "-" "Mozilla/5.0 (compatible; MJ12bot/v1.3.2; http://www.majestic12.co.uk/bot.php?+)" "roomfurnish.com"
217.14.4.216 - - [03/Jan/2010:20:31:51 -0800] "GET /dtcsolution/LIBRARY/?N=A HTTP/1.0" 200 1380 "-" "Mozilla/5.0 (compatible; MJ12bot/v1.3.2; http://www.majestic12.co.uk/bot.php?+)" "roomfurnish.com"
217.14.4.216 - - [03/Jan/2010:20:31:53 -0800] "GET /dtcsolution/LIBRARY/?S=A HTTP/1.0" 200 1380 "-" "Mozilla/5.0 (compatible; MJ12bot/v1.3.2; http://www.majestic12.co.uk/bot.php?+)" "roomfurnish.com"
217.14.4.216 - - [03/Jan/2010:20:31:55 -0800] "GET /dtcsolution/LIBRARY/?S=D HTTP/1.0" 200 1380 "-" "Mozilla/5.0 (compatible; MJ12bot/v1.3.2; http://www.majestic12.co.uk/bot.php?+)" "roomfurnish.com"
217.14.4.216 - - [03/Jan/2010:20:31:58 -0800] "GET /dtcsolution/LIBRARY/BUTTONS HTTP/1.0" 301 98 "-" "Mozilla/5.0 (compatible; MJ12bot/v1.3.2; http://www.majestic12.co.uk/bot.php?+)" "roomfurnish.com"
217.14.4.216 - - [03/Jan/2010:20:31:59 -0800] "GET /dtcsolution/LIBRARY/BUTTONS/ HTTP/1.0" 200 2037 "http://roomfurnish.com/dtcsolution/LIBRARY/BUTTONS" "Mozilla/5.0 (compatible; MJ12bot/v1.3.2; http://www.majestic12.co.uk/bot.php?+)" "roomfurnish.com"
217.14.4.216 - - [03/Jan/2010:20:32:02 -0800] "GET /dtcsolution/LIBRARY/LOGOS HTTP/1.0" 301 96 "-" "Mozilla/5.0 (compatible; MJ12bot/v1.3.2; http://www.majestic12.co.uk/bot.php?+)" "roomfurnish.com"
217.14.4.216 - - [03/Jan/2010:20:32:03 -0800] "GET /dtcsolution/LIBRARY/LOGOS/ HTTP/1.0" 200 3239 "http://roomfurnish.com/dtcsolution/LIBRARY/LOGOS" "Mozilla/5.0 (compatible; MJ12bot/v1.3.2; http://www.majestic12.co.uk/bot.php?+)" "roomfurnish.com"
217.14.4.216 - - [03/Jan/2010:20:32:05 -0800] "GET /dtcsolution/LIBRARY/MISC.PSD HTTP/1.0" 200 154030 "-" "Mozilla/5.0 (compatible; MJ12bot/v1.3.2; http://www.majestic12.co.uk/bot.php?+)" "roomfurnish.com"
217.14.4.216 - - [03/Jan/2010:20:32:08 -0800] "GET /dtcsolution/LIBRARY/all_arrows.psd HTTP/1.0" 200 107488 "-" "Mozilla/5.0 (compatible; MJ12bot/v1.3.2; http://www.majestic12.co.uk/bot.php?+)" "roomfurnish.com"
217.14.4.216 - - [03/Jan/2010:20:32:10 -0800] "GET /dtcsolution/LIBRARY/all_bullets.psd HTTP/1.0" 200 83725 "-" "Mozilla/5.0 (compatible; MJ12bot/v1.3.2; http://www.majestic12.co.uk/bot.php?+)" "roomfurnish.com"
217.14.4.216 - - [03/Jan/2010:20:32:12 -0800] "GET /dtcsolution/LIBRARY/all_icons.psd HTTP/1.0" 200 231640 "-" "Mozilla/5.0 (compatible; MJ12bot/v1.3.2; http://www.majestic12.co.uk/bot.php?+)" "roomfurnish.com"
217.14.4.216 - - [03/Jan/2010:20:32:14 -0800] "GET /dtcsolution/psd/?D=D HTTP/1.0" 200 837 "-" "Mozilla/5.0 (compatible; MJ12bot/v1.3.2; http://www.majestic12.co.uk/bot.php?+)" "roomfurnish.com"
217.14.4.216 - - [03/Jan/2010:20:32:17 -0800] "GET /dtcsolution/psd/?M=A HTTP/1.0" 200 837 "-" "Mozilla/5.0 (compatible; MJ12bot/v1.3.2; http://www.majestic12.co.uk/bot.php?+)" "roomfurnish.com"
217.14.4.216 - - [03/Jan/2010:20:32:20 -0800] "GET /dtcsolution/psd/?M=D HTTP/1.0" 200 837 "-" "Mozilla/5.0 (compatible; MJ12bot/v1.3.2; http://www.majestic12.co.uk/bot.php?+)" "roomfurnish.com"
217.14.4.216 - - [03/Jan/2010:20:32:22 -0800] "GET /dtcsolution/psd/?N=A HTTP/1.0" 200 837 "-" "Mozilla/5.0 (compatible; MJ12bot/v1.3.2; http://www.majestic12.co.uk/bot.php?+)" "roomfurnish.com"
217.14.4.216 - - [03/Jan/2010:20:32:25 -0800] "GET /dtcsolution/psd/?S=A HTTP/1.0" 200 837 "-" "Mozilla/5.0 (compatible; MJ12bot/v1.3.2; http://www.majestic12.co.uk/bot.php?+)" "roomfurnish.com"
217.14.4.216 - - [03/Jan/2010:20:32:29 -0800] "GET /dtcsolution/psd/?S=D HTTP/1.0" 200 837 "-" "Mozilla/5.0 (compatible; MJ12bot/v1.3.2; http://www.majestic12.co.uk/bot.php?+)" "roomfurnish.com"
217.14.4.216 - - [03/Jan/2010:20:32:32 -0800] "GET /dtcsolution/psd/glasgoranger149.psd HTTP/1.0" 200 786432 "-" "Mozilla/5.0 (compatible; MJ12bot/v1.3.2; http://www.majestic12.co.uk/bot.php?+)" "roomfurnish.com"
217.14.4.216 - - [03/Jan/2010:20:32:34 -0800] "GET /dtcsolution/psd/glasgoranger149_02.psd HTTP/1.0" 200 720896 "-" "Mozilla/5.0 (compatible; MJ12bot/v1.3.2; http://www.majestic12.co.uk/bot.php?+)" "roomfurnish.com"
217.14.4.216 - - [03/Jan/2010:20:32:39 -0800] "GET /logs/access_091130.log HTTP/1.0" 200 983040 "-" "Mozilla/5.0 (compatible; MJ12bot/v1.3.2; http://www.majestic12.co.uk/bot.php?+)" "roomfurnish.com"
217.14.4.216 - - [03/Jan/2010:20:32:40 -0800] "GET /swatch/Leather/?D=D HTTP/1.0" 200 3768 "-" "Mozilla/5.0 (compatible; MJ12bot/v1.3.2; http://www.majestic12.co.uk/bot.php?+)" "roomfurnish.com"
217.14.4.216 - - [03/Jan/2010:20:32:45 -0800] "GET /swatch/Leather/?M=A HTTP/1.0" 200 3768 "-" "Mozilla/5.0 (compatible; MJ12bot/v1.3.2; http://www.majestic12.co.uk/bot.php?+)" "roomfurnish.com"
217.14.4.216 - - [03/Jan/2010:20:32:48 -0800] "GET /swatch/Leather/?M=D HTTP/1.0" 200 3768 "-" "Mozilla/5.0 (compatible; MJ12bot/v1.3.2; http://www.majestic12.co.uk/bot.php?+)" "roomfurnish.com"
217.14.4.216 - - [03/Jan/2010:20:32:51 -0800] "GET /swatch/Leather/?N=A HTTP/1.0" 200 3768 "-" "Mozilla/5.0 (compatible; MJ12bot/v1.3.2; http://www.majestic12.co.uk/bot.php?+)" "roomfurnish.com"
217.14.4.216 - - [03/Jan/2010:20:32:55 -0800] "GET /swatch/Leather/?S=A HTTP/1.0" 200 3768 "-" "Mozilla/5.0 (compatible; MJ12bot/v1.3.2; http://www.majestic12.co.uk/bot.php?+)" "roomfurnish.com"
217.14.4.216 - - [03/Jan/2010:20:32:57 -0800] "GET /swatch/Leather/?S=D HTTP/1.0" 200 3768 "-" "Mozilla/5.0 (compatible; MJ12bot/v1.3.2; http://www.majestic12.co.uk/bot.php?+)" "roomfurnish.com"
217.14.4.216 - - [03/Jan/2010:20:32:59 -0800] "GET /test/images/?D=D HTTP/1.0" 200 672 "-" "Mozilla/5.0 (compatible; MJ12bot/v1.3.2; http://www.majestic12.co.uk/bot.php?+)" "roomfurnish.com"
217.14.4.216 - - [03/Jan/2010:20:33:01 -0800] "GET /test/images/?M=A HTTP/1.0" 200 672 "-" "Mozilla/5.0 (compatible; MJ12bot/v1.3.2; http://www.majestic12.co.uk/bot.php?+)" "roomfurnish.com"
217.14.4.216 - - [03/Jan/2010:20:33:04 -0800] "GET /test/images/?M=D HTTP/1.0" 200 672 "-" "Mozilla/5.0 (compatible; MJ12bot/v1.3.2; http://www.majestic12.co.uk/bot.php?+)" "roomfurnish.com"
217.14.4.216 - - [03/Jan/2010:20:33:08 -0800] "GET /test/images/?N=A HTTP/1.0" 200 672 "-" "Mozilla/5.0 (compatible; MJ12bot/v1.3.2; http://www.majestic12.co.uk/bot.php?+)" "roomfurnish.com"
217.14.4.216 - - [03/Jan/2010:20:33:11 -0800] "GET /test/images/?S=A HTTP/1.0" 200 672 "-" "Mozilla/5.0 (compatible; MJ12bot/v1.3.2; http://www.majestic12.co.uk/bot.php?+)" "roomfurnish.com"
217.14.4.216 - - [03/Jan/2010:20:33:15 -0800] "GET /test/images/?S=D HTTP/1.0" 200 672 "-" "Mozilla/5.0 (compatible; MJ12bot/v1.3.2; http://www.majestic12.co.uk/bot.php?+)" "roomfurnish.com"
217.14.4.216 - - [03/Jan/2010:20:33:16 -0800] "GET /robots.txt HTTP/1.0" 404 - "http://majestic12.co.uk/bot.php?I=5F1D879D7D-106E7682337D425E-www_roomfurnish_com" "Mozilla/5.0 (compatible; MJ12bot/v1.3.2; http://www.majestic12.co.uk/bot.php?+)" "www.roomfurnish.com"
217.14.4.216 - - [03/Jan/2010:20:33:18 -0800] "GET /BOSSTON/3Sofa/?D=D HTTP/1.0" 200 2613 "-" "Mozilla/5.0 (compatible; MJ12bot/v1.3.2; http://www.majestic12.co.uk/bot.php?+)" "www.roomfurnish.com"
217.14.4.216 - - [03/Jan/2010:20:33:20 -0800] "GET /BOSSTON/3Sofa/?M=A HTTP/1.0" 200 2613 "-" "Mozilla/5.0 (compatible; MJ12bot/v1.3.2; http://www.majestic12.co.uk/bot.php?+)" "www.roomfurnish.com"
77.88.29.247 - - [03/Jan/2010:20:49:22 -0800] "GET /tmp/sess_7b258827970bfc08530761c41d74f4bb HTTP/1.1" 403 163 "-" "Yandex/1.01.001 (compatible; Win16; I)" "www.roomfurnish.com"
77.88.29.247 - - [03/Jan/2010:21:14:08 -0800] "GET /BOSSTON/ HTTP/1.1" 200 944 "-" "Yandex/1.01.001 (compatible; Win16; I)" "www.roomfurnish.com"
77.88.29.247 - - [03/Jan/2010:21:39:26 -0800] "GET /logs/access_091030.log HTTP/1.1" 200 0 "-" "Yandex/1.01.001 (compatible; Win16; I)" "www.roomfurnish.com"
77.88.29.247 - - [03/Jan/2010:22:04:53 -0800] "GET /tmp/sess_bad7392b6cf50e77cd791384d55b2651 HTTP/1.1" 403 - "-" "Yandex/1.01.001 (compatible; Win16; I)" "www.roomfurnish.com"
77.88.29.247 - - [03/Jan/2010:22:29:51 -0800] "GET /logs/access_070930.log HTTP/1.1" 200 0 "-" "Yandex/1.01.001 (compatible; Win16; I)" "www.roomfurnish.com"
77.88.29.247 - - [03/Jan/2010:22:54:24 -0800] "GET /nantian/M1111stool.xls HTTP/1.1" 200 194048 "-" "Yandex/1.01.001 (compatible; Win16; I)" "www.roomfurnish.com"
202.156.13.10 - - [03/Jan/2010:22:56:18 -0800] "GET /html/ HTTP/1.1" 200 29618 "http://www.dtcsolution.com/" "Mozilla/4.0 (compatible; MSIE 8.0; Windows NT 5.1; Trident/4.0; GTB6; InfoPath.2)" "dtcsolution.roomfurnish.com"
202.156.13.10 - - [03/Jan/2010:22:56:19 -0800] "GET /html/images/main_bgs.jpg HTTP/1.1" 404 - "http://dtcsolution.roomfurnish.com/html/" "Mozilla/4.0 (compatible; MSIE 8.0; Windows NT 5.1; Trident/4.0; GTB6; InfoPath.2)" "dtcsolution.roomfurnish.com"
202.156.13.10 - - [03/Jan/2010:22:56:19 -0800] "GET /html/images/1.jpg HTTP/1.1" 200 21212 "http://dtcsolution.roomfurnish.com/html/" "Mozilla/4.0 (compatible; MSIE 8.0; Windows NT 5.1; Trident/4.0; GTB6; InfoPath.2)" "dtcsolution.roomfurnish.com"
202.156.13.10 - - [03/Jan/2010:22:56:19 -0800] "GET /html/images/b5.jpg HTTP/1.1" 200 25484 "http://dtcsolution.roomfurnish.com/html/" "Mozilla/4.0 (compatible; MSIE 8.0; Windows NT 5.1; Trident/4.0; GTB6; InfoPath.2)" "dtcsolution.roomfurnish.com"
202.156.13.10 - - [03/Jan/2010:22:56:20 -0800] "GET /html/images/im2.jpg HTTP/1.1" 200 4990 "http://dtcsolution.roomfurnish.com/html/" "Mozilla/4.0 (compatible; MSIE 8.0; Windows NT 5.1; Trident/4.0; GTB6; InfoPath.2)" "dtcsolution.roomfurnish.com"
77.88.29.247 - - [03/Jan/2010:23:19:12 -0800] "GET /tmp/sess_dbe3071d68f9c27cc6b3e0eadb70b838 HTTP/1.1" 403 - "-" "Yandex/1.01.001 (compatible; Win16; I)" "www.roomfurnish.com"
203.12.2.160 - - [03/Jan/2010:23:38:39 -0800] "GET /html HTTP/1.1" 301 103 "-" "Mozilla/4.0 (compatible; MSIE 7.0; Windows NT 5.1; InfoPath.1; .NET CLR 2.0.50727; .NET CLR 1.1.4322; MS-RTC LM 8; .NET CLR 3.0.4506.2152; .NET CLR 3.5.30729)" "dtcsolution.roomfurnish.com"
203.12.2.160 - - [03/Jan/2010:23:38:39 -0800] "GET /html/ HTTP/1.1" 200 29618 "-" "Mozilla/4.0 (compatible; MSIE 7.0; Windows NT 5.1; InfoPath.1; .NET CLR 2.0.50727; .NET CLR 1.1.4322; MS-RTC LM 8; .NET CLR 3.0.4506.2152; .NET CLR 3.5.30729)" "dtcsolution.roomfurnish.com"
202.147.38.96 - - [03/Jan/2010:23:38:40 -0800] "GET /html/ HTTP/1.1" 200 29618 "-" "Mozilla/4.0 (compatible;)" "dtcsolution.roomfurnish.com"
77.88.29.247 - - [03/Jan/2010:23:44:05 -0800] "GET /FRABK.TTF HTTP/1.1" 200 141768 "-" "Yandex/1.01.001 (compatible; Win16; I)" "www.roomfurnish.com"
58.185.231.138 - - [03/Jan/2010:23:54:07 -0800] "GET /html/ HTTP/1.0" 200 29618 "http://www.dtcsolution.com/" "Mozilla/4.0 (compatible; MSIE 8.0; Windows NT 5.1; Trident/4.0; GTB6.3; .NET CLR 1.1.4322; .NET CLR 2.0.50727; .NET CLR 3.0.04506.30)" "dtcsolution.roomfurnish.com"
58.185.231.138 - - [03/Jan/2010:23:54:08 -0800] "GET /html/images/main_bgs.jpg HTTP/1.0" 404 - "http://dtcsolution.roomfurnish.com/html/" "Mozilla/4.0 (compatible; MSIE 8.0; Windows NT 5.1; Trident/4.0; GTB6.3; .NET CLR 1.1.4322; .NET CLR 2.0.50727; .NET CLR 3.0.04506.30)" "dtcsolution.roomfurnish.com"
58.185.231.138 - - [03/Jan/2010:23:54:08 -0800] "GET /html/images/b.jpg HTTP/1.0" 200 624 "http://dtcsolution.roomfurnish.com/html/" "Mozilla/4.0 (compatible; MSIE 8.0; Windows NT 5.1; Trident/4.0; GTB6.3; .NET CLR 1.1.4322; .NET CLR 2.0.50727; .NET CLR 3.0.04506.30)" "dtcsolution.roomfurnish.com"
58.185.231.138 - - [03/Jan/2010:23:54:09 -0800] "GET /html/images/cchecks1.jpg HTTP/1.0" 200 18380 "http://dtcsolution.roomfurnish.com/html/" "Mozilla/4.0 (compatible; MSIE 8.0; Windows NT 5.1; Trident/4.0; GTB6.3; .NET CLR 1.1.4322; .NET CLR 2.0.50727; .NET CLR 3.0.04506.30)" "dtcsolution.roomfurnish.com"
58.185.231.138 - - [03/Jan/2010:23:54:10 -0800] "GET /html/images/menu5.jpg HTTP/1.0" 200 2064 "http://dtcsolution.roomfurnish.com/html/" "Mozilla/4.0 (compatible; MSIE 8.0; Windows NT 5.1; Trident/4.0; GTB6.3; .NET CLR 1.1.4322; .NET CLR 2.0.50727; .NET CLR 3.0.04506.30)" "dtcsolution.roomfurnish.com"
77.88.29.247 - - [04/Jan/2010:00:08:28 -0800] "GET /tmp/sess_f46849f489abeddaae0714b49dba5729 HTTP/1.0" 403 - "-" "Yandex/1.01.001 (compatible; Win16; I)" "www.roomfurnish.com"
77.88.29.247 - - [04/Jan/2010:00:33:01 -0800] "GET /tmp/sess_04120572904818bf788a91ec32f08c80 HTTP/1.1" 403 - "-" "Yandex/1.01.001 (compatible; Win16; I)" "www.roomfurnish.com"
124.197.84.185 - - [04/Jan/2010:00:37:50 -0800] "GET /html/ HTTP/1.1" 200 29618 "http://www.dtcsolution.com/" "Mozilla/5.0 (Macintosh; U; Intel Mac OS X 10_5_8; en-us) AppleWebKit/531.9 (KHTML, like Gecko) Version/4.0.2 Safari/530.19" "dtcsolution.roomfurnish.com"
124.197.84.185 - - [04/Jan/2010:00:37:51 -0800] "GET /html/images/main_bgs.jpg HTTP/1.1" 404 - "http://dtcsolution.roomfurnish.com/html/" "Mozilla/5.0 (Macintosh; U; Intel Mac OS X 10_5_8; en-us) AppleWebKit/531.9 (KHTML, like Gecko) Version/4.0.2 Safari/530.19" "dtcsolution.roomfurnish.com"
124.197.84.185 - - [04/Jan/2010:00:37:53 -0800] "GET /html/images/pass.jpg HTTP/1.1" 200 1772 "http://dtcsolution.roomfurnish.com/html/" "Mozilla/5.0 (Macintosh; U; Intel Mac OS X 10_5_8; en-us) AppleWebKit/531.9 (KHTML, like Gecko) Version/4.0.2 Safari/530.19" "dtcsolution.roomfurnish.com"
124.197.84.185 - - [04/Jan/2010:00:37:54 -0800] "GET /html/images/spacer.gif HTTP/1.1" 200 43 "http://dtcsolution.roomfurnish.com/html/" "Mozilla/5.0 (Macintosh; U; Intel Mac OS X 10_5_8; en-us) AppleWebKit/531.9 (KHTML, like Gecko) Version/4.0.2 Safari/530.19" "dtcsolution.roomfurnish.com"
208.80.193.40 - - [04/Jan/2010:00:40:51 -0800] "GET / HTTP/1.0" 200 2839 "-" "Mozilla/4.0 (compatible; MSIE 6.0; Windows NT 5.1; ZangoToolbar 4.8.3; (R1 1.5))" "www.roomfurnish.com"
208.80.193.40 - - [04/Jan/2010:00:40:51 -0800] "GET / HTTP/1.0" 200 2839 "-" "Mozilla/4.0 (compatible; MSIE 7.0; America Online Browser 1.1; rev1.2; Windows NT 5.1; FunWebProducts; ZangoToolbar 4.8.2)" "roomfurnish.com"
66.249.67.172 - - [04/Jan/2010:00:54:09 -0800] "GET /robots.txt HTTP/1.1" 404 - "-" "Mozilla/5.0 (compatible; Googlebot/2.1; +http://www.google.com/bot.html)" "dtcsolution.roomfurnish.com"
77.88.29.247 - - [04/Jan/2010:00:57:57 -0800] "GET /logs/access_081230.log HTTP/1.1" 200 0 "-" "Yandex/1.01.001 (compatible; Win16; I)" "www.roomfurnish.com"
77.88.29.247 - - [04/Jan/2010:01:22:38 -0800] "GET /tmp/sess_bdaf8b2d15c334022c02eab702a88ecb HTTP/1.1" 403 163 "-" "Yandex/1.01.001 (compatible; Win16; I)" "www.roomfurnish.com"
203.117.66.237 - - [04/Jan/2010:01:46:34 -0800] "GET /html/ HTTP/1.1" 200 29618 "http://www.dtcsolution.com/" "Mozilla/4.0 (compatible; MSIE 7.0; Windows NT 5.1; GTB6.3; .NET CLR 1.1.4322; .NET CLR 2.0.50727)" "dtcsolution.roomfurnish.com"
203.117.66.237 - - [04/Jan/2010:01:46:35 -0800] "GET /html/images/main_bgs.jpg HTTP/1.1" 404 - "http://dtcsolution.roomfurnish.com/html/" "Mozilla/4.0 (compatible; MSIE 7.0; Windows NT 5.1; GTB6.3; .NET CLR 1.1.4322; .NET CLR 2.0.50727)" "dtcsolution.roomfurnish.com"
203.117.66.237 - - [04/Jan/2010:01:46:37 -0800] "GET /html/images/b.jpg HTTP/1.1" 200 624 "http://dtcsolution.roomfurnish.com/html/" "Mozilla/4.0 (compatible; MSIE 7.0; Windows NT 5.1; GTB6.3; .NET CLR 1.1.4322; .NET CLR 2.0.50727)" "dtcsolution.roomfurnish.com"
203.117.66.237 - - [04/Jan/2010:01:46:38 -0800] "GET /html/images/b1.jpg HTTP/1.1" 200 22950 "http://dtcsolution.roomfurnish.com/html/" "Mozilla/4.0 (compatible; MSIE 7.0; Windows NT 5.1; GTB6.3; .NET CLR 1.1.4322; .NET CLR 2.0.50727)" "dtcsolution.roomfurnish.com"
77.88.29.247 - - [04/Jan/2010:01:47:10 -0800] "GET /logs/access_080301.log HTTP/1.1" 200 0 "-" "Yandex/1.01.001 (compatible; Win16; I)" "www.roomfurnish.com"
202.156.13.230 - - [04/Jan/2010:02:03:42 -0800] "GET /html/ HTTP/1.1" 200 29618 "http://www.dtcsolution.com/" "Mozilla/4.0 (compatible; MSIE 7.0; Windows NT 5.1; GTB6.3; .NET CLR 1.1.4322; .NET CLR 2.0.50727; MEGAUPLOAD 2.0; OfficeLiveConnector.1.3; OfficeLivePatch.0.0; .NET CLR 3.0.4506.2152; .NET CLR 3.5.30729)" "dtcsolution.roomfurnish.com"
202.156.13.11 - - [04/Jan/2010:02:03:43 -0800] "GET /html/images/main_bgs.jpg HTTP/1.1" 404 - "http://dtcsolution.roomfurnish.com/html/" "Mozilla/4.0 (compatible; MSIE 7.0; Windows NT 5.1; GTB6.3; .NET CLR 1.1.4322; .NET CLR 2.0.50727; MEGAUPLOAD 2.0; OfficeLiveConnector.1.3; OfficeLivePatch.0.0; .NET CLR 3.0.4506.2152; .NET CLR 3.5.30729)" "dtcsolution.roomfurnish.com"
220.255.7.218 - - [04/Jan/2010:02:05:15 -0800] "GET /html/ HTTP/1.1" 200 29618 "http://www.dtcsolution.com/" "Mozilla/4.0 (compatible; MSIE 7.0; Windows NT 5.1; GTB6; .NET CLR 1.1.4322; .NET CLR 2.0.50727; .NET CLR 3.0.4506.2152; .NET CLR 3.5.30729; MEGAUPLOAD 3.0; AskTB5.5)" "dtcsolution.roomfurnish.com"
77.88.29.247 - - [04/Jan/2010:02:11:26 -0800] "GET /tmp/sess_0ad5642e4f7395dbe3488c1c4b967636 HTTP/1.1" 403 163 "-" "Yandex/1.01.001 (compatible; Win16; I)" "www.roomfurnish.com"
77.88.29.247 - - [04/Jan/2010:02:36:18 -0800] "GET /tmp/sess_b639b063b925f8d05981d073bf6db03f HTTP/1.1" 403 - "-" "Yandex/1.01.001 (compatible; Win16; I)" "www.roomfurnish.com"
74.6.30.119 - - [04/Jan/2010:02:44:35 -0800] "GET / HTTP/1.0" 200 2839 "-" "Mozilla/5.0 (compatible; Yahoo! DE Slurp; http://help.yahoo.com/help/us/ysearch/slurp)" "www.roomfurnish.com"
77.88.29.247 - - [04/Jan/2010:03:00:59 -0800] "GET /logs/access_071030.log HTTP/1.1" 200 0 "-" "Yandex/1.01.001 (compatible; Win16; I)" "www.roomfurnish.com"
77.88.29.247 - - [04/Jan/2010:03:25:11 -0800] "GET /test/test_index.html HTTP/1.1" 200 904 "-" "Yandex/1.01.001 (compatible; Win16; I)" "www.roomfurnish.com"
77.88.29.247 - - [04/Jan/2010:03:49:36 -0800] "GET /tmp/sess_7f9e7618e6254cecb5491eca5fe356cd HTTP/1.1" 403 - "-" "Yandex/1.01.001 (compatible; Win16; I)" "www.roomfurnish.com"
77.88.29.247 - - [04/Jan/2010:04:14:24 -0800] "GET /QM/ HTTP/1.1" 200 1340 "-" "Yandex/1.01.001 (compatible; Win16; I)" "www.roomfurnish.com"
77.88.29.247 - - [04/Jan/2010:04:38:36 -0800] "GET /test/images/ HTTP/1.1" 200 688 "-" "Yandex/1.01.001 (compatible; Win16; I)" "www.roomfurnish.com"
77.88.29.247 - - [04/Jan/2010:05:02:36 -0800] "GET /logs/access_091130.log HTTP/1.1" 200 0 "-" "Yandex/1.01.001 (compatible; Win16; I)" "www.roomfurnish.com"
77.88.29.247 - - [04/Jan/2010:05:26:30 -0800] "GET /tmp/sess_84b83b91202081bba12573353fc04694 HTTP/1.1" 403 - "-" "Yandex/1.01.001 (compatible; Win16; I)" "www.roomfurnish.com"
77.88.29.247 - - [04/Jan/2010:05:50:20 -0800] "GET /dtcsolution/FONTS/FRADMIT.TTF HTTP/1.1" 200 125624 "-" "Yandex/1.01.001 (compatible; Win16; I)" "www.roomfurnish.com"
202.156.12.226 - - [04/Jan/2010:06:03:06 -0800] "GET /html/ HTTP/1.1" 200 29618 "http://www.dtcsolution.com/" "Mozilla/4.0 (compatible; MSIE 8.0; Windows NT 5.1; Trident/4.0; GTB6.3; Mozilla/4.0 (compatible; MSIE 6.0; Windows NT 5.1; SV1) ; .NET CLR 1.1.4322; .NET CLR 2.0.50727; .NET CLR 3.0.4506.2152; .NET CLR 3.5.30729)" "dtcsolution.roomfurnish.com"
202.156.12.11 - - [04/Jan/2010:06:03:07 -0800] "GET /html/images/main_bgs.jpg HTTP/1.0" 404 - "http://dtcsolution.roomfurnish.com/html/" "Mozilla/4.0 (compatible; MSIE 8.0; Windows NT 5.1; Trident/4.0; GTB6.3; Mozilla/4.0 (compatible; MSIE 6.0; Windows NT 5.1; SV1) ; .NET CLR 1.1.4322; .NET CLR 2.0.50727; .NET CLR 3.0.4506.2152; .NET CLR 3.5.30729)" "dtcsolution.roomfurnish.com"
202.156.12.11 - - [04/Jan/2010:06:03:07 -0800] "GET /html/images/b.jpg HTTP/1.0" 200 624 "http://dtcsolution.roomfurnish.com/html/" "Mozilla/4.0 (compatible; MSIE 8.0; Windows NT 5.1; Trident/4.0; GTB6.3; Mozilla/4.0 (compatible; MSIE 6.0; Windows NT 5.1; SV1) ; .NET CLR 1.1.4322; .NET CLR 2.0.50727; .NET CLR 3.0.4506.2152; .NET CLR 3.5.30729)" "dtcsolution.roomfurnish.com"
202.156.12.11 - - [04/Jan/2010:06:03:07 -0800] "GET /html/images/b2.jpg HTTP/1.1" 200 24561 "http://dtcsolution.roomfurnish.com/html/" "Mozilla/4.0 (compatible; MSIE 8.0; Windows NT 5.1; Trident/4.0; GTB6.3; Mozilla/4.0 (compatible; MSIE 6.0; Windows NT 5.1; SV1) ; .NET CLR 1.1.4322; .NET CLR 2.0.50727; .NET CLR 3.0.4506.2152; .NET CLR 3.5.30729)" "dtcsolution.roomfurnish.com"
202.156.12.11 - - [04/Jan/2010:06:03:08 -0800] "GET /html/images/b3.jpg HTTP/1.1" 200 24167 "http://dtcsolution.roomfurnish.com/html/" "Mozilla/4.0 (compatible; MSIE 8.0; Windows NT 5.1; Trident/4.0; GTB6.3; Mozilla/4.0 (compatible; MSIE 6.0; Windows NT 5.1; SV1) ; .NET CLR 1.1.4322; .NET CLR 2.0.50727; .NET CLR 3.0.4506.2152; .NET CLR 3.5.30729)" "dtcsolution.roomfurnish.com"
202.156.12.11 - - [04/Jan/2010:06:03:09 -0800] "GET /html/images/im.jpg HTTP/1.0" 200 7429 "http://dtcsolution.roomfurnish.com/html/" "Mozilla/4.0 (compatible; MSIE 8.0; Windows NT 5.1; Trident/4.0; GTB6.3; Mozilla/4.0 (compatible; MSIE 6.0; Windows NT 5.1; SV1) ; .NET CLR 1.1.4322; .NET CLR 2.0.50727; .NET CLR 3.0.4506.2152; .NET CLR 3.5.30729)" "dtcsolution.roomfurnish.com"
77.88.29.247 - - [04/Jan/2010:06:14:07 -0800] "GET /dtcsolution/FONTS/framdit.ttf HTTP/1.1" 200 152844 "-" "Yandex/1.01.001 (compatible; Win16; I)" "www.roomfurnish.com"
124.115.6.11 - - [04/Jan/2010:06:24:43 -0800] "GET /robots.txt HTTP/1.1" 404 - "-" "Sosospider+(+http://help.soso.com/webspider.htm)" "roomfurnish.com"
77.88.29.247 - - [04/Jan/2010:06:37:43 -0800] "GET /BOSSTON/BOSSTON-CD/20048/ HTTP/1.1" 200 6391 "-" "Yandex/1.01.001 (compatible; Win16; I)" "www.roomfurnish.com"
77.88.29.247 - - [04/Jan/2010:07:00:53 -0800] "GET /BOSSTON/BOSSTON-CD/20049/ HTTP/1.1" 200 1412 "-" "Yandex/1.01.001 (compatible; Win16; I)" "www.roomfurnish.com"
77.88.29.247 - - [04/Jan/2010:07:17:45 -0800] "GET /dtcsolution/FONTS/framd.ttf HTTP/1.1" 200 135984 "-" "Yandex/1.01.001 (compatible; Win16; I)" "www.roomfurnish.com"
113.10.103.78 - - [04/Jan/2010:07:28:51 -0800] "GET /html/ HTTP/1.1" 200 29618 "http://www.dtcsolution.com/" "Mozilla/4.0 (compatible; MSIE 6.0; Windows NT 5.1; SV1)" "dtcsolution.roomfurnish.com"
113.10.103.78 - - [04/Jan/2010:07:28:53 -0800] "GET /html/images/main_bgs.jpg HTTP/1.1" 404 - "http://dtcsolution.roomfurnish.com/html/" "Mozilla/4.0 (compatible; MSIE 6.0; Windows NT 5.1; SV1)" "dtcsolution.roomfurnish.com"
220.181.125.71 - - [04/Jan/2010:07:54:48 -0800] "GET / HTTP/1.1" 200 2855 "-" "Sogou web spider/4.0(+http://www.sogou.com/docs/help/webmasters.htm#07)" "www.roomfurnish.com"
220.181.125.71 - - [04/Jan/2010:07:56:33 -0800] "GET /robots.txt HTTP/1.1" 404 - "-" "-" "www.roomfurnish.com"
221.120.126.251 - - [04/Jan/2010:08:25:17 -0800] "GET /html/ HTTP/1.1" 200 29618 "http://www.dtcsolution.com/" "Mozilla/4.0 (compatible; MSIE 6.0; Windows NT 5.1; SV1; InfoPath.2)" "dtcsolution.roomfurnish.com"
221.120.126.251 - - [04/Jan/2010:08:25:20 -0800] "GET /html/images/main_bgs.jpg HTTP/1.1" 404 - "http://dtcsolution.roomfurnish.com/html/" "Mozilla/4.0 (compatible; MSIE 6.0; Windows NT 5.1; SV1; InfoPath.2)" "dtcsolution.roomfurnish.com"
221.120.126.251 - - [04/Jan/2010:08:26:42 -0800] "GET /html/images/menu1.jpg HTTP/1.1" 200 4413 "http://dtcsolution.roomfurnish.com/html/" "Mozilla/4.0 (compatible; MSIE 6.0; Windows NT 5.1; SV1; InfoPath.2)" "dtcsolution.roomfurnish.com"
221.120.126.251 - - [04/Jan/2010:08:26:54 -0800] "GET /html/images/icon.gif HTTP/1.1" 200 53 "http://dtcsolution.roomfurnish.com/html/" "Mozilla/4.0 (compatible; MSIE 6.0; Windows NT 5.1; SV1; InfoPath.2)" "dtcsolution.roomfurnish.com"
67.195.112.165 - - [04/Jan/2010:09:03:31 -0800] "GET /robots.txt HTTP/1.0" 404 - "-" "Mozilla/5.0 (compatible; Yahoo! Slurp; http://help.yahoo.com/help/us/ysearch/slurp)" "dtcsolution.roomfurnish.com"
67.195.112.165 - - [04/Jan/2010:09:04:18 -0800] "GET /LIBRARY/all_bullets.psd HTTP/1.0" 200 83725 "-" "Mozilla/5.0 (compatible; Yahoo! Slurp/3.0; http://help.yahoo.com/help/us/ysearch/slurp)" "dtcsolution.roomfurnish.com"
83.167.62.170 - - [04/Jan/2010:09:11:47 -0800] "GET /BOSSTON/BOSSTON-CD/?N=A HTTP/1.1" 200 1095 "-" "Mozilla/5.0 (compatible; Exabot/3.0 (BiggerBetter); +http://www.exabot.com/go/robot)" "roomfurnish.com"
83.167.62.170 - - [04/Jan/2010:09:11:51 -0800] "GET /BOSSTON/BOSSTON-CD/?M=D HTTP/1.1" 200 1095 "-" "Mozilla/5.0 (compatible; Exabot/3.0 (BiggerBetter); +http://www.exabot.com/go/robot)" "roomfurnish.com"
67.195.115.97 - - [04/Jan/2010:09:12:13 -0800] "GET /robots.txt HTTP/1.0" 404 - "-" "Mozilla/5.0 (compatible; Yahoo! Slurp; http://help.yahoo.com/help/us/ysearch/slurp)" "roomfurnish.com"
67.195.115.97 - - [04/Jan/2010:09:12:42 -0800] "GET /BOSSTON/3Sofa/ HTTP/1.0" 200 2613 "-" "Mozilla/5.0 (compatible; Yahoo! Slurp/3.0; http://help.yahoo.com/help/us/ysearch/slurp)" "roomfurnish.com"
67.195.115.97 - - [04/Jan/2010:09:36:58 -0800] "GET /BOSSTON/BOSSTON-CD/ HTTP/1.0" 200 1079 "-" "Mozilla/5.0 (compatible; Yahoo! Slurp/3.0; http://help.yahoo.com/help/us/ysearch/slurp)" "roomfurnish.com"
38.98.120.84 - - [04/Jan/2010:09:49:30 -0800] "GET /robots.txt HTTP/1.1" 404 - "-" "ShopWiki/1.0 ( +http://www.shopwiki.com/wiki/Help:Bot)" "www.roomfurnish.com"
38.98.120.84 - - [04/Jan/2010:09:49:31 -0800] "GET / HTTP/1.1" 200 2855 "-" "ShopWiki/1.0 ( +http://www.shopwiki.com/wiki/Help:Bot)" "www.roomfurnish.com"
58.185.254.238 - - [04/Jan/2010:10:35:00 -0800] "GET /html/ HTTP/1.1" 200 29618 "http://www.dtcsolution.com/" "Mozilla/4.0 (compatible; MSIE 6.0; Windows NT 5.1; SV1; GTB6.3; .NET CLR 1.1.4322)" "dtcsolution.roomfurnish.com"
202.156.12.225 - - [04/Jan/2010:10:55:35 -0800] "GET /html/ HTTP/1.1" 200 29618 "http://www.dtcsolution.com/" "Mozilla/5.0 (Windows; U; Windows NT 6.0; en-GB; rv:1.9.0.8) Gecko/2009032609 Firefox/3.0.8 (.NET CLR 2.0.50727; .NET CLR 3.0.30618; .NET CLR 3.5.30729)" "dtcsolution.roomfurnish.com"
202.156.12.10 - - [04/Jan/2010:10:55:36 -0800] "GET /html/images/main_bgs.jpg HTTP/1.1" 404 - "http://dtcsolution.roomfurnish.com/html/" "Mozilla/5.0 (Windows; U; Windows NT 6.0; en-GB; rv:1.9.0.8) Gecko/2009032609 Firefox/3.0.8 (.NET CLR 2.0.50727; .NET CLR 3.0.30618; .NET CLR 3.5.30729)" "dtcsolution.roomfurnish.com"
202.156.12.10 - - [04/Jan/2010:10:55:37 -0800] "GET /html/images/im.jpg HTTP/1.1" 200 7429 "http://dtcsolution.roomfurnish.com/html/" "Mozilla/5.0 (Windows; U; Windows NT 6.0; en-GB; rv:1.9.0.8) Gecko/2009032609 Firefox/3.0.8 (.NET CLR 2.0.50727; .NET CLR 3.0.30618; .NET CLR 3.5.30729)" "dtcsolution.roomfurnish.com"
202.156.12.10 - - [04/Jan/2010:10:55:38 -0800] "GET /html/images/wwww.jpg HTTP/1.1" 200 18242 "http://dtcsolution.roomfurnish.com/html/" "Mozilla/5.0 (Windows; U; Windows NT 6.0; en-GB; rv:1.9.0.8) Gecko/2009032609 Firefox/3.0.8 (.NET CLR 2.0.50727; .NET CLR 3.0.30618; .NET CLR 3.5.30729)" "dtcsolution.roomfurnish.com"
202.156.12.10 - - [04/Jan/2010:10:55:38 -0800] "GET /html/images/bg.jpg HTTP/1.1" 200 549 "http://dtcsolution.roomfurnish.com/html/" "Mozilla/5.0 (Windows; U; Windows NT 6.0; en-GB; rv:1.9.0.8) Gecko/2009032609 Firefox/3.0.8 (.NET CLR 2.0.50727; .NET CLR 3.0.30618; .NET CLR 3.5.30729)" "dtcsolution.roomfurnish.com"
93.158.145.27 - - [04/Jan/2010:11:11:09 -0800] "GET /BOSSTON/3Sofa/Thumbs.db HTTP/1.1" 200 50176 "-" "Yandex/1.01.001 (compatible; Win16; I)" "www.roomfurnish.com"
202.156.12.238 - - [04/Jan/2010:11:17:27 -0800] "GET /html/ HTTP/1.1" 200 29618 "http://www.dtcsolution.com/" "Mozilla/5.0 (Windows; U; Windows NT 5.1; en-US; rv:1.9.1.6) Gecko/20091201 Firefox/3.5.6" "dtcsolution.roomfurnish.com"
202.156.12.15 - - [04/Jan/2010:11:17:28 -0800] "GET /html/images/main_bgs.jpg HTTP/1.1" 404 - "http://dtcsolution.roomfurnish.com/html/" "Mozilla/5.0 (Windows; U; Windows NT 5.1; en-US; rv:1.9.1.6) Gecko/20091201 Firefox/3.5.6" "dtcsolution.roomfurnish.com"
202.156.12.15 - - [04/Jan/2010:11:17:33 -0800] "GET /html/images/b0.jpg HTTP/1.1" 200 616 "http://dtcsolution.roomfurnish.com/html/" "Mozilla/5.0 (Windows; U; Windows NT 5.1; en-US; rv:1.9.1.6) Gecko/20091201 Firefox/3.5.6" "dtcsolution.roomfurnish.com"
202.156.12.15 - - [04/Jan/2010:11:17:33 -0800] "GET /html/images/but2.jpg HTTP/1.1" 200 1108 "http://dtcsolution.roomfurnish.com/html/" "Mozilla/5.0 (Windows; U; Windows NT 5.1; en-US; rv:1.9.1.6) Gecko/20091201 Firefox/3.5.6" "dtcsolution.roomfurnish.com"
202.156.12.15 - - [04/Jan/2010:11:17:33 -0800] "GET /html/images/w1.jpg HTTP/1.1" 200 3007 "http://dtcsolution.roomfurnish.com/html/" "Mozilla/5.0 (Windows; U; Windows NT 5.1; en-US; rv:1.9.1.6) Gecko/20091201 Firefox/3.5.6" "dtcsolution.roomfurnish.com"
202.156.12.15 - - [04/Jan/2010:11:17:33 -0800] "GET /html/images/im2.jpg HTTP/1.1" 200 4990 "http://dtcsolution.roomfurnish.com/html/" "Mozilla/5.0 (Windows; U; Windows NT 5.1; en-US; rv:1.9.1.6) Gecko/20091201 Firefox/3.5.6" "dtcsolution.roomfurnish.com"
202.156.12.15 - - [04/Jan/2010:11:17:33 -0800] "GET /html/images/wwww.jpg HTTP/1.1" 200 18242 "http://dtcsolution.roomfurnish.com/html/" "Mozilla/5.0 (Windows; U; Windows NT 5.1; en-US; rv:1.9.1.6) Gecko/20091201 Firefox/3.5.6" "dtcsolution.roomfurnish.com"
202.156.12.15 - - [04/Jan/2010:11:17:33 -0800] "GET /html/images/cchecks.jpg HTTP/1.1" 200 1203 "http://dtcsolution.roomfurnish.com/html/" "Mozilla/5.0 (Windows; U; Windows NT 5.1; en-US; rv:1.9.1.6) Gecko/20091201 Firefox/3.5.6" "dtcsolution.roomfurnish.com"
202.156.12.15 - - [04/Jan/2010:11:17:34 -0800] "GET /html/images/menu2.jpg HTTP/1.1" 200 5107 "http://dtcsolution.roomfurnish.com/html/" "Mozilla/5.0 (Windows; U; Windows NT 5.1; en-US; rv:1.9.1.6) Gecko/20091201 Firefox/3.5.6" "dtcsolution.roomfurnish.com"
202.156.12.15 - - [04/Jan/2010:11:17:34 -0800] "GET /html/images/menu3.jpg HTTP/1.1" 200 4690 "http://dtcsolution.roomfurnish.com/html/" "Mozilla/5.0 (Windows; U; Windows NT 5.1; en-US; rv:1.9.1.6) Gecko/20091201 Firefox/3.5.6" "dtcsolution.roomfurnish.com"
202.156.12.15 - - [04/Jan/2010:11:17:34 -0800] "GET /html/images/menu4.jpg HTTP/1.1" 200 3364 "http://dtcsolution.roomfurnish.com/html/" "Mozilla/5.0 (Windows; U; Windows NT 5.1; en-US; rv:1.9.1.6) Gecko/20091201 Firefox/3.5.6" "dtcsolution.roomfurnish.com"
202.156.12.15 - - [04/Jan/2010:11:17:35 -0800] "GET /html/images/bg1.jpg HTTP/1.1" 200 584 "http://dtcsolution.roomfurnish.com/html/" "Mozilla/5.0 (Windows; U; Windows NT 5.1; en-US; rv:1.9.1.6) Gecko/20091201 Firefox/3.5.6" "dtcsolution.roomfurnish.com"
93.158.145.27 - - [04/Jan/2010:12:03:30 -0800] "GET /robots.txt HTTP/1.1" 404 - "-" "Yandex/1.01.001 (compatible; Win16; I)" "www.roomfurnish.com"
93.158.145.27 - - [04/Jan/2010:12:25:36 -0800] "GET /tmp/sess_57896c2626b21fa879bb85c8a5145902 HTTP/1.1" 403 - "-" "Yandex/1.01.001 (compatible; Win16; I)" "www.roomfurnish.com"
83.167.62.170 - - [04/Jan/2010:12:42:32 -0800] "GET /BOSSTON/BOSSTON-CD/Chaise/?N=D HTTP/1.1" 200 3233 "-" "Mozilla/5.0 (compatible; Exabot/3.0 (BiggerBetter); +http://www.exabot.com/go/robot)" "roomfurnish.com"
93.158.145.27 - - [04/Jan/2010:12:47:29 -0800] "GET /swatch/ HTTP/1.1" 200 662 "-" "Yandex/1.01.001 (compatible; Win16; I)" "www.roomfurnish.com"
202.156.13.242 - - [04/Jan/2010:12:48:03 -0800] "GET /html/ HTTP/1.1" 200 29618 "http://www.dtcsolution.com/" "Mozilla/4.0 (compatible; MSIE 8.0; Windows NT 5.1; Trident/4.0; Mozilla/4.0 (compatible; MSIE 6.0; Windows NT 5.1; SV1) ; InfoPath.2)" "dtcsolution.roomfurnish.com"
202.156.13.10 - - [04/Jan/2010:12:48:04 -0800] "GET /html/images/main_bgs.jpg HTTP/1.1" 404 - "http://dtcsolution.roomfurnish.com/html/" "Mozilla/4.0 (compatible; MSIE 8.0; Windows NT 5.1; Trident/4.0; Mozilla/4.0 (compatible; MSIE 6.0; Windows NT 5.1; SV1) ; InfoPath.2)" "dtcsolution.roomfurnish.com"
202.156.13.10 - - [04/Jan/2010:12:50:20 -0800] "GET /html/images/main_bgs.jpg HTTP/1.1" 404 - "http://dtcsolution.roomfurnish.com/html/" "Mozilla/4.0 (compatible; MSIE 8.0; Windows NT 5.1; Trident/4.0; Mozilla/4.0 (compatible; MSIE 6.0; Windows NT 5.1; SV1) ; InfoPath.2)" "dtcsolution.roomfurnish.com"
72.44.62.56 - - [04/Jan/2010:13:09:23 -0800] "GET /favicon.ico HTTP/1.1" 404 - "-" "-" "roomfurnish.com"
93.158.145.27 - - [04/Jan/2010:13:10:46 -0800] "GET /logs/access_090630.log HTTP/1.1" 200 0 "-" "Yandex/1.01.001 (compatible; Win16; I)" "www.roomfurnish.com"
93.158.145.27 - - [04/Jan/2010:13:32:59 -0800] "GET /tmp/sess_f8efd4dd87d668efa8a4f5d61158038d HTTP/1.1" 403 - "-" "Yandex/1.01.001 (compatible; Win16; I)" "www.roomfurnish.com"
93.158.145.27 - - [04/Jan/2010:13:55:49 -0800] "GET /tmp/sess_049ffb3eecd6e0f9d0354136fc1ee80a HTTP/1.1" 403 - "-" "Yandex/1.01.001 (compatible; Win16; I)" "www.roomfurnish.com"
124.115.1.59 - - [04/Jan/2010:14:09:22 -0800] "GET / HTTP/1.1" 200 2855 "-" "Mozilla/4.0 (compatible; MSIE 6.0; Windows NT 5.1)" "www.roomfurnish.com"
93.158.145.27 - - [04/Jan/2010:14:18:33 -0800] "GET /logs/access_080730.log HTTP/1.1" 200 0 "-" "Yandex/1.01.001 (compatible; Win16; I)" "www.roomfurnish.com"
66.249.67.165 - - [04/Jan/2010:14:24:14 -0800] "GET /robots.txt HTTP/1.1" 404 - "-" "Mozilla/5.0 (compatible; Googlebot/2.1; +http://www.google.com/bot.html)" "roomfurnish.com"
93.158.145.27 - - [04/Jan/2010:14:40:29 -0800] "GET /tmp/mailError.log HTTP/1.1" 200 131072 "-" "Yandex/1.01.001 (compatible; Win16; I)" "www.roomfurnish.com"
93.158.145.27 - - [04/Jan/2010:15:02:35 -0800] "GET /tmp/sess_02ceb4ce10cede84b4ed7995f8ea696a HTTP/1.1" 403 163 "-" "Yandex/1.01.001 (compatible; Win16; I)" "www.roomfurnish.com"
38.98.120.84 - - [04/Jan/2010:15:03:58 -0800] "GET /robots.txt HTTP/1.1" 404 - "-" "ShopWiki/1.0 ( +http://www.shopwiki.com/wiki/Help:Bot)" "www.roomfurnish.com"
38.98.120.84 - - [04/Jan/2010:15:03:58 -0800] "GET / HTTP/1.1" 200 2855 "-" "ShopWiki/1.0 ( +http://www.shopwiki.com/wiki/Help:Bot)" "www.roomfurnish.com"
193.47.80.40 - - [04/Jan/2010:15:16:16 -0800] "GET /robots.txt HTTP/1.1" 404 - "-" "Mozilla/5.0 (compatible; Exabot/3.0; +http://www.exabot.com/go/robot)" "roomfurnish.com"
193.47.80.40 - - [04/Jan/2010:15:16:16 -0800] "GET / HTTP/1.1" 200 2855 "-" "Mozilla/5.0 (compatible; Exabot/3.0; +http://www.exabot.com/go/robot)" "roomfurnish.com"
93.158.145.27 - - [04/Jan/2010:15:25:26 -0800] "GET /tmp/sess_dd486b4ce9c04e4d453a27b34a933126 HTTP/1.1" 403 - "-" "Yandex/1.01.001 (compatible; Win16; I)" "www.roomfurnish.com"
72.44.62.56 - - [04/Jan/2010:15:30:08 -0800] "GET /favicon.ico HTTP/1.1" 404 - "-" "-" "roomfurnish.com"
83.167.62.170 - - [04/Jan/2010:15:42:52 -0800] "GET /dtcsolution/LIBRARY/BUTTONS/?N=D HTTP/1.1" 200 2053 "-" "Mozilla/5.0 (compatible; Exabot/3.0 (BiggerBetter); +http://www.exabot.com/go/robot)" "roomfurnish.com"
83.167.62.170 - - [04/Jan/2010:15:42:57 -0800] "GET /dtcsolution/LIBRARY/BUTTONS/?M=A HTTP/1.1" 200 2053 "-" "Mozilla/5.0 (compatible; Exabot/3.0 (BiggerBetter); +http://www.exabot.com/go/robot)" "roomfurnish.com"
93.158.145.27 - - [04/Jan/2010:15:47:07 -0800] "GET /logs/access_071130.log HTTP/1.1" 200 0 "-" "Yandex/1.01.001 (compatible; Win16; I)" "www.roomfurnish.com"
65.55.207.23 - - [04/Jan/2010:15:55:32 -0800] "GET /robots.txt HTTP/1.1" 404 - "-" "msnbot/2.0b (+http://search.msn.com/msnbot.htm)" "dtcsolution.roomfurnish.com"
65.55.207.23 - - [04/Jan/2010:15:56:16 -0800] "GET /html/ HTTP/1.1" 200 29618 "-" "msnbot/2.0b (+http://search.msn.com/msnbot.htm)" "dtcsolution.roomfurnish.com"
93.158.145.27 - - [04/Jan/2010:16:09:10 -0800] "GET /nantian/m1115.xls HTTP/1.1" 200 34816 "-" "Yandex/1.01.001 (compatible; Win16; I)" "www.roomfurnish.com"
124.115.6.11 - - [04/Jan/2010:16:19:55 -0800] "GET /robots.txt HTTP/1.1" 404 - "-" "Sosospider+(+http://help.soso.com/webspider.htm)" "www.roomfurnish.com"
83.167.62.170 - - [04/Jan/2010:16:24:27 -0800] "GET /robots.txt HTTP/1.1" 404 275 "-" "Mozilla/5.0 (compatible; Exabot/3.0 (BiggerBetter); +http://www.exabot.com/go/robot)" "roomfurnish.com"
83.167.62.170 - - [04/Jan/2010:16:24:28 -0800] "GET /dtcsolution/LIBRARY/?M=D HTTP/1.1" 200 1396 "-" "Mozilla/5.0 (compatible; Exabot/3.0 (BiggerBetter); +http://www.exabot.com/go/robot)" "roomfurnish.com"
93.158.145.27 - - [04/Jan/2010:16:30:57 -0800] "GET /BOSSTON/3Sofa/ HTTP/1.1" 200 2629 "-" "Yandex/1.01.001 (compatible; Win16; I)" "www.roomfurnish.com"
83.167.62.170 - - [04/Jan/2010:16:32:09 -0800] "GET /dtcsolution/psd/?S=D HTTP/1.1" 200 853 "-" "Mozilla/5.0 (compatible; Exabot/3.0 (BiggerBetter); +http://www.exabot.com/go/robot)" "roomfurnish.com"
193.252.149.16 - - [04/Jan/2010:16:36:11 -0800] "GET /robots.txt HTTP/1.1" 404 - "-" "Mozilla/5.0 (Windows; U; Windows NT 5.1; fr; rv:1.8.1) VoilaBot BETA 1.2 (support.voilabot@orange-ftgroup.com)" "roomfurnish.com"
193.252.149.16 - - [04/Jan/2010:16:36:22 -0800] "GET / HTTP/1.1" 200 2855 "-" "Mozilla/5.0 (Windows; U; Windows NT 5.1; fr; rv:1.8.1) VoilaBot BETA 1.2 (support.voilabot@orange-ftgroup.com)" "roomfurnish.com"
193.252.149.13 - - [04/Jan/2010:16:45:16 -0800] "GET /robots.txt HTTP/1.1" 404 - "-" "Mozilla/5.0 (Windows; U; Windows NT 5.1; fr; rv:1.8.1) VoilaBot BETA 1.2 (support.voilabot@orange-ftgroup.com)" "www.roomfurnish.com"
193.252.149.13 - - [04/Jan/2010:16:45:23 -0800] "GET / HTTP/1.1" 200 2855 "-" "Mozilla/5.0 (Windows; U; Windows NT 5.1; fr; rv:1.8.1) VoilaBot BETA 1.2 (support.voilabot@orange-ftgroup.com)" "www.roomfurnish.com"
88.131.106.21 - - [04/Jan/2010:16:46:44 -0800] "GET /robots.txt HTTP/1.0" 404 - "-" "Speedy Spider (http://www.entireweb.com/about/search_tech/speedy_spider/)" "roomfurnish.com"
88.131.106.21 - - [04/Jan/2010:16:46:44 -0800] "GET /g-1938.html HTTP/1.0" 404 - "-" "Speedy Spider (http://www.entireweb.com/about/search_tech/speedy_spider/)" "roomfurnish.com"
93.158.145.27 - - [04/Jan/2010:16:52:48 -0800] "GET /tmp/sess_51a8e8384b621b3af38f4d6817e5b1c5 HTTP/1.1" 403 163 "-" "Yandex/1.01.001 (compatible; Win16; I)" "www.roomfurnish.com"
93.158.145.27 - - [04/Jan/2010:17:15:30 -0800] "GET /dtcsolution/ HTTP/1.1" 200 2040 "-" "Yandex/1.01.001 (compatible; Win16; I)" "www.roomfurnish.com"
65.55.106.210 - - [04/Jan/2010:17:16:54 -0800] "GET /robots.txt HTTP/1.1" 404 - "-" "msnbot/2.0b (+http://search.msn.com/msnbot.htm)" "dtcsolution.roomfurnish.com"
65.55.106.210 - - [04/Jan/2010:17:21:13 -0800] "GET /html/ HTTP/1.1" 200 29618 "-" "msnbot/2.0b (+http://search.msn.com/msnbot.htm)" "dtcsolution.roomfurnish.com"
202.156.13.237 - - [04/Jan/2010:17:28:55 -0800] "GET /html/ HTTP/1.1" 200 29618 "http://www.dtcsolution.com/" "Mozilla/4.0 (compatible; MSIE 7.0; Windows NT 5.1; SV1; Mozilla/4.0 (compatible; MSIE 6.0; Windows NT 5.1; SV1) ; InfoPath.1)" "dtcsolution.roomfurnish.com"
202.156.13.10 - - [04/Jan/2010:17:28:55 -0800] "GET /html/images/main_bgs.jpg HTTP/1.1" 404 - "http://dtcsolution.roomfurnish.com/html/" "Mozilla/4.0 (compatible; MSIE 7.0; Windows NT 5.1; SV1; Mozilla/4.0 (compatible; MSIE 6.0; Windows NT 5.1; SV1) ; InfoPath.1)" "dtcsolution.roomfurnish.com"
202.156.13.10 - - [04/Jan/2010:17:28:56 -0800] "GET /html/images/line.jpg HTTP/1.1" 200 1896 "http://dtcsolution.roomfurnish.com/html/" "Mozilla/4.0 (compatible; MSIE 7.0; Windows NT 5.1; SV1; Mozilla/4.0 (compatible; MSIE 6.0; Windows NT 5.1; SV1) ; InfoPath.1)" "dtcsolution.roomfurnish.com"
202.156.13.10 - - [04/Jan/2010:17:28:57 -0800] "GET /html/images/w.jpg HTTP/1.1" 200 4655 "http://dtcsolution.roomfurnish.com/html/" "Mozilla/4.0 (compatible; MSIE 7.0; Windows NT 5.1; SV1; Mozilla/4.0 (compatible; MSIE 6.0; Windows NT 5.1; SV1) ; InfoPath.1)" "dtcsolution.roomfurnish.com"
202.156.13.10 - - [04/Jan/2010:17:28:57 -0800] "GET /html/images/menu2.jpg HTTP/1.1" 200 5107 "http://dtcsolution.roomfurnish.com/html/" "Mozilla/4.0 (compatible; MSIE 7.0; Windows NT 5.1; SV1; Mozilla/4.0 (compatible; MSIE 6.0; Windows NT 5.1; SV1) ; InfoPath.1)" "dtcsolution.roomfurnish.com"
202.156.13.10 - - [04/Jan/2010:17:28:58 -0800] "GET /html/images/bottom.jpg HTTP/1.1" 200 3496 "http://dtcsolution.roomfurnish.com/html/" "Mozilla/4.0 (compatible; MSIE 7.0; Windows NT 5.1; SV1; Mozilla/4.0 (compatible; MSIE 6.0; Windows NT 5.1; SV1) ; InfoPath.1)" "dtcsolution.roomfurnish.com"
93.158.145.27 - - [04/Jan/2010:17:37:38 -0800] "GET /tmp/sess_2b7941746c5f2d119967ac26ebb9ab39 HTTP/1.1" 403 - "-" "Yandex/1.01.001 (compatible; Win16; I)" "www.roomfurnish.com"
93.158.145.27 - - [04/Jan/2010:17:59:46 -0800] "GET /tmp/sess_8d9223e666be48f5cd154d76d0fb8853 HTTP/1.1" 403 163 "-" "Yandex/1.01.001 (compatible; Win16; I)" "www.roomfurnish.com"
67.195.113.218 - - [04/Jan/2010:18:11:23 -0800] "GET /robots.txt HTTP/1.0" 404 - "-" "Mozilla/5.0 (compatible; Yahoo! Slurp; http://help.yahoo.com/help/us/ysearch/slurp)" "www.roomfurnish.com"
67.195.113.218 - - [04/Jan/2010:18:11:23 -0800] "GET / HTTP/1.0" 200 2839 "-" "Mozilla/5.0 (compatible; Yahoo! Slurp/3.0; http://help.yahoo.com/help/us/ysearch/slurp)" "www.roomfurnish.com"
202.156.12.247 - - [04/Jan/2010:18:21:28 -0800] "GET /html/ HTTP/1.1" 200 29618 "http://www.dtcsolution.com/" "Mozilla/4.0 (compatible; MSIE 7.0; Windows NT 6.0; GTB6; FBSMTWB; SLCC1; .NET CLR 2.0.50727; Media Center PC 5.0; eSobiSubscriber 2.0.4.16; .NET CLR 3.5.30729; .NET CLR 3.0.30618)" "dtcsolution.roomfurnish.com"
202.156.12.14 - - [04/Jan/2010:18:21:29 -0800] "GET /html/images/main_bgs.jpg HTTP/1.1" 404 - "http://dtcsolution.roomfurnish.com/html/" "Mozilla/4.0 (compatible; MSIE 7.0; Windows NT 6.0; GTB6; FBSMTWB; SLCC1; .NET CLR 2.0.50727; Media Center PC 5.0; eSobiSubscriber 2.0.4.16; .NET CLR 3.5.30729; .NET CLR 3.0.30618)" "dtcsolution.roomfurnish.com"
202.156.12.14 - - [04/Jan/2010:18:21:31 -0800] "GET /html/images/pass.jpg HTTP/1.1" 200 1772 "http://dtcsolution.roomfurnish.com/html/" "Mozilla/4.0 (compatible; MSIE 7.0; Windows NT 6.0; GTB6; FBSMTWB; SLCC1; .NET CLR 2.0.50727; Media Center PC 5.0; eSobiSubscriber 2.0.4.16; .NET CLR 3.5.30729; .NET CLR 3.0.30618)" "dtcsolution.roomfurnish.com"
93.158.145.27 - - [04/Jan/2010:18:21:36 -0800] "GET /nantian/Thumbs.db HTTP/1.1" 200 550912 "-" "Yandex/1.01.001 (compatible; Win16; I)" "www.roomfurnish.com"
202.156.12.14 - - [04/Jan/2010:18:21:37 -0800] "GET /html/images/menu1.jpg HTTP/1.1" 200 4413 "http://dtcsolution.roomfurnish.com/html/" "Mozilla/4.0 (compatible; MSIE 7.0; Windows NT 6.0; GTB6; FBSMTWB; SLCC1; .NET CLR 2.0.50727; Media Center PC 5.0; eSobiSubscriber 2.0.4.16; .NET CLR 3.5.30729; .NET CLR 3.0.30618)" "dtcsolution.roomfurnish.com"
93.158.145.27 - - [04/Jan/2010:18:44:53 -0800] "GET /dtcsolution/html/ HTTP/1.1" 200 29618 "-" "Yandex/1.01.001 (compatible; Win16; I)" "www.roomfurnish.com"
67.195.113.218 - - [04/Jan/2010:18:50:39 -0800] "GET /robots.txt HTTP/1.0" 404 - "-" "Mozilla/5.0 (compatible; Yahoo! Slurp; http://help.yahoo.com/help/us/ysearch/slurp)" "www.roomfurnish.com"
67.195.113.218 - - [04/Jan/2010:18:51:10 -0800] "GET /QM/LivingRoom/?M=A HTTP/1.0" 200 5132 "-" "Mozilla/5.0 (compatible; Yahoo! Slurp/3.0; http://help.yahoo.com/help/us/ysearch/slurp)" "www.roomfurnish.com"
93.158.145.27 - - [04/Jan/2010:19:06:37 -0800] "GET /tmp/sess_3782847bb830e497ecc72ef777415345 HTTP/1.1" 403 163 "-" "Yandex/1.01.001 (compatible; Win16; I)" "www.roomfurnish.com"
