77.88.29.247 - - [01/Jan/2010:05:05:21 -0800] "GET /logs/access_080730.log HTTP/1.1" 200 193761 "-" "Yandex/1.01.001 (compatible; Win16; I)" "www.roomfurnish.com"
77.88.29.247 - - [01/Jan/2010:05:05:26 -0800] "GET /BOSSTON/BOSSTON-CD/Chaise/ HTTP/1.1" 200 3233 "-" "Yandex/1.01.001 (compatible; Win16; I)" "www.roomfurnish.com"
77.88.29.247 - - [01/Jan/2010:05:09:37 -0800] "GET /QM/?D=A HTTP/1.1" 200 1340 "-" "Yandex/1.01.001 (compatible; Win16; I)" "www.roomfurnish.com"
119.63.198.31 - - [01/Jan/2010:05:12:26 -0800] "GET /robots.txt HTTP/1.1" 404 - "-" "Baiduspider+(+http://www.baidu.com/search/spider.htm)" "roomfurnish.com"
77.88.29.247 - - [01/Jan/2010:05:22:38 -0800] "GET /dtcsolution/FONTS/HELIOSEX.PFB HTTP/1.1" 200 32139 "-" "Yandex/1.01.001 (compatible; Win16; I)" "www.roomfurnish.com"
77.88.29.247 - - [01/Jan/2010:05:23:31 -0800] "GET /QM/HomeOffice/ HTTP/1.1" 200 2124 "-" "Yandex/1.01.001 (compatible; Win16; I)" "www.roomfurnish.com"
77.88.29.247 - - [01/Jan/2010:05:36:53 -0800] "GET /dtcsolution/FONTS/HELIOSEB.PFM HTTP/1.1" 200 685 "-" "Yandex/1.01.001 (compatible; Win16; I)" "www.roomfurnish.com"
77.88.29.247 - - [01/Jan/2010:05:39:06 -0800] "GET /logs/access_090930.log HTTP/1.1" 200 2216785 "-" "Yandex/1.01.001 (compatible; Win16; I)" "www.roomfurnish.com"
88.131.106.21 - - [01/Jan/2010:05:44:02 -0800] "GET /robots.txt HTTP/1.0" 404 - "-" "Speedy Spider (http://www.entireweb.com/about/search_tech/speedy_spider/)" "roomfurnish.com"
88.131.106.21 - - [01/Jan/2010:05:44:03 -0800] "GET /g-1829.html HTTP/1.0" 404 - "-" "Speedy Spider (http://www.entireweb.com/about/search_tech/speedy_spider/)" "roomfurnish.com"
77.88.29.247 - - [01/Jan/2010:05:51:32 -0800] "GET /dtcsolution/FONTS/FRABK.TTF HTTP/1.1" 200 141768 "-" "Yandex/1.01.001 (compatible; Win16; I)" "www.roomfurnish.com"
77.88.29.247 - - [01/Jan/2010:05:53:10 -0800] "GET /QM/Qm2002/ HTTP/1.1" 200 14677 "-" "Yandex/1.01.001 (compatible; Win16; I)" "www.roomfurnish.com"
77.88.29.247 - - [01/Jan/2010:05:58:11 -0800] "GET /logs/access_070830.log HTTP/1.1" 200 726881 "-" "Yandex/1.01.001 (compatible; Win16; I)" "www.roomfurnish.com"
77.88.29.247 - - [01/Jan/2010:06:10:09 -0800] "GET /dtcsolution/FONTS/HELIOSCB.PFM HTTP/1.1" 200 687 "-" "Yandex/1.01.001 (compatible; Win16; I)" "www.roomfurnish.com"
77.88.29.247 - - [01/Jan/2010:06:21:44 -0800] "GET /QM/?N=D HTTP/1.1" 200 1340 "-" "Yandex/1.01.001 (compatible; Win16; I)" "www.roomfurnish.com"
77.88.29.247 - - [01/Jan/2010:06:32:32 -0800] "GET /BOSSTON/3Sofa/Thumbs.db HTTP/1.1" 200 50176 "-" "Yandex/1.01.001 (compatible; Win16; I)" "www.roomfurnish.com"
77.88.29.247 - - [01/Jan/2010:06:44:29 -0800] "GET /dtcsolution/FONTS/FRADMCN.TTF HTTP/1.1" 200 108164 "-" "Yandex/1.01.001 (compatible; Win16; I)" "www.roomfurnish.com"
77.88.29.247 - - [01/Jan/2010:06:45:51 -0800] "GET /FLleather/?D=A HTTP/1.1" 200 2028 "-" "Yandex/1.01.001 (compatible; Win16; I)" "www.roomfurnish.com"
77.88.29.247 - - [01/Jan/2010:06:55:33 -0800] "GET /logs/access_080430.log HTTP/1.1" 200 172686 "-" "Yandex/1.01.001 (compatible; Win16; I)" "www.roomfurnish.com"
77.88.29.247 - - [01/Jan/2010:07:09:57 -0800] "GET /QM/?M=A HTTP/1.1" 200 1340 "-" "Yandex/1.01.001 (compatible; Win16; I)" "www.roomfurnish.com"
208.80.193.29 - - [01/Jan/2010:07:13:16 -0800] "GET / HTTP/1.0" 200 2839 "-" "Mozilla/4.0 (compatible; MSIE 6.0; Windows NT 5.1; SV1; .NET CLR 1.1.4322; InfoPath.1; Alexa Toolbar)" "roomfurnish.com"
208.80.193.29 - - [01/Jan/2010:07:13:16 -0800] "GET / HTTP/1.0" 200 2839 "-" "Mozilla/4.0 (compatible; MSIE 6.0; Windows NT 5.1; SV1; SIMBAR={D6B946E5-0699-4929-867C-ABF67EFC5182}; InfoPath.1)" "www.roomfurnish.com"
83.167.62.170 - - [01/Jan/2010:07:16:44 -0800] "GET /FL/?M=D HTTP/1.0" 200 70792 "-" "Mozilla/5.0 (compatible; Exabot/3.0 (BiggerBetter); +http://www.exabot.com/go/robot)" "roomfurnish.com"
83.167.62.170 - - [01/Jan/2010:07:16:49 -0800] "GET /dtcsolution/psd/?S=A HTTP/1.1" 200 853 "-" "Mozilla/5.0 (compatible; Exabot/3.0 (BiggerBetter); +http://www.exabot.com/go/robot)" "roomfurnish.com"
83.167.62.170 - - [01/Jan/2010:07:22:41 -0800] "GET /dtcsolution/FONTS/FRAHVIT.TTF HTTP/1.1" 200 142168 "-" "Mozilla/5.0 (compatible; Exabot/3.0 (BiggerBetter); +http://www.exabot.com/go/robot)" "roomfurnish.com"
83.167.62.170 - - [01/Jan/2010:07:22:44 -0800] "GET /dtcsolution/psd/?M=D HTTP/1.1" 200 853 "-" "Mozilla/5.0 (compatible; Exabot/3.0 (BiggerBetter); +http://www.exabot.com/go/robot)" "roomfurnish.com"
83.167.62.170 - - [01/Jan/2010:07:22:47 -0800] "GET /FRABK.TTF HTTP/1.1" 200 141768 "-" "Mozilla/5.0 (compatible; Exabot/3.0 (BiggerBetter); +http://www.exabot.com/go/robot)" "roomfurnish.com"
83.167.62.170 - - [01/Jan/2010:07:28:36 -0800] "GET /BOB/?D=A HTTP/1.1" 200 520 "-" "Mozilla/5.0 (compatible; Exabot/3.0 (BiggerBetter); +http://www.exabot.com/go/robot)" "roomfurnish.com"
77.88.29.247 - - [01/Jan/2010:07:30:54 -0800] "GET /dtcsolution/LIBRARY/LOGOS/ HTTP/1.1" 200 3255 "-" "Yandex/1.01.001 (compatible; Win16; I)" "www.roomfurnish.com"
77.88.29.247 - - [01/Jan/2010:07:39:12 -0800] "GET /BOSSTON/?S=A HTTP/1.1" 200 944 "-" "Yandex/1.01.001 (compatible; Win16; I)" "www.roomfurnish.com"
77.88.29.247 - - [01/Jan/2010:07:54:28 -0800] "GET /QM/DiningRoom/ HTTP/1.1" 200 2263 "-" "Yandex/1.01.001 (compatible; Win16; I)" "www.roomfurnish.com"
77.88.29.247 - - [01/Jan/2010:07:55:55 -0800] "GET /logs/access_080330.log HTTP/1.1" 200 179698 "-" "Yandex/1.01.001 (compatible; Win16; I)" "www.roomfurnish.com"
77.88.29.247 - - [01/Jan/2010:07:56:26 -0800] "GET /logs/access_090330.log HTTP/1.1" 200 109271 "-" "Yandex/1.01.001 (compatible; Win16; I)" "www.roomfurnish.com"
77.88.29.247 - - [01/Jan/2010:08:30:01 -0800] "GET /dtcsolution/?N=D HTTP/1.1" 200 2040 "-" "Yandex/1.01.001 (compatible; Win16; I)" "www.roomfurnish.com"
124.115.6.11 - - [01/Jan/2010:08:37:43 -0800] "GET /robots.txt HTTP/1.1" 404 - "-" "Sosospider+(+http://help.soso.com/webspider.htm)" "www.roomfurnish.com"
77.88.29.247 - - [01/Jan/2010:08:52:13 -0800] "GET /swatch/?D=A HTTP/1.1" 200 662 "-" "Yandex/1.01.001 (compatible; Win16; I)" "www.roomfurnish.com"
77.88.29.247 - - [01/Jan/2010:08:58:27 -0800] "GET /logs/?M=A HTTP/1.1" 200 4942 "-" "Yandex/1.01.001 (compatible; Win16; I)" "www.roomfurnish.com"
77.88.29.247 - - [01/Jan/2010:08:59:05 -0800] "GET /swatch/?M=A HTTP/1.1" 200 662 "-" "Yandex/1.01.001 (compatible; Win16; I)" "www.roomfurnish.com"
77.88.29.247 - - [01/Jan/2010:09:32:29 -0800] "GET /logs/access_090630.log HTTP/1.1" 200 459110 "-" "Yandex/1.01.001 (compatible; Win16; I)" "www.roomfurnish.com"
77.88.29.247 - - [01/Jan/2010:09:41:48 -0800] "GET /logs/access_071130.log HTTP/1.1" 200 231568 "-" "Yandex/1.01.001 (compatible; Win16; I)" "www.roomfurnish.com"
65.55.106.133 - - [01/Jan/2010:10:46:10 -0800] "GET /robots.txt HTTP/1.1" 404 - "-" "msnbot/2.0b (+http://search.msn.com/msnbot.htm)" "roomfurnish.com"
65.55.106.133 - - [01/Jan/2010:10:46:43 -0800] "GET /QM/ HTTP/1.1" 200 1340 "-" "msnbot/2.0b (+http://search.msn.com/msnbot.htm)" "roomfurnish.com"
67.195.113.218 - - [01/Jan/2010:10:58:55 -0800] "GET /robots.txt HTTP/1.0" 404 - "-" "Mozilla/5.0 (compatible; Yahoo! Slurp; http://help.yahoo.com/help/us/ysearch/slurp)" "www.roomfurnish.com"
67.195.113.218 - - [01/Jan/2010:10:58:55 -0800] "GET / HTTP/1.0" 200 2839 "-" "Mozilla/5.0 (compatible; Yahoo! Slurp/3.0; http://help.yahoo.com/help/us/ysearch/slurp)" "www.roomfurnish.com"
77.88.29.247 - - [01/Jan/2010:11:09:55 -0800] "GET /dtcsolution/?D=A HTTP/1.1" 200 2040 "-" "Yandex/1.01.001 (compatible; Win16; I)" "www.roomfurnish.com"
77.88.29.247 - - [01/Jan/2010:11:37:26 -0800] "GET /dtcsolution/?S=A HTTP/1.1" 200 2040 "-" "Yandex/1.01.001 (compatible; Win16; I)" "www.roomfurnish.com"
67.195.115.45 - - [01/Jan/2010:11:43:17 -0800] "GET /robots.txt HTTP/1.0" 404 - "-" "Mozilla/5.0 (compatible; Yahoo! Slurp; http://help.yahoo.com/help/us/ysearch/slurp)" "roomfurnish.com"
67.195.115.45 - - [01/Jan/2010:11:43:17 -0800] "GET /swatch/?N=D HTTP/1.0" 200 646 "-" "Mozilla/5.0 (compatible; Yahoo! Slurp/3.0; http://help.yahoo.com/help/us/ysearch/slurp)" "roomfurnish.com"
77.88.29.247 - - [01/Jan/2010:11:45:46 -0800] "GET /dtcsolution/LIBRARY/ HTTP/1.1" 200 1396 "-" "Yandex/1.01.001 (compatible; Win16; I)" "www.roomfurnish.com"
77.88.29.247 - - [01/Jan/2010:11:50:15 -0800] "GET /dtcsolution/FONTS/ HTTP/1.1" 200 3647 "-" "Yandex/1.01.001 (compatible; Win16; I)" "www.roomfurnish.com"
77.88.29.247 - - [01/Jan/2010:12:07:55 -0800] "GET /dtcsolution/html/ HTTP/1.1" 200 29618 "-" "Yandex/1.01.001 (compatible; Win16; I)" "www.roomfurnish.com"
77.88.29.247 - - [01/Jan/2010:12:40:47 -0800] "GET /robots.txt HTTP/1.1" 404 - "-" "Yandex/1.01.001 (compatible; Win16; I)" "www.roomfurnish.com"
77.88.29.247 - - [01/Jan/2010:12:42:52 -0800] "GET /dtcsolution/?M=A HTTP/1.1" 200 2040 "-" "Yandex/1.01.001 (compatible; Win16; I)" "www.roomfurnish.com"
77.88.29.247 - - [01/Jan/2010:13:15:07 -0800] "GET /tmp/sess_8d9223e666be48f5cd154d76d0fb8853 HTTP/1.1" 403 - "-" "Yandex/1.01.001 (compatible; Win16; I)" "www.roomfurnish.com"
77.88.29.247 - - [01/Jan/2010:13:20:11 -0800] "GET /dtcsolution/Thumbs.db HTTP/1.1" 200 30208 "-" "Yandex/1.01.001 (compatible; Win16; I)" "www.roomfurnish.com"
195.210.57.83 - - [01/Jan/2010:13:50:47 -0800] "GET /robots.txt HTTP/1.0" 404 - "-" "Mozilla/5.0 (compatible; KaloogaBot; http://www.kalooga.com/info.html?page=crawler)" "www.roomfurnish.com"
195.210.57.83 - - [01/Jan/2010:13:50:48 -0800] "GET /QM/LivingRoom/ HTTP/1.0" 200 5132 "-" "Mozilla/5.0 (compatible; KaloogaBot; http://www.kalooga.com/info.html?page=crawler)" "www.roomfurnish.com"
77.88.29.247 - - [01/Jan/2010:13:50:57 -0800] "GET /tmp/sess_eedf851d0c073c2a9f0df6c6a44eb6f7 HTTP/1.1" 403 - "-" "Yandex/1.01.001 (compatible; Win16; I)" "www.roomfurnish.com"
195.210.57.83 - - [01/Jan/2010:14:00:19 -0800] "GET /BOSSTON/?N=A HTTP/1.0" 200 928 "-" "Mozilla/5.0 (compatible; KaloogaBot; http://www.kalooga.com/info.html?page=crawler)" "www.roomfurnish.com"
77.88.29.247 - - [01/Jan/2010:14:22:08 -0800] "GET /tmp/sess_e7d0c249aae04cfdd6047cf5736d3aaa HTTP/1.1" 403 - "-" "Yandex/1.01.001 (compatible; Win16; I)" "www.roomfurnish.com"
77.88.29.247 - - [01/Jan/2010:14:55:51 -0800] "GET /tmp/sess_001f4d8d6d0db35689841039a7b7e83a HTTP/1.1" 403 163 "-" "Yandex/1.01.001 (compatible; Win16; I)" "www.roomfurnish.com"
193.47.80.40 - - [01/Jan/2010:15:16:42 -0800] "GET / HTTP/1.1" 200 2855 "-" "Mozilla/5.0 (compatible; Exabot/3.0; +http://www.exabot.com/go/robot)" "roomfurnish.com"
77.88.29.247 - - [01/Jan/2010:15:26:56 -0800] "GET /tmp/sess_2b7941746c5f2d119967ac26ebb9ab39 HTTP/1.1" 403 - "-" "Yandex/1.01.001 (compatible; Win16; I)" "www.roomfurnish.com"
174.129.117.129 - - [01/Jan/2010:15:33:18 -0800] "GET /favicon.ico HTTP/1.1" 404 - "-" "-" "roomfurnish.com"
193.252.149.13 - - [01/Jan/2010:15:45:07 -0800] "GET / HTTP/1.1" 200 2855 "-" "Mozilla/5.0 (Windows; U; Windows NT 5.1; fr; rv:1.8.1) VoilaBot BETA 1.2 (support.voilabot@orange-ftgroup.com)" "www.roomfurnish.com"
65.55.106.115 - - [01/Jan/2010:15:47:05 -0800] "GET /robots.txt HTTP/1.1" 404 - "-" "msnbot/2.0b (+http://search.msn.com/msnbot.htm)" "dtcsolution.roomfurnish.com"
65.55.106.115 - - [01/Jan/2010:15:54:13 -0800] "GET /html/ HTTP/1.1" 200 29618 "-" "msnbot/2.0b (+http://search.msn.com/msnbot.htm)" "dtcsolution.roomfurnish.com"
77.88.29.247 - - [01/Jan/2010:15:59:26 -0800] "GET /tmp/sess_087b16cc1deb671c492066a796da0726 HTTP/1.1" 403 - "-" "Yandex/1.01.001 (compatible; Win16; I)" "www.roomfurnish.com"
77.88.29.247 - - [01/Jan/2010:16:31:03 -0800] "GET /tmp/sess_9d718ebdcd144068a7ddbeb40e527a3c HTTP/1.1" 403 163 "-" "Yandex/1.01.001 (compatible; Win16; I)" "www.roomfurnish.com"
193.252.149.16 - - [01/Jan/2010:16:41:09 -0800] "GET / HTTP/1.1" 200 2855 "-" "Mozilla/5.0 (Windows; U; Windows NT 5.1; fr; rv:1.8.1) VoilaBot BETA 1.2 (support.voilabot@orange-ftgroup.com)" "roomfurnish.com"
38.98.120.84 - - [01/Jan/2010:16:47:32 -0800] "GET /robots.txt HTTP/1.1" 404 - "-" "ShopWiki/1.0 ( +http://www.shopwiki.com/wiki/Help:Bot)" "www.roomfurnish.com"
8.11.2.9 - - [01/Jan/2010:16:47:32 -0800] "GET / HTTP/1.1" 200 2855 "-" "ShopWiki/1.0 ( +http://www.shopwiki.com/wiki/Help:Bot)" "www.roomfurnish.com"
8.11.2.9 - - [01/Jan/2010:16:47:33 -0800] "GET /BOSSTON/BOSSTON-CD/Chaise/ HTTP/1.1" 200 3233 "-" "ShopWiki/1.0 ( +http://www.shopwiki.com/wiki/Help:Bot)" "www.roomfurnish.com"
193.252.149.13 - - [01/Jan/2010:16:55:29 -0800] "GET / HTTP/1.1" 200 2855 "-" "Mozilla/5.0 (Windows; U; Windows NT 5.1; fr; rv:1.8.1) VoilaBot BETA 1.2 (support.voilabot@orange-ftgroup.com)" "www.roomfurnish.com"
77.88.29.247 - - [01/Jan/2010:17:02:04 -0800] "GET /logs/access_080630.log HTTP/1.1" 200 0 "-" "Yandex/1.01.001 (compatible; Win16; I)" "www.roomfurnish.com"
65.55.207.120 - - [01/Jan/2010:17:07:50 -0800] "GET /robots.txt HTTP/1.1" 404 - "-" "msnbot/2.0b (+http://search.msn.com/msnbot.htm)" "dtcsolution.roomfurnish.com"
65.55.207.120 - - [01/Jan/2010:17:09:27 -0800] "GET /html/ HTTP/1.1" 200 29618 "-" "msnbot/2.0b (+http://search.msn.com/msnbot.htm)" "dtcsolution.roomfurnish.com"
8.11.2.10 - - [01/Jan/2010:17:25:51 -0800] "GET / HTTP/1.1" 200 2855 "-" "ShopWiki/1.0 ( +http://www.shopwiki.com/wiki/Help:Bot)" "www.roomfurnish.com"
8.11.2.10 - - [01/Jan/2010:17:25:52 -0800] "GET /BOSSTON/BOSSTON-CD/Chaise/ HTTP/1.1" 200 3233 "-" "ShopWiki/1.0 ( +http://www.shopwiki.com/wiki/Help:Bot)" "www.roomfurnish.com"
77.88.29.247 - - [01/Jan/2010:17:41:46 -0800] "GET /tmp/sess_049ffb3eecd6e0f9d0354136fc1ee80a HTTP/1.1" 403 - "-" "Yandex/1.01.001 (compatible; Win16; I)" "www.roomfurnish.com"
220.255.7.141 - - [01/Jan/2010:17:42:51 -0800] "GET /html/images/main_bgs.jpg HTTP/1.1" 404 - "http://dtcsolution.roomfurnish.com/html/" "Mozilla/4.0 (compatible; MSIE 7.0; Windows NT 6.0; GTB6; SLCC1; .NET CLR 2.0.50727; OfficeLiveConnector.1.3; OfficeLivePatch.0.0; .NET CLR 3.0.30618; .NET CLR 3.5.30729)" "dtcsolution.roomfurnish.com"
202.156.13.245 - - [01/Jan/2010:17:46:47 -0800] "GET /html/ HTTP/1.1" 200 29618 "http://www.dtcsolution.com/" "Mozilla/5.0 (Windows; U; Windows NT 6.1; en-US; rv:1.9.1.6) Gecko/20091201 Firefox/3.5.6" "dtcsolution.roomfurnish.com"
202.156.13.11 - - [01/Jan/2010:17:46:47 -0800] "GET /html/images/main_bgs.jpg HTTP/1.1" 404 - "http://dtcsolution.roomfurnish.com/html/" "Mozilla/5.0 (Windows; U; Windows NT 6.1; en-US; rv:1.9.1.6) Gecko/20091201 Firefox/3.5.6" "dtcsolution.roomfurnish.com"
202.156.13.11 - - [01/Jan/2010:17:46:48 -0800] "GET /html/images/b4.jpg HTTP/1.1" 200 23703 "http://dtcsolution.roomfurnish.com/html/" "Mozilla/5.0 (Windows; U; Windows NT 6.1; en-US; rv:1.9.1.6) Gecko/20091201 Firefox/3.5.6" "dtcsolution.roomfurnish.com"
202.156.13.11 - - [01/Jan/2010:17:46:50 -0800] "GET /html/images/pass.jpg HTTP/1.1" 200 1772 "http://dtcsolution.roomfurnish.com/html/" "Mozilla/5.0 (Windows; U; Windows NT 6.1; en-US; rv:1.9.1.6) Gecko/20091201 Firefox/3.5.6" "dtcsolution.roomfurnish.com"
193.47.80.40 - - [01/Jan/2010:17:49:05 -0800] "GET /robots.txt HTTP/1.1" 404 - "-" "Mozilla/5.0 (compatible; Exabot/3.0; +http://www.exabot.com/go/robot)" "roomfurnish.com"
193.47.80.40 - - [01/Jan/2010:17:49:06 -0800] "GET /QM/?S=A HTTP/1.1" 200 1340 "-" "Mozilla/5.0 (compatible; Exabot/3.0; +http://www.exabot.com/go/robot)" "roomfurnish.com"
220.255.7.42 - - [01/Jan/2010:17:50:37 -0800] "GET /dtcsolution/html/images/DeltaCom_Logo.jpg HTTP/1.1" 200 71109 "http://vi.ebaydesc.com.sg/ws/eBayISAPI.dll?ViewItemDescV4&item=250553859358&t=1247084864000&ds=0&js=-1&ssid=216&seller=sgcort&category=51215&bv=msie&caz.html" "Mozilla/4.0 (compatible; MSIE 7.0; Windows NT 5.1; .NET CLR 1.1.4322; .NET CLR 2.0.50727; InfoPath.2; .NET CLR 3.0.4506.2152; .NET CLR 3.5.30729)" "site.roomfurnish.com"
95.108.150.235 - - [01/Jan/2010:18:09:44 -0800] "GET /robots.txt HTTP/1.1" 404 275 "-" "Yandex/1.01.001 (compatible; Win16; H)" "www.roomfurnish.com"
95.108.150.235 - - [01/Jan/2010:18:09:45 -0800] "GET /robots.txt HTTP/1.1" 404 - "-" "Yandex/1.01.001 (compatible; Win16; H)" "roomfurnish.com"
95.108.150.235 - - [01/Jan/2010:18:09:46 -0800] "GET / HTTP/1.1" 200 2855 "-" "Yandex/1.01.001 (compatible; Win16; H)" "www.roomfurnish.com"
95.108.150.235 - - [01/Jan/2010:18:09:47 -0800] "GET / HTTP/1.1" 200 2855 "-" "Yandex/1.01.001 (compatible; Win16; H)" "roomfurnish.com"
95.108.150.235 - - [01/Jan/2010:18:09:48 -0800] "GET / HTTP/1.1" 200 2855 "-" "Yandex/1.01.001 (compatible; Win16; H)" "www.roomfurnish.com"
95.108.150.235 - - [01/Jan/2010:18:09:49 -0800] "GET / HTTP/1.1" 200 2855 "-" "Yandex/1.01.001 (compatible; Win16; H)" "roomfurnish.com"
77.88.29.247 - - [01/Jan/2010:18:13:20 -0800] "GET /tmp/sess_a702c3fca58cbb17095fc468e9ca3399 HTTP/1.1" 403 - "-" "Yandex/1.01.001 (compatible; Win16; I)" "www.roomfurnish.com"
77.88.29.247 - - [01/Jan/2010:18:44:07 -0800] "GET /tmp/sess_3782847bb830e497ecc72ef777415345 HTTP/1.1" 403 - "-" "Yandex/1.01.001 (compatible; Win16; I)" "www.roomfurnish.com"
77.88.29.247 - - [01/Jan/2010:19:14:50 -0800] "GET /logs/access_080930.log HTTP/1.1" 200 0 "-" "Yandex/1.01.001 (compatible; Win16; I)" "www.roomfurnish.com"
220.255.7.237 - - [01/Jan/2010:19:19:56 -0800] "GET /html/ HTTP/1.1" 200 29618 "http://www.dtcsolution.com/" "Mozilla/5.0 (Macintosh; U; Intel Mac OS X 10_5_8; en-us) AppleWebKit/531.9 (KHTML, like Gecko) Version/4.0.3 Safari/531.9" "dtcsolution.roomfurnish.com"
220.255.7.233 - - [01/Jan/2010:19:19:57 -0800] "GET /html/images/main_bgs.jpg HTTP/1.1" 404 - "http://dtcsolution.roomfurnish.com/html/" "Mozilla/5.0 (Macintosh; U; Intel Mac OS X 10_5_8; en-us) AppleWebKit/531.9 (KHTML, like Gecko) Version/4.0.3 Safari/531.9" "dtcsolution.roomfurnish.com"
220.255.7.144 - - [01/Jan/2010:19:19:57 -0800] "GET /html/images/1.jpg HTTP/1.1" 200 21212 "http://dtcsolution.roomfurnish.com/html/" "Mozilla/5.0 (Macintosh; U; Intel Mac OS X 10_5_8; en-us) AppleWebKit/531.9 (KHTML, like Gecko) Version/4.0.3 Safari/531.9" "dtcsolution.roomfurnish.com"
220.255.7.115 - - [01/Jan/2010:19:19:58 -0800] "GET /html/images/wwww.jpg HTTP/1.1" 200 18242 "http://dtcsolution.roomfurnish.com/html/" "Mozilla/5.0 (Macintosh; U; Intel Mac OS X 10_5_8; en-us) AppleWebKit/531.9 (KHTML, like Gecko) Version/4.0.3 Safari/531.9" "dtcsolution.roomfurnish.com"
220.255.7.163 - - [01/Jan/2010:19:20:00 -0800] "GET /html/images/bg.jpg HTTP/1.0" 200 549 "http://dtcsolution.roomfurnish.com/html/" "Mozilla/5.0 (Macintosh; U; Intel Mac OS X 10_5_8; en-us) AppleWebKit/531.9 (KHTML, like Gecko) Version/4.0.3 Safari/531.9" "dtcsolution.roomfurnish.com"
220.255.7.152 - - [01/Jan/2010:19:20:01 -0800] "GET /html/images/but2.jpg HTTP/1.1" 200 1108 "http://dtcsolution.roomfurnish.com/html/" "Mozilla/5.0 (Macintosh; U; Intel Mac OS X 10_5_8; en-us) AppleWebKit/531.9 (KHTML, like Gecko) Version/4.0.3 Safari/531.9" "dtcsolution.roomfurnish.com"
220.255.7.111 - - [01/Jan/2010:19:20:03 -0800] "GET /html/images/bg1.jpg HTTP/1.1" 200 584 "http://dtcsolution.roomfurnish.com/html/" "Mozilla/5.0 (Macintosh; U; Intel Mac OS X 10_5_8; en-us) AppleWebKit/531.9 (KHTML, like Gecko) Version/4.0.3 Safari/531.9" "dtcsolution.roomfurnish.com"
112.199.170.90 - - [01/Jan/2010:19:40:08 -0800] "GET /html/ HTTP/1.1" 200 29618 "http://www.dtcsolution.com/" "Mozilla/4.0 (compatible; MSIE 6.0; Windows NT 5.1; SV1; GTB6.3; InfoPath.2; .NET CLR 2.0.50727; .NET CLR 3.0.4506.2152; .NET CLR 3.5.30729)" "dtcsolution.roomfurnish.com"
112.199.170.90 - - [01/Jan/2010:19:40:09 -0800] "GET /html/images/spacer.gif HTTP/1.1" 200 43 "http://dtcsolution.roomfurnish.com/html/" "Mozilla/4.0 (compatible; MSIE 6.0; Windows NT 5.1; SV1; GTB6.3; InfoPath.2; .NET CLR 2.0.50727; .NET CLR 3.0.4506.2152; .NET CLR 3.5.30729)" "dtcsolution.roomfurnish.com"
112.199.170.90 - - [01/Jan/2010:19:40:09 -0800] "GET /html/images/main_bgs.jpg HTTP/1.1" 404 - "http://dtcsolution.roomfurnish.com/html/" "Mozilla/4.0 (compatible; MSIE 6.0; Windows NT 5.1; SV1; GTB6.3; InfoPath.2; .NET CLR 2.0.50727; .NET CLR 3.0.4506.2152; .NET CLR 3.5.30729)" "dtcsolution.roomfurnish.com"
112.199.170.90 - - [01/Jan/2010:19:40:18 -0800] "GET /html/images/menu3.jpg HTTP/1.1" 200 4690 "http://dtcsolution.roomfurnish.com/html/" "Mozilla/4.0 (compatible; MSIE 6.0; Windows NT 5.1; SV1; GTB6.3; InfoPath.2; .NET CLR 2.0.50727; .NET CLR 3.0.4506.2152; .NET CLR 3.5.30729)" "dtcsolution.roomfurnish.com"
112.199.170.90 - - [01/Jan/2010:19:40:21 -0800] "GET /html/images/but2.jpg HTTP/1.1" 200 1108 "http://dtcsolution.roomfurnish.com/html/" "Mozilla/4.0 (compatible; MSIE 6.0; Windows NT 5.1; SV1; GTB6.3; InfoPath.2; .NET CLR 2.0.50727; .NET CLR 3.0.4506.2152; .NET CLR 3.5.30729)" "dtcsolution.roomfurnish.com"
77.88.29.247 - - [01/Jan/2010:19:46:20 -0800] "GET /tmp/sess_57896c2626b21fa879bb85c8a5145902 HTTP/1.1" 403 163 "-" "Yandex/1.01.001 (compatible; Win16; I)" "www.roomfurnish.com"
77.88.29.247 - - [01/Jan/2010:20:16:51 -0800] "GET /tmp/sess_dd486b4ce9c04e4d453a27b34a933126 HTTP/1.1" 403 - "-" "Yandex/1.01.001 (compatible; Win16; I)" "www.roomfurnish.com"
88.131.106.21 - - [01/Jan/2010:20:18:07 -0800] "GET /robots.txt HTTP/1.0" 404 275 "-" "Speedy Spider (http://www.entireweb.com/about/search_tech/speedy_spider/)" "roomfurnish.com"
88.131.106.21 - - [01/Jan/2010:20:18:12 -0800] "GET /305silvisofa.html HTTP/1.0" 404 - "-" "Speedy Spider (http://www.entireweb.com/about/search_tech/speedy_spider/)" "roomfurnish.com"
67.195.115.45 - - [01/Jan/2010:20:41:23 -0800] "GET /robots.txt HTTP/1.0" 404 - "-" "Mozilla/5.0 (compatible; Yahoo! Slurp; http://help.yahoo.com/help/us/ysearch/slurp)" "roomfurnish.com"
67.195.115.45 - - [01/Jan/2010:20:41:24 -0800] "GET /FL/?N=D HTTP/1.0" 200 70792 "-" "Mozilla/5.0 (compatible; Yahoo! Slurp/3.0; http://help.yahoo.com/help/us/ysearch/slurp)" "roomfurnish.com"
77.88.29.247 - - [01/Jan/2010:20:46:59 -0800] "GET /nantian/m1115.xls HTTP/1.1" 200 34816 "-" "Yandex/1.01.001 (compatible; Win16; I)" "www.roomfurnish.com"
67.228.158.134 - - [01/Jan/2010:21:21:44 -0800] "GET / HTTP/1.1" 200 2855 "-" "Mozilla/4.0 (compatible; MSIE 7.0; Windows NT 6.0; WOW64; Trident/4.0; SLCC1; .NET CLR 2.0.50727; .NET CLR 1.1.4322; .NET CLR 3.0.30729; .NET CLR 3.5.30729)" "roomfurnish.com"
77.88.29.247 - - [01/Jan/2010:21:35:02 -0800] "GET /tmp/sess_02ceb4ce10cede84b4ed7995f8ea696a HTTP/1.1" 403 - "-" "Yandex/1.01.001 (compatible; Win16; I)" "www.roomfurnish.com"
77.88.29.247 - - [01/Jan/2010:22:04:50 -0800] "GET /tmp/sess_60a74bf842291cda30ef78a68bb8d142 HTTP/1.1" 403 - "-" "Yandex/1.01.001 (compatible; Win16; I)" "www.roomfurnish.com"
220.181.125.71 - - [01/Jan/2010:22:26:08 -0800] "GET / HTTP/1.1" 200 2855 "-" "Sogou web spider/4.0(+http://www.sogou.com/docs/help/webmasters.htm#07)" "roomfurnish.com"
77.88.29.247 - - [01/Jan/2010:22:34:05 -0800] "GET /tmp/sess_23c07e410940f2173f4c1e626e4af9f5 HTTP/1.1" 403 163 "-" "Yandex/1.01.001 (compatible; Win16; I)" "www.roomfurnish.com"
202.156.13.229 - - [01/Jan/2010:22:53:33 -0800] "GET /html/ HTTP/1.1" 200 29618 "http://www.dtcsolution.com/" "Mozilla/4.0 (compatible; MSIE 8.0; Windows NT 5.1; Trident/4.0; GTB6.3; .NET CLR 1.1.4322; .NET CLR 2.0.50727; .NET CLR 3.0.04506.30; .NET CLR 3.0.04506.648; OfficeLiveConnector.1.3; OfficeLivePatch.0.0; .NET CLR 3.0.4506.2152; .NET CLR 3.5.30729)" "dtcsolution.roomfurnish.com"
202.156.13.10 - - [01/Jan/2010:22:53:34 -0800] "GET /html/images/main_bgs.jpg HTTP/1.1" 404 - "http://dtcsolution.roomfurnish.com/html/" "Mozilla/4.0 (compatible; MSIE 8.0; Windows NT 5.1; Trident/4.0; GTB6.3; .NET CLR 1.1.4322; .NET CLR 2.0.50727; .NET CLR 3.0.04506.30; .NET CLR 3.0.04506.648; OfficeLiveConnector.1.3; OfficeLivePatch.0.0; .NET CLR 3.0.4506.2152; .NET CLR 3.5.30729)" "dtcsolution.roomfurnish.com"
202.156.13.10 - - [01/Jan/2010:22:53:34 -0800] "GET /html/images/b5.jpg HTTP/1.1" 200 25484 "http://dtcsolution.roomfurnish.com/html/" "Mozilla/4.0 (compatible; MSIE 8.0; Windows NT 5.1; Trident/4.0; GTB6.3; .NET CLR 1.1.4322; .NET CLR 2.0.50727; .NET CLR 3.0.04506.30; .NET CLR 3.0.04506.648; OfficeLiveConnector.1.3; OfficeLivePatch.0.0; .NET CLR 3.0.4506.2152; .NET CLR 3.5.30729)" "dtcsolution.roomfurnish.com"
202.156.13.10 - - [01/Jan/2010:22:53:35 -0800] "GET /html/images/line.jpg HTTP/1.1" 200 1896 "http://dtcsolution.roomfurnish.com/html/" "Mozilla/4.0 (compatible; MSIE 8.0; Windows NT 5.1; Trident/4.0; GTB6.3; .NET CLR 1.1.4322; .NET CLR 2.0.50727; .NET CLR 3.0.04506.30; .NET CLR 3.0.04506.648; OfficeLiveConnector.1.3; OfficeLivePatch.0.0; .NET CLR 3.0.4506.2152; .NET CLR 3.5.30729)" "dtcsolution.roomfurnish.com"
202.156.13.10 - - [01/Jan/2010:22:53:35 -0800] "GET /html/images/wwww.jpg HTTP/1.1" 200 18242 "http://dtcsolution.roomfurnish.com/html/" "Mozilla/4.0 (compatible; MSIE 8.0; Windows NT 5.1; Trident/4.0; GTB6.3; .NET CLR 1.1.4322; .NET CLR 2.0.50727; .NET CLR 3.0.04506.30; .NET CLR 3.0.04506.648; OfficeLiveConnector.1.3; OfficeLivePatch.0.0; .NET CLR 3.0.4506.2152; .NET CLR 3.5.30729)" "dtcsolution.roomfurnish.com"
202.156.13.10 - - [01/Jan/2010:22:53:35 -0800] "GET /html/images/cchecks1.jpg HTTP/1.1" 200 18380 "http://dtcsolution.roomfurnish.com/html/" "Mozilla/4.0 (compatible; MSIE 8.0; Windows NT 5.1; Trident/4.0; GTB6.3; .NET CLR 1.1.4322; .NET CLR 2.0.50727; .NET CLR 3.0.04506.30; .NET CLR 3.0.04506.648; OfficeLiveConnector.1.3; OfficeLivePatch.0.0; .NET CLR 3.0.4506.2152; .NET CLR 3.5.30729)" "dtcsolution.roomfurnish.com"
202.156.13.10 - - [01/Jan/2010:22:53:36 -0800] "GET /html/images/menu4.jpg HTTP/1.0" 200 3364 "http://dtcsolution.roomfurnish.com/html/" "Mozilla/4.0 (compatible; MSIE 8.0; Windows NT 5.1; Trident/4.0; GTB6.3; .NET CLR 1.1.4322; .NET CLR 2.0.50727; .NET CLR 3.0.04506.30; .NET CLR 3.0.04506.648; OfficeLiveConnector.1.3; OfficeLivePatch.0.0; .NET CLR 3.0.4506.2152; .NET CLR 3.5.30729)" "dtcsolution.roomfurnish.com"
77.88.29.247 - - [01/Jan/2010:23:03:38 -0800] "GET /dtcsolution/FONTS/ HTTP/1.1" 200 3647 "-" "Yandex/1.01.001 (compatible; Win16; I)" "www.roomfurnish.com"
123.125.66.40 - - [01/Jan/2010:23:05:20 -0800] "GET / HTTP/1.1" 200 2855 "-" "Baiduspider+(+http://www.baidu.com/search/spider.htm)" "www.roomfurnish.com"
77.88.29.247 - - [01/Jan/2010:23:33:24 -0800] "GET /tmp/sess_f2f4c4359a37b296f92758314df6edfd HTTP/1.1" 403 - "-" "Yandex/1.01.001 (compatible; Win16; I)" "www.roomfurnish.com"
8.11.2.10 - - [01/Jan/2010:23:49:04 -0800] "GET /robots.txt HTTP/1.1" 404 - "-" "ShopWiki/1.0 ( +http://www.shopwiki.com/wiki/Help:Bot)" "www.roomfurnish.com"
38.98.120.94 - - [01/Jan/2010:23:49:05 -0800] "GET / HTTP/1.1" 200 2855 "-" "ShopWiki/1.0 ( +http://www.shopwiki.com/wiki/Help:Bot)" "www.roomfurnish.com"
8.11.2.10 - - [01/Jan/2010:23:49:06 -0800] "GET /BOSSTON/BOSSTON-CD/Chaise/ HTTP/1.1" 200 3233 "-" "ShopWiki/1.0 ( +http://www.shopwiki.com/wiki/Help:Bot)" "www.roomfurnish.com"
77.88.29.247 - - [02/Jan/2010:00:03:17 -0800] "GET /tmp/sess_135ebebfb2b28c6aa58c8d0605bbbd6a HTTP/1.1" 403 - "-" "Yandex/1.01.001 (compatible; Win16; I)" "www.roomfurnish.com"
66.249.67.162 - - [02/Jan/2010:00:03:54 -0800] "GET /robots.txt HTTP/1.1" 404 - "-" "Mozilla/5.0 (compatible; Googlebot/2.1; +http://www.google.com/bot.html)" "roomfurnish.com"
77.88.29.247 - - [02/Jan/2010:00:36:31 -0800] "GET /tmp/sess_26085f28e00f292bf8ecbd88083fe91a HTTP/1.1" 403 163 "-" "Yandex/1.01.001 (compatible; Win16; I)" "www.roomfurnish.com"
77.88.29.247 - - [02/Jan/2010:01:05:22 -0800] "GET /tmp/sess_f38c23c301522d8dffb79cfc92a1f191 HTTP/1.1" 403 - "-" "Yandex/1.01.001 (compatible; Win16; I)" "www.roomfurnish.com"
124.115.6.11 - - [02/Jan/2010:01:07:29 -0800] "GET /robots.txt HTTP/1.1" 404 - "-" "Sosospider+(+http://help.soso.com/webspider.htm)" "roomfurnish.com"
67.195.115.45 - - [02/Jan/2010:01:08:44 -0800] "GET / HTTP/1.0" 200 2839 "-" "Mozilla/5.0 (compatible; Yahoo! Slurp/3.0; http://help.yahoo.com/help/us/ysearch/slurp)" "roomfurnish.com"
74.222.3.186 - - [02/Jan/2010:01:13:15 -0800] "GET /robots.txt HTTP/1.0" 404 275 "-" "al_viewer (larbin2.6.3@unspecified.mail)" "roomfurnish.com"
74.222.3.186 - - [02/Jan/2010:01:13:15 -0800] "GET / HTTP/1.0" 200 2839 "-" "al_viewer larbin2.6.3@unspecified.mail" "roomfurnish.com"
125.26.43.185 - - [02/Jan/2010:01:17:24 -0800] "GET /html/ HTTP/1.1" 200 29618 "http://www.dtcsolution.com/" "Mozilla/4.0 (compatible; MSIE 7.0; Windows NT 5.1; .NET CLR 2.0.50727; OfficeLiveConnector.1.3; OfficeLivePatch.0.0; AskTB5.3)" "dtcsolution.roomfurnish.com"
125.26.43.185 - - [02/Jan/2010:01:17:25 -0800] "GET /html/images/main_bgs.jpg HTTP/1.1" 404 - "http://dtcsolution.roomfurnish.com/html/" "Mozilla/4.0 (compatible; MSIE 7.0; Windows NT 5.1; .NET CLR 2.0.50727; OfficeLiveConnector.1.3; OfficeLivePatch.0.0; AskTB5.3)" "dtcsolution.roomfurnish.com"
125.26.43.185 - - [02/Jan/2010:01:17:31 -0800] "GET /html/images/name.jpg HTTP/1.1" 200 2150 "http://dtcsolution.roomfurnish.com/html/" "Mozilla/4.0 (compatible; MSIE 7.0; Windows NT 5.1; .NET CLR 2.0.50727; OfficeLiveConnector.1.3; OfficeLivePatch.0.0; AskTB5.3)" "dtcsolution.roomfurnish.com"
220.255.7.141 - - [02/Jan/2010:01:28:48 -0800] "GET /html/ HTTP/1.1" 200 29618 "http://www.dtcsolution.com/" "Mozilla/4.0 (compatible; MSIE 8.0; Windows NT 5.1; Trident/4.0; Mozilla/4.0 (compatible; MSIE 6.0; Windows NT 5.1; SV1) ; .NET CLR 1.1.4322; .NET CLR 2.0.50727; InfoPath.2; .NET CLR 3.0.4506.2152; .NET CLR 3.5.30729; [xSP_2:747f28cc89806cfed96b649e27eafaf8_195]; 877900500903)" "dtcsolution.roomfurnish.com"
220.255.7.232 - - [02/Jan/2010:01:28:49 -0800] "GET /html/images/main_bgs.jpg HTTP/1.1" 404 - "http://dtcsolution.roomfurnish.com/html/" "Mozilla/4.0 (compatible; MSIE 8.0; Windows NT 5.1; Trident/4.0; Mozilla/4.0 (compatible; MSIE 6.0; Windows NT 5.1; SV1) ; .NET CLR 1.1.4322; .NET CLR 2.0.50727; InfoPath.2; .NET CLR 3.0.4506.2152; .NET CLR 3.5.30729; [xSP_2:747f28cc89806cfed96b649e27eafaf8_195]; 877900500903)" "dtcsolution.roomfurnish.com"
220.255.7.213 - - [02/Jan/2010:01:28:49 -0800] "GET /html/images/cchecks.jpg HTTP/1.1" 200 1203 "http://dtcsolution.roomfurnish.com/html/" "Mozilla/4.0 (compatible; MSIE 8.0; Windows NT 5.1; Trident/4.0; Mozilla/4.0 (compatible; MSIE 6.0; Windows NT 5.1; SV1) ; .NET CLR 1.1.4322; .NET CLR 2.0.50727; InfoPath.2; .NET CLR 3.0.4506.2152; .NET CLR 3.5.30729; [xSP_2:747f28cc89806cfed96b649e27eafaf8_195]; 877900500903)" "dtcsolution.roomfurnish.com"
220.255.7.172 - - [02/Jan/2010:01:28:50 -0800] "GET /html/images/w1.jpg HTTP/1.1" 200 3007 "http://dtcsolution.roomfurnish.com/html/" "Mozilla/4.0 (compatible; MSIE 8.0; Windows NT 5.1; Trident/4.0; Mozilla/4.0 (compatible; MSIE 6.0; Windows NT 5.1; SV1) ; .NET CLR 1.1.4322; .NET CLR 2.0.50727; InfoPath.2; .NET CLR 3.0.4506.2152; .NET CLR 3.5.30729; [xSP_2:747f28cc89806cfed96b649e27eafaf8_195]; 877900500903)" "dtcsolution.roomfurnish.com"
220.255.7.102 - - [02/Jan/2010:01:28:50 -0800] "GET /html/images/im2.jpg HTTP/1.1" 200 4990 "http://dtcsolution.roomfurnish.com/html/" "Mozilla/4.0 (compatible; MSIE 8.0; Windows NT 5.1; Trident/4.0; Mozilla/4.0 (compatible; MSIE 6.0; Windows NT 5.1; SV1) ; .NET CLR 1.1.4322; .NET CLR 2.0.50727; InfoPath.2; .NET CLR 3.0.4506.2152; .NET CLR 3.5.30729; [xSP_2:747f28cc89806cfed96b649e27eafaf8_195]; 877900500903)" "dtcsolution.roomfurnish.com"
220.255.7.111 - - [02/Jan/2010:01:28:52 -0800] "GET /html/images/bg1.jpg HTTP/1.1" 200 584 "http://dtcsolution.roomfurnish.com/html/" "Mozilla/4.0 (compatible; MSIE 8.0; Windows NT 5.1; Trident/4.0; Mozilla/4.0 (compatible; MSIE 6.0; Windows NT 5.1; SV1) ; .NET CLR 1.1.4322; .NET CLR 2.0.50727; InfoPath.2; .NET CLR 3.0.4506.2152; .NET CLR 3.5.30729; [xSP_2:747f28cc89806cfed96b649e27eafaf8_195]; 877900500903)" "dtcsolution.roomfurnish.com"
77.88.29.247 - - [02/Jan/2010:01:34:45 -0800] "GET /tmp/sess_680db94c8394e87d17170d7a0453e28d HTTP/1.1" 403 163 "-" "Yandex/1.01.001 (compatible; Win16; I)" "www.roomfurnish.com"
77.88.29.247 - - [02/Jan/2010:02:03:41 -0800] "GET /tmp/sess_20c1c4ab02614626bf3d198922e438cc HTTP/1.1" 403 - "-" "Yandex/1.01.001 (compatible; Win16; I)" "www.roomfurnish.com"
77.88.29.247 - - [02/Jan/2010:02:34:54 -0800] "GET /tmp/sess_794d779f46e0c8861a90eb7daad71092 HTTP/1.1" 403 - "-" "Yandex/1.01.001 (compatible; Win16; I)" "www.roomfurnish.com"
77.88.29.247 - - [02/Jan/2010:03:05:04 -0800] "GET /tmp/sess_dea08a6d7a022ad8997c3d5f86d1bf91 HTTP/1.1" 403 - "-" "Yandex/1.01.001 (compatible; Win16; I)" "www.roomfurnish.com"
59.160.109.233 - - [02/Jan/2010:03:19:47 -0800] "GET / HTTP/1.1" 200 2855 "http://www.synapse.co.in/clients/b2c_yahoostore_homefurnish.shtml" "Mozilla/5.0 (Windows; U; Windows NT 5.1; en-US; rv:1.9.1.6) Gecko/20091201 Firefox/3.5.6 (.NET CLR 2.0.50727)" "www.roomfurnish.com"
59.160.109.233 - - [02/Jan/2010:03:19:49 -0800] "GET /favicon.ico HTTP/1.1" 404 - "-" "Mozilla/5.0 (Windows; U; Windows NT 5.1; en-US; rv:1.9.1.6) Gecko/20091201 Firefox/3.5.6 (.NET CLR 2.0.50727)" "www.roomfurnish.com"
59.160.109.233 - - [02/Jan/2010:03:19:52 -0800] "GET /favicon.ico HTTP/1.1" 404 - "-" "Mozilla/5.0 (Windows; U; Windows NT 5.1; en-US; rv:1.9.1.6) Gecko/20091201 Firefox/3.5.6 (.NET CLR 2.0.50727)" "www.roomfurnish.com"
67.195.115.45 - - [02/Jan/2010:03:24:19 -0800] "GET /dtcsolution/psd/?S=A HTTP/1.0" 200 837 "-" "Mozilla/5.0 (compatible; Yahoo! Slurp/3.0; http://help.yahoo.com/help/us/ysearch/slurp)" "roomfurnish.com"
77.88.29.247 - - [02/Jan/2010:03:26:57 -0800] "GET /dtcsolution/psd/ HTTP/1.1" 200 853 "-" "Yandex/1.01.001 (compatible; Win16; I)" "www.roomfurnish.com"
59.160.109.233 - - [02/Jan/2010:03:31:38 -0800] "GET /classic_blue.html HTTP/1.1" 200 18032 "http://www.roomfurnish.com/" "Mozilla/5.0 (Windows; U; Windows NT 5.1; en-US; rv:1.9.1.6) Gecko/20091201 Firefox/3.5.6 (.NET CLR 2.0.50727)" "www.roomfurnish.com"
77.88.29.247 - - [02/Jan/2010:03:53:43 -0800] "GET /tmp/sess_0a669ac345e71539cc803b696ebe853c HTTP/1.1" 403 - "-" "Yandex/1.01.001 (compatible; Win16; I)" "www.roomfurnish.com"
220.255.7.211 - - [02/Jan/2010:04:04:24 -0800] "GET /html/ HTTP/1.1" 200 29618 "http://www.dtcsolution.com/" "Mozilla/4.0 (compatible; MSIE 8.0; Windows NT 5.1; Trident/4.0; GTB6.3; .NET CLR 1.1.4322; .NET CLR 2.0.50727; InfoPath.1; .NET CLR 3.0.04506.30; .NET CLR 3.0.4506.2152; .NET CLR 3.5.30729)" "dtcsolution.roomfurnish.com"
220.255.7.148 - - [02/Jan/2010:04:04:25 -0800] "GET /html/images/main_bgs.jpg HTTP/1.1" 404 - "http://dtcsolution.roomfurnish.com/html/" "Mozilla/4.0 (compatible; MSIE 8.0; Windows NT 5.1; Trident/4.0; GTB6.3; .NET CLR 1.1.4322; .NET CLR 2.0.50727; InfoPath.1; .NET CLR 3.0.04506.30; .NET CLR 3.0.4506.2152; .NET CLR 3.5.30729)" "dtcsolution.roomfurnish.com"
77.88.29.247 - - [02/Jan/2010:04:21:29 -0800] "GET /tmp/sess_9b04855e22667b3f4960ba25c9ec8b4f HTTP/1.1" 403 - "-" "Yandex/1.01.001 (compatible; Win16; I)" "www.roomfurnish.com"
77.88.29.247 - - [02/Jan/2010:04:47:42 -0800] "GET /tmp/sess_2e3b6852de9bd588529db4b774b38627 HTTP/1.1" 403 - "-" "Yandex/1.01.001 (compatible; Win16; I)" "www.roomfurnish.com"
77.88.29.247 - - [02/Jan/2010:05:14:06 -0800] "GET /tmp/sess_765a7f5d99a5b9eaa3d0fbe1bbce240d HTTP/1.1" 403 163 "-" "Yandex/1.01.001 (compatible; Win16; I)" "www.roomfurnish.com"
77.88.29.247 - - [02/Jan/2010:05:40:31 -0800] "GET /tmp/sess_b2f2f666da483367934cc929af5a6087 HTTP/1.1" 403 163 "-" "Yandex/1.01.001 (compatible; Win16; I)" "www.roomfurnish.com"
38.98.120.84 - - [02/Jan/2010:05:46:15 -0800] "GET /robots.txt HTTP/1.1" 404 275 "-" "ShopWiki/1.0 ( +http://www.shopwiki.com/wiki/Help:Bot)" "www.roomfurnish.com"
8.11.2.9 - - [02/Jan/2010:05:46:16 -0800] "GET / HTTP/1.1" 200 2855 "-" "ShopWiki/1.0 ( +http://www.shopwiki.com/wiki/Help:Bot)" "www.roomfurnish.com"
77.88.29.247 - - [02/Jan/2010:06:06:52 -0800] "GET /tmp/sess_16866a42397b56ae62b26e692faac044 HTTP/1.1" 403 163 "-" "Yandex/1.01.001 (compatible; Win16; I)" "www.roomfurnish.com"
77.88.29.247 - - [02/Jan/2010:06:33:40 -0800] "GET /tmp/sess_e991c1587d1d11062d08939fa8db73ea HTTP/1.1" 403 - "-" "Yandex/1.01.001 (compatible; Win16; I)" "www.roomfurnish.com"
66.249.67.162 - - [02/Jan/2010:06:38:38 -0800] "GET /robots.txt HTTP/1.1" 404 - "-" "Mozilla/5.0 (compatible; Googlebot/2.1; +http://www.google.com/bot.html)" "roomfurnish.com"
77.88.29.247 - - [02/Jan/2010:07:02:19 -0800] "GET /logs/access_070730.log HTTP/1.1" 404 - "-" "Yandex/1.01.001 (compatible; Win16; I)" "www.roomfurnish.com"
77.88.29.247 - - [02/Jan/2010:07:42:36 -0800] "GET /dtcsolution/FONTS/FRAMDCN.TTF HTTP/1.1" 200 122352 "-" "Yandex/1.01.001 (compatible; Win16; I)" "www.roomfurnish.com"
77.88.29.247 - - [02/Jan/2010:08:23:01 -0800] "GET /logs/access.log HTTP/1.1" 200 136112 "-" "Yandex/1.01.001 (compatible; Win16; I)" "www.roomfurnish.com"
67.195.115.45 - - [02/Jan/2010:08:56:08 -0800] "GET /QM/DiningRoom/?M=A HTTP/1.0" 200 2247 "-" "Mozilla/5.0 (compatible; Yahoo! Slurp/3.0; http://help.yahoo.com/help/us/ysearch/slurp)" "roomfurnish.com"
193.47.80.40 - - [02/Jan/2010:09:06:32 -0800] "GET /robots.txt HTTP/1.1" 404 - "-" "Mozilla/5.0 (compatible; Exabot/3.0; +http://www.exabot.com/go/robot)" "www.roomfurnish.com"
193.47.80.40 - - [02/Jan/2010:09:06:33 -0800] "GET /test/images/ HTTP/1.1" 200 688 "-" "Mozilla/5.0 (compatible; Exabot/3.0; +http://www.exabot.com/go/robot)" "www.roomfurnish.com"
67.195.115.45 - - [02/Jan/2010:09:25:11 -0800] "GET /logs/access_090830.log HTTP/1.0" 200 4700150 "-" "Mozilla/5.0 (compatible; Yahoo! Slurp/3.0; http://help.yahoo.com/help/us/ysearch/slurp)" "roomfurnish.com"
88.131.106.21 - - [02/Jan/2010:09:42:12 -0800] "GET /robots.txt HTTP/1.0" 404 - "-" "Speedy Spider (http://www.entireweb.com/about/search_tech/speedy_spider/)" "roomfurnish.com"
88.131.106.21 - - [02/Jan/2010:09:42:16 -0800] "GET /lews.html HTTP/1.0" 404 275 "-" "Speedy Spider (http://www.entireweb.com/about/search_tech/speedy_spider/)" "roomfurnish.com"
216.113.181.67 - - [02/Jan/2010:10:00:37 -0800] "GET /html/ HTTP/1.0" 200 29618 "-" "Mozilla/5.0 (Windows; U; Windows NT 5.0; en-US; rv:1.9.0.6) Gecko/2009011913 Firefox/3.0.6" "dtcsolution.roomfurnish.com"
77.88.29.247 - - [02/Jan/2010:10:04:42 -0800] "GET /logs/access_080930.log HTTP/1.1" 200 197741 "-" "Yandex/1.01.001 (compatible; Win16; I)" "www.roomfurnish.com"
77.88.29.247 - - [02/Jan/2010:10:32:00 -0800] "GET /logs/access_080630.log HTTP/1.1" 200 207168 "-" "Yandex/1.01.001 (compatible; Win16; I)" "www.roomfurnish.com"
124.115.6.11 - - [02/Jan/2010:10:51:45 -0800] "GET /robots.txt HTTP/1.1" 404 - "-" "Sosospider+(+http://help.soso.com/webspider.htm)" "www.roomfurnish.com"
220.255.7.145 - - [02/Jan/2010:11:01:54 -0800] "GET /html/images/main_bgs.jpg HTTP/1.1" 404 - "http://dtcsolution.roomfurnish.com/html/" "Mozilla/5.0 (Windows; U; Windows NT 6.0; en-US; rv:1.9.1.6) Gecko/20091201 Firefox/3.5.6" "dtcsolution.roomfurnish.com"
194.153.113.22 - - [02/Jan/2010:11:04:09 -0800] "GET /robots.txt HTTP/1.1" 404 - "-" "Mozilla/4.0 (compatible; MSIE 5.5; Windows NT 4.0; obot)" "www.roomfurnish.com"
194.153.113.22 - - [02/Jan/2010:11:04:09 -0800] "GET /a51ottosofa.html HTTP/1.1" 404 - "-" "Mozilla/4.0 (compatible; MSIE 5.5; Windows NT 4.0; obot)" "www.roomfurnish.com"
194.153.113.22 - - [02/Jan/2010:11:04:09 -0800] "GET /323pisasofa.html HTTP/1.1" 404 275 "-" "Mozilla/4.0 (compatible; MSIE 5.5; Windows NT 4.0; obot)" "www.roomfurnish.com"
194.153.113.22 - - [02/Jan/2010:11:04:10 -0800] "GET /stsogr.html HTTP/1.1" 404 - "-" "Mozilla/4.0 (compatible; MSIE 5.5; Windows NT 4.0; obot)" "www.roomfurnish.com"
194.153.113.22 - - [02/Jan/2010:11:04:10 -0800] "GET /a281.html HTTP/1.1" 404 - "-" "Mozilla/4.0 (compatible; MSIE 5.5; Windows NT 4.0; obot)" "www.roomfurnish.com"
194.153.113.22 - - [02/Jan/2010:11:04:11 -0800] "GET /index.html HTTP/1.1" 404 - "-" "Mozilla/4.0 (compatible; MSIE 5.5; Windows NT 4.0; obot)" "www.roomfurnish.com"
194.153.113.22 - - [02/Jan/2010:11:04:11 -0800] "GET /349taziosofa.html HTTP/1.1" 404 - "-" "Mozilla/4.0 (compatible; MSIE 5.5; Windows NT 4.0; obot)" "www.roomfurnish.com"
194.153.113.22 - - [02/Jan/2010:11:04:11 -0800] "GET /351romasofa.html HTTP/1.1" 404 - "-" "Mozilla/4.0 (compatible; MSIE 5.5; Windows NT 4.0; obot)" "www.roomfurnish.com"
194.153.113.22 - - [02/Jan/2010:11:04:12 -0800] "GET /gourmetfood.html HTTP/1.1" 404 - "-" "Mozilla/4.0 (compatible; MSIE 5.5; Windows NT 4.0; obot)" "www.roomfurnish.com"
194.153.113.22 - - [02/Jan/2010:11:04:12 -0800] "GET /321sopranosofa.html HTTP/1.1" 404 - "-" "Mozilla/4.0 (compatible; MSIE 5.5; Windows NT 4.0; obot)" "www.roomfurnish.com"
194.153.113.22 - - [02/Jan/2010:11:04:12 -0800] "GET /308dianesofa.html HTTP/1.1" 404 - "-" "Mozilla/4.0 (compatible; MSIE 5.5; Windows NT 4.0; obot)" "www.roomfurnish.com"
194.153.113.22 - - [02/Jan/2010:11:04:13 -0800] "GET /362laziasofa.html HTTP/1.1" 404 - "-" "Mozilla/4.0 (compatible; MSIE 5.5; Windows NT 4.0; obot)" "www.roomfurnish.com"
194.153.113.22 - - [02/Jan/2010:11:04:13 -0800] "GET /chocolate.html HTTP/1.1" 404 - "-" "Mozilla/4.0 (compatible; MSIE 5.5; Windows NT 4.0; obot)" "www.roomfurnish.com"
194.153.113.22 - - [02/Jan/2010:11:04:14 -0800] "GET /a40.html HTTP/1.1" 404 - "-" "Mozilla/4.0 (compatible; MSIE 5.5; Windows NT 4.0; obot)" "www.roomfurnish.com"
194.153.113.22 - - [02/Jan/2010:11:04:14 -0800] "GET /sectionalsofa.html HTTP/1.1" 404 - "-" "Mozilla/4.0 (compatible; MSIE 5.5; Windows NT 4.0; obot)" "www.roomfurnish.com"
194.153.113.22 - - [02/Jan/2010:11:04:14 -0800] "GET /swatch.html HTTP/1.1" 404 - "-" "Mozilla/4.0 (compatible; MSIE 5.5; Windows NT 4.0; obot)" "www.roomfurnish.com"
194.153.113.22 - - [02/Jan/2010:11:04:15 -0800] "GET /373cascinasofa.html HTTP/1.1" 404 - "-" "Mozilla/4.0 (compatible; MSIE 5.5; Windows NT 4.0; obot)" "www.roomfurnish.com"
194.153.113.22 - - [02/Jan/2010:11:04:15 -0800] "GET /b384sera.html HTTP/1.1" 404 - "-" "Mozilla/4.0 (compatible; MSIE 5.5; Windows NT 4.0; obot)" "www.roomfurnish.com"
194.153.113.22 - - [02/Jan/2010:11:04:15 -0800] "GET /342elenasofa.html HTTP/1.1" 404 - "-" "Mozilla/4.0 (compatible; MSIE 5.5; Windows NT 4.0; obot)" "www.roomfurnish.com"
194.153.113.22 - - [02/Jan/2010:11:04:16 -0800] "GET /298vaso.html HTTP/1.1" 404 - "-" "Mozilla/4.0 (compatible; MSIE 5.5; Windows NT 4.0; obot)" "www.roomfurnish.com"
194.153.113.22 - - [02/Jan/2010:11:04:16 -0800] "GET /conatactus.html HTTP/1.1" 404 - "-" "Mozilla/4.0 (compatible; MSIE 5.5; Windows NT 4.0; obot)" "www.roomfurnish.com"
194.153.113.22 - - [02/Jan/2010:11:04:16 -0800] "GET /272molisofa.html HTTP/1.1" 404 - "-" "Mozilla/4.0 (compatible; MSIE 5.5; Windows NT 4.0; obot)" "www.roomfurnish.com"
194.153.113.22 - - [02/Jan/2010:11:04:17 -0800] "GET /a38.html HTTP/1.1" 404 - "-" "Mozilla/4.0 (compatible; MSIE 5.5; Windows NT 4.0; obot)" "www.roomfurnish.com"
194.153.113.22 - - [02/Jan/2010:11:04:21 -0800] "GET /236caso.html HTTP/1.1" 404 - "-" "Mozilla/4.0 (compatible; MSIE 5.5; Windows NT 4.0; obot)" "www.roomfurnish.com"
194.153.113.22 - - [02/Jan/2010:11:04:21 -0800] "GET /lesw.html HTTP/1.1" 404 - "-" "Mozilla/4.0 (compatible; MSIE 5.5; Windows NT 4.0; obot)" "www.roomfurnish.com"
194.153.113.22 - - [02/Jan/2010:11:04:22 -0800] "GET /a53.html HTTP/1.1" 404 - "-" "Mozilla/4.0 (compatible; MSIE 5.5; Windows NT 4.0; obot)" "www.roomfurnish.com"
194.153.113.22 - - [02/Jan/2010:11:04:22 -0800] "GET /329eiffelsofa.html HTTP/1.1" 404 - "-" "Mozilla/4.0 (compatible; MSIE 5.5; Windows NT 4.0; obot)" "www.roomfurnish.com"
194.153.113.22 - - [02/Jan/2010:11:04:22 -0800] "GET /371poppisofa.html HTTP/1.1" 404 - "-" "Mozilla/4.0 (compatible; MSIE 5.5; Windows NT 4.0; obot)" "www.roomfurnish.com"
194.153.113.22 - - [02/Jan/2010:11:04:23 -0800] "GET /b387dolosofa.html HTTP/1.1" 404 - "-" "Mozilla/4.0 (compatible; MSIE 5.5; Windows NT 4.0; obot)" "www.roomfurnish.com"
194.153.113.22 - - [02/Jan/2010:11:04:24 -0800] "GET /leathersofa.html HTTP/1.1" 404 - "-" "Mozilla/4.0 (compatible; MSIE 5.5; Windows NT 4.0; obot)" "www.roomfurnish.com"
194.153.113.22 - - [02/Jan/2010:11:04:24 -0800] "GET /a45.html HTTP/1.1" 404 - "-" "Mozilla/4.0 (compatible; MSIE 5.5; Windows NT 4.0; obot)" "www.roomfurnish.com"
194.153.113.22 - - [02/Jan/2010:11:04:25 -0800] "GET /336brso.html HTTP/1.1" 404 - "-" "Mozilla/4.0 (compatible; MSIE 5.5; Windows NT 4.0; obot)" "www.roomfurnish.com"
194.153.113.22 - - [02/Jan/2010:11:04:25 -0800] "GET /b3maso.html HTTP/1.1" 404 - "-" "Mozilla/4.0 (compatible; MSIE 5.5; Windows NT 4.0; obot)" "www.roomfurnish.com"
194.153.113.22 - - [02/Jan/2010:11:04:26 -0800] "GET /288folisofa.html HTTP/1.1" 404 - "-" "Mozilla/4.0 (compatible; MSIE 5.5; Windows NT 4.0; obot)" "www.roomfurnish.com"
194.153.113.22 - - [02/Jan/2010:11:04:26 -0800] "GET /341pavonasofa.html HTTP/1.1" 404 - "-" "Mozilla/4.0 (compatible; MSIE 5.5; Windows NT 4.0; obot)" "www.roomfurnish.com"
194.153.113.22 - - [02/Jan/2010:11:04:27 -0800] "GET /347licenzasofa.html HTTP/1.1" 404 - "-" "Mozilla/4.0 (compatible; MSIE 5.5; Windows NT 4.0; obot)" "www.roomfurnish.com"
194.153.113.22 - - [02/Jan/2010:11:04:27 -0800] "GET /romasofagroup.html HTTP/1.1" 404 - "-" "Mozilla/4.0 (compatible; MSIE 5.5; Windows NT 4.0; obot)" "www.roomfurnish.com"
194.153.113.22 - - [02/Jan/2010:11:04:28 -0800] "GET /205modenasofa.html HTTP/1.1" 404 - "-" "Mozilla/4.0 (compatible; MSIE 5.5; Windows NT 4.0; obot)" "www.roomfurnish.com"
194.153.113.22 - - [02/Jan/2010:11:04:28 -0800] "GET /clleso.html HTTP/1.1" 404 - "-" "Mozilla/4.0 (compatible; MSIE 5.5; Windows NT 4.0; obot)" "www.roomfurnish.com"
194.153.113.22 - - [02/Jan/2010:11:04:28 -0800] "GET /310camarosofa.html HTTP/1.1" 404 - "-" "Mozilla/4.0 (compatible; MSIE 5.5; Windows NT 4.0; obot)" "www.roomfurnish.com"
194.153.113.22 - - [02/Jan/2010:11:04:29 -0800] "GET /221almosofa.html HTTP/1.1" 404 - "-" "Mozilla/4.0 (compatible; MSIE 5.5; Windows NT 4.0; obot)" "www.roomfurnish.com"
194.153.113.22 - - [02/Jan/2010:11:04:29 -0800] "GET /355florence.html HTTP/1.1" 404 - "-" "Mozilla/4.0 (compatible; MSIE 5.5; Windows NT 4.0; obot)" "www.roomfurnish.com"
194.153.113.22 - - [02/Jan/2010:11:04:30 -0800] "GET /a50qusl.html HTTP/1.1" 404 - "-" "Mozilla/4.0 (compatible; MSIE 5.5; Windows NT 4.0; obot)" "www.roomfurnish.com"
194.153.113.22 - - [02/Jan/2010:11:04:30 -0800] "GET /wisogr.html HTTP/1.1" 404 - "-" "Mozilla/4.0 (compatible; MSIE 5.5; Windows NT 4.0; obot)" "www.roomfurnish.com"
194.153.113.22 - - [02/Jan/2010:11:04:30 -0800] "GET /950imso.html HTTP/1.1" 404 - "-" "Mozilla/4.0 (compatible; MSIE 5.5; Windows NT 4.0; obot)" "www.roomfurnish.com"
194.153.113.22 - - [02/Jan/2010:11:04:31 -0800] "GET /367fortesofa.html HTTP/1.1" 404 275 "-" "Mozilla/4.0 (compatible; MSIE 5.5; Windows NT 4.0; obot)" "www.roomfurnish.com"
194.153.113.22 - - [02/Jan/2010:11:04:31 -0800] "GET /365masianosofa.html HTTP/1.1" 404 - "-" "Mozilla/4.0 (compatible; MSIE 5.5; Windows NT 4.0; obot)" "www.roomfurnish.com"
194.153.113.22 - - [02/Jan/2010:11:04:32 -0800] "GET /luseso.html HTTP/1.1" 404 - "-" "Mozilla/4.0 (compatible; MSIE 5.5; Windows NT 4.0; obot)" "www.roomfurnish.com"
194.153.113.22 - - [02/Jan/2010:11:04:32 -0800] "GET /casogr.html HTTP/1.1" 404 - "-" "Mozilla/4.0 (compatible; MSIE 5.5; Windows NT 4.0; obot)" "www.roomfurnish.com"
194.153.113.22 - - [02/Jan/2010:11:04:32 -0800] "GET /268riccisofa.html HTTP/1.1" 404 - "-" "Mozilla/4.0 (compatible; MSIE 5.5; Windows NT 4.0; obot)" "www.roomfurnish.com"
194.153.113.22 - - [02/Jan/2010:11:04:33 -0800] "GET /elsogr.html HTTP/1.1" 404 - "-" "Mozilla/4.0 (compatible; MSIE 5.5; Windows NT 4.0; obot)" "www.roomfurnish.com"
194.153.113.22 - - [02/Jan/2010:11:04:33 -0800] "GET /303bellosofa.html HTTP/1.1" 404 - "-" "Mozilla/4.0 (compatible; MSIE 5.5; Windows NT 4.0; obot)" "www.roomfurnish.com"
194.153.113.22 - - [02/Jan/2010:11:04:34 -0800] "GET /305silvisofa.html HTTP/1.1" 404 - "-" "Mozilla/4.0 (compatible; MSIE 5.5; Windows NT 4.0; obot)" "www.roomfurnish.com"
194.153.113.22 - - [02/Jan/2010:11:04:34 -0800] "GET /291pompeisofa.html HTTP/1.1" 404 - "-" "Mozilla/4.0 (compatible; MSIE 5.5; Windows NT 4.0; obot)" "www.roomfurnish.com"
194.153.113.22 - - [02/Jan/2010:11:04:34 -0800] "GET /297cabriosofa.html HTTP/1.1" 404 - "-" "Mozilla/4.0 (compatible; MSIE 5.5; Windows NT 4.0; obot)" "www.roomfurnish.com"
194.153.113.22 - - [02/Jan/2010:11:04:35 -0800] "GET /queensleeper1.html HTTP/1.1" 404 - "-" "Mozilla/4.0 (compatible; MSIE 5.5; Windows NT 4.0; obot)" "www.roomfurnish.com"
194.153.113.22 - - [02/Jan/2010:11:04:35 -0800] "GET / HTTP/1.1" 200 2855 "-" "Mozilla/4.0 (compatible; MSIE 5.5; Windows NT 4.0; obot)" "www.roomfurnish.com"
194.153.113.22 - - [02/Jan/2010:11:04:36 -0800] "GET /113-315-325.jpg HTTP/1.1" 200 720896 "-" "Mozilla/4.0 (compatible; MSIE 5.5; Windows NT 4.0; obot)" "www.roomfurnish.com"
194.153.113.22 - - [02/Jan/2010:11:04:42 -0800] "GET /b396lonatosofa.html HTTP/1.1" 404 275 "-" "Mozilla/4.0 (compatible; MSIE 5.5; Windows NT 4.0; obot)" "www.roomfurnish.com"
194.153.113.22 - - [02/Jan/2010:11:04:43 -0800] "GET /a44.html HTTP/1.1" 404 - "-" "Mozilla/4.0 (compatible; MSIE 5.5; Windows NT 4.0; obot)" "www.roomfurnish.com"
208.80.193.30 - - [02/Jan/2010:11:08:01 -0800] "GET / HTTP/1.0" 200 2002 "-" "Mozilla/4.0 (compatible; MSIE 6.0; Windows NT 5.1; SV1; SIMBAR={F88FC6F2-D133-4ee8-B911-199A9D8C331F}; .NET CLR 1.0.3705; .NET CLR 1.1.4322)" "dtcsolution.roomfurnish.com"
77.88.29.247 - - [02/Jan/2010:11:21:30 -0800] "GET /tmp/sess_93753d01525fedcfe00e3179633bf4eb HTTP/1.1" 403 - "-" "Yandex/1.01.001 (compatible; Win16; I)" "www.roomfurnish.com"
72.94.249.37 - - [02/Jan/2010:11:57:11 -0800] "GET / HTTP/1.1" 200 2855 "-" "Mozilla/4.0 (compatible; MSIE 6.0; Windows NT 5.1; SV1; .NET CLR 1.1.4322)" "www.roomfurnish.com"
77.88.29.247 - - [02/Jan/2010:12:07:46 -0800] "GET /tmp/sess_efb254f544102a7a2092755728f54819 HTTP/1.1" 403 - "-" "Yandex/1.01.001 (compatible; Win16; I)" "www.roomfurnish.com"
67.195.113.218 - - [02/Jan/2010:12:30:27 -0800] "GET /robots.txt HTTP/1.0" 404 - "-" "Mozilla/5.0 (compatible; Yahoo! Slurp; http://help.yahoo.com/help/us/ysearch/slurp)" "www.roomfurnish.com"
67.195.113.218 - - [02/Jan/2010:12:30:27 -0800] "GET /QM/Other/?N=D HTTP/1.0" 200 2530 "-" "Mozilla/5.0 (compatible; Yahoo! Slurp/3.0; http://help.yahoo.com/help/us/ysearch/slurp)" "www.roomfurnish.com"
