93.158.145.27 - - [06/Jan/2010:03:26:40 -0800] "GET /tmp/sess_9b04855e22667b3f4960ba25c9ec8b4f HTTP/1.1" 403 - "-" "Yandex/1.01.001 (compatible; Win16; I)" "www.roomfurnish.com"
67.195.113.218 - - [06/Jan/2010:03:27:05 -0800] "GET /?M=A HTTP/1.0" 200 2839 "-" "Mozilla/5.0 (compatible; Yahoo! Slurp/3.0; http://help.yahoo.com/help/us/ysearch/slurp)" "www.roomfurnish.com"
88.131.106.21 - - [06/Jan/2010:03:35:17 -0800] "GET /robots.txt HTTP/1.0" 404 - "-" "Speedy Spider (http://www.entireweb.com/about/search_tech/speedy_spider/)" "roomfurnish.com"
88.131.106.21 - - [06/Jan/2010:03:35:17 -0800] "GET /phpMyAdmin/ HTTP/1.0" 404 275 "-" "Speedy Spider (http://www.entireweb.com/about/search_tech/speedy_spider/)" "roomfurnish.com"
88.131.106.21 - - [06/Jan/2010:03:46:48 -0800] "GET /269riggiosofa.html HTTP/1.0" 404 - "-" "Speedy Spider (http://www.entireweb.com/about/search_tech/speedy_spider/)" "roomfurnish.com"
93.158.145.27 - - [06/Jan/2010:03:53:42 -0800] "GET /logs/access_080330.log HTTP/1.1" 200 0 "-" "Yandex/1.01.001 (compatible; Win16; I)" "www.roomfurnish.com"
220.255.7.114 - - [06/Jan/2010:03:59:37 -0800] "GET /html/ HTTP/1.1" 200 29618 "http://www.dtcsolution.com/" "Mozilla/5.0 (Windows; U; Windows NT 5.1; en-US; rv:1.9.1.6) Gecko/20091201 Firefox/3.5.6" "dtcsolution.roomfurnish.com"
220.255.7.231 - - [06/Jan/2010:03:59:41 -0800] "GET /html/images/main_bgs.jpg HTTP/1.1" 404 - "http://dtcsolution.roomfurnish.com/html/" "Mozilla/5.0 (Windows; U; Windows NT 5.1; en-US; rv:1.9.1.6) Gecko/20091201 Firefox/3.5.6" "dtcsolution.roomfurnish.com"
220.255.7.201 - - [06/Jan/2010:03:59:41 -0800] "GET /html/images/pass.jpg HTTP/1.1" 200 1772 "http://dtcsolution.roomfurnish.com/html/" "Mozilla/5.0 (Windows; U; Windows NT 5.1; en-US; rv:1.9.1.6) Gecko/20091201 Firefox/3.5.6" "dtcsolution.roomfurnish.com"
93.158.145.27 - - [06/Jan/2010:04:20:47 -0800] "GET /tmp/sess_765a7f5d99a5b9eaa3d0fbe1bbce240d HTTP/1.1" 403 - "-" "Yandex/1.01.001 (compatible; Win16; I)" "www.roomfurnish.com"
93.158.145.27 - - [06/Jan/2010:04:48:05 -0800] "GET /tmp/sess_c9fa9f6754970bfa93362866fb151faa HTTP/1.1" 403 163 "-" "Yandex/1.01.001 (compatible; Win16; I)" "www.roomfurnish.com"
65.55.109.203 - - [06/Jan/2010:05:01:47 -0800] "GET / HTTP/1.1" 200 2855 "-" "Mozilla/4.0 (compatible; MSIE 7.0; Windows NT 5.2; SV1; .NET CLR 1.1.4322; .NET CLR 2.0.50727; .NET CLR 3.0.04506.648)" "roomfurnish.com"
220.255.7.147 - - [06/Jan/2010:05:02:17 -0800] "GET /html/images/main_bgs.jpg HTTP/1.1" 404 - "http://dtcsolution.roomfurnish.com/html/" "Mozilla/4.0 (compatible; MSIE 8.0; Windows NT 6.0; Trident/4.0; SLCC1; .NET CLR 2.0.50727; Tablet PC 2.0; .NET CLR 3.5.30729; .NET CLR 3.0.30729)" "dtcsolution.roomfurnish.com"
93.158.145.27 - - [06/Jan/2010:05:15:04 -0800] "GET /tmp/sess_16866a42397b56ae62b26e692faac044 HTTP/1.1" 403 - "-" "Yandex/1.01.001 (compatible; Win16; I)" "www.roomfurnish.com"
72.18.150.14 - - [06/Jan/2010:05:16:22 -0800] "GET / HTTP/1.0" 200 2839 "-" "libwww-perl/5.812" "www.roomfurnish.com"
220.181.7.90 - - [06/Jan/2010:05:21:51 -0800] "GET / HTTP/1.1" 200 2855 "-" "Baiduspider+(+http://www.baidu.com/search/spider.htm)" "roomfurnish.com"
65.46.75.190 - - [06/Jan/2010:05:23:08 -0800] "GET /robots.txt HTTP/1.1" 404 - "-" "ShopWiki/1.0 ( +http://www.shopwiki.com/wiki/Help:Bot)" "www.roomfurnish.com"
38.98.120.94 - - [06/Jan/2010:05:23:09 -0800] "GET / HTTP/1.1" 200 2855 "-" "ShopWiki/1.0 ( +http://www.shopwiki.com/wiki/Help:Bot)" "www.roomfurnish.com"
93.158.145.27 - - [06/Jan/2010:05:42:04 -0800] "GET /tmp/sess_2e3b6852de9bd588529db4b774b38627 HTTP/1.1" 403 - "-" "Yandex/1.01.001 (compatible; Win16; I)" "www.roomfurnish.com"
66.249.68.210 - - [06/Jan/2010:05:52:18 -0800] "GET /robots.txt HTTP/1.1" 404 - "-" "Mozilla/5.0 (compatible; Googlebot/2.1; +http://www.google.com/bot.html)" "roomfurnish.com"
93.158.145.27 - - [06/Jan/2010:06:09:15 -0800] "GET /tmp/sess_3e77047839e3257a47adebfbd4cc180e HTTP/1.1" 403 163 "-" "Yandex/1.01.001 (compatible; Win16; I)" "www.roomfurnish.com"
93.158.145.27 - - [06/Jan/2010:06:36:07 -0800] "GET /logs/access_070730.log HTTP/1.1" 404 - "-" "Yandex/1.01.001 (compatible; Win16; I)" "www.roomfurnish.com"
93.158.145.27 - - [06/Jan/2010:07:14:45 -0800] "GET /dtcsolution/FONTS/FRAMDCN.TTF HTTP/1.1" 200 122352 "-" "Yandex/1.01.001 (compatible; Win16; I)" "www.roomfurnish.com"
88.131.106.21 - - [06/Jan/2010:08:09:40 -0800] "GET /robots.txt HTTP/1.0" 404 - "-" "Speedy Spider (http://www.entireweb.com/about/search_tech/speedy_spider/)" "roomfurnish.com"
88.131.106.21 - - [06/Jan/2010:08:09:42 -0800] "GET /FL/ HTTP/1.0" 200 70792 "-" "Speedy Spider (http://www.entireweb.com/about/search_tech/speedy_spider/)" "roomfurnish.com"
88.131.106.21 - - [06/Jan/2010:08:38:58 -0800] "GET /g-2028.html HTTP/1.0" 404 - "-" "Speedy Spider (http://www.entireweb.com/about/search_tech/speedy_spider/)" "roomfurnish.com"
67.195.113.218 - - [06/Jan/2010:08:41:46 -0800] "GET /robots.txt HTTP/1.0" 404 - "-" "Mozilla/5.0 (compatible; Yahoo! Slurp; http://help.yahoo.com/help/us/ysearch/slurp)" "www.roomfurnish.com"
208.80.193.30 - - [06/Jan/2010:08:49:49 -0800] "GET / HTTP/1.0" 200 2002 "-" "Mozilla/4.0 (compatible; MSIE 6.0; Windows NT 5.1; .NET CLR 1.1.4322; PeoplePal 3.0; PeoplePal 6.2)" "dtcsolution.roomfurnish.com"
65.55.106.133 - - [06/Jan/2010:09:16:02 -0800] "GET /robots.txt HTTP/1.1" 404 - "-" "msnbot/2.0b (+http://search.msn.com/msnbot.htm)" "roomfurnish.com"
65.55.106.133 - - [06/Jan/2010:09:17:43 -0800] "GET /?N=D HTTP/1.1" 200 2855 "-" "msnbot/2.0b (+http://search.msn.com/msnbot.htm)" "roomfurnish.com"
93.158.145.27 - - [06/Jan/2010:10:53:49 -0800] "GET /logs/access_090530.log HTTP/1.1" 200 0 "-" "Yandex/1.01.001 (compatible; Win16; I)" "www.roomfurnish.com"
83.167.62.170 - - [06/Jan/2010:10:58:03 -0800] "GET /robots.txt HTTP/1.1" 404 - "-" "Mozilla/5.0 (compatible; Exabot/3.0 (BiggerBetter); +http://www.exabot.com/go/robot)" "roomfurnish.com"
83.167.62.170 - - [06/Jan/2010:10:58:04 -0800] "GET /FL/?S=D HTTP/1.1" 200 70819 "-" "Mozilla/5.0 (compatible; Exabot/3.0 (BiggerBetter); +http://www.exabot.com/go/robot)" "roomfurnish.com"
83.167.62.170 - - [06/Jan/2010:10:58:09 -0800] "GET /dtcsolution/FONTS/HELIOSEX.PFM HTTP/1.1" 200 680 "-" "Mozilla/5.0 (compatible; Exabot/3.0 (BiggerBetter); +http://www.exabot.com/go/robot)" "roomfurnish.com"
93.158.145.27 - - [06/Jan/2010:11:23:56 -0800] "GET /logs/access_071030.log HTTP/1.1" 200 0 "-" "Yandex/1.01.001 (compatible; Win16; I)" "www.roomfurnish.com"
67.195.113.218 - - [06/Jan/2010:11:46:57 -0800] "GET /dtcsolution/ HTTP/1.0" 200 2024 "-" "Mozilla/5.0 (compatible; Yahoo! Slurp/3.0; http://help.yahoo.com/help/us/ysearch/slurp)" "www.roomfurnish.com"
93.158.145.27 - - [06/Jan/2010:11:55:27 -0800] "GET /tmp/sess_f6c518bddc54ee54eb3e89724e692964 HTTP/1.1" 403 163 "-" "Yandex/1.01.001 (compatible; Win16; I)" "www.roomfurnish.com"
67.195.115.97 - - [06/Jan/2010:12:21:18 -0800] "GET /robots.txt HTTP/1.0" 404 - "-" "Mozilla/5.0 (compatible; Yahoo! Slurp; http://help.yahoo.com/help/us/ysearch/slurp)" "roomfurnish.com"
93.158.145.27 - - [06/Jan/2010:12:30:30 -0800] "GET /robots.txt HTTP/1.1" 404 - "-" "Yandex/1.01.001 (compatible; Win16; I)" "www.roomfurnish.com"
124.115.6.11 - - [06/Jan/2010:12:56:38 -0800] "GET /robots.txt HTTP/1.1" 404 - "-" "Sosospider+(+http://help.soso.com/webspider.htm)" "roomfurnish.com"
93.158.145.27 - - [06/Jan/2010:13:02:30 -0800] "GET /FRABK.TTF HTTP/1.1" 200 141768 "-" "Yandex/1.01.001 (compatible; Win16; I)" "www.roomfurnish.com"
67.195.113.218 - - [06/Jan/2010:13:07:14 -0800] "GET /QM/?N=A HTTP/1.0" 200 1324 "-" "Mozilla/5.0 (compatible; Yahoo! Slurp/3.0; http://help.yahoo.com/help/us/ysearch/slurp)" "www.roomfurnish.com"
119.63.198.41 - - [06/Jan/2010:13:13:27 -0800] "GET /robots.txt HTTP/1.1" 404 - "-" "Baiduspider+(+http://www.baidu.com/search/spider.htm)" "roomfurnish.com"
208.80.193.44 - - [06/Jan/2010:13:16:34 -0800] "GET / HTTP/1.0" 200 2839 "-" "Mozilla/4.0 (compatible; MSIE 7.0; AOL 9.0; Windows NT 5.1; FunWebProducts; .NET CLR 1.1.4322; InfoPath.2)" "www.roomfurnish.com"
208.80.193.44 - - [06/Jan/2010:13:16:34 -0800] "GET / HTTP/1.0" 200 2839 "-" "Mozilla/4.0 (compatible; MSIE 7.0; Windows NT 5.1; LocalNet3; .NET CLR 1.1.4322)" "roomfurnish.com"
93.158.145.27 - - [06/Jan/2010:13:36:53 -0800] "GET /tmp/sess_5c8a90495e9192f5f945f357b14625a3 HTTP/1.1" 403 - "-" "Yandex/1.01.001 (compatible; Win16; I)" "www.roomfurnish.com"
174.129.49.119 - - [06/Jan/2010:13:44:41 -0800] "GET /robots.txt HTTP/1.0" 404 - "-" "taptubot *** please read http://www.taptu.com/corp/taptubot ***" "roomfurnish.com"
174.129.49.119 - - [06/Jan/2010:13:44:46 -0800] "GET / HTTP/1.0" 200 2839 "-" "Mozilla/5.0 (iPhone; U; CPU like Mac OS X; en) AppleWebKit/420+ (KHTML, like Gecko) Version/3.0 Mobile/1A543a Safari/419.3" "roomfurnish.com"
174.129.49.119 - - [06/Jan/2010:13:44:57 -0800] "GET /apple-touch-icon.png HTTP/1.0" 404 - "-" "Mozilla/5.0 (iPhone; U; CPU like Mac OS X; en) AppleWebKit/420+ (KHTML, like Gecko) Version/3.0 Mobile/1A543a Safari/419.3" "roomfurnish.com"
174.129.49.119 - - [06/Jan/2010:13:45:18 -0800] "GET / HTTP/1.0" 200 2839 "-" "Mozilla/5.0 (iPhone; U; CPU like Mac OS X; en) AppleWebKit/420+ (KHTML, like Gecko) Version/3.0 Mobile/1A543a Safari/419.3" "www.roomfurnish.com"
174.129.49.119 - - [06/Jan/2010:13:45:39 -0800] "GET /iphone/ HTTP/1.0" 404 - "-" "Mozilla/5.0 (iPhone; U; CPU like Mac OS X; en) AppleWebKit/420+ (KHTML, like Gecko) Version/3.0 Mobile/1A543a Safari/419.3" "roomfurnish.com"
174.129.49.119 - - [06/Jan/2010:13:45:39 -0800] "GET /mobile/ HTTP/1.0" 404 - "-" "Mozilla/5.0 (iPhone; U; CPU like Mac OS X; en) AppleWebKit/420+ (KHTML, like Gecko) Version/3.0 Mobile/1A543a Safari/419.3" "roomfurnish.com"
174.129.49.119 - - [06/Jan/2010:13:45:39 -0800] "GET /m/ HTTP/1.0" 404 - "-" "Mozilla/5.0 (iPhone; U; CPU like Mac OS X; en) AppleWebKit/420+ (KHTML, like Gecko) Version/3.0 Mobile/1A543a Safari/419.3" "roomfurnish.com"
174.129.49.119 - - [06/Jan/2010:13:45:43 -0800] "GET /mobi/ HTTP/1.0" 404 - "-" "Mozilla/5.0 (iPhone; U; CPU like Mac OS X; en) AppleWebKit/420+ (KHTML, like Gecko) Version/3.0 Mobile/1A543a Safari/419.3" "roomfurnish.com"
174.129.49.119 - - [06/Jan/2010:13:45:43 -0800] "GET /iphone/ HTTP/1.0" 404 - "-" "Mozilla/5.0 (iPhone; U; CPU like Mac OS X; en) AppleWebKit/420+ (KHTML, like Gecko) Version/3.0 Mobile/1A543a Safari/419.3" "www.roomfurnish.com"
174.129.49.119 - - [06/Jan/2010:13:45:51 -0800] "GET /mobile/ HTTP/1.0" 404 - "-" "Mozilla/5.0 (iPhone; U; CPU like Mac OS X; en) AppleWebKit/420+ (KHTML, like Gecko) Version/3.0 Mobile/1A543a Safari/419.3" "www.roomfurnish.com"
174.129.49.119 - - [06/Jan/2010:13:45:52 -0800] "GET /m/ HTTP/1.0" 404 - "-" "Mozilla/5.0 (iPhone; U; CPU like Mac OS X; en) AppleWebKit/420+ (KHTML, like Gecko) Version/3.0 Mobile/1A543a Safari/419.3" "www.roomfurnish.com"
174.129.49.119 - - [06/Jan/2010:13:45:52 -0800] "GET /mobi/ HTTP/1.0" 404 - "-" "Mozilla/5.0 (iPhone; U; CPU like Mac OS X; en) AppleWebKit/420+ (KHTML, like Gecko) Version/3.0 Mobile/1A543a Safari/419.3" "www.roomfurnish.com"
174.129.49.119 - - [06/Jan/2010:13:45:53 -0800] "GET / HTTP/1.0" 200 2839 "-" "Mozilla/5.0 (Windows; U; Windows NT 5.1; en-GB; rv:1.8.1.6; taptu-downloader) Gecko/20070725 Firefox/2.0.0.6" "roomfurnish.com"
124.115.1.59 - - [06/Jan/2010:14:03:11 -0800] "GET / HTTP/1.1" 200 2855 "-" "Mozilla/4.0 (compatible; MSIE 6.0; Windows NT 5.1)" "www.roomfurnish.com"
93.158.145.27 - - [06/Jan/2010:14:09:06 -0800] "GET /logs/access_091030.log HTTP/1.1" 200 0 "-" "Yandex/1.01.001 (compatible; Win16; I)" "www.roomfurnish.com"
174.129.117.129 - - [06/Jan/2010:14:38:44 -0800] "GET /favicon.ico HTTP/1.1" 404 275 "-" "-" "roomfurnish.com"
93.158.145.27 - - [06/Jan/2010:14:41:48 -0800] "GET /tmp/sess_cfa7c25c2978581889bbff83f181af6c HTTP/1.1" 403 - "-" "Yandex/1.01.001 (compatible; Win16; I)" "www.roomfurnish.com"
93.158.145.27 - - [06/Jan/2010:15:14:33 -0800] "GET /classic_blue.html HTTP/1.1" 200 18032 "-" "Yandex/1.01.001 (compatible; Win16; I)" "www.roomfurnish.com"
93.158.145.27 - - [06/Jan/2010:15:46:37 -0800] "GET /tmp/sess_74c6f4a3f336449fec4ef54521e9d5ef HTTP/1.1" 403 - "-" "Yandex/1.01.001 (compatible; Win16; I)" "www.roomfurnish.com"
93.158.145.27 - - [06/Jan/2010:16:19:03 -0800] "GET /logs/access_091230.log HTTP/1.1" 200 0 "-" "Yandex/1.01.001 (compatible; Win16; I)" "www.roomfurnish.com"
210.24.213.109 - - [06/Jan/2010:16:35:18 -0800] "GET /dtcsolution/html/images/DeltaCom_Logo.jpg HTTP/1.1" 200 71109 "http://cgi.ebay.com.sg/Computer-Desktop-Repair-and-Services-Call-us-6100-7234_W0QQitemZ250518641225QQcmdZViewItemQQssPageNameZRSS:B:SRCH:SG:102" "Mozilla/4.0 (compatible; MSIE 7.0; Windows NT 6.0; Mozilla/4.0 (compatible; MSIE 6.0; Windows NT 5.1; SV1) ; SLCC1; .NET CLR 2.0.50727; .NET CLR 3.5.30729; .NET CLR 3.0.30618; OfficeLiveConnector.1.3; OfficeLivePatch.0.0)" "site.roomfurnish.com"
93.158.145.27 - - [06/Jan/2010:16:51:05 -0800] "GET /logs/access_090130.log HTTP/1.1" 200 0 "-" "Yandex/1.01.001 (compatible; Win16; I)" "www.roomfurnish.com"
65.55.106.157 - - [06/Jan/2010:16:56:57 -0800] "GET /robots.txt HTTP/1.1" 404 - "-" "msnbot/2.0b (+http://search.msn.com/msnbot.htm)" "dtcsolution.roomfurnish.com"
65.55.106.157 - - [06/Jan/2010:16:58:14 -0800] "GET /html/ HTTP/1.1" 200 29618 "-" "msnbot/2.0b (+http://search.msn.com/msnbot.htm)" "dtcsolution.roomfurnish.com"
93.158.145.27 - - [06/Jan/2010:17:28:35 -0800] "GET /logs/access_081230.log HTTP/1.1" 200 0 "-" "Yandex/1.01.001 (compatible; Win16; I)" "www.roomfurnish.com"
93.158.145.27 - - [06/Jan/2010:18:00:39 -0800] "GET /tmp/sess_bdaf8b2d15c334022c02eab702a88ecb HTTP/1.1" 403 - "-" "Yandex/1.01.001 (compatible; Win16; I)" "www.roomfurnish.com"
65.55.106.231 - - [06/Jan/2010:18:05:09 -0800] "GET /robots.txt HTTP/1.1" 404 - "-" "msnbot/2.0b (+http://search.msn.com/msnbot.htm)" "roomfurnish.com"
65.55.106.231 - - [06/Jan/2010:18:06:17 -0800] "GET /BOSSTON/ HTTP/1.1" 200 944 "-" "msnbot/2.0b (+http://search.msn.com/msnbot.htm)" "roomfurnish.com"
67.195.113.218 - - [06/Jan/2010:18:21:59 -0800] "GET /QM/DiningRoom/ HTTP/1.0" 200 2247 "-" "Mozilla/5.0 (compatible; Yahoo! Slurp/3.0; http://help.yahoo.com/help/us/ysearch/slurp)" "www.roomfurnish.com"
93.158.145.27 - - [06/Jan/2010:18:33:15 -0800] "GET /logs/access_070930.log HTTP/1.1" 200 0 "-" "Yandex/1.01.001 (compatible; Win16; I)" "www.roomfurnish.com"
93.158.145.27 - - [06/Jan/2010:19:05:56 -0800] "GET /tmp/sess_93eec51dff26ed754fb7f4df2c408911 HTTP/1.1" 403 163 "-" "Yandex/1.01.001 (compatible; Win16; I)" "www.roomfurnish.com"
67.195.113.218 - - [06/Jan/2010:19:24:29 -0800] "GET /robots.txt HTTP/1.0" 404 - "-" "Mozilla/5.0 (compatible; Yahoo! Slurp; http://help.yahoo.com/help/us/ysearch/slurp)" "www.roomfurnish.com"
67.195.113.218 - - [06/Jan/2010:19:24:29 -0800] "GET / HTTP/1.0" 200 2839 "-" "Mozilla/5.0 (compatible; Yahoo! Slurp/3.0; http://help.yahoo.com/help/us/ysearch/slurp)" "www.roomfurnish.com"
93.158.145.27 - - [06/Jan/2010:19:37:57 -0800] "GET /tmp/sess_b52765f242d2608acc514a63bb91ef8c HTTP/1.1" 403 - "-" "Yandex/1.01.001 (compatible; Win16; I)" "www.roomfurnish.com"
65.55.207.26 - - [06/Jan/2010:19:54:09 -0800] "GET /robots.txt HTTP/1.1" 404 - "-" "msnbot/2.0b (+http://search.msn.com/msnbot.htm)" "dtcsolution.roomfurnish.com"
65.55.207.26 - - [06/Jan/2010:19:55:14 -0800] "GET /html/ HTTP/1.1" 200 29618 "-" "msnbot/2.0b (+http://search.msn.com/msnbot.htm)" "dtcsolution.roomfurnish.com"
202.63.128.18 - - [06/Jan/2010:20:07:18 -0800] "GET /html/ HTTP/1.1" 200 29618 "http://www.dtcsolution.com/" "Mozilla/4.0 (compatible; MSIE 8.0; Windows NT 6.0; Trident/4.0; FBSMTWB; Ant.com Toolbar 1.6; SLCC1; .NET CLR 2.0.50727; .NET CLR 3.5.30729; .NET CLR 3.0.30618; AskTB5.3)" "dtcsolution.roomfurnish.com"
202.63.128.18 - - [06/Jan/2010:20:07:20 -0800] "GET /html/images/main_bgs.jpg HTTP/1.1" 404 - "http://dtcsolution.roomfurnish.com/html/" "Mozilla/4.0 (compatible; MSIE 8.0; Windows NT 6.0; Trident/4.0; FBSMTWB; Ant.com Toolbar 1.6; SLCC1; .NET CLR 2.0.50727; .NET CLR 3.5.30729; .NET CLR 3.0.30618; AskTB5.3)" "dtcsolution.roomfurnish.com"
202.63.128.18 - - [06/Jan/2010:20:07:21 -0800] "GET /html/images/pass.jpg HTTP/1.1" 200 1772 "http://dtcsolution.roomfurnish.com/html/" "Mozilla/4.0 (compatible; MSIE 8.0; Windows NT 6.0; Trident/4.0; FBSMTWB; Ant.com Toolbar 1.6; SLCC1; .NET CLR 2.0.50727; .NET CLR 3.5.30729; .NET CLR 3.0.30618; AskTB5.3)" "dtcsolution.roomfurnish.com"
202.63.128.18 - - [06/Jan/2010:20:07:21 -0800] "GET /html/images/b4.jpg HTTP/1.1" 200 23703 "http://dtcsolution.roomfurnish.com/html/" "Mozilla/4.0 (compatible; MSIE 8.0; Windows NT 6.0; Trident/4.0; FBSMTWB; Ant.com Toolbar 1.6; SLCC1; .NET CLR 2.0.50727; .NET CLR 3.5.30729; .NET CLR 3.0.30618; AskTB5.3)" "dtcsolution.roomfurnish.com"
93.158.145.27 - - [06/Jan/2010:20:10:31 -0800] "GET /logs/access_090730.log HTTP/1.1" 200 0 "-" "Yandex/1.01.001 (compatible; Win16; I)" "www.roomfurnish.com"
193.47.80.40 - - [06/Jan/2010:20:18:17 -0800] "GET /robots.txt HTTP/1.1" 404 - "-" "Mozilla/5.0 (compatible; Exabot/3.0; +http://www.exabot.com/go/robot)" "www.roomfurnish.com"
193.47.80.40 - - [06/Jan/2010:20:18:17 -0800] "GET /tmp/ HTTP/1.1" 200 13467 "-" "Mozilla/5.0 (compatible; Exabot/3.0; +http://www.exabot.com/go/robot)" "www.roomfurnish.com"
93.158.145.27 - - [06/Jan/2010:20:57:42 -0800] "GET /tmp/sess_7f368627da7f28d308b4bf1ba468469e HTTP/1.1" 403 163 "-" "Yandex/1.01.001 (compatible; Win16; I)" "www.roomfurnish.com"
125.162.84.44 - - [06/Jan/2010:21:00:01 -0800] "GET /html/ HTTP/1.1" 200 29618 "http://www.dtcsolution.com/" "Mozilla/4.0 (compatible; MSIE 6.0; Windows NT 5.1; SV1)" "dtcsolution.roomfurnish.com"
125.162.84.44 - - [06/Jan/2010:21:00:02 -0800] "GET /html/images/main_bgs.jpg HTTP/1.1" 404 - "http://dtcsolution.roomfurnish.com/html/" "Mozilla/4.0 (compatible; MSIE 6.0; Windows NT 5.1; SV1)" "dtcsolution.roomfurnish.com"
125.162.84.44 - - [06/Jan/2010:21:00:02 -0800] "GET /html/images/spacer.gif HTTP/1.1" 200 43 "http://dtcsolution.roomfurnish.com/html/" "Mozilla/4.0 (compatible; MSIE 6.0; Windows NT 5.1; SV1)" "dtcsolution.roomfurnish.com"
124.122.128.84 - - [06/Jan/2010:21:08:30 -0800] "GET /html/ HTTP/1.1" 200 29618 "http://www.dtcsolution.com/" "Mozilla/4.0 (compatible; MSIE 7.0; Windows NT 5.1; .NET CLR 2.0.50727)" "dtcsolution.roomfurnish.com"
124.122.128.84 - - [06/Jan/2010:21:08:31 -0800] "GET /html/images/main_bgs.jpg HTTP/1.1" 404 - "http://dtcsolution.roomfurnish.com/html/" "Mozilla/4.0 (compatible; MSIE 7.0; Windows NT 5.1; .NET CLR 2.0.50727)" "dtcsolution.roomfurnish.com"
124.122.128.84 - - [06/Jan/2010:21:08:32 -0800] "GET /html/images/1.jpg HTTP/1.1" 304 - "http://dtcsolution.roomfurnish.com/html/" "Mozilla/4.0 (compatible; MSIE 7.0; Windows NT 5.1; .NET CLR 2.0.50727)" "dtcsolution.roomfurnish.com"
124.122.128.84 - - [06/Jan/2010:21:08:32 -0800] "GET /html/images/spacer.gif HTTP/1.1" 304 - "http://dtcsolution.roomfurnish.com/html/" "Mozilla/4.0 (compatible; MSIE 7.0; Windows NT 5.1; .NET CLR 2.0.50727)" "dtcsolution.roomfurnish.com"
124.122.128.84 - - [06/Jan/2010:21:08:32 -0800] "GET /html/images/2.jpg HTTP/1.1" 304 - "http://dtcsolution.roomfurnish.com/html/" "Mozilla/4.0 (compatible; MSIE 7.0; Windows NT 5.1; .NET CLR 2.0.50727)" "dtcsolution.roomfurnish.com"
124.122.128.84 - - [06/Jan/2010:21:08:33 -0800] "GET /html/images/but1.jpg HTTP/1.1" 304 - "http://dtcsolution.roomfurnish.com/html/" "Mozilla/4.0 (compatible; MSIE 7.0; Windows NT 5.1; .NET CLR 2.0.50727)" "dtcsolution.roomfurnish.com"
124.122.128.84 - - [06/Jan/2010:21:08:34 -0800] "GET /html/images/b.jpg HTTP/1.1" 304 - "http://dtcsolution.roomfurnish.com/html/" "Mozilla/4.0 (compatible; MSIE 7.0; Windows NT 5.1; .NET CLR 2.0.50727)" "dtcsolution.roomfurnish.com"
124.122.128.84 - - [06/Jan/2010:21:08:34 -0800] "GET /html/images/pass.jpg HTTP/1.1" 304 - "http://dtcsolution.roomfurnish.com/html/" "Mozilla/4.0 (compatible; MSIE 7.0; Windows NT 5.1; .NET CLR 2.0.50727)" "dtcsolution.roomfurnish.com"
124.122.128.84 - - [06/Jan/2010:21:08:34 -0800] "GET /html/images/name.jpg HTTP/1.1" 200 2150 "http://dtcsolution.roomfurnish.com/html/" "Mozilla/4.0 (compatible; MSIE 7.0; Windows NT 5.1; .NET CLR 2.0.50727)" "dtcsolution.roomfurnish.com"
124.122.128.84 - - [06/Jan/2010:21:08:34 -0800] "GET /html/images/wwww.jpg HTTP/1.1" 304 - "http://dtcsolution.roomfurnish.com/html/" "Mozilla/4.0 (compatible; MSIE 7.0; Windows NT 5.1; .NET CLR 2.0.50727)" "dtcsolution.roomfurnish.com"
124.122.128.84 - - [06/Jan/2010:21:08:35 -0800] "GET /html/images/cchecks.jpg HTTP/1.1" 200 1203 "http://dtcsolution.roomfurnish.com/html/" "Mozilla/4.0 (compatible; MSIE 7.0; Windows NT 5.1; .NET CLR 2.0.50727)" "dtcsolution.roomfurnish.com"
124.122.128.84 - - [06/Jan/2010:21:08:35 -0800] "GET /html/images/cchecks1.jpg HTTP/1.1" 200 18380 "http://dtcsolution.roomfurnish.com/html/" "Mozilla/4.0 (compatible; MSIE 7.0; Windows NT 5.1; .NET CLR 2.0.50727)" "dtcsolution.roomfurnish.com"
124.122.128.84 - - [06/Jan/2010:21:08:36 -0800] "GET /html/images/bg.jpg HTTP/1.1" 304 - "http://dtcsolution.roomfurnish.com/html/" "Mozilla/4.0 (compatible; MSIE 7.0; Windows NT 5.1; .NET CLR 2.0.50727)" "dtcsolution.roomfurnish.com"
124.122.128.84 - - [06/Jan/2010:21:08:36 -0800] "GET /html/images/menu1.jpg HTTP/1.1" 304 - "http://dtcsolution.roomfurnish.com/html/" "Mozilla/4.0 (compatible; MSIE 7.0; Windows NT 5.1; .NET CLR 2.0.50727)" "dtcsolution.roomfurnish.com"
124.122.128.84 - - [06/Jan/2010:21:08:37 -0800] "GET /html/images/menu2.jpg HTTP/1.1" 200 5107 "http://dtcsolution.roomfurnish.com/html/" "Mozilla/4.0 (compatible; MSIE 7.0; Windows NT 5.1; .NET CLR 2.0.50727)" "dtcsolution.roomfurnish.com"
124.122.128.84 - - [06/Jan/2010:21:08:37 -0800] "GET /html/images/menu3.jpg HTTP/1.1" 304 - "http://dtcsolution.roomfurnish.com/html/" "Mozilla/4.0 (compatible; MSIE 7.0; Windows NT 5.1; .NET CLR 2.0.50727)" "dtcsolution.roomfurnish.com"
124.122.128.84 - - [06/Jan/2010:21:08:38 -0800] "GET /html/images/menu4.jpg HTTP/1.1" 304 - "http://dtcsolution.roomfurnish.com/html/" "Mozilla/4.0 (compatible; MSIE 7.0; Windows NT 5.1; .NET CLR 2.0.50727)" "dtcsolution.roomfurnish.com"
124.122.128.84 - - [06/Jan/2010:21:08:38 -0800] "GET /html/images/menu5.jpg HTTP/1.1" 304 - "http://dtcsolution.roomfurnish.com/html/" "Mozilla/4.0 (compatible; MSIE 7.0; Windows NT 5.1; .NET CLR 2.0.50727)" "dtcsolution.roomfurnish.com"
124.122.128.84 - - [06/Jan/2010:21:08:39 -0800] "GET /html/images/bg1.jpg HTTP/1.1" 304 - "http://dtcsolution.roomfurnish.com/html/" "Mozilla/4.0 (compatible; MSIE 7.0; Windows NT 5.1; .NET CLR 2.0.50727)" "dtcsolution.roomfurnish.com"
124.122.128.84 - - [06/Jan/2010:21:08:39 -0800] "GET /html/images/bottom.jpg HTTP/1.1" 304 - "http://dtcsolution.roomfurnish.com/html/" "Mozilla/4.0 (compatible; MSIE 7.0; Windows NT 5.1; .NET CLR 2.0.50727)" "dtcsolution.roomfurnish.com"
220.255.7.198 - - [06/Jan/2010:21:09:25 -0800] "GET /html/ HTTP/1.1" 200 29618 "http://www.dtcsolution.com/" "Mozilla/4.0 (compatible; MSIE 7.0; Windows NT 5.1; FunWebProducts; SIMBAR={03C8CE3F-C16F-489F-9527-18377335A2A5}; FBSMTWB; .NET CLR 1.1.4322; .NET CLR 2.0.50727; .NET CLR 3.0.04506.30; .NET CLR 3.0.04506.648; .NET CLR 3.0.4506.2152; .NET CLR 3.5.30729; Zango 10.3.75.0)" "dtcsolution.roomfurnish.com"
220.255.7.236 - - [06/Jan/2010:21:09:26 -0800] "GET /html/images/main_bgs.jpg HTTP/1.1" 404 - "http://dtcsolution.roomfurnish.com/html/" "Mozilla/4.0 (compatible; MSIE 7.0; Windows NT 5.1; FunWebProducts; SIMBAR={03C8CE3F-C16F-489F-9527-18377335A2A5}; FBSMTWB; .NET CLR 1.1.4322; .NET CLR 2.0.50727; .NET CLR 3.0.04506.30; .NET CLR 3.0.04506.648; .NET CLR 3.0.4506.2152; .NET CLR 3.5.30729; Zango 10.3.75.0)" "dtcsolution.roomfurnish.com"
220.255.7.198 - - [06/Jan/2010:21:09:26 -0800] "GET /html/images/bg.jpg HTTP/1.1" 200 549 "http://dtcsolution.roomfurnish.com/html/" "Mozilla/4.0 (compatible; MSIE 7.0; Windows NT 5.1; FunWebProducts; SIMBAR={03C8CE3F-C16F-489F-9527-18377335A2A5}; FBSMTWB; .NET CLR 1.1.4322; .NET CLR 2.0.50727; .NET CLR 3.0.04506.30; .NET CLR 3.0.04506.648; .NET CLR 3.0.4506.2152; .NET CLR 3.5.30729; Zango 10.3.75.0)" "dtcsolution.roomfurnish.com"
220.255.7.157 - - [06/Jan/2010:21:09:26 -0800] "GET /html/images/b5.jpg HTTP/1.1" 200 25484 "http://dtcsolution.roomfurnish.com/html/" "Mozilla/4.0 (compatible; MSIE 7.0; Windows NT 5.1; FunWebProducts; SIMBAR={03C8CE3F-C16F-489F-9527-18377335A2A5}; FBSMTWB; .NET CLR 1.1.4322; .NET CLR 2.0.50727; .NET CLR 3.0.04506.30; .NET CLR 3.0.04506.648; .NET CLR 3.0.4506.2152; .NET CLR 3.5.30729; Zango 10.3.75.0)" "dtcsolution.roomfurnish.com"
220.255.7.221 - - [06/Jan/2010:21:09:26 -0800] "GET /html/images/b1.jpg HTTP/1.1" 200 22950 "http://dtcsolution.roomfurnish.com/html/" "Mozilla/4.0 (compatible; MSIE 7.0; Windows NT 5.1; FunWebProducts; SIMBAR={03C8CE3F-C16F-489F-9527-18377335A2A5}; FBSMTWB; .NET CLR 1.1.4322; .NET CLR 2.0.50727; .NET CLR 3.0.04506.30; .NET CLR 3.0.04506.648; .NET CLR 3.0.4506.2152; .NET CLR 3.5.30729; Zango 10.3.75.0)" "dtcsolution.roomfurnish.com"
220.255.7.154 - - [06/Jan/2010:21:09:27 -0800] "GET /html/images/im.jpg HTTP/1.1" 200 7429 "http://dtcsolution.roomfurnish.com/html/" "Mozilla/4.0 (compatible; MSIE 7.0; Windows NT 5.1; FunWebProducts; SIMBAR={03C8CE3F-C16F-489F-9527-18377335A2A5}; FBSMTWB; .NET CLR 1.1.4322; .NET CLR 2.0.50727; .NET CLR 3.0.04506.30; .NET CLR 3.0.04506.648; .NET CLR 3.0.4506.2152; .NET CLR 3.5.30729; Zango 10.3.75.0)" "dtcsolution.roomfurnish.com"
220.255.7.118 - - [06/Jan/2010:21:09:27 -0800] "GET /html/images/bg1.jpg HTTP/1.1" 200 584 "http://dtcsolution.roomfurnish.com/html/" "Mozilla/4.0 (compatible; MSIE 7.0; Windows NT 5.1; FunWebProducts; SIMBAR={03C8CE3F-C16F-489F-9527-18377335A2A5}; FBSMTWB; .NET CLR 1.1.4322; .NET CLR 2.0.50727; .NET CLR 3.0.04506.30; .NET CLR 3.0.04506.648; .NET CLR 3.0.4506.2152; .NET CLR 3.5.30729; Zango 10.3.75.0)" "dtcsolution.roomfurnish.com"
220.255.7.105 - - [06/Jan/2010:21:09:29 -0800] "GET /html/images/im2.jpg HTTP/1.1" 200 4990 "http://dtcsolution.roomfurnish.com/html/" "Mozilla/4.0 (compatible; MSIE 7.0; Windows NT 5.1; FunWebProducts; SIMBAR={03C8CE3F-C16F-489F-9527-18377335A2A5}; FBSMTWB; .NET CLR 1.1.4322; .NET CLR 2.0.50727; .NET CLR 3.0.04506.30; .NET CLR 3.0.04506.648; .NET CLR 3.0.4506.2152; .NET CLR 3.5.30729; Zango 10.3.75.0)" "dtcsolution.roomfurnish.com"
93.158.145.27 - - [06/Jan/2010:21:29:04 -0800] "GET /tmp/sess_380af290f26688a607e6d621e4da98b9 HTTP/1.1" 403 - "-" "Yandex/1.01.001 (compatible; Win16; I)" "www.roomfurnish.com"
93.158.145.27 - - [06/Jan/2010:22:00:31 -0800] "GET /tmp/sess_0ad5642e4f7395dbe3488c1c4b967636 HTTP/1.1" 403 - "-" "Yandex/1.01.001 (compatible; Win16; I)" "www.roomfurnish.com"
67.195.113.218 - - [06/Jan/2010:22:24:34 -0800] "GET /?D=A HTTP/1.0" 200 2839 "-" "Mozilla/5.0 (compatible; Yahoo! Slurp/3.0; http://help.yahoo.com/help/us/ysearch/slurp)" "www.roomfurnish.com"
93.158.145.27 - - [06/Jan/2010:22:32:31 -0800] "GET /logs/access_081130.log HTTP/1.1" 200 0 "-" "Yandex/1.01.001 (compatible; Win16; I)" "www.roomfurnish.com"
93.158.145.27 - - [06/Jan/2010:23:04:02 -0800] "GET /tmp/sess_8afe19680fa14eba5fc39c469f066b26 HTTP/1.1" 403 163 "-" "Yandex/1.01.001 (compatible; Win16; I)" "www.roomfurnish.com"
124.115.6.11 - - [06/Jan/2010:23:20:25 -0800] "GET /robots.txt HTTP/1.1" 404 275 "-" "Sosospider+(+http://help.soso.com/webspider.htm)" "www.roomfurnish.com"
93.158.145.27 - - [06/Jan/2010:23:35:44 -0800] "GET /tmp/sess_a2fb6f20df572f66e3d0d0c968c8b67b HTTP/1.1" 403 - "-" "Yandex/1.01.001 (compatible; Win16; I)" "www.roomfurnish.com"
93.158.145.27 - - [07/Jan/2010:00:07:23 -0800] "GET /tmp/sess_04120572904818bf788a91ec32f08c80 HTTP/1.1" 403 - "-" "Yandex/1.01.001 (compatible; Win16; I)" "www.roomfurnish.com"
75.101.213.151 - - [07/Jan/2010:00:14:27 -0800] "GET /favicon.ico HTTP/1.1" 404 - "-" "-" "roomfurnish.com"
220.255.7.219 - - [07/Jan/2010:00:25:50 -0800] "GET /html/ HTTP/1.1" 200 29618 "http://www.dtcsolution.com/" "Mozilla/4.0 (compatible; MSIE 8.0; Windows NT 5.1; Trident/4.0; MOBTV Download Manager v1.2; .NET CLR 1.1.4322; .NET CLR 2.0.50727; .NET CLR 3.0.4506.2152; .NET CLR 3.5.30729)" "dtcsolution.roomfurnish.com"
220.255.7.147 - - [07/Jan/2010:00:25:51 -0800] "GET /html/images/main_bgs.jpg HTTP/1.1" 404 - "http://dtcsolution.roomfurnish.com/html/" "Mozilla/4.0 (compatible; MSIE 8.0; Windows NT 5.1; Trident/4.0; MOBTV Download Manager v1.2; .NET CLR 1.1.4322; .NET CLR 2.0.50727; .NET CLR 3.0.4506.2152; .NET CLR 3.5.30729)" "dtcsolution.roomfurnish.com"
220.255.7.217 - - [07/Jan/2010:00:25:52 -0800] "GET /html/images/but2.jpg HTTP/1.1" 200 1108 "http://dtcsolution.roomfurnish.com/html/" "Mozilla/4.0 (compatible; MSIE 8.0; Windows NT 5.1; Trident/4.0; MOBTV Download Manager v1.2; .NET CLR 1.1.4322; .NET CLR 2.0.50727; .NET CLR 3.0.4506.2152; .NET CLR 3.5.30729)" "dtcsolution.roomfurnish.com"
220.255.7.147 - - [07/Jan/2010:00:25:52 -0800] "GET /html/images/menu2.jpg HTTP/1.0" 200 5107 "http://dtcsolution.roomfurnish.com/html/" "Mozilla/4.0 (compatible; MSIE 8.0; Windows NT 5.1; Trident/4.0; MOBTV Download Manager v1.2; .NET CLR 1.1.4322; .NET CLR 2.0.50727; .NET CLR 3.0.4506.2152; .NET CLR 3.5.30729)" "dtcsolution.roomfurnish.com"
95.108.150.235 - - [07/Jan/2010:00:33:41 -0800] "GET /robots.txt HTTP/1.1" 404 - "-" "Yandex/1.01.001 (compatible; Win16; H)" "www.roomfurnish.com"
95.108.150.235 - - [07/Jan/2010:00:33:41 -0800] "GET /robots.txt HTTP/1.1" 404 - "-" "Yandex/1.01.001 (compatible; Win16; H)" "roomfurnish.com"
95.108.150.235 - - [07/Jan/2010:00:33:42 -0800] "GET / HTTP/1.1" 200 2855 "-" "Yandex/1.01.001 (compatible; Win16; H)" "roomfurnish.com"
95.108.150.235 - - [07/Jan/2010:00:33:43 -0800] "GET / HTTP/1.1" 200 2855 "-" "Yandex/1.01.001 (compatible; Win16; H)" "roomfurnish.com"
95.108.150.235 - - [07/Jan/2010:00:33:43 -0800] "GET / HTTP/1.1" 200 2855 "-" "Yandex/1.01.001 (compatible; Win16; H)" "www.roomfurnish.com"
95.108.150.235 - - [07/Jan/2010:00:33:44 -0800] "GET / HTTP/1.1" 200 2855 "-" "Yandex/1.01.001 (compatible; Win16; H)" "www.roomfurnish.com"
124.155.195.6 - - [07/Jan/2010:00:37:32 -0800] "GET /html/ HTTP/1.1" 200 29618 "http://www.dtcsolution.com/" "Mozilla/5.0 (Windows; U; Windows NT 5.1; en-US; rv:1.9.1.7) Gecko/20091221 Firefox/3.5.7" "dtcsolution.roomfurnish.com"
124.155.195.6 - - [07/Jan/2010:00:37:33 -0800] "GET /html/images/main_bgs.jpg HTTP/1.1" 404 - "http://dtcsolution.roomfurnish.com/html/" "Mozilla/5.0 (Windows; U; Windows NT 5.1; en-US; rv:1.9.1.7) Gecko/20091221 Firefox/3.5.7" "dtcsolution.roomfurnish.com"
124.155.195.6 - - [07/Jan/2010:00:37:35 -0800] "GET /html/images/b6.jpg HTTP/1.1" 200 1561 "http://dtcsolution.roomfurnish.com/html/" "Mozilla/5.0 (Windows; U; Windows NT 5.1; en-US; rv:1.9.1.7) Gecko/20091221 Firefox/3.5.7" "dtcsolution.roomfurnish.com"
119.63.198.9 - - [07/Jan/2010:00:37:45 -0800] "GET / HTTP/1.1" 200 2855 "-" "Baiduspider+(+http://www.baidu.jp/spider/)" "roomfurnish.com"
93.158.145.27 - - [07/Jan/2010:00:38:35 -0800] "GET /BOSSTON/ HTTP/1.1" 200 944 "-" "Yandex/1.01.001 (compatible; Win16; I)" "www.roomfurnish.com"
193.47.80.40 - - [07/Jan/2010:00:39:49 -0800] "GET /robots.txt HTTP/1.1" 404 - "-" "Mozilla/5.0 (compatible; Exabot/3.0; +http://www.exabot.com/go/robot)" "roomfurnish.com"
193.47.80.40 - - [07/Jan/2010:00:39:49 -0800] "GET /test/ HTTP/1.1" 200 798 "-" "Mozilla/5.0 (compatible; Exabot/3.0; +http://www.exabot.com/go/robot)" "roomfurnish.com"
112.199.193.38 - - [07/Jan/2010:01:09:04 -0800] "GET /html/ HTTP/1.1" 200 29618 "http://www.dtcsolution.com/?gclid=CMGRwtz2kZ8CFQQupAodMXn5JQ" "Mozilla/4.0 (compatible; MSIE 7.0; Windows NT 5.1; .NET CLR 2.0.50727)" "dtcsolution.roomfurnish.com"
112.199.193.38 - - [07/Jan/2010:01:09:05 -0800] "GET /html/images/main_bgs.jpg HTTP/1.1" 404 - "http://dtcsolution.roomfurnish.com/html/" "Mozilla/4.0 (compatible; MSIE 7.0; Windows NT 5.1; .NET CLR 2.0.50727)" "dtcsolution.roomfurnish.com"
93.158.145.27 - - [07/Jan/2010:01:13:04 -0800] "GET /tmp/sess_a491f4f85496439cc6b7c40f9ec6c262 HTTP/1.1" 403 163 "-" "Yandex/1.01.001 (compatible; Win16; I)" "www.roomfurnish.com"
74.52.245.146 - - [07/Jan/2010:01:31:22 -0800] "GET /html/ HTTP/1.0" 200 29618 "-" "Mozilla/5.0 (X11; U; Linux i686; en-US; rv:1.7.5) Gecko/20041107 Firefox/1.0" "dtcsolution.roomfurnish.com"
93.158.145.27 - - [07/Jan/2010:01:44:27 -0800] "GET /logs/access_090301.log HTTP/1.1" 200 0 "-" "Yandex/1.01.001 (compatible; Win16; I)" "www.roomfurnish.com"
93.158.145.27 - - [07/Jan/2010:02:15:52 -0800] "GET /tmp/sess_7021376dcae1f855e495513a08e65016 HTTP/1.1" 403 - "-" "Yandex/1.01.001 (compatible; Win16; I)" "www.roomfurnish.com"
93.158.145.27 - - [07/Jan/2010:02:47:32 -0800] "GET /logs/access_071230.log HTTP/1.1" 200 0 "-" "Yandex/1.01.001 (compatible; Win16; I)" "www.roomfurnish.com"
112.199.247.83 - - [07/Jan/2010:03:11:00 -0800] "GET /html/ HTTP/1.1" 200 29618 "http://www.dtcsolution.com/" "Mozilla/4.0 (compatible; MSIE 6.0; Windows NT 5.1; SV1; DS_desktopsmiley; desktopsmiley_3_2_52655392611371187_25_3; .NET CLR 2.0.50727; .NET CLR 3.0.04506.30)" "dtcsolution.roomfurnish.com"
112.199.247.83 - - [07/Jan/2010:03:11:03 -0800] "GET /html/images/main_bgs.jpg HTTP/1.1" 404 - "http://dtcsolution.roomfurnish.com/html/" "Mozilla/4.0 (compatible; MSIE 6.0; Windows NT 5.1; SV1; DS_desktopsmiley; desktopsmiley_3_2_52655392611371187_25_3; .NET CLR 2.0.50727; .NET CLR 3.0.04506.30)" "dtcsolution.roomfurnish.com"
202.156.12.245 - - [07/Jan/2010:03:16:35 -0800] "GET /html/ HTTP/1.1" 200 29618 "http://www.dtcsolution.com/" "Mozilla/5.0 (Macintosh; U; Intel Mac OS X 10_5_8; en-us) AppleWebKit/531.21.8 (KHTML, like Gecko) Version/4.0.4 Safari/531.21.10" "dtcsolution.roomfurnish.com"
202.156.12.10 - - [07/Jan/2010:03:16:37 -0800] "GET /html/images/2.jpg HTTP/1.1" 200 18302 "http://dtcsolution.roomfurnish.com/html/" "Mozilla/5.0 (Macintosh; U; Intel Mac OS X 10_5_8; en-us) AppleWebKit/531.21.8 (KHTML, like Gecko) Version/4.0.4 Safari/531.21.10" "dtcsolution.roomfurnish.com"
202.156.12.10 - - [07/Jan/2010:03:16:37 -0800] "GET /html/images/main_bgs.jpg HTTP/1.1" 404 - "http://dtcsolution.roomfurnish.com/html/" "Mozilla/5.0 (Macintosh; U; Intel Mac OS X 10_5_8; en-us) AppleWebKit/531.21.8 (KHTML, like Gecko) Version/4.0.4 Safari/531.21.10" "dtcsolution.roomfurnish.com"
202.156.12.10 - - [07/Jan/2010:03:16:38 -0800] "GET /html/images/but.jpg HTTP/1.1" 200 1685 "http://dtcsolution.roomfurnish.com/html/" "Mozilla/5.0 (Macintosh; U; Intel Mac OS X 10_5_8; en-us) AppleWebKit/531.21.8 (KHTML, like Gecko) Version/4.0.4 Safari/531.21.10" "dtcsolution.roomfurnish.com"
202.156.12.10 - - [07/Jan/2010:03:16:38 -0800] "GET /html/images/wwww.jpg HTTP/1.1" 200 18242 "http://dtcsolution.roomfurnish.com/html/" "Mozilla/5.0 (Macintosh; U; Intel Mac OS X 10_5_8; en-us) AppleWebKit/531.21.8 (KHTML, like Gecko) Version/4.0.4 Safari/531.21.10" "dtcsolution.roomfurnish.com"
202.156.12.10 - - [07/Jan/2010:03:16:38 -0800] "GET /html/images/but1.jpg HTTP/1.1" 200 1436 "http://dtcsolution.roomfurnish.com/html/" "Mozilla/5.0 (Macintosh; U; Intel Mac OS X 10_5_8; en-us) AppleWebKit/531.21.8 (KHTML, like Gecko) Version/4.0.4 Safari/531.21.10" "dtcsolution.roomfurnish.com"
202.156.12.10 - - [07/Jan/2010:03:16:38 -0800] "GET /html/images/b.jpg HTTP/1.1" 200 624 "http://dtcsolution.roomfurnish.com/html/" "Mozilla/5.0 (Macintosh; U; Intel Mac OS X 10_5_8; en-us) AppleWebKit/531.21.8 (KHTML, like Gecko) Version/4.0.4 Safari/531.21.10" "dtcsolution.roomfurnish.com"
202.156.12.10 - - [07/Jan/2010:03:16:39 -0800] "GET /html/images/b2.jpg HTTP/1.1" 200 24561 "http://dtcsolution.roomfurnish.com/html/" "Mozilla/5.0 (Macintosh; U; Intel Mac OS X 10_5_8; en-us) AppleWebKit/531.21.8 (KHTML, like Gecko) Version/4.0.4 Safari/531.21.10" "dtcsolution.roomfurnish.com"
202.156.12.10 - - [07/Jan/2010:03:16:39 -0800] "GET /html/images/b3.jpg HTTP/1.1" 200 24167 "http://dtcsolution.roomfurnish.com/html/" "Mozilla/5.0 (Macintosh; U; Intel Mac OS X 10_5_8; en-us) AppleWebKit/531.21.8 (KHTML, like Gecko) Version/4.0.4 Safari/531.21.10" "dtcsolution.roomfurnish.com"
202.156.12.10 - - [07/Jan/2010:03:16:39 -0800] "GET /html/images/b4.jpg HTTP/1.1" 200 23703 "http://dtcsolution.roomfurnish.com/html/" "Mozilla/5.0 (Macintosh; U; Intel Mac OS X 10_5_8; en-us) AppleWebKit/531.21.8 (KHTML, like Gecko) Version/4.0.4 Safari/531.21.10" "dtcsolution.roomfurnish.com"
202.156.12.10 - - [07/Jan/2010:03:16:40 -0800] "GET /html/images/b6.jpg HTTP/1.1" 200 1561 "http://dtcsolution.roomfurnish.com/html/" "Mozilla/5.0 (Macintosh; U; Intel Mac OS X 10_5_8; en-us) AppleWebKit/531.21.8 (KHTML, like Gecko) Version/4.0.4 Safari/531.21.10" "dtcsolution.roomfurnish.com"
202.156.12.10 - - [07/Jan/2010:03:16:40 -0800] "GET /html/images/b0.jpg HTTP/1.1" 200 616 "http://dtcsolution.roomfurnish.com/html/" "Mozilla/5.0 (Macintosh; U; Intel Mac OS X 10_5_8; en-us) AppleWebKit/531.21.8 (KHTML, like Gecko) Version/4.0.4 Safari/531.21.10" "dtcsolution.roomfurnish.com"
202.156.12.10 - - [07/Jan/2010:03:16:40 -0800] "GET /html/images/line.jpg HTTP/1.1" 200 1896 "http://dtcsolution.roomfurnish.com/html/" "Mozilla/5.0 (Macintosh; U; Intel Mac OS X 10_5_8; en-us) AppleWebKit/531.21.8 (KHTML, like Gecko) Version/4.0.4 Safari/531.21.10" "dtcsolution.roomfurnish.com"
202.156.12.10 - - [07/Jan/2010:03:16:41 -0800] "GET /html/images/menu1.jpg HTTP/1.1" 200 4413 "http://dtcsolution.roomfurnish.com/html/" "Mozilla/5.0 (Macintosh; U; Intel Mac OS X 10_5_8; en-us) AppleWebKit/531.21.8 (KHTML, like Gecko) Version/4.0.4 Safari/531.21.10" "dtcsolution.roomfurnish.com"
202.156.12.10 - - [07/Jan/2010:03:16:41 -0800] "GET /html/images/menu3.jpg HTTP/1.1" 200 4690 "http://dtcsolution.roomfurnish.com/html/" "Mozilla/5.0 (Macintosh; U; Intel Mac OS X 10_5_8; en-us) AppleWebKit/531.21.8 (KHTML, like Gecko) Version/4.0.4 Safari/531.21.10" "dtcsolution.roomfurnish.com"
202.156.12.10 - - [07/Jan/2010:03:16:41 -0800] "GET /html/images/menu4.jpg HTTP/1.1" 200 3364 "http://dtcsolution.roomfurnish.com/html/" "Mozilla/5.0 (Macintosh; U; Intel Mac OS X 10_5_8; en-us) AppleWebKit/531.21.8 (KHTML, like Gecko) Version/4.0.4 Safari/531.21.10" "dtcsolution.roomfurnish.com"
202.156.12.10 - - [07/Jan/2010:03:16:41 -0800] "GET /html/images/icon.gif HTTP/1.1" 200 53 "http://dtcsolution.roomfurnish.com/html/" "Mozilla/5.0 (Macintosh; U; Intel Mac OS X 10_5_8; en-us) AppleWebKit/531.21.8 (KHTML, like Gecko) Version/4.0.4 Safari/531.21.10" "dtcsolution.roomfurnish.com"
202.156.12.10 - - [07/Jan/2010:03:16:42 -0800] "GET /html/images/menu5.jpg HTTP/1.1" 200 2064 "http://dtcsolution.roomfurnish.com/html/" "Mozilla/5.0 (Macintosh; U; Intel Mac OS X 10_5_8; en-us) AppleWebKit/531.21.8 (KHTML, like Gecko) Version/4.0.4 Safari/531.21.10" "dtcsolution.roomfurnish.com"
202.156.12.10 - - [07/Jan/2010:03:16:42 -0800] "GET /html/images/bg1.jpg HTTP/1.1" 200 584 "http://dtcsolution.roomfurnish.com/html/" "Mozilla/5.0 (Macintosh; U; Intel Mac OS X 10_5_8; en-us) AppleWebKit/531.21.8 (KHTML, like Gecko) Version/4.0.4 Safari/531.21.10" "dtcsolution.roomfurnish.com"
202.156.12.10 - - [07/Jan/2010:03:16:42 -0800] "GET /html/images/w.jpg HTTP/1.1" 200 4655 "http://dtcsolution.roomfurnish.com/html/" "Mozilla/5.0 (Macintosh; U; Intel Mac OS X 10_5_8; en-us) AppleWebKit/531.21.8 (KHTML, like Gecko) Version/4.0.4 Safari/531.21.10" "dtcsolution.roomfurnish.com"
202.156.12.10 - - [07/Jan/2010:03:16:42 -0800] "GET /html/images/w1.jpg HTTP/1.1" 200 3007 "http://dtcsolution.roomfurnish.com/html/" "Mozilla/5.0 (Macintosh; U; Intel Mac OS X 10_5_8; en-us) AppleWebKit/531.21.8 (KHTML, like Gecko) Version/4.0.4 Safari/531.21.10" "dtcsolution.roomfurnish.com"
202.156.12.10 - - [07/Jan/2010:03:16:43 -0800] "GET /html/images/bottom.jpg HTTP/1.1" 200 3496 "http://dtcsolution.roomfurnish.com/html/" "Mozilla/5.0 (Macintosh; U; Intel Mac OS X 10_5_8; en-us) AppleWebKit/531.21.8 (KHTML, like Gecko) Version/4.0.4 Safari/531.21.10" "dtcsolution.roomfurnish.com"
93.158.145.27 - - [07/Jan/2010:03:19:11 -0800] "GET /tmp/sess_b639b063b925f8d05981d073bf6db03f HTTP/1.1" 403 - "-" "Yandex/1.01.001 (compatible; Win16; I)" "www.roomfurnish.com"
114.111.36.26 - - [07/Jan/2010:03:48:36 -0800] "GET /robots.txt HTTP/1.1" 404 - "-" "Mozilla/4.0 (compatible; NaverBot/1.0; http://help.naver.com/customer_webtxt_02.jsp)" "roomfurnish.com"
114.111.36.26 - - [07/Jan/2010:03:48:52 -0800] "GET / HTTP/1.1" 200 2855 "-" "Mozilla/4.0 (compatible; NaverBot/1.0; http://help.naver.com/customer_webtxt_02.jsp)" "roomfurnish.com"
202.156.12.237 - - [07/Jan/2010:03:50:58 -0800] "GET /html/ HTTP/1.1" 200 29618 "http://www.dtcsolution.com/" "Mozilla/5.0 (Windows; U; Windows NT 5.1; en-US; rv:1.9.1.7) Gecko/20091221 Firefox/3.5.7 (.NET CLR 3.5.30729)" "dtcsolution.roomfurnish.com"
202.156.12.10 - - [07/Jan/2010:03:50:59 -0800] "GET /html/images/main_bgs.jpg HTTP/1.1" 404 - "http://dtcsolution.roomfurnish.com/html/" "Mozilla/5.0 (Windows; U; Windows NT 5.1; en-US; rv:1.9.1.7) Gecko/20091221 Firefox/3.5.7 (.NET CLR 3.5.30729)" "dtcsolution.roomfurnish.com"
93.158.145.27 - - [07/Jan/2010:03:51:06 -0800] "GET /tmp/sess_f46849f489abeddaae0714b49dba5729 HTTP/1.1" 403 - "-" "Yandex/1.01.001 (compatible; Win16; I)" "www.roomfurnish.com"
208.115.111.250 - - [07/Jan/2010:04:06:37 -0800] "GET /robots.txt HTTP/1.1" 404 - "-" "Mozilla/5.0 (compatible; DotBot/1.1; http://www.dotnetdotcom.org/, crawler@dotnetdotcom.org)" "www.roomfurnish.com"
93.158.145.27 - - [07/Jan/2010:04:22:24 -0800] "GET /tmp/sess_a77880f8fb1f1b2d033247902fcea5de HTTP/1.1" 403 - "-" "Yandex/1.01.001 (compatible; Win16; I)" "www.roomfurnish.com"
93.158.145.27 - - [07/Jan/2010:04:53:42 -0800] "GET /logs/access_080301.log HTTP/1.1" 200 0 "-" "Yandex/1.01.001 (compatible; Win16; I)" "www.roomfurnish.com"
202.156.13.233 - - [07/Jan/2010:05:12:40 -0800] "GET /html/ HTTP/1.1" 200 29618 "http://www.dtcsolution.com/" "Mozilla/4.0 (compatible; MSIE 6.0; Windows NT 5.1; SV1; .NET CLR 2.0.50727; OfficeLiveConnector.1.3; OfficeLivePatch.0.0)" "dtcsolution.roomfurnish.com"
202.156.13.10 - - [07/Jan/2010:05:12:41 -0800] "GET /html/images/main_bgs.jpg HTTP/1.1" 404 - "http://dtcsolution.roomfurnish.com/html/" "Mozilla/4.0 (compatible; MSIE 6.0; Windows NT 5.1; SV1; .NET CLR 2.0.50727; OfficeLiveConnector.1.3; OfficeLivePatch.0.0)" "dtcsolution.roomfurnish.com"
93.158.145.27 - - [07/Jan/2010:05:25:14 -0800] "GET /tmp/sess_c44ce680881a13e67f18b5dfe765afaa HTTP/1.1" 403 - "-" "Yandex/1.01.001 (compatible; Win16; I)" "www.roomfurnish.com"
208.115.111.250 - - [07/Jan/2010:05:55:57 -0800] "GET /Bosston1/ HTTP/1.1" 404 275 "-" "Mozilla/5.0 (compatible; DotBot/1.1; http://www.dotnetdotcom.org/, crawler@dotnetdotcom.org)" "www.roomfurnish.com"
208.115.111.250 - - [07/Jan/2010:05:56:02 -0800] "GET /MM_CASETEST4291/ HTTP/1.1" 404 - "-" "Mozilla/5.0 (compatible; DotBot/1.1; http://www.dotnetdotcom.org/, crawler@dotnetdotcom.org)" "www.roomfurnish.com"
208.115.111.250 - - [07/Jan/2010:05:56:07 -0800] "GET /phpMyAdmin/ HTTP/1.1" 404 275 "-" "Mozilla/5.0 (compatible; DotBot/1.1; http://www.dotnetdotcom.org/, crawler@dotnetdotcom.org)" "www.roomfurnish.com"
208.115.111.250 - - [07/Jan/2010:05:56:12 -0800] "GET /phplive/ HTTP/1.1" 404 - "-" "Mozilla/5.0 (compatible; DotBot/1.1; http://www.dotnetdotcom.org/, crawler@dotnetdotcom.org)" "www.roomfurnish.com"
165.21.16.202 - - [07/Jan/2010:05:56:28 -0800] "GET /html/ HTTP/1.1" 200 29618 "http://www.dtcsolution.com/" "Mozilla/4.0 (compatible; MSIE 6.0; Windows NT 5.1; SV1; priustest; .NET CLR 2.0.50727)" "dtcsolution.roomfurnish.com"
165.21.16.202 - - [07/Jan/2010:05:56:28 -0800] "GET /html/images/main_bgs.jpg HTTP/1.1" 404 - "http://dtcsolution.roomfurnish.com/html/" "Mozilla/4.0 (compatible; MSIE 6.0; Windows NT 5.1; SV1; priustest; .NET CLR 2.0.50727)" "dtcsolution.roomfurnish.com"
93.158.145.27 - - [07/Jan/2010:05:56:54 -0800] "GET /tmp/sess_bad7392b6cf50e77cd791384d55b2651 HTTP/1.1" 403 - "-" "Yandex/1.01.001 (compatible; Win16; I)" "www.roomfurnish.com"
220.255.7.146 - - [07/Jan/2010:06:05:29 -0800] "GET /html/images/main_bgs.jpg HTTP/1.1" 404 275 "http://dtcsolution.roomfurnish.com/html/" "Mozilla/5.0 (Macintosh; U; Intel Mac OS X 10.5; en-US; rv:1.9.0.17) Gecko/2009122115 Firefox/3.0.17" "dtcsolution.roomfurnish.com"
38.98.120.94 - - [07/Jan/2010:06:14:04 -0800] "GET /robots.txt HTTP/1.1" 404 - "-" "ShopWiki/1.0 ( +http://www.shopwiki.com/wiki/Help:Bot)" "www.roomfurnish.com"
8.11.2.10 - - [07/Jan/2010:06:14:09 -0800] "GET / HTTP/1.1" 200 2855 "-" "ShopWiki/1.0 ( +http://www.shopwiki.com/wiki/Help:Bot)" "www.roomfurnish.com"
220.255.7.174 - - [07/Jan/2010:06:18:42 -0800] "GET /html/ HTTP/1.1" 200 29618 "http://www.dtcsolution.com/" "Mozilla/4.0 (compatible; MSIE 6.0; Windows NT 5.1; SV1; FBSMTWB; GTB6.3; .NET CLR 2.0.50727)" "dtcsolution.roomfurnish.com"
220.255.7.232 - - [07/Jan/2010:06:18:44 -0800] "GET /html/images/main_bgs.jpg HTTP/1.1" 404 - "http://dtcsolution.roomfurnish.com/html/" "Mozilla/4.0 (compatible; MSIE 6.0; Windows NT 5.1; SV1; FBSMTWB; GTB6.3; .NET CLR 2.0.50727)" "dtcsolution.roomfurnish.com"
93.158.145.27 - - [07/Jan/2010:06:27:52 -0800] "GET /nantian/M1111stool.xls HTTP/1.1" 200 194048 "-" "Yandex/1.01.001 (compatible; Win16; I)" "www.roomfurnish.com"
117.20.178.17 - - [07/Jan/2010:06:32:32 -0800] "GET /html/ HTTP/1.1" 200 29618 "http://www.dtcsolution.com/" "Mozilla/4.0 (compatible; MSIE 7.0; Windows NT 6.0; GTB6.3; SLCC1; .NET CLR 2.0.50727; Media Center PC 5.0; eSobiSubscriber 2.0.4.16; .NET CLR 3.5.30729; .NET CLR 3.0.30618)" "dtcsolution.roomfurnish.com"
117.20.178.17 - - [07/Jan/2010:06:32:37 -0800] "GET /html/images/main_bgs.jpg HTTP/1.1" 404 - "http://dtcsolution.roomfurnish.com/html/" "Mozilla/4.0 (compatible; MSIE 7.0; Windows NT 6.0; GTB6.3; SLCC1; .NET CLR 2.0.50727; Media Center PC 5.0; eSobiSubscriber 2.0.4.16; .NET CLR 3.5.30729; .NET CLR 3.0.30618)" "dtcsolution.roomfurnish.com"
93.158.145.27 - - [07/Jan/2010:06:58:33 -0800] "GET /tmp/sess_7b258827970bfc08530761c41d74f4bb HTTP/1.1" 403 163 "-" "Yandex/1.01.001 (compatible; Win16; I)" "www.roomfurnish.com"
93.158.145.27 - - [07/Jan/2010:07:30:09 -0800] "GET /tmp/sess_dbe3071d68f9c27cc6b3e0eadb70b838 HTTP/1.1" 403 - "-" "Yandex/1.01.001 (compatible; Win16; I)" "www.roomfurnish.com"
67.195.113.218 - - [07/Jan/2010:07:56:37 -0800] "GET /FLleather/?S=A HTTP/1.0" 200 2012 "-" "Mozilla/5.0 (compatible; Yahoo! Slurp/3.0; http://help.yahoo.com/help/us/ysearch/slurp)" "www.roomfurnish.com"
93.158.145.27 - - [07/Jan/2010:08:00:46 -0800] "GET /tmp/sess_b6a1f107fc9be70a00cdca50ec6f7845 HTTP/1.1" 403 - "-" "Yandex/1.01.001 (compatible; Win16; I)" "www.roomfurnish.com"
202.156.12.228 - - [07/Jan/2010:08:04:47 -0800] "GET /html/ HTTP/1.1" 200 29618 "http://www.dtcsolution.com/" "Mozilla/4.0 (compatible; MSIE 7.0; Windows NT 6.0; SLCC1; .NET CLR 2.0.50727; Tablet PC 2.0; InfoPath.2; OfficeLiveConnector.1.3; OfficeLivePatch.0.0; .NET CLR 3.5.30729; .NET CLR 3.0.30618; 97690703)" "dtcsolution.roomfurnish.com"
202.156.12.15 - - [07/Jan/2010:08:04:48 -0800] "GET /html/images/main_bgs.jpg HTTP/1.1" 404 - "http://dtcsolution.roomfurnish.com/html/" "Mozilla/4.0 (compatible; MSIE 7.0; Windows NT 6.0; SLCC1; .NET CLR 2.0.50727; Tablet PC 2.0; InfoPath.2; OfficeLiveConnector.1.3; OfficeLivePatch.0.0; .NET CLR 3.5.30729; .NET CLR 3.0.30618; 97690703)" "dtcsolution.roomfurnish.com"
66.249.68.184 - - [07/Jan/2010:08:11:03 -0800] "GET /robots.txt HTTP/1.1" 404 - "-" "Mozilla/5.0 (compatible; Googlebot/2.1; +http://www.google.com/bot.html)" "roomfurnish.com"
93.158.145.27 - - [07/Jan/2010:08:31:54 -0800] "GET /dtcsolution/FONTS/HELIOSBO.PFB HTTP/1.1" 200 33926 "-" "Yandex/1.01.001 (compatible; Win16; I)" "www.roomfurnish.com"
193.47.80.40 - - [07/Jan/2010:08:45:54 -0800] "GET /tmp/back HTTP/1.1" 200 541 "-" "Mozilla/5.0 (compatible; Exabot/3.0; +http://www.exabot.com/go/robot)" "www.roomfurnish.com"
66.249.67.183 - - [07/Jan/2010:09:03:23 -0800] "GET / HTTP/1.1" 200 2855 "-" "SAMSUNG-SGH-E250/1.0 Profile/MIDP-2.0 Configuration/CLDC-1.1 UP.Browser/6.2.3.3.c.1.101 (GUI) MMP/2.0 (compatible; Googlebot-Mobile/2.1; +http://www.google.com/bot.html)" "roomfurnish.com"
93.158.145.27 - - [07/Jan/2010:09:16:50 -0800] "GET /lesw.html HTTP/1.1" 404 275 "-" "Yandex/1.01.001 (compatible; Win16; I)" "www.roomfurnish.com"
67.195.113.218 - - [07/Jan/2010:10:15:00 -0800] "GET /robots.txt HTTP/1.0" 404 - "-" "Mozilla/5.0 (compatible; Yahoo! Slurp; http://help.yahoo.com/help/us/ysearch/slurp)" "www.roomfurnish.com"
67.195.113.218 - - [07/Jan/2010:10:16:10 -0800] "GET /QM/Qm2002/ HTTP/1.0" 200 14661 "-" "Mozilla/5.0 (compatible; Yahoo! Slurp/3.0; http://help.yahoo.com/help/us/ysearch/slurp)" "www.roomfurnish.com"
202.156.12.233 - - [07/Jan/2010:10:30:45 -0800] "GET /html/ HTTP/1.1" 200 29618 "-" "Mozilla/4.0 (compatible; MSIE 6.0; Windows NT 5.1; .NET CLR 1.1.4322)" "dtcsolution.roomfurnish.com"
93.158.145.27 - - [07/Jan/2010:11:25:40 -0800] "GET / HTTP/1.1" 200 2855 "-" "Yandex/1.01.001 (compatible; Win16; I)" "www.roomfurnish.com"
93.158.145.27 - - [07/Jan/2010:11:54:50 -0800] "GET /logs/access_080130.log HTTP/1.1" 200 0 "-" "Yandex/1.01.001 (compatible; Win16; I)" "www.roomfurnish.com"
93.158.145.27 - - [07/Jan/2010:12:09:50 -0800] "GET /BOSSTON/3Sofa/?S=A HTTP/1.1" 200 2629 "-" "Yandex/1.01.001 (compatible; Win16; I)" "www.roomfurnish.com"
72.52.96.33 - - [07/Jan/2010:12:13:03 -0800] "GET / HTTP/1.0" 200 2839 "-" "User-Agent: Mozilla/5.0 (Windows; U; Windows NT 6.0; en-US; rv:1.9.1.5) Gecko/20091102 Firefox/3.5.5 (.NET CLR 3.5.30729)" "roomfurnish.com"
67.195.112.165 - - [07/Jan/2010:12:33:20 -0800] "GET /robots.txt HTTP/1.0" 404 - "-" "Mozilla/5.0 (compatible; Yahoo! Slurp; http://help.yahoo.com/help/us/ysearch/slurp)" "dtcsolution.roomfurnish.com"
93.158.145.27 - - [07/Jan/2010:12:39:05 -0800] "GET /robots.txt HTTP/1.1" 404 - "-" "Yandex/1.01.001 (compatible; Win16; I)" "www.roomfurnish.com"
93.158.145.27 - - [07/Jan/2010:13:08:26 -0800] "GET /tmp/sess_3782847bb830e497ecc72ef777415345 HTTP/1.1" 403 - "-" "Yandex/1.01.001 (compatible; Win16; I)" "www.roomfurnish.com"
